[INFO] cloning repository https://github.com/Kapital-Labs/kitrove
[INFO] running `Command { std: "git" "-c" "credential.helper=" "-c" "credential.helper=/workspace/cargo-home/bin/git-credential-null" "clone" "--bare" "https://github.com/Kapital-Labs/kitrove" "/workspace/cache/git-repos/https%3A%2F%2Fgithub.com%2FKapital-Labs%2Fkitrove", kill_on_drop: false }`
[INFO] [stderr] Cloning into bare repository '/workspace/cache/git-repos/https%3A%2F%2Fgithub.com%2FKapital-Labs%2Fkitrove'...
[INFO] running `Command { std: "git" "rev-parse" "HEAD", kill_on_drop: false }`
[INFO] [stdout] 490ffdf3579034b558804bd2ff302939e732fea8
[INFO] checking Kapital-Labs/kitrove against c60b92c03ca8a3b101eb9d57f51e2232690638c7 for pr-164148-crater-rollup
[INFO] running `Command { std: "git" "clone" "/workspace/cache/git-repos/https%3A%2F%2Fgithub.com%2FKapital-Labs%2Fkitrove" "/workspace/builds/worker-5-tc2/source", kill_on_drop: false }`
[INFO] [stderr] Cloning into '/workspace/builds/worker-5-tc2/source'...
[INFO] [stderr] done.
[INFO] removed /workspace/builds/worker-5-tc2/source/.cargo/config.toml
[INFO] removed /workspace/builds/worker-5-tc2/source/rust-toolchain.toml
[INFO] started tweaking git repo https://github.com/Kapital-Labs/kitrove
[INFO] finished tweaking git repo https://github.com/Kapital-Labs/kitrove
[INFO] tweaked toml for git repo https://github.com/Kapital-Labs/kitrove written to /workspace/builds/worker-5-tc2/source/Cargo.toml
[INFO] validating manifest of git repo https://github.com/Kapital-Labs/kitrove on toolchain c60b92c03ca8a3b101eb9d57f51e2232690638c7
[INFO] running `Command { std: CARGO_HOME="/workspace/cargo-home" RUSTUP_HOME="/workspace/rustup-home" "/workspace/cargo-home/bin/cargo" "+c60b92c03ca8a3b101eb9d57f51e2232690638c7" "metadata" "--manifest-path" "Cargo.toml" "--no-deps", kill_on_drop: false }`
[INFO] crate git repo https://github.com/Kapital-Labs/kitrove already has a lockfile, it will not be regenerated
[INFO] running `Command { std: CARGO_HOME="/workspace/cargo-home" RUSTUP_HOME="/workspace/rustup-home" "/workspace/cargo-home/bin/cargo" "+c60b92c03ca8a3b101eb9d57f51e2232690638c7" "fetch" "--manifest-path" "Cargo.toml", kill_on_drop: false }`
[INFO] [stderr] warning: unused workspace dependency `kitrove-installer`
[INFO] [stderr]   --> Cargo.toml:94:25
[INFO] [stderr]    |
[INFO] [stderr] 94 | [workspace.dependencies.kitrove-installer]
[INFO] [stderr]    |                         ^^^^^^^^^^^^^^^^^
[INFO] [stderr]    |
[INFO] [stderr]    = note: `cargo::unused_workspace_dependencies` is set to `warn` by default
[INFO] [stderr] help: consider removing the workspace dependency `kitrove-installer`
[INFO] [stderr] warning: workspace (manifest) generated 1 warning
[INFO] running `Command { std: "docker" "create" "-v" "/var/lib/crater-agent-workspace/builds/worker-5-tc2/source:/opt/rustwide/workdir:ro,Z" "-v" "/var/lib/crater-agent-workspace/builds/worker-5-tc2/target:/opt/rustwide/target:rw,Z" "-v" "/var/lib/crater-agent-workspace/cargo-home:/opt/rustwide/cargo-home:ro,Z" "-v" "/var/lib/crater-agent-workspace/rustup-home:/opt/rustwide/rustup-home:ro,Z" "-m" "1610612736" "--network" "none" "ghcr.io/rust-lang/crates-build-env/linux@sha256:77db811e55d90add9212f6832c23229e3de5f1c1f9905e8cb07319ea15df73ac" "sleep" "infinity", kill_on_drop: false }`
[INFO] [stdout] 63de8285421030afc80c771089e92a28791b00b1ef3e19772884bd3cf761cd4f
[INFO] running `Command { std: "docker" "start" "63de8285421030afc80c771089e92a28791b00b1ef3e19772884bd3cf761cd4f", kill_on_drop: false }`
[INFO] running `Command { std: "docker" "inspect" "63de8285421030afc80c771089e92a28791b00b1ef3e19772884bd3cf761cd4f", kill_on_drop: false }`
[INFO] running `Command { std: "docker" "exec" "-e" "SOURCE_DIR=/opt/rustwide/workdir" "-e" "CARGO_HOME=/opt/rustwide/cargo-home" "-e" "RUSTUP_HOME=/opt/rustwide/rustup-home" "-e" "CARGO_TARGET_DIR=/opt/rustwide/target" "-w" "/opt/rustwide/workdir" "--user" "0:0" "63de8285421030afc80c771089e92a28791b00b1ef3e19772884bd3cf761cd4f" "/opt/rustwide/cargo-home/bin/cargo" "+c60b92c03ca8a3b101eb9d57f51e2232690638c7" "metadata" "--no-deps" "--format-version=1", kill_on_drop: false }`
[INFO] running `Command { std: "docker" "inspect" "63de8285421030afc80c771089e92a28791b00b1ef3e19772884bd3cf761cd4f", kill_on_drop: false }`
[INFO] running `Command { std: "docker" "exec" "-e" "SOURCE_DIR=/opt/rustwide/workdir" "-e" "CARGO_HOME=/opt/rustwide/cargo-home" "-e" "RUSTUP_HOME=/opt/rustwide/rustup-home" "-e" "CARGO_TARGET_DIR=/opt/rustwide/target" "-e" "CARGO_INCREMENTAL=0" "-e" "RUST_BACKTRACE=full" "-e" "RUSTFLAGS=--cap-lints=forbid" "-e" "RUSTDOCFLAGS=--cap-lints=forbid" "-w" "/opt/rustwide/workdir" "--user" "0:0" "63de8285421030afc80c771089e92a28791b00b1ef3e19772884bd3cf761cd4f" "/opt/rustwide/cargo-home/bin/cargo" "+c60b92c03ca8a3b101eb9d57f51e2232690638c7" "check" "--frozen" "--all" "--all-targets" "--message-format=json", kill_on_drop: false }`
[INFO] [stderr] warning: unused workspace dependency `kitrove-installer`
[INFO] [stderr]   --> Cargo.toml:94:25
[INFO] [stderr]    |
[INFO] [stderr] 94 | [workspace.dependencies.kitrove-installer]
[INFO] [stderr]    |                         ^^^^^^^^^^^^^^^^^
[INFO] [stderr]    |
[INFO] [stderr]    = note: `cargo::unused_workspace_dependencies` is set to `warn` by default
[INFO] [stderr] help: consider removing the workspace dependency `kitrove-installer`
[INFO] [stderr] warning: workspace (manifest) generated 1 warning
[INFO] [stderr]     Checking typenum v1.20.1
[INFO] [stderr]    Compiling getrandom v0.4.3
[INFO] [stderr]     Checking memchr v2.8.3
[INFO] [stderr]    Compiling syn v2.0.119
[INFO] [stderr]    Compiling syn v3.0.3
[INFO] [stderr]    Compiling jobserver v0.1.35
[INFO] [stderr]     Checking cmov v0.5.4
[INFO] [stderr]    Compiling serde_json v1.0.151
[INFO] [stderr]    Compiling serde v1.0.229
[INFO] [stderr]     Checking ctutils v0.4.2
[INFO] [stderr]     Checking kitrove-windows-names v0.1.0-rc.4.2 (/opt/rustwide/workdir/crates/kitrove-windows-names)
[INFO] [stderr]     Checking winnow v1.0.4
[INFO] [stderr]     Checking toml_writer v1.1.2+spec-1.1.0
[INFO] [stderr]    Compiling cc v1.4.4
[INFO] [stderr]     Checking toml_datetime v0.7.5+spec-1.1.0
[INFO] [stderr]     Checking hashbrown v0.17.1
[INFO] [stderr]     Checking base64ct v1.8.3
[INFO] [stderr]    Compiling rustix v1.1.4
[INFO] [stderr]     Checking linux-raw-sys v0.12.1
[INFO] [stderr]     Checking indexmap v2.14.0
[INFO] [stderr]     Checking toml_parser v1.1.3+spec-1.1.0
[INFO] [stderr]    Compiling io-lifetimes v3.0.1
[INFO] [stderr]    Compiling io-lifetimes v2.0.4
[INFO] [stderr]    Compiling io-extras v0.19.0
[INFO] [stderr]     Checking toml v0.9.12+spec-1.1.0
[INFO] [stderr]    Compiling cap-primitives v4.0.3
[INFO] [stderr]     Checking generic-array v0.14.7
[INFO] [stderr]    Compiling blake3 v1.8.7
[INFO] [stderr]    Compiling cap-std v4.0.3
[INFO] [stderr]     Checking ipnet v2.12.1
[INFO] [stderr]     Checking maybe-owned v0.3.4
[INFO] [stderr]     Checking ambient-authority v0.0.2
[INFO] [stderr]    Compiling cap-fs-ext v4.0.3
[INFO] [stderr]     Checking libyaml-rs v0.3.0
[INFO] [stderr]     Checking tinyvec v1.12.0
[INFO] [stderr]     Checking block-buffer v0.10.4
[INFO] [stderr]     Checking crypto-common v0.1.7
[INFO] [stderr]     Checking digest v0.10.7
[INFO] [stderr]     Checking kitrove-risk v0.1.0-rc.4.2 (/opt/rustwide/workdir/crates/kitrove-risk)
[INFO] [stderr]     Checking smallvec v1.15.2
[INFO] [stderr]     Checking sha1 v0.10.7
[INFO] [stderr]    Compiling cmake v0.1.58
[INFO] [stderr]     Checking unicode-normalization v0.1.25
[INFO] [stderr]     Checking cpubits v0.1.1
[INFO] [stderr]     Checking pem-rfc7468 v1.0.0
[INFO] [stderr]    Compiling aws-lc-rs v1.18.1
[INFO] [stderr]     Checking untrusted v0.7.1
[INFO] [stderr]    Compiling ring v0.17.14
[INFO] [stderr]     Checking kitrove-frontmatter v0.1.0-rc.4.2 (/opt/rustwide/workdir/crates/kitrove-frontmatter)
[INFO] [stderr]     Checking jiff-core v0.1.0
[INFO] [stderr]     Checking getrandom v0.2.17
[INFO] [stderr]    Compiling aws-lc-sys v0.45.0
[INFO] [stderr]     Checking toml_datetime v1.1.1+spec-1.1.0
[INFO] [stderr]     Checking jsonc-parser v0.32.1 (/opt/rustwide/workdir/third_party/jsonc-parser)
[INFO] [stderr]     Checking toml_edit v0.25.13+spec-1.1.0
[INFO] [stderr]     Checking ff v0.14.0
[INFO] [stderr]     Checking zlib-rs v0.6.7
[INFO] [stderr]     Checking semver v1.0.28
[INFO] [stderr]     Checking jiff v0.2.35
[INFO] [stderr]     Checking bytes v1.12.1
[INFO] [stderr]    Compiling synstructure v0.13.2
[INFO] [stderr]     Checking regex-automata v0.4.18
[INFO] [stderr]     Checking group v0.14.0
[INFO] [stderr]     Checking base16ct v1.0.0
[INFO] [stderr]    Compiling heapless v0.8.0
[INFO] [stderr]    Compiling serde_derive v1.0.229
[INFO] [stderr]    Compiling zerovec-derive v0.11.6
[INFO] [stderr]    Compiling displaydoc v0.2.7
[INFO] [stderr]    Compiling zeroize_derive v1.5.0
[INFO] [stderr]    Compiling zerofrom-derive v0.1.7
[INFO] [stderr]     Checking zeroize v1.9.0
[INFO] [stderr]    Compiling yoke-derive v0.8.2
[INFO] [stderr]     Checking rustix-linux-procfs v0.1.1
[INFO] [stderr]     Checking fs-set-times v0.20.3
[INFO] [stderr]    Compiling thiserror-impl v2.0.20
[INFO] [stderr]     Checking hybrid-array v0.4.14
[INFO] [stderr]     Checking der v0.8.1
[INFO] [stderr]     Checking rustls-pki-types v1.15.1
[INFO] [stderr]     Checking zerofrom v0.1.8
[INFO] [stderr]     Checking tempfile v3.27.0
[INFO] [stderr]     Checking yoke v0.8.3
[INFO] [stderr]     Checking thiserror v2.0.20
[INFO] [stderr]     Checking bstr v1.13.1
[INFO] [stderr]     Checking zerovec v0.11.8
[INFO] [stderr]     Checking zerotrie v0.2.5
[INFO] [stderr]     Checking parking_lot_core v0.9.12
[INFO] [stderr]     Checking crypto-common v0.2.2
[INFO] [stderr]     Checking block-buffer v0.12.1
[INFO] [stderr]     Checking block-padding v0.4.2
[INFO] [stderr]     Checking crypto-bigint v0.7.5
[INFO] [stderr]     Checking inout v0.2.2
[INFO] [stderr]     Checking hash32 v0.3.1
[INFO] [stderr]    Compiling faster-hex v0.10.1
[INFO] [stderr]     Checking spki v0.8.0
[INFO] [stderr]     Checking sec1 v0.8.1
[INFO] [stderr]     Checking tinystr v0.8.4
[INFO] [stderr]     Checking potential_utf v0.1.6
[INFO] [stderr]     Checking digest v0.11.3
[INFO] [stderr]     Checking cipher v0.5.2
[INFO] [stderr]     Checking icu_locale_core v2.1.1
[INFO] [stderr]     Checking icu_collections v2.1.1
[INFO] [stderr]     Checking sha2 v0.11.0
[INFO] [stderr]     Checking hmac v0.13.0
[INFO] [stderr]     Checking universal-hash v0.6.1
[INFO] [stderr]     Checking polyval v0.7.3
[INFO] [stderr]     Checking pbkdf2 v0.13.0
[INFO] [stderr]     Checking aes v0.9.2
[INFO] [stderr]     Checking ghash v0.6.0
[INFO] [stderr]     Checking ctr v0.10.1
[INFO] [stderr]     Checking kitrove-model v0.1.0-rc.4.2 (/opt/rustwide/workdir/crates/kitrove-model)
[INFO] [stderr]     Checking yaml_serde v0.10.7
[INFO] [stderr]     Checking icu_provider v2.1.1
[INFO] [stderr]     Checking aead v0.6.1
[INFO] [stderr]     Checking salsa20 v0.11.0
[INFO] [stderr]     Checking cbc v0.2.1
[INFO] [stderr]     Checking aes-gcm v0.11.1
[INFO] [stderr]     Checking hkdf v0.13.0
[INFO] [stderr]     Checking scrypt v0.12.0
[INFO] [stderr]     Checking signature v3.0.0
[INFO] [stderr]     Checking gix-trace v0.1.21
[INFO] [stderr]     Checking icu_properties v2.1.2
[INFO] [stderr]     Checking icu_normalizer v2.1.1
[INFO] [stderr]     Checking pkcs5 v0.8.1
[INFO] [stderr]    Compiling rustc_version v0.4.1
[INFO] [stderr]     Checking pkcs8 v0.11.0
[INFO] [stderr]     Checking parking_lot v0.12.5
[INFO] [stderr]    Compiling curve25519-dalek v5.0.0-rc.1
[INFO] [stderr]     Checking chacha20 v0.10.2
[INFO] [stderr]     Checking gix-error v0.3.1
[INFO] [stderr]     Checking prodash v31.0.0
[INFO] [stderr]     Checking log v0.4.34
[INFO] [stderr]     Checking futures-core v0.3.34
[INFO] [stderr]     Checking futures-sink v0.3.34
[INFO] [stderr]    Compiling nix v0.31.3
[INFO] [stderr]     Checking futures-channel v0.3.34
[INFO] [stderr]     Checking ssh-encoding v0.3.0
[INFO] [stderr]     Checking gix-features v0.49.1
[INFO] [stderr]    Compiling curve25519-dalek-derive v0.1.1
[INFO] [stderr]    Compiling futures-macro v0.3.34
[INFO] [stderr]     Checking sha1-checked v0.10.0
[INFO] [stderr]     Checking fs2 v0.4.3
[INFO] [stderr]     Checking futures-task v0.3.34
[INFO] [stderr]     Checking idna_adapter v1.2.1
[INFO] [stderr]     Checking kitrove-agent-skills v0.1.0-rc.4.2 (/opt/rustwide/workdir/crates/kitrove-agent-skills)
[INFO] [stderr]     Checking kitrove-agents v0.1.0-rc.4.2 (/opt/rustwide/workdir/crates/kitrove-agents)
[INFO] [stderr]     Checking slab v0.4.12
[INFO] [stderr]     Checking idna v1.1.0
[INFO] [stderr]     Checking futures-io v0.3.34
[INFO] [stderr]    Compiling httparse v1.10.1
[INFO] [stderr]     Checking futures-util v0.3.34
[INFO] [stderr]     Checking gix-hash v0.26.2
[INFO] [stderr]     Checking url v2.5.8
[INFO] [stderr]     Checking gix-date v0.16.0
[INFO] [stderr]     Checking ed25519 v3.0.0
[INFO] [stderr]     Checking poly1305 v0.9.1
[INFO] [stderr]     Checking blowfish v0.10.0
[INFO] [stderr]     Checking blake2 v0.11.0
[INFO] [stderr]     Checking gix-validate v0.11.4
[INFO] [stderr]    Compiling tokio-macros v2.7.2
[INFO] [stderr]     Checking num-integer v0.1.47
[INFO] [stderr]     Checking mio v1.2.2
[INFO] [stderr]     Checking kitrove-mcp v0.1.0-rc.4.2 (/opt/rustwide/workdir/crates/kitrove-mcp)
[INFO] [stderr]     Checking primefield v0.14.0
[INFO] [stderr]     Checking elliptic-curve v0.14.1
[INFO] [stderr]     Checking wnaf v0.14.1
[INFO] [stderr]     Checking rfc6979 v0.6.0
[INFO] [stderr]     Checking socket2 v0.6.5
[INFO] [stderr]     Checking keccak v0.2.2
[INFO] [stderr]    Compiling rustls v0.23.46
[INFO] [stderr]     Checking kitrove-adapter-api v0.1.0-rc.4.2 (/opt/rustwide/workdir/crates/kitrove-adapter-api)
[INFO] [stderr]     Checking ed25519-dalek v3.0.0-rc.1
[INFO] [stderr]     Checking sha3 v0.11.0
[INFO] [stderr]     Checking argon2 v0.6.0
[INFO] [stderr]     Checking tokio v1.53.1
[INFO] [stderr]     Checking ecdsa v0.17.0
[INFO] [stderr]     Checking primeorder v0.14.0
[INFO] [stderr]     Checking ssh-cipher v0.3.0
[INFO] [stderr]     Checking bcrypt-pbkdf v0.11.0
[INFO] [stderr]     Checking gix-actor v0.42.0
[INFO] [stderr]     Checking gix-hashtable v0.16.0
[INFO] [stderr]     Checking kitrove-version-probe v0.1.0-rc.4.2 (/opt/rustwide/workdir/crates/kitrove-version-probe)
[INFO] [stderr]     Checking kitrove-state-lifecycle v0.1.0-rc.4.2 (/opt/rustwide/workdir/crates/kitrove-state-lifecycle)
[INFO] [stderr]     Checking rand v0.10.2
[INFO] [stderr]     Checking sha1 v0.11.0
[INFO] [stderr]     Checking p521 v0.14.0-rc.15
[INFO] [stderr]     Checking p384 v0.14.0-rc.15
[INFO] [stderr]     Checking p256 v0.14.0-rc.15
[INFO] [stderr]     Checking kem v0.3.0
[INFO] [stderr]     Checking module-lattice v0.2.3
[INFO] [stderr]     Checking http v1.5.0
[INFO] [stderr]     Checking gix-utils v0.3.6
[INFO] [stderr]     Checking base64 v0.23.1
[INFO] [stderr]    Compiling enum_dispatch v0.3.13
[INFO] [stderr]     Checking gix-object v0.64.1
[INFO] [stderr]     Checking ureq-proto v0.6.1
[INFO] [stderr]     Checking internal-russh-num-bigint v0.5.0
[INFO] [stderr]     Checking ml-kem v0.3.2
[INFO] [stderr]     Checking russh-cryptovec v0.62.0
[INFO] [stderr]     Checking generic-array v1.4.5
[INFO] [stderr]     Checking num-bigint v0.4.8
[INFO] [stderr]     Checking futures-executor v0.3.34
[INFO] [stderr]     Checking futures v0.3.34
[INFO] [stderr]     Checking gix-path v0.12.5
[INFO] [stdout] error[E0493]: destructor of `ArrayBuilder<T, N>` cannot be evaluated at compile-time
[INFO] [stdout]    --> /opt/rustwide/cargo-home/registry/src/index.crates.io-1949cf8c6b5b557f/generic-array-1.4.5/src/internal.rs:103:31
[INFO] [stdout]     |
[INFO] [stdout] 103 |     pub unsafe fn assume_init(self) -> GenericArray<T, N> {
[INFO] [stdout]     |                               ^^^^ the destructor for this type cannot be evaluated in constant functions
[INFO] [stdout] ...
[INFO] [stdout] 109 |     }
[INFO] [stdout]     |     - value is dropped here
[INFO] [stdout] 
[INFO] [stdout] 
[INFO] [stdout] error[E0493]: destructor of `GenericArray<core::mem::MaybeUninit<*const T>, N>` cannot be evaluated at compile-time
[INFO] [stdout]    --> /opt/rustwide/cargo-home/registry/src/index.crates.io-1949cf8c6b5b557f/generic-array-1.4.5/src/lib.rs:983:13
[INFO] [stdout]     |
[INFO] [stdout] 983 |         let mut out: GenericArray<MaybeUninit<*const T>, N> = GenericArray::uninit();
[INFO] [stdout]     |             ^^^^^^^ the destructor for this type cannot be evaluated in constant functions
[INFO] [stdout] ...
[INFO] [stdout] 998 |     }
[INFO] [stdout]     |     - value is dropped here
[INFO] [stdout] 
[INFO] [stdout] 
[INFO] [stdout] error[E0493]: destructor of `GenericArray<core::mem::MaybeUninit<*mut T>, N>` cannot be evaluated at compile-time
[INFO] [stdout]     --> /opt/rustwide/cargo-home/registry/src/index.crates.io-1949cf8c6b5b557f/generic-array-1.4.5/src/lib.rs:1018:13
[INFO] [stdout]      |
[INFO] [stdout] 1018 |         let mut out: GenericArray<MaybeUninit<*mut T>, N> = GenericArray::uninit();
[INFO] [stdout]      |             ^^^^^^^ the destructor for this type cannot be evaluated in constant functions
[INFO] [stdout] ...
[INFO] [stdout] 1033 |     }
[INFO] [stdout]      |     - value is dropped here
[INFO] [stdout] 
[INFO] [stdout] 
[INFO] [stdout] For more information about this error, try `rustc --explain E0493`.
[INFO] [stdout] 
[INFO] [stderr] error: could not compile `generic-array` (lib) due to 3 previous errors
[INFO] [stderr] warning: build failed, waiting for other jobs to finish...
[INFO] running `Command { std: "docker" "inspect" "63de8285421030afc80c771089e92a28791b00b1ef3e19772884bd3cf761cd4f", kill_on_drop: false }`
[INFO] running `Command { std: "docker" "rm" "-f" "63de8285421030afc80c771089e92a28791b00b1ef3e19772884bd3cf761cd4f", kill_on_drop: false }`
[INFO] [stdout] 63de8285421030afc80c771089e92a28791b00b1ef3e19772884bd3cf761cd4f
