[INFO] cloning repository https://github.com/Hyphonical/Civistash
[INFO] running `Command { std: "git" "-c" "credential.helper=" "-c" "credential.helper=/workspace/cargo-home/bin/git-credential-null" "clone" "--bare" "https://github.com/Hyphonical/Civistash" "/workspace/cache/git-repos/https%3A%2F%2Fgithub.com%2FHyphonical%2FCivistash", kill_on_drop: false }`
[INFO] [stderr] Cloning into bare repository '/workspace/cache/git-repos/https%3A%2F%2Fgithub.com%2FHyphonical%2FCivistash'...
[INFO] running `Command { std: "git" "rev-parse" "HEAD", kill_on_drop: false }`
[INFO] [stdout] fcae37801d3e4395fef414273b1b0df3b824913b
[INFO] checking Hyphonical/Civistash against c60b92c03ca8a3b101eb9d57f51e2232690638c7 for pr-164148-crater-rollup
[INFO] running `Command { std: "git" "clone" "/workspace/cache/git-repos/https%3A%2F%2Fgithub.com%2FHyphonical%2FCivistash" "/workspace/builds/worker-4-tc2/source", kill_on_drop: false }`
[INFO] [stderr] Cloning into '/workspace/builds/worker-4-tc2/source'...
[INFO] [stderr] done.
[INFO] started tweaking git repo https://github.com/Hyphonical/Civistash
[INFO] finished tweaking git repo https://github.com/Hyphonical/Civistash
[INFO] tweaked toml for git repo https://github.com/Hyphonical/Civistash written to /workspace/builds/worker-4-tc2/source/Cargo.toml
[INFO] validating manifest of git repo https://github.com/Hyphonical/Civistash on toolchain c60b92c03ca8a3b101eb9d57f51e2232690638c7
[INFO] running `Command { std: CARGO_HOME="/workspace/cargo-home" RUSTUP_HOME="/workspace/rustup-home" "/workspace/cargo-home/bin/cargo" "+c60b92c03ca8a3b101eb9d57f51e2232690638c7" "metadata" "--manifest-path" "Cargo.toml" "--no-deps", kill_on_drop: false }`
[INFO] crate git repo https://github.com/Hyphonical/Civistash already has a lockfile, it will not be regenerated
[INFO] running `Command { std: CARGO_HOME="/workspace/cargo-home" RUSTUP_HOME="/workspace/rustup-home" "/workspace/cargo-home/bin/cargo" "+c60b92c03ca8a3b101eb9d57f51e2232690638c7" "fetch" "--manifest-path" "Cargo.toml", kill_on_drop: false }`
[INFO] running `Command { std: "docker" "create" "-v" "/var/lib/crater-agent-workspace/builds/worker-4-tc2/source:/opt/rustwide/workdir:ro,Z" "-v" "/var/lib/crater-agent-workspace/builds/worker-4-tc2/target:/opt/rustwide/target:rw,Z" "-v" "/var/lib/crater-agent-workspace/cargo-home:/opt/rustwide/cargo-home:ro,Z" "-v" "/var/lib/crater-agent-workspace/rustup-home:/opt/rustwide/rustup-home:ro,Z" "-m" "1610612736" "--network" "none" "ghcr.io/rust-lang/crates-build-env/linux@sha256:77db811e55d90add9212f6832c23229e3de5f1c1f9905e8cb07319ea15df73ac" "sleep" "infinity", kill_on_drop: false }`
[INFO] [stdout] 623760adf5b35eb72e440c398d56b7771e0f8ab71393a5fa197768275da39221
[INFO] running `Command { std: "docker" "start" "623760adf5b35eb72e440c398d56b7771e0f8ab71393a5fa197768275da39221", kill_on_drop: false }`
[INFO] running `Command { std: "docker" "inspect" "623760adf5b35eb72e440c398d56b7771e0f8ab71393a5fa197768275da39221", kill_on_drop: false }`
[INFO] running `Command { std: "docker" "exec" "-e" "SOURCE_DIR=/opt/rustwide/workdir" "-e" "CARGO_HOME=/opt/rustwide/cargo-home" "-e" "RUSTUP_HOME=/opt/rustwide/rustup-home" "-e" "CARGO_TARGET_DIR=/opt/rustwide/target" "-w" "/opt/rustwide/workdir" "--user" "0:0" "623760adf5b35eb72e440c398d56b7771e0f8ab71393a5fa197768275da39221" "/opt/rustwide/cargo-home/bin/cargo" "+c60b92c03ca8a3b101eb9d57f51e2232690638c7" "metadata" "--no-deps" "--format-version=1", kill_on_drop: false }`
[INFO] running `Command { std: "docker" "inspect" "623760adf5b35eb72e440c398d56b7771e0f8ab71393a5fa197768275da39221", kill_on_drop: false }`
[INFO] running `Command { std: "docker" "exec" "-e" "SOURCE_DIR=/opt/rustwide/workdir" "-e" "CARGO_HOME=/opt/rustwide/cargo-home" "-e" "RUSTUP_HOME=/opt/rustwide/rustup-home" "-e" "CARGO_TARGET_DIR=/opt/rustwide/target" "-e" "CARGO_INCREMENTAL=0" "-e" "RUST_BACKTRACE=full" "-e" "RUSTFLAGS=--cap-lints=forbid" "-e" "RUSTDOCFLAGS=--cap-lints=forbid" "-w" "/opt/rustwide/workdir" "--user" "0:0" "623760adf5b35eb72e440c398d56b7771e0f8ab71393a5fa197768275da39221" "/opt/rustwide/cargo-home/bin/cargo" "+c60b92c03ca8a3b101eb9d57f51e2232690638c7" "check" "--frozen" "--all" "--all-targets" "--message-format=json", kill_on_drop: false }`
[INFO] [stderr]    Compiling libc v0.2.186
[INFO] [stderr]     Checking memchr v2.8.1
[INFO] [stderr]    Compiling find-msvc-tools v0.1.9
[INFO] [stderr]     Checking futures-core v0.3.32
[INFO] [stderr]     Checking bytes v1.11.1
[INFO] [stderr]    Compiling syn v2.0.117
[INFO] [stderr]     Checking futures-sink v0.3.32
[INFO] [stderr]    Compiling fs_extra v1.3.0
[INFO] [stderr]    Compiling serde_core v1.0.228
[INFO] [stderr]     Checking zeroize v1.8.2
[INFO] [stderr]     Checking futures-channel v0.3.32
[INFO] [stderr]    Compiling aws-lc-rs v1.17.0
[INFO] [stderr]     Checking futures-io v0.3.32
[INFO] [stderr]     Checking litemap v0.8.2
[INFO] [stderr]     Checking writeable v0.6.3
[INFO] [stderr]     Checking rustls-pki-types v1.14.1
[INFO] [stderr]    Compiling icu_normalizer_data v2.2.0
[INFO] [stderr]    Compiling icu_properties_data v2.2.0
[INFO] [stderr]     Checking http v1.4.1
[INFO] [stderr]     Checking futures-task v0.3.32
[INFO] [stderr]     Checking aho-corasick v1.1.4
[INFO] [stderr]     Checking regex-syntax v0.8.10
[INFO] [stderr]     Checking bitflags v2.13.0
[INFO] [stderr]    Compiling rustls v0.23.40
[INFO] [stderr]     Checking log v0.4.32
[INFO] [stderr]    Compiling serde_json v1.0.150
[INFO] [stderr]    Compiling num-traits v0.2.19
[INFO] [stderr]     Checking errno v0.3.14
[INFO] [stderr]     Checking socket2 v0.6.4
[INFO] [stderr]     Checking mio v1.2.1
[INFO] [stderr]     Checking signal-hook-registry v1.4.8
[INFO] [stderr]    Compiling jobserver v0.1.34
[INFO] [stderr]     Checking http-body v1.0.1
[INFO] [stderr]    Compiling getrandom v0.4.2
[INFO] [stderr]    Compiling unicase v2.9.0
[INFO] [stderr]     Checking sync_wrapper v1.0.2
[INFO] [stderr]    Compiling mime_guess v2.0.5
[INFO] [stderr]    Compiling crossbeam-utils v0.8.21
[INFO] [stderr]     Checking ipnet v2.12.0
[INFO] [stderr]    Compiling cc v1.2.63
[INFO] [stderr]     Checking rustls-native-certs v0.8.4
[INFO] [stderr]     Checking anstyle-parse v1.0.0
[INFO] [stderr]     Checking deranged v0.5.8
[INFO] [stderr]    Compiling anyhow v1.0.102
[INFO] [stderr]     Checking dirs-sys v0.5.0
[INFO] [stderr]     Checking rustix v1.1.4
[INFO] [stderr]     Checking regex-automata v0.4.14
[INFO] [stderr]     Checking chacha20 v0.10.0
[INFO] [stderr]     Checking http-body-util v0.1.3
[INFO] [stderr]     Checking tracing-log v0.2.0
[INFO] [stderr]    Compiling cmake v0.1.58
[INFO] [stderr]     Checking webpki-roots v1.0.7
[INFO] [stderr]     Checking typewit v1.15.2
[INFO] [stderr]     Checking anstyle v1.0.14
[INFO] [stderr]    Compiling dtor-proc-macro v0.0.6
[INFO] [stderr]     Checking anstyle-query v1.1.5
[INFO] [stderr]     Checking time-core v0.1.8
[INFO] [stderr]    Compiling aws-lc-sys v0.41.0
[INFO] [stderr]     Checking is_terminal_polyfill v1.70.2
[INFO] [stderr]     Checking colorchoice v1.0.5
[INFO] [stderr]     Checking dtor v0.1.1
[INFO] [stderr]     Checking time v0.3.47
[INFO] [stderr]     Checking anstream v1.0.0
[INFO] [stderr]    Compiling blake3 v1.8.5
[INFO] [stderr]     Checking const_panic v0.2.15
[INFO] [stderr]     Checking rand v0.10.1
[INFO] [stderr]     Checking crossbeam-channel v0.5.15
[INFO] [stderr]     Checking dirs v6.0.0
[INFO] [stderr]     Checking os_str_bytes v6.6.1
[INFO] [stderr]     Checking strsim v0.11.1
[INFO] [stderr]     Checking symlink v0.1.0
[INFO] [stderr]     Checking clap_lex v1.1.0
[INFO] [stderr]    Compiling konst_proc_macros v0.4.1
[INFO] [stderr]     Checking ctor v0.6.3
[INFO] [stderr]     Checking clap_builder v4.6.0
[INFO] [stderr]     Checking getrandom v0.3.4
[INFO] [stderr]    Compiling sha2-asm v0.6.4
[INFO] [stderr]    Compiling synstructure v0.13.2
[INFO] [stderr]     Checking konst v0.4.3
[INFO] [stderr]     Checking sysinfo v0.38.4
[INFO] [stderr]     Checking whoami v2.1.2
[INFO] [stderr]     Checking csv-core v0.1.13
[INFO] [stderr]     Checking either v1.16.0
[INFO] [stdout] error[E0493]: destructor of `ArrayBuilder<T, N, D>` cannot be evaluated at compile-time
[INFO] [stdout]    --> /opt/rustwide/cargo-home/registry/src/index.crates.io-1949cf8c6b5b557f/konst-0.4.3/src/array/array_builder.rs:421:24
[INFO] [stdout]     |
[INFO] [stdout] 421 |     pub const fn build(self) -> [T; N] {
[INFO] [stdout]     |                        ^^^^ the destructor for this type cannot be evaluated in constant functions
[INFO] [stdout] ...
[INFO] [stdout] 437 |     }
[INFO] [stdout]     |     - value is dropped here
[INFO] [stdout] 
[INFO] [stdout] 
[INFO] [stdout] error[E0493]: destructor of `array_into_iter::IntoIter<T, N, D>` cannot be evaluated at compile-time
[INFO] [stdout]    --> /opt/rustwide/cargo-home/registry/src/index.crates.io-1949cf8c6b5b557f/konst-0.4.3/src/array/array_into_iter.rs:324:34
[INFO] [stdout]     |
[INFO] [stdout] 324 |     pub const fn assert_is_empty(self) {
[INFO] [stdout]     |                                  ^^^^ the destructor for this type cannot be evaluated in constant functions
[INFO] [stdout] ...
[INFO] [stdout] 327 |     }
[INFO] [stdout]     |     - value is dropped here
[INFO] [stdout] 
[INFO] [stdout] 
[INFO] [stderr]     Checking oneshot v0.1.13
[INFO] [stdout] error[E0493]: destructor of `Option<(T, U)>` cannot be evaluated at compile-time
[INFO] [stdout]    --> /opt/rustwide/cargo-home/registry/src/index.crates.io-1949cf8c6b5b557f/konst-0.4.3/src/macros/control_flow.rs:83:42
[INFO] [stdout]     |
[INFO] [stdout]  81 |   macro_rules! if_let_Some {
[INFO] [stdout]  82 |       ($some:pat = $e:expr => $then:block $(else $else:block)?) => {
[INFO] [stdout]  83 |           match $crate::option::__opt($e) {opt =>
[INFO] [stdout]     |                                            ^^^ the destructor for this type cannot be evaluated in constant functions
[INFO] [stdout] ...
[INFO] [stdout]  90 |               }
[INFO] [stdout]     |               - value is dropped here
[INFO] [stdout]     |
[INFO] [stdout]    ::: /opt/rustwide/cargo-home/registry/src/index.crates.io-1949cf8c6b5b557f/konst-0.4.3/src/option.rs:635:5
[INFO] [stdout]     |
[INFO] [stdout] 635 | /     crate::if_let_Some! {tuple = opt => {
[INFO] [stdout] 636 | |         crate::destructure!{(l, r) = tuple}
[INFO] [stdout] 637 | |
[INFO] [stdout] 638 | |         (Some(l), Some(r))
[INFO] [stdout] 639 | |     } else {
[INFO] [stdout] 640 | |         (None, None)
[INFO] [stdout] 641 | |     }}
[INFO] [stdout]     | |______- in this macro invocation
[INFO] [stdout] 
[INFO] [stdout] 
[INFO] [stderr]     Checking more-asserts v0.3.1
[INFO] [stderr]     Checking colored v3.1.1
[INFO] [stderr]     Checking constant_time_eq v0.4.2
[INFO] [stderr]     Checking humantime v2.3.0
[INFO] [stderr]    Compiling redb v3.1.3
[INFO] [stderr]     Checking fastrand v2.4.1
[INFO] [stdout] For more information about this error, try `rustc --explain E0493`.
[INFO] [stdout] 
[INFO] [stderr]     Checking const-str v1.1.0
[INFO] [stderr] error: could not compile `konst` (lib) due to 3 previous errors
[INFO] [stderr] warning: build failed, waiting for other jobs to finish...
[INFO] running `Command { std: "docker" "inspect" "623760adf5b35eb72e440c398d56b7771e0f8ab71393a5fa197768275da39221", kill_on_drop: false }`
[INFO] running `Command { std: "docker" "rm" "-f" "623760adf5b35eb72e440c398d56b7771e0f8ab71393a5fa197768275da39221", kill_on_drop: false }`
[INFO] [stdout] 623760adf5b35eb72e440c398d56b7771e0f8ab71393a5fa197768275da39221
