[INFO] cloning repository https://github.com/Gottox/zed_trace_replay
[INFO] running `Command { std: "git" "-c" "credential.helper=" "-c" "credential.helper=/workspace/cargo-home/bin/git-credential-null" "clone" "--bare" "https://github.com/Gottox/zed_trace_replay" "/workspace/cache/git-repos/https%3A%2F%2Fgithub.com%2FGottox%2Fzed_trace_replay", kill_on_drop: false }`
[INFO] [stderr] Cloning into bare repository '/workspace/cache/git-repos/https%3A%2F%2Fgithub.com%2FGottox%2Fzed_trace_replay'...
[INFO] running `Command { std: "git" "rev-parse" "HEAD", kill_on_drop: false }`
[INFO] [stdout] b4f7451901b5bb59c9234d3f69493c568564ea85
[INFO] checking Gottox/zed_trace_replay against c60b92c03ca8a3b101eb9d57f51e2232690638c7 for pr-164148-crater-rollup
[INFO] running `Command { std: "git" "clone" "/workspace/cache/git-repos/https%3A%2F%2Fgithub.com%2FGottox%2Fzed_trace_replay" "/workspace/builds/worker-0-tc2/source", kill_on_drop: false }`
[INFO] [stderr] Cloning into '/workspace/builds/worker-0-tc2/source'...
[INFO] [stderr] done.
[INFO] started tweaking git repo https://github.com/Gottox/zed_trace_replay
[INFO] finished tweaking git repo https://github.com/Gottox/zed_trace_replay
[INFO] tweaked toml for git repo https://github.com/Gottox/zed_trace_replay written to /workspace/builds/worker-0-tc2/source/Cargo.toml
[INFO] validating manifest of git repo https://github.com/Gottox/zed_trace_replay on toolchain c60b92c03ca8a3b101eb9d57f51e2232690638c7
[INFO] running `Command { std: CARGO_HOME="/workspace/cargo-home" RUSTUP_HOME="/workspace/rustup-home" "/workspace/cargo-home/bin/cargo" "+c60b92c03ca8a3b101eb9d57f51e2232690638c7" "metadata" "--manifest-path" "Cargo.toml" "--no-deps", kill_on_drop: false }`
[INFO] crate git repo https://github.com/Gottox/zed_trace_replay already has a lockfile, it will not be regenerated
[INFO] running `Command { std: CARGO_HOME="/workspace/cargo-home" RUSTUP_HOME="/workspace/rustup-home" "/workspace/cargo-home/bin/cargo" "+c60b92c03ca8a3b101eb9d57f51e2232690638c7" "fetch" "--manifest-path" "Cargo.toml", kill_on_drop: false }`
[INFO] [stderr]     Blocking waiting for file lock on package cache
[INFO] [stderr]     Blocking waiting for file lock on package cache
[INFO] running `Command { std: "docker" "create" "-v" "/var/lib/crater-agent-workspace/builds/worker-0-tc2/source:/opt/rustwide/workdir:ro,Z" "-v" "/var/lib/crater-agent-workspace/builds/worker-0-tc2/target:/opt/rustwide/target:rw,Z" "-v" "/var/lib/crater-agent-workspace/cargo-home:/opt/rustwide/cargo-home:ro,Z" "-v" "/var/lib/crater-agent-workspace/rustup-home:/opt/rustwide/rustup-home:ro,Z" "-m" "1610612736" "--network" "none" "ghcr.io/rust-lang/crates-build-env/linux@sha256:77db811e55d90add9212f6832c23229e3de5f1c1f9905e8cb07319ea15df73ac" "sleep" "infinity", kill_on_drop: false }`
[INFO] [stdout] 70adc028151db2cd1d817cf56039be939b3ee748ed2b15cfeea61d182e7640f7
[INFO] running `Command { std: "docker" "start" "70adc028151db2cd1d817cf56039be939b3ee748ed2b15cfeea61d182e7640f7", kill_on_drop: false }`
[INFO] running `Command { std: "docker" "inspect" "70adc028151db2cd1d817cf56039be939b3ee748ed2b15cfeea61d182e7640f7", kill_on_drop: false }`
[INFO] running `Command { std: "docker" "exec" "-e" "SOURCE_DIR=/opt/rustwide/workdir" "-e" "CARGO_HOME=/opt/rustwide/cargo-home" "-e" "RUSTUP_HOME=/opt/rustwide/rustup-home" "-e" "CARGO_TARGET_DIR=/opt/rustwide/target" "-w" "/opt/rustwide/workdir" "--user" "0:0" "70adc028151db2cd1d817cf56039be939b3ee748ed2b15cfeea61d182e7640f7" "/opt/rustwide/cargo-home/bin/cargo" "+c60b92c03ca8a3b101eb9d57f51e2232690638c7" "metadata" "--no-deps" "--format-version=1", kill_on_drop: false }`
[INFO] running `Command { std: "docker" "inspect" "70adc028151db2cd1d817cf56039be939b3ee748ed2b15cfeea61d182e7640f7", kill_on_drop: false }`
[INFO] running `Command { std: "docker" "exec" "-e" "SOURCE_DIR=/opt/rustwide/workdir" "-e" "CARGO_HOME=/opt/rustwide/cargo-home" "-e" "RUSTUP_HOME=/opt/rustwide/rustup-home" "-e" "CARGO_TARGET_DIR=/opt/rustwide/target" "-e" "CARGO_INCREMENTAL=0" "-e" "RUST_BACKTRACE=full" "-e" "RUSTFLAGS=--cap-lints=forbid" "-e" "RUSTDOCFLAGS=--cap-lints=forbid" "-w" "/opt/rustwide/workdir" "--user" "0:0" "70adc028151db2cd1d817cf56039be939b3ee748ed2b15cfeea61d182e7640f7" "/opt/rustwide/cargo-home/bin/cargo" "+c60b92c03ca8a3b101eb9d57f51e2232690638c7" "check" "--frozen" "--all" "--all-targets" "--message-format=json", kill_on_drop: false }`
[INFO] [stderr]    Compiling unicode-ident v1.0.22
[INFO] [stderr]    Compiling quote v1.0.44
[INFO] [stderr]    Compiling libc v0.2.180
[INFO] [stderr]    Compiling crossbeam-utils v0.8.21
[INFO] [stderr]    Compiling erased-serde v0.4.9
[INFO] [stderr]     Checking bitflags v2.10.0
[INFO] [stderr]     Checking fastrand v2.3.0
[INFO] [stderr]    Compiling find-msvc-tools v0.1.8
[INFO] [stderr]     Checking smallvec v1.15.1
[INFO] [stderr]     Checking typeid v1.0.3
[INFO] [stderr]    Compiling rustix v1.1.3
[INFO] [stderr]     Checking hashbrown v0.16.1
[INFO] [stderr]     Checking serde_fmt v1.1.0
[INFO] [stderr]     Checking linux-raw-sys v0.11.0
[INFO] [stderr]     Checking litemap v0.8.1
[INFO] [stderr]     Checking writeable v0.6.2
[INFO] [stderr]    Compiling memchr v2.7.6
[INFO] [stderr]    Compiling proc-macro2 v1.0.106
[INFO] [stderr]    Compiling cc v1.2.54
[INFO] [stderr]    Compiling cfg_aliases v0.2.1
[INFO] [stderr]     Checking futures-lite v2.6.1
[INFO] [stderr]    Compiling async-io v2.6.0
[INFO] [stderr]    Compiling icu_normalizer_data v2.1.1
[INFO] [stderr]    Compiling icu_properties_data v2.1.2
[INFO] [stderr]     Checking async-task v4.7.1
[INFO] [stderr]     Checking simd-adler32 v0.3.8
[INFO] [stderr]     Checking crc32fast v1.5.0
[INFO] [stderr]    Compiling crypto-common v0.1.7
[INFO] [stderr]     Checking aho-corasick v1.1.4
[INFO] [stderr]     Checking regex-syntax v0.8.8
[INFO] [stderr]    Compiling zmij v1.0.16
[INFO] [stderr]     Checking piper v0.2.4
[INFO] [stderr]    Compiling digest v0.10.7
[INFO] [stderr]     Checking concurrent-queue v2.5.0
[INFO] [stderr]     Checking miniz_oxide v0.8.9
[INFO] [stderr]     Checking tracing-core v0.1.36
[INFO] [stderr]     Checking event-listener v5.4.1
[INFO] [stderr]    Compiling bstr v1.12.1
[INFO] [stderr]     Checking itoa v1.0.17
[INFO] [stderr]     Checking indexmap v2.13.0
[INFO] [stderr]    Compiling log v0.4.29
[INFO] [stderr]     Checking event-listener-strategy v0.5.4
[INFO] [stderr]     Checking value-bag-serde1 v1.12.0
[INFO] [stderr]    Compiling serde_json v1.0.149
[INFO] [stderr]     Checking value-bag v1.12.0
[INFO] [stderr]     Checking either v1.15.0
[INFO] [stderr]     Checking rustc-hash v2.1.1
[INFO] [stderr]     Checking async-channel v2.5.0
[INFO] [stderr]     Checking async-lock v3.4.2
[INFO] [stderr]    Compiling syn v2.0.114
[INFO] [stderr]    Compiling cmake v0.1.57
[INFO] [stderr]    Compiling sha2 v0.10.9
[INFO] [stderr]    Compiling walkdir v2.5.0
[INFO] [stderr]     Checking blocking v1.6.2
[INFO] [stderr]     Checking crossbeam-epoch v0.9.18
[INFO] [stderr]    Compiling nix v0.30.1
[INFO] [stderr]    Compiling rayon-core v1.13.0
[INFO] [stderr]    Compiling rustix v0.38.44
[INFO] [stderr]    Compiling getrandom v0.3.4
[INFO] [stderr]     Checking compression-core v0.4.31
[INFO] [stderr]     Checking deflate64 v0.1.10
[INFO] [stderr]    Compiling ref-cast v1.0.25
[INFO] [stderr]     Checking same-file v1.0.6
[INFO] [stderr]     Checking crossbeam-deque v0.8.6
[INFO] [stderr]    Compiling libz-sys v1.1.23
[INFO] [stderr]    Compiling nix v0.29.0
[INFO] [stderr]    Compiling serde_json_lenient v0.2.4
[INFO] [stderr]     Checking collections v0.1.0 (https://github.com/zed-industries/zed?rev=9931c6f944#9931c6f9)
[INFO] [stderr]     Checking linux-raw-sys v0.4.15
[INFO] [stderr]    Compiling ztracing v0.1.0 (https://github.com/zed-industries/zed?rev=9931c6f944#9931c6f9)
[INFO] [stderr]     Checking tracing-log v0.2.0
[INFO] [stderr]     Checking form_urlencoded v1.2.2
[INFO] [stderr]     Checking tracing-subscriber v0.3.22
[INFO] [stderr]     Checking async-fs v2.2.0
[INFO] [stderr]     Checking async-executor v1.13.3
[INFO] [stderr]    Compiling ztracing_macro v0.1.0 (https://github.com/zed-industries/zed?rev=9931c6f944#9931c6f9)
[INFO] [stderr]     Checking waker-fn v1.2.0
[INFO] [stderr]     Checking ryu v1.0.22
[INFO] [stderr]     Checking fastrand v1.9.0
[INFO] [stderr]    Compiling regex-automata v0.4.13
[INFO] [stderr]     Checking home v0.5.12
[INFO] [stderr]     Checking dyn-clone v1.0.20
[INFO] [stderr]     Checking itertools v0.14.0
[INFO] [stderr]     Checking futures-lite v1.13.0
[INFO] [stderr]     Checking take-until v0.2.0
[INFO] [stderr]     Checking dunce v1.0.5
[INFO] [stderr]     Checking str_indices v0.4.4
[INFO] [stderr]     Checking shlex v1.3.0
[INFO] [stderr]     Checking arrayvec v0.7.6
[INFO] [stderr]     Checking rayon v1.11.0
[INFO] [stderr]     Checking ropey v1.6.1
[INFO] [stderr]     Checking errno v0.3.14
[INFO] [stderr]     Checking dirs-sys v0.3.7
[INFO] [stderr]     Checking signal-hook-registry v1.4.8
[INFO] [stderr]     Checking dirs v4.0.0
[INFO] [stderr]     Checking which v6.0.3
[INFO] [stderr]     Checking globset v0.4.18
[INFO] [stderr]     Checking regex v1.12.2
[INFO] [stderr]     Checking rust-embed-utils v8.11.0
[INFO] [stderr]    Compiling synstructure v0.13.2
[INFO] [stderr]    Compiling serde_derive_internals v0.29.1
[INFO] [stderr]    Compiling zerovec-derive v0.11.2
[INFO] [stderr]    Compiling displaydoc v0.2.5
[INFO] [stderr]    Compiling serde_derive v1.0.228
[INFO] [stderr]    Compiling futures-macro v0.3.31
[INFO] [stderr]    Compiling thiserror-impl v2.0.18
[INFO] [stderr]    Compiling tracing-attributes v0.1.31
[INFO] [stderr]    Compiling ref-cast-impl v1.0.25
[INFO] [stderr]    Compiling pin-project-internal v1.1.10
[INFO] [stderr]    Compiling schemars_derive v1.2.0
[INFO] [stderr]    Compiling zerofrom-derive v0.1.6
[INFO] [stderr]    Compiling yoke-derive v0.8.1
[INFO] [stderr]    Compiling rust-embed-impl v8.11.0
[INFO] [stderr]     Checking futures-util v0.3.31
[INFO] [stderr]     Checking rust-embed v8.11.0
[INFO] [stderr]     Checking zerofrom v0.1.6
[INFO] [stderr]     Checking pin-project v1.1.10
[INFO] [stderr]     Checking yoke v0.8.1
[INFO] [stderr]     Checking tracing v0.1.44
[INFO] [stderr]     Checking zerovec v0.11.5
[INFO] [stderr]     Checking zerotrie v0.2.3
[INFO] [stderr]     Checking thiserror v2.0.18
[INFO] [stderr]     Checking command-fds v0.3.2
[INFO] [stderr]     Checking polling v3.11.0
[INFO] [stderr]     Checking tempfile v3.24.0
[INFO] [stderr]     Checking async-signal v0.2.13
[INFO] [stderr]     Checking async-net v2.0.0
[INFO] [stderr]     Checking async-process v2.5.0
[INFO] [stderr]     Checking tinystr v0.8.2
[INFO] [stderr]     Checking potential_utf v0.1.4
[INFO] [stderr]     Checking smol v2.0.2
[INFO] [stderr]     Checking icu_locale_core v2.1.1
[INFO] [stderr]     Checking icu_collections v2.1.1
[INFO] [stderr]     Checking serde v1.0.228
[INFO] [stderr]     Checking chrono v0.4.43
[INFO] [stderr]     Checking schemars v1.2.0
[INFO] [stderr]     Checking icu_provider v2.1.1
[INFO] [stderr]     Checking icu_properties v2.1.2
[INFO] [stderr]     Checking icu_normalizer v2.1.1
[INFO] [stderr]     Checking zlog v0.1.0 (https://github.com/zed-industries/zed?rev=9931c6f944#9931c6f9)
[INFO] [stderr]     Checking sum_tree v0.1.0 (https://github.com/zed-industries/zed?rev=9931c6f944#9931c6f9)
[INFO] [stdout] error[E0277]: `<<T as Item>::Summary as Summary>::Context<'_>` cannot be sent between threads safely
[INFO] [stdout]    --> /opt/rustwide/cargo-home/git/checkouts/zed-a70e2ad075855582/9931c6f/crates/sum_tree/src/sum_tree.rs:315:18
[INFO] [stdout]     |
[INFO] [stdout] 315 |               .map(|items| {
[INFO] [stdout]     |                --- ^------
[INFO] [stdout]     |                |   |
[INFO] [stdout]     |  ______________|___within this `{closure@sum_tree.rs:315:18}`
[INFO] [stdout]     | |              |
[INFO] [stdout]     | |              required by a bound introduced by this call
[INFO] [stdout] 316 | |                 let items: ArrayVec<T, { 2 * TREE_BASE }> = items.into_iter().collect();
[INFO] [stdout] 317 | |                 let item_summaries: ArrayVec<T::Summary, { 2 * TREE_BASE }> =
[INFO] [stdout] 318 | |                     items.iter().map(|item| item.summary(cx)).collect();
[INFO] [stdout] ...   |
[INFO] [stdout] 327 | |                 }))
[INFO] [stdout] 328 | |             })
[INFO] [stdout]     | |_____________^ `<<T as Item>::Summary as Summary>::Context<'_>` cannot be sent between threads safely
[INFO] [stdout]     |
[INFO] [stdout]     = help: within `{closure@sum_tree.rs:315:18}`, the trait `Send` is not implemented for `<<T as Item>::Summary as Summary>::Context<'_>`
[INFO] [stdout] note: required because `cx` is used within this closure
[INFO] [stdout]    --> /opt/rustwide/cargo-home/git/checkouts/zed-a70e2ad075855582/9931c6f/crates/sum_tree/src/sum_tree.rs:318:58
[INFO] [stdout]     |
[INFO] [stdout] 318 |                     items.iter().map(|item| item.summary(cx)).collect();
[INFO] [stdout]     |                                                          ^^
[INFO] [stdout] note: required by a bound in `rayon::iter::ParallelIterator::map`
[INFO] [stdout]    --> /opt/rustwide/cargo-home/registry/src/index.crates.io-1949cf8c6b5b557f/rayon-1.11.0/src/iter/mod.rs:594:41
[INFO] [stdout]     |
[INFO] [stdout] 356 | pub trait ParallelIterator: Sized + Send {
[INFO] [stdout] ...
[INFO] [stdout] 592 |     fn map<F, R>(self, map_op: F) -> Map<Self, F>
[INFO] [stdout] 593 |     where
[INFO] [stdout] 594 |         F: Fn(Self::Item) -> R + Sync + Send,
[INFO] [stdout]     |                                         ^^^^ required by this bound in `ParallelIterator::map`
[INFO] [stdout]     = note: the full name for the type has been written to '/opt/rustwide/target/debug/build/sum_tree/f0ae8c16471ca984/out/sum_tree-f0ae8c16471ca984.long-type-7711091448695906641.txt'
[INFO] [stdout]     = note: consider using `--verbose` to print the full type name to the console
[INFO] [stdout] help: consider further restricting the associated type
[INFO] [stdout]     |
[INFO] [stdout] 310 |         for<'a> <T::Summary as Summary>::Context<'a>: Sync, <<T as Item>::Summary as Summary>::Context<'_>: Send
[INFO] [stdout]     |                                                             ++++++++++++++++++++++++++++++++++++++++++++++++++++
[INFO] [stdout] 
[INFO] [stdout] 
[INFO] [stdout] error[E0277]: `<<T as Item>::Summary as Summary>::Context<'_>` cannot be sent between threads safely
[INFO] [stdout]    --> /opt/rustwide/cargo-home/git/checkouts/zed-a70e2ad075855582/9931c6f/crates/sum_tree/src/sum_tree.rs:312:25
[INFO] [stdout]     |
[INFO] [stdout] 312 |           let mut nodes = iter
[INFO] [stdout]     |  _________________________^
[INFO] [stdout] 313 | |             .into_par_iter()
[INFO] [stdout] 314 | |             .chunks(2 * TREE_BASE)
[INFO] [stdout] 315 | |             .map(|items| {
[INFO] [stdout]     | |                  ------- within this `{closure@sum_tree.rs:315:18}`
[INFO] [stdout] ...   |
[INFO] [stdout] 328 | |             })
[INFO] [stdout] 329 | |             .collect::<Vec<_>>();
[INFO] [stdout]     | |________________________________^ `<<T as Item>::Summary as Summary>::Context<'_>` cannot be sent between threads safely
[INFO] [stdout]     |
[INFO] [stdout]     = help: within `{closure@sum_tree.rs:315:18}`, the trait `Send` is not implemented for `<<T as Item>::Summary as Summary>::Context<'_>`
[INFO] [stdout] note: required because `cx` is used within this closure
[INFO] [stdout]    --> /opt/rustwide/cargo-home/git/checkouts/zed-a70e2ad075855582/9931c6f/crates/sum_tree/src/sum_tree.rs:318:58
[INFO] [stdout]     |
[INFO] [stdout] 318 |                     items.iter().map(|item| item.summary(cx)).collect();
[INFO] [stdout]     |                                                          ^^
[INFO] [stdout]     = note: required for `Map<Chunks<Iter>, {closure@sum_tree.rs:315:18}>` to implement `ParallelIterator`
[INFO] [stdout]     = note: the full name for the type has been written to '/opt/rustwide/target/debug/build/sum_tree/f0ae8c16471ca984/out/sum_tree-f0ae8c16471ca984.long-type-7711091448695906641.txt'
[INFO] [stdout]     = note: consider using `--verbose` to print the full type name to the console
[INFO] [stdout] help: consider further restricting the associated type
[INFO] [stdout]     |
[INFO] [stdout] 310 |         for<'a> <T::Summary as Summary>::Context<'a>: Sync, <<T as Item>::Summary as Summary>::Context<'_>: Send
[INFO] [stdout]     |                                                             ++++++++++++++++++++++++++++++++++++++++++++++++++++
[INFO] [stdout] 
[INFO] [stdout] 
[INFO] [stdout] error[E0277]: `<<T as Item>::Summary as Summary>::Context<'_>` cannot be sent between threads safely
[INFO] [stdout]    --> /opt/rustwide/cargo-home/git/checkouts/zed-a70e2ad075855582/9931c6f/crates/sum_tree/src/sum_tree.rs:337:22
[INFO] [stdout]     |
[INFO] [stdout] 337 |                   .map(|child_nodes| {
[INFO] [stdout]     |                    --- ^------------
[INFO] [stdout]     |                    |   |
[INFO] [stdout]     |  __________________|___within this `{closure@sum_tree.rs:337:22}`
[INFO] [stdout]     | |                  |
[INFO] [stdout]     | |                  required by a bound introduced by this call
[INFO] [stdout] 338 | |                     let child_trees: ArrayVec<SumTree<T>, { 2 * TREE_BASE }> =
[INFO] [stdout] 339 | |                         child_nodes.into_iter().collect();
[INFO] [stdout] 340 | |                     let child_summaries: ArrayVec<T::Summary, { 2 * TREE_BASE }> = child_trees
[INFO] [stdout] ...   |
[INFO] [stdout] 353 | |                     }))
[INFO] [stdout] 354 | |                 })
[INFO] [stdout]     | |_________________^ `<<T as Item>::Summary as Summary>::Context<'_>` cannot be sent between threads safely
[INFO] [stdout]     |
[INFO] [stdout]     = help: within `{closure@sum_tree.rs:337:22}`, the trait `Send` is not implemented for `<<T as Item>::Summary as Summary>::Context<'_>`
[INFO] [stdout] note: required because `cx` is used within this closure
[INFO] [stdout]    --> /opt/rustwide/cargo-home/git/checkouts/zed-a70e2ad075855582/9931c6f/crates/sum_tree/src/sum_tree.rs:346:91
[INFO] [stdout]     |
[INFO] [stdout] 346 |                         <T::Summary as Summary>::add_summary(&mut summary, child_summary, cx);
[INFO] [stdout]     |                                                                                           ^^
[INFO] [stdout] note: required by a bound in `rayon::iter::ParallelIterator::map`
[INFO] [stdout]    --> /opt/rustwide/cargo-home/registry/src/index.crates.io-1949cf8c6b5b557f/rayon-1.11.0/src/iter/mod.rs:594:41
[INFO] [stdout]     |
[INFO] [stdout] 356 | pub trait ParallelIterator: Sized + Send {
[INFO] [stdout] ...
[INFO] [stdout] 592 |     fn map<F, R>(self, map_op: F) -> Map<Self, F>
[INFO] [stdout] 593 |     where
[INFO] [stdout] 594 |         F: Fn(Self::Item) -> R + Sync + Send,
[INFO] [stdout]     |                                         ^^^^ required by this bound in `ParallelIterator::map`
[INFO] [stdout]     = note: the full name for the type has been written to '/opt/rustwide/target/debug/build/sum_tree/f0ae8c16471ca984/out/sum_tree-f0ae8c16471ca984.long-type-14307044634175357052.txt'
[INFO] [stdout]     = note: consider using `--verbose` to print the full type name to the console
[INFO] [stdout] help: consider further restricting the associated type
[INFO] [stdout]     |
[INFO] [stdout] 310 |         for<'a> <T::Summary as Summary>::Context<'a>: Sync, <<T as Item>::Summary as Summary>::Context<'_>: Send
[INFO] [stdout]     |                                                             ++++++++++++++++++++++++++++++++++++++++++++++++++++
[INFO] [stdout] 
[INFO] [stdout] 
[INFO] [stdout] error[E0277]: `<<T as Item>::Summary as Summary>::Context<'_>` cannot be sent between threads safely
[INFO] [stdout]    --> /opt/rustwide/cargo-home/git/checkouts/zed-a70e2ad075855582/9931c6f/crates/sum_tree/src/sum_tree.rs:334:21
[INFO] [stdout]     |
[INFO] [stdout] 334 |               nodes = nodes
[INFO] [stdout]     |  _____________________^
[INFO] [stdout] 335 | |                 .into_par_iter()
[INFO] [stdout] 336 | |                 .chunks(2 * TREE_BASE)
[INFO] [stdout] 337 | |                 .map(|child_nodes| {
[INFO] [stdout]     | |                      ------------- within this `{closure@sum_tree.rs:337:22}`
[INFO] [stdout] ...   |
[INFO] [stdout] 354 | |                 })
[INFO] [stdout] 355 | |                 .collect::<Vec<_>>();
[INFO] [stdout]     | |____________________________________^ `<<T as Item>::Summary as Summary>::Context<'_>` cannot be sent between threads safely
[INFO] [stdout]     |
[INFO] [stdout]     = help: within `{closure@sum_tree.rs:337:22}`, the trait `Send` is not implemented for `<<T as Item>::Summary as Summary>::Context<'_>`
[INFO] [stdout] note: required because `cx` is used within this closure
[INFO] [stdout]    --> /opt/rustwide/cargo-home/git/checkouts/zed-a70e2ad075855582/9931c6f/crates/sum_tree/src/sum_tree.rs:346:91
[INFO] [stdout]     |
[INFO] [stdout] 346 |                         <T::Summary as Summary>::add_summary(&mut summary, child_summary, cx);
[INFO] [stdout]     |                                                                                           ^^
[INFO] [stdout]     = note: required for `Map<Chunks<IntoIter<SumTree<T>>>, {closure@sum_tree.rs:337:22}>` to implement `ParallelIterator`
[INFO] [stdout]     = note: the full name for the type has been written to '/opt/rustwide/target/debug/build/sum_tree/f0ae8c16471ca984/out/sum_tree-f0ae8c16471ca984.long-type-14307044634175357052.txt'
[INFO] [stdout]     = note: consider using `--verbose` to print the full type name to the console
[INFO] [stdout] help: consider further restricting the associated type
[INFO] [stdout]     |
[INFO] [stdout] 310 |         for<'a> <T::Summary as Summary>::Context<'a>: Sync, <<T as Item>::Summary as Summary>::Context<'_>: Send
[INFO] [stdout]     |                                                             ++++++++++++++++++++++++++++++++++++++++++++++++++++
[INFO] [stdout] 
[INFO] [stdout] 
[INFO] [stdout] For more information about this error, try `rustc --explain E0277`.
[INFO] [stdout] 
[INFO] [stderr]     Checking idna_adapter v1.2.1
[INFO] [stderr] error: could not compile `sum_tree` (lib) due to 4 previous errors
[INFO] [stderr] warning: build failed, waiting for other jobs to finish...
[INFO] running `Command { std: "docker" "inspect" "70adc028151db2cd1d817cf56039be939b3ee748ed2b15cfeea61d182e7640f7", kill_on_drop: false }`
[INFO] running `Command { std: "docker" "rm" "-f" "70adc028151db2cd1d817cf56039be939b3ee748ed2b15cfeea61d182e7640f7", kill_on_drop: false }`
[INFO] [stdout] 70adc028151db2cd1d817cf56039be939b3ee748ed2b15cfeea61d182e7640f7
