[INFO] cloning repository https://github.com/Gabriele06-local/LocalMind
[INFO] running `Command { std: "git" "-c" "credential.helper=" "-c" "credential.helper=/workspace/cargo-home/bin/git-credential-null" "clone" "--bare" "https://github.com/Gabriele06-local/LocalMind" "/workspace/cache/git-repos/https%3A%2F%2Fgithub.com%2FGabriele06-local%2FLocalMind", kill_on_drop: false }`
[INFO] [stderr] Cloning into bare repository '/workspace/cache/git-repos/https%3A%2F%2Fgithub.com%2FGabriele06-local%2FLocalMind'...
[INFO] running `Command { std: "git" "rev-parse" "HEAD", kill_on_drop: false }`
[INFO] [stdout] 2655c99f0599d700263f5490cc7433fe51ebca36
[INFO] checking Gabriele06-local/LocalMind against c60b92c03ca8a3b101eb9d57f51e2232690638c7 for pr-164148-crater-rollup
[INFO] running `Command { std: "git" "clone" "/workspace/cache/git-repos/https%3A%2F%2Fgithub.com%2FGabriele06-local%2FLocalMind" "/workspace/builds/worker-3-tc2/source", kill_on_drop: false }`
[INFO] [stderr] Cloning into '/workspace/builds/worker-3-tc2/source'...
[INFO] [stderr] done.
[INFO] started tweaking git repo https://github.com/Gabriele06-local/LocalMind
[INFO] finished tweaking git repo https://github.com/Gabriele06-local/LocalMind
[INFO] tweaked toml for git repo https://github.com/Gabriele06-local/LocalMind written to /workspace/builds/worker-3-tc2/source/Cargo.toml
[INFO] validating manifest of git repo https://github.com/Gabriele06-local/LocalMind on toolchain c60b92c03ca8a3b101eb9d57f51e2232690638c7
[INFO] running `Command { std: CARGO_HOME="/workspace/cargo-home" RUSTUP_HOME="/workspace/rustup-home" "/workspace/cargo-home/bin/cargo" "+c60b92c03ca8a3b101eb9d57f51e2232690638c7" "metadata" "--manifest-path" "Cargo.toml" "--no-deps", kill_on_drop: false }`
[INFO] crate git repo https://github.com/Gabriele06-local/LocalMind already has a lockfile, it will not be regenerated
[INFO] running `Command { std: CARGO_HOME="/workspace/cargo-home" RUSTUP_HOME="/workspace/rustup-home" "/workspace/cargo-home/bin/cargo" "+c60b92c03ca8a3b101eb9d57f51e2232690638c7" "fetch" "--manifest-path" "Cargo.toml", kill_on_drop: false }`
[INFO] running `Command { std: "docker" "create" "-v" "/var/lib/crater-agent-workspace/builds/worker-3-tc2/source:/opt/rustwide/workdir:ro,Z" "-v" "/var/lib/crater-agent-workspace/builds/worker-3-tc2/target:/opt/rustwide/target:rw,Z" "-v" "/var/lib/crater-agent-workspace/cargo-home:/opt/rustwide/cargo-home:ro,Z" "-v" "/var/lib/crater-agent-workspace/rustup-home:/opt/rustwide/rustup-home:ro,Z" "-m" "1610612736" "--network" "none" "ghcr.io/rust-lang/crates-build-env/linux@sha256:77db811e55d90add9212f6832c23229e3de5f1c1f9905e8cb07319ea15df73ac" "sleep" "infinity", kill_on_drop: false }`
[INFO] [stdout] 41c5e8abc69e81e51cea278db142368150263d55d611bb3506521b37c96035ca
[INFO] running `Command { std: "docker" "start" "41c5e8abc69e81e51cea278db142368150263d55d611bb3506521b37c96035ca", kill_on_drop: false }`
[INFO] running `Command { std: "docker" "inspect" "41c5e8abc69e81e51cea278db142368150263d55d611bb3506521b37c96035ca", kill_on_drop: false }`
[INFO] running `Command { std: "docker" "exec" "-e" "SOURCE_DIR=/opt/rustwide/workdir" "-e" "CARGO_HOME=/opt/rustwide/cargo-home" "-e" "RUSTUP_HOME=/opt/rustwide/rustup-home" "-e" "CARGO_TARGET_DIR=/opt/rustwide/target" "-w" "/opt/rustwide/workdir" "--user" "0:0" "41c5e8abc69e81e51cea278db142368150263d55d611bb3506521b37c96035ca" "/opt/rustwide/cargo-home/bin/cargo" "+c60b92c03ca8a3b101eb9d57f51e2232690638c7" "metadata" "--no-deps" "--format-version=1", kill_on_drop: false }`
[INFO] running `Command { std: "docker" "inspect" "41c5e8abc69e81e51cea278db142368150263d55d611bb3506521b37c96035ca", kill_on_drop: false }`
[INFO] running `Command { std: "docker" "exec" "-e" "SOURCE_DIR=/opt/rustwide/workdir" "-e" "CARGO_HOME=/opt/rustwide/cargo-home" "-e" "RUSTUP_HOME=/opt/rustwide/rustup-home" "-e" "CARGO_TARGET_DIR=/opt/rustwide/target" "-e" "CARGO_INCREMENTAL=0" "-e" "RUST_BACKTRACE=full" "-e" "RUSTFLAGS=--cap-lints=forbid" "-e" "RUSTDOCFLAGS=--cap-lints=forbid" "-w" "/opt/rustwide/workdir" "--user" "0:0" "41c5e8abc69e81e51cea278db142368150263d55d611bb3506521b37c96035ca" "/opt/rustwide/cargo-home/bin/cargo" "+c60b92c03ca8a3b101eb9d57f51e2232690638c7" "check" "--frozen" "--all" "--all-targets" "--message-format=json", kill_on_drop: false }`
[INFO] [stderr]    Compiling proc-macro2 v1.0.106
[INFO] [stderr]    Compiling unicode-ident v1.0.24
[INFO] [stderr]    Compiling quote v1.0.46
[INFO] [stderr]    Compiling libc v0.2.186
[INFO] [stderr]     Checking cfg-if v1.0.4
[INFO] [stderr]    Compiling shlex v2.0.1
[INFO] [stderr]    Compiling find-msvc-tools v0.1.9
[INFO] [stderr]     Checking memchr v2.8.2
[INFO] [stderr]    Compiling serde_core v1.0.228
[INFO] [stderr]     Checking once_cell v1.19.0
[INFO] [stderr]    Compiling version_check v0.9.5
[INFO] [stderr]     Checking log v0.4.33
[INFO] [stderr]     Checking bitflags v2.13.0
[INFO] [stderr]     Checking itoa v1.0.18
[INFO] [stderr]     Checking typenum v1.20.1
[INFO] [stderr]    Compiling serde v1.0.228
[INFO] [stderr]     Checking allocator-api2 v0.2.21
[INFO] [stderr]     Checking equivalent v1.0.2
[INFO] [stderr]     Checking foldhash v0.2.0
[INFO] [stderr]    Compiling libm v0.2.16
[INFO] [stderr]    Compiling autocfg v1.5.1
[INFO] [stderr]     Checking smallvec v1.15.2
[INFO] [stderr]    Compiling crossbeam-utils v0.8.21
[INFO] [stderr]     Checking zeroize v1.9.0
[INFO] [stderr]     Checking either v1.16.0
[INFO] [stderr]     Checking stable_deref_trait v1.2.1
[INFO] [stderr]     Checking pin-project-lite v0.2.17
[INFO] [stderr]    Compiling thiserror v2.0.18
[INFO] [stderr]     Checking regex-syntax v0.8.11
[INFO] [stderr]    Compiling ident_case v1.0.1
[INFO] [stderr]    Compiling strsim v0.11.1
[INFO] [stderr]     Checking futures-core v0.3.32
[INFO] [stderr]     Checking bytes v1.12.0
[INFO] [stderr]     Checking ryu v1.0.23
[INFO] [stderr]     Checking aho-corasick v1.1.4
[INFO] [stderr]    Compiling zerocopy v0.8.52
[INFO] [stderr]    Compiling getrandom v0.3.4
[INFO] [stderr]     Checking cpufeatures v0.3.0
[INFO] [stderr]    Compiling zmij v1.0.21
[INFO] [stderr]     Checking hashbrown v0.17.1
[INFO] [stderr]    Compiling dunce v1.0.5
[INFO] [stderr]    Compiling serde_json v1.0.150
[INFO] [stderr]    Compiling num-traits v0.2.19
[INFO] [stderr]    Compiling getrandom v0.4.3
[INFO] [stderr]    Compiling fs_extra v1.3.0
[INFO] [stderr]     Checking futures-sink v0.3.32
[INFO] [stderr]     Checking rand_core v0.10.1
[INFO] [stderr]    Compiling generic-array v0.14.7
[INFO] [stderr]     Checking tracing-core v0.1.36
[INFO] [stderr]     Checking itertools v0.14.0
[INFO] [stderr]    Compiling rustversion v1.0.22
[INFO] [stderr]     Checking deranged v0.5.8
[INFO] [stderr]     Checking num-conv v0.2.2
[INFO] [stderr]    Compiling syn v2.0.118
[INFO] [stderr]     Checking num_threads v0.1.7
[INFO] [stderr]     Checking powerfmt v0.2.0
[INFO] [stderr]     Checking time-core v0.1.9
[INFO] [stderr]     Checking slab v0.4.12
[INFO] [stderr]     Checking crossbeam-epoch v0.9.18
[INFO] [stderr]     Checking futures-channel v0.3.32
[INFO] [stderr]    Compiling paste v1.0.15
[INFO] [stderr]     Checking litemap v0.8.2
[INFO] [stderr]    Compiling aws-lc-rs v1.17.0
[INFO] [stderr]     Checking futures-io v0.3.32
[INFO] [stderr]     Checking writeable v0.6.3
[INFO] [stderr]     Checking indexmap v2.14.0
[INFO] [stderr]    Compiling rayon-core v1.13.0
[INFO] [stderr]    Compiling pkg-config v0.3.33
[INFO] [stderr]     Checking static_assertions v1.1.0
[INFO] [stderr]     Checking crossbeam-deque v0.8.6
[INFO] [stderr]     Checking mio v1.2.1
[INFO] [stderr]     Checking socket2 v0.6.4
[INFO] [stderr]    Compiling jobserver v0.1.34
[INFO] [stderr]     Checking rand_core v0.9.5
[INFO] [stderr]     Checking http v1.4.2
[INFO] [stderr]    Compiling icu_normalizer_data v2.2.0
[INFO] [stderr]    Compiling rustix v1.1.4
[INFO] [stderr]     Checking hybrid-array v0.4.13
[INFO] [stderr]     Checking utf8_iter v1.0.4
[INFO] [stderr]    Compiling icu_properties_data v2.2.0
[INFO] [stderr]     Checking futures-task v0.3.32
[INFO] [stderr]    Compiling crc32fast v1.5.0
[INFO] [stderr]    Compiling cc v1.2.65
[INFO] [stderr]     Checking regex-automata v0.4.14
[INFO] [stderr]     Checking rustls-pki-types v1.14.1
[INFO] [stderr]     Checking linux-raw-sys v0.12.1
[INFO] [stderr]    Compiling heck v0.5.0
[INFO] [stderr]     Checking percent-encoding v2.3.2
[INFO] [stderr]    Compiling rustls v0.23.41
[INFO] [stderr]     Checking fnv v1.0.7
[INFO] [stderr]     Checking untrusted v0.9.0
[INFO] [stderr]    Compiling httparse v1.10.1
[INFO] [stderr]     Checking rayon v1.12.0
[INFO] [stderr]     Checking crypto-common v0.1.7
[INFO] [stderr]    Compiling pulp v0.22.3
[INFO] [stderr]     Checking unicode-segmentation v1.13.3
[INFO] [stderr]     Checking try-lock v0.2.5
[INFO] [stderr]     Checking subtle v2.6.1
[INFO] [stderr]     Checking cmov v0.5.4
[INFO] [stderr]     Checking tower-service v0.3.3
[INFO] [stderr]     Checking atomic-waker v1.1.2
[INFO] [stderr]     Checking crypto-common v0.2.2
[INFO] [stderr]     Checking base64 v0.22.1
[INFO] [stderr]     Checking block-buffer v0.12.1
[INFO] [stderr]     Checking http-body v1.0.1
[INFO] [stderr]     Checking want v0.3.1
[INFO] [stderr]     Checking form_urlencoded v1.2.2
[INFO] [stderr]     Checking castaway v0.2.4
[INFO] [stderr]     Checking raw-cpuid v11.6.0
[INFO] [stderr]     Checking pulp-wasm-simd-flag v0.1.1
[INFO] [stderr]    Compiling unicase v2.9.0
[INFO] [stderr]     Checking ctutils v0.4.2
[INFO] [stderr]     Checking reborrow v0.5.5
[INFO] [stderr]    Compiling dyn-stack-macros v0.1.3
[INFO] [stderr]    Compiling cmake v0.1.58
[INFO] [stderr]     Checking const-oid v0.10.2
[INFO] [stderr]     Checking hashbrown v0.16.1
[INFO] [stderr]     Checking chacha20 v0.10.1
[INFO] [stderr]     Checking time v0.3.51
[INFO] [stderr]    Compiling mime_guess v2.0.5
[INFO] [stderr]     Checking sync_wrapper v1.0.2
[INFO] [stderr]     Checking encoding_rs v0.8.35
[INFO] [stderr]    Compiling seq-macro v0.3.6
[INFO] [stderr]     Checking digest v0.11.3
[INFO] [stderr]     Checking openssl-probe v0.2.1
[INFO] [stderr]     Checking simd-adler32 v0.3.9
[INFO] [stderr]     Checking constant_time_eq v0.4.2
[INFO] [stderr]     Checking ipnet v2.12.0
[INFO] [stderr]     Checking tower-layer v0.3.3
[INFO] [stderr]     Checking fastrand v2.4.1
[INFO] [stderr]     Checking rustls-native-certs v0.8.4
[INFO] [stderr]     Checking rand v0.10.1
[INFO] [stderr]     Checking mime v0.3.17
[INFO] [stderr]    Compiling aws-lc-sys v0.41.0
[INFO] [stderr]    Compiling zstd-sys v2.0.16+zstd.1.5.7
[INFO] [stderr]     Checking option-ext v0.2.0
[INFO] [stderr]    Compiling anyhow v1.0.103
[INFO] [stderr]     Checking unicode-width v0.2.2
[INFO] [stderr]     Checking adler2 v2.0.1
[INFO] [stderr]     Checking sharded-slab v0.1.7
[INFO] [stderr]     Checking miniz_oxide v0.8.9
[INFO] [stderr]     Checking dirs-sys v0.5.0
[INFO] [stderr]     Checking anstyle-parse v1.0.0
[INFO] [stderr]    Compiling sha2-asm v0.6.4
[INFO] [stderr]    Compiling onig_sys v69.9.3
[INFO] [stderr]     Checking http-body-util v0.1.3
[INFO] [stderr]     Checking block-buffer v0.10.4
[INFO] [stderr]     Checking tracing-log v0.2.0
[INFO] [stderr]     Checking thread_local v1.1.9
[INFO] [stderr]     Checking zlib-rs v0.6.4
[INFO] [stderr]     Checking anstyle-query v1.1.5
[INFO] [stderr]     Checking colorchoice v1.0.5
[INFO] [stderr]     Checking nu-ansi-term v0.50.3
[INFO] [stderr]     Checking typewit v1.15.2
[INFO] [stderr]    Compiling dtor-proc-macro v0.0.6
[INFO] [stderr]     Checking is_terminal_polyfill v1.70.2
[INFO] [stderr]     Checking anstyle v1.0.14
[INFO] [stderr]     Checking digest v0.10.7
[INFO] [stderr]     Checking dtor v0.1.1
[INFO] [stderr]     Checking dirs v6.0.0
[INFO] [stderr]     Checking anstream v1.0.0
[INFO] [stderr]    Compiling esaxx-rs v0.1.10
[INFO] [stderr]    Compiling blake3 v1.8.5
[INFO] [stderr]     Checking block-padding v0.3.3
[INFO] [stderr]     Checking crossbeam-channel v0.5.15
[INFO] [stderr]     Checking const_panic v0.2.15
[INFO] [stderr]     Checking os_str_bytes v6.6.1
[INFO] [stderr]    Compiling ahash v0.8.12
[INFO] [stderr]     Checking clap_lex v1.1.0
[INFO] [stderr]     Checking iana-time-zone v0.1.65
[INFO] [stderr]     Checking symlink v0.1.0
[INFO] [stderr]     Checking minimal-lexical v0.2.1
[INFO] [stderr]     Checking cpufeatures v0.2.17
[INFO] [stderr]    Compiling konst_proc_macros v0.4.1
[INFO] [stderr]    Compiling zstd-safe v7.2.4
[INFO] [stderr]    Compiling ctor-proc-macro v0.0.7
[INFO] [stderr]     Checking clap_builder v4.6.0
[INFO] [stderr]     Checking nom v7.1.3
[INFO] [stderr]     Checking chrono v0.4.45
[INFO] [stderr]     Checking flate2 v1.1.9
[INFO] [stderr]     Checking ctor v0.6.3
[INFO] [stderr]     Checking inout v0.1.4
[INFO] [stderr]     Checking tempfile v3.27.0
[INFO] [stderr]     Checking sha2 v0.11.0
[INFO] [stderr]     Checking inout v0.2.2
[INFO] [stderr]     Checking errno v0.3.14
[INFO] [stderr]     Checking konst v0.4.3
[INFO] [stderr]     Checking sysinfo v0.38.4
[INFO] [stderr]     Checking whoami v2.1.2
[INFO] [stderr]     Checking csv-core v0.1.13
[INFO] [stderr]     Checking const-str v1.1.0
[INFO] [stderr]     Checking regex v1.10.6
[INFO] [stderr]     Checking bstr v1.12.3
[INFO] [stderr]     Checking matchers v0.2.0
[INFO] [stderr]    Compiling macro_rules_attribute-proc_macro v0.2.2
[INFO] [stderr]     Checking more-asserts v0.3.1
[INFO] [stderr]     Checking colored v3.1.1
[INFO] [stderr]     Checking arrayvec v0.7.7
[INFO] [stdout] error[E0493]: destructor of `ArrayBuilder<T, N, D>` cannot be evaluated at compile-time
[INFO] [stdout]    --> /opt/rustwide/cargo-home/registry/src/index.crates.io-1949cf8c6b5b557f/konst-0.4.3/src/array/array_builder.rs:421:24
[INFO] [stdout]     |
[INFO] [stdout] 421 |     pub const fn build(self) -> [T; N] {
[INFO] [stdout]     |                        ^^^^ the destructor for this type cannot be evaluated in constant functions
[INFO] [stdout] ...
[INFO] [stdout] 437 |     }
[INFO] [stdout]     |     - value is dropped here
[INFO] [stdout] 
[INFO] [stdout] 
[INFO] [stdout] error[E0493]: destructor of `array_into_iter::IntoIter<T, N, D>` cannot be evaluated at compile-time
[INFO] [stdout]    --> /opt/rustwide/cargo-home/registry/src/index.crates.io-1949cf8c6b5b557f/konst-0.4.3/src/array/array_into_iter.rs:324:34
[INFO] [stdout]     |
[INFO] [stdout] 324 |     pub const fn assert_is_empty(self) {
[INFO] [stdout]     |                                  ^^^^ the destructor for this type cannot be evaluated in constant functions
[INFO] [stdout] ...
[INFO] [stdout] 327 |     }
[INFO] [stdout]     |     - value is dropped here
[INFO] [stdout] 
[INFO] [stdout] 
[INFO] [stderr]     Checking humantime v2.3.0
[INFO] [stdout] error[E0493]: destructor of `Option<(T, U)>` cannot be evaluated at compile-time
[INFO] [stdout]    --> /opt/rustwide/cargo-home/registry/src/index.crates.io-1949cf8c6b5b557f/konst-0.4.3/src/macros/control_flow.rs:83:42
[INFO] [stdout]     |
[INFO] [stdout]  81 |   macro_rules! if_let_Some {
[INFO] [stdout]  82 |       ($some:pat = $e:expr => $then:block $(else $else:block)?) => {
[INFO] [stdout]  83 |           match $crate::option::__opt($e) {opt =>
[INFO] [stdout]     |                                            ^^^ the destructor for this type cannot be evaluated in constant functions
[INFO] [stdout] ...
[INFO] [stdout]  90 |               }
[INFO] [stdout]     |               - value is dropped here
[INFO] [stdout]     |
[INFO] [stdout]    ::: /opt/rustwide/cargo-home/registry/src/index.crates.io-1949cf8c6b5b557f/konst-0.4.3/src/option.rs:635:5
[INFO] [stdout]     |
[INFO] [stdout] 635 | /     crate::if_let_Some! {tuple = opt => {
[INFO] [stdout] 636 | |         crate::destructure!{(l, r) = tuple}
[INFO] [stdout] 637 | |
[INFO] [stdout] 638 | |         (Some(l), Some(r))
[INFO] [stdout] 639 | |     } else {
[INFO] [stdout] 640 | |         (None, None)
[INFO] [stdout] 641 | |     }}
[INFO] [stdout]     | |______- in this macro invocation
[INFO] [stdout] 
[INFO] [stdout] 
[INFO] [stderr]     Checking twox-hash v2.1.2
[INFO] [stderr]    Compiling redb v3.1.3
[INFO] [stderr]    Compiling instability v0.3.12
[INFO] [stderr]     Checking arrayref v0.3.9
[INFO] [stderr]    Compiling signal-hook v0.3.18
[INFO] [stdout] For more information about this error, try `rustc --explain E0493`.
[INFO] [stdout] 
[INFO] [stderr] error: could not compile `konst` (lib) due to 3 previous errors
[INFO] [stderr] warning: build failed, waiting for other jobs to finish...
[INFO] running `Command { std: "docker" "inspect" "41c5e8abc69e81e51cea278db142368150263d55d611bb3506521b37c96035ca", kill_on_drop: false }`
[INFO] running `Command { std: "docker" "rm" "-f" "41c5e8abc69e81e51cea278db142368150263d55d611bb3506521b37c96035ca", kill_on_drop: false }`
[INFO] [stdout] 41c5e8abc69e81e51cea278db142368150263d55d611bb3506521b37c96035ca
