[INFO] cloning repository https://github.com/DuckyDuckme/modelling-week-rust
[INFO] running `Command { std: "git" "-c" "credential.helper=" "-c" "credential.helper=/workspace/cargo-home/bin/git-credential-null" "clone" "--bare" "https://github.com/DuckyDuckme/modelling-week-rust" "/workspace/cache/git-repos/https%3A%2F%2Fgithub.com%2FDuckyDuckme%2Fmodelling-week-rust", kill_on_drop: false }`
[INFO] [stderr] Cloning into bare repository '/workspace/cache/git-repos/https%3A%2F%2Fgithub.com%2FDuckyDuckme%2Fmodelling-week-rust'...
[INFO] running `Command { std: "git" "rev-parse" "HEAD", kill_on_drop: false }`
[INFO] [stdout] 1171a5c2964fc77e1d4516a3163794f444283f4c
[INFO] checking DuckyDuckme/modelling-week-rust against c60b92c03ca8a3b101eb9d57f51e2232690638c7 for pr-164148-crater-rollup
[INFO] running `Command { std: "git" "clone" "/workspace/cache/git-repos/https%3A%2F%2Fgithub.com%2FDuckyDuckme%2Fmodelling-week-rust" "/workspace/builds/worker-1-tc2/source", kill_on_drop: false }`
[INFO] [stderr] Cloning into '/workspace/builds/worker-1-tc2/source'...
[INFO] [stderr] done.
[INFO] started tweaking git repo https://github.com/DuckyDuckme/modelling-week-rust
[INFO] finished tweaking git repo https://github.com/DuckyDuckme/modelling-week-rust
[INFO] tweaked toml for git repo https://github.com/DuckyDuckme/modelling-week-rust written to /workspace/builds/worker-1-tc2/source/Cargo.toml
[INFO] validating manifest of git repo https://github.com/DuckyDuckme/modelling-week-rust on toolchain c60b92c03ca8a3b101eb9d57f51e2232690638c7
[INFO] running `Command { std: CARGO_HOME="/workspace/cargo-home" RUSTUP_HOME="/workspace/rustup-home" "/workspace/cargo-home/bin/cargo" "+c60b92c03ca8a3b101eb9d57f51e2232690638c7" "metadata" "--manifest-path" "Cargo.toml" "--no-deps", kill_on_drop: false }`
[INFO] crate git repo https://github.com/DuckyDuckme/modelling-week-rust already has a lockfile, it will not be regenerated
[INFO] running `Command { std: CARGO_HOME="/workspace/cargo-home" RUSTUP_HOME="/workspace/rustup-home" "/workspace/cargo-home/bin/cargo" "+c60b92c03ca8a3b101eb9d57f51e2232690638c7" "fetch" "--manifest-path" "Cargo.toml", kill_on_drop: false }`
[INFO] running `Command { std: "docker" "create" "-v" "/var/lib/crater-agent-workspace/builds/worker-1-tc2/source:/opt/rustwide/workdir:ro,Z" "-v" "/var/lib/crater-agent-workspace/builds/worker-1-tc2/target:/opt/rustwide/target:rw,Z" "-v" "/var/lib/crater-agent-workspace/cargo-home:/opt/rustwide/cargo-home:ro,Z" "-v" "/var/lib/crater-agent-workspace/rustup-home:/opt/rustwide/rustup-home:ro,Z" "-m" "1610612736" "--network" "none" "ghcr.io/rust-lang/crates-build-env/linux@sha256:77db811e55d90add9212f6832c23229e3de5f1c1f9905e8cb07319ea15df73ac" "sleep" "infinity", kill_on_drop: false }`
[INFO] [stdout] 894ccdcac679fed0b4da6b2b0a3367abbcffa2865a03e88e0614738a06d7cf25
[INFO] running `Command { std: "docker" "start" "894ccdcac679fed0b4da6b2b0a3367abbcffa2865a03e88e0614738a06d7cf25", kill_on_drop: false }`
[INFO] running `Command { std: "docker" "inspect" "894ccdcac679fed0b4da6b2b0a3367abbcffa2865a03e88e0614738a06d7cf25", kill_on_drop: false }`
[INFO] running `Command { std: "docker" "exec" "-e" "SOURCE_DIR=/opt/rustwide/workdir" "-e" "CARGO_HOME=/opt/rustwide/cargo-home" "-e" "RUSTUP_HOME=/opt/rustwide/rustup-home" "-e" "CARGO_TARGET_DIR=/opt/rustwide/target" "-w" "/opt/rustwide/workdir" "--user" "0:0" "894ccdcac679fed0b4da6b2b0a3367abbcffa2865a03e88e0614738a06d7cf25" "/opt/rustwide/cargo-home/bin/cargo" "+c60b92c03ca8a3b101eb9d57f51e2232690638c7" "metadata" "--no-deps" "--format-version=1", kill_on_drop: false }`
[INFO] running `Command { std: "docker" "inspect" "894ccdcac679fed0b4da6b2b0a3367abbcffa2865a03e88e0614738a06d7cf25", kill_on_drop: false }`
[INFO] running `Command { std: "docker" "exec" "-e" "SOURCE_DIR=/opt/rustwide/workdir" "-e" "CARGO_HOME=/opt/rustwide/cargo-home" "-e" "RUSTUP_HOME=/opt/rustwide/rustup-home" "-e" "CARGO_TARGET_DIR=/opt/rustwide/target" "-e" "CARGO_INCREMENTAL=0" "-e" "RUST_BACKTRACE=full" "-e" "RUSTFLAGS=--cap-lints=forbid" "-e" "RUSTDOCFLAGS=--cap-lints=forbid" "-w" "/opt/rustwide/workdir" "--user" "0:0" "894ccdcac679fed0b4da6b2b0a3367abbcffa2865a03e88e0614738a06d7cf25" "/opt/rustwide/cargo-home/bin/cargo" "+c60b92c03ca8a3b101eb9d57f51e2232690638c7" "check" "--frozen" "--all" "--all-targets" "--message-format=json", kill_on_drop: false }`
[INFO] [stderr]    Compiling proc-macro2 v1.0.69
[INFO] [stderr]    Compiling libc v0.2.150
[INFO] [stderr]    Compiling num-traits v0.2.17
[INFO] [stderr]    Compiling typenum v1.17.0
[INFO] [stderr]    Compiling serde v1.0.192
[INFO] [stderr]     Checking bytemuck v1.14.0
[INFO] [stderr]    Compiling rayon-core v1.12.0
[INFO] [stderr]    Compiling generic-array v0.14.7
[INFO] [stderr]     Checking reborrow v0.5.5
[INFO] [stderr]    Compiling num-complex v0.2.4
[INFO] [stderr]    Compiling matrixmultiply v0.1.15
[INFO] [stderr]    Compiling unicode-xid v0.2.4
[INFO] [stderr]    Compiling rustix v0.38.21
[INFO] [stderr]     Checking gimli v0.28.0
[INFO] [stderr]     Checking memchr v2.6.4
[INFO] [stderr]     Checking miniz_oxide v0.7.1
[INFO] [stderr]    Compiling concrete-csprng v0.2.2
[INFO] [stderr]     Checking rustc-demangle v0.1.23
[INFO] [stderr]    Compiling paste v1.0.14
[INFO] [stderr]     Checking linux-raw-sys v0.4.10
[INFO] [stderr]     Checking rawpointer v0.1.0
[INFO] [stderr]    Compiling ndarray v0.12.1
[INFO] [stderr]     Checking dyn-stack v0.8.3
[INFO] [stderr]     Checking itertools v0.7.11
[INFO] [stderr]    Compiling openssl v0.10.59
[INFO] [stderr]     Checking cpufeatures v0.2.11
[INFO] [stderr]    Compiling concrete-csprng v0.4.0
[INFO] [stderr]     Checking dyn-stack v0.9.1
[INFO] [stderr]     Checking pulp v0.11.11
[INFO] [stderr]    Compiling concrete_lib v0.1.5
[INFO] [stderr]    Compiling tfhe v0.4.1
[INFO] [stderr]     Checking itertools v0.11.0
[INFO] [stderr]     Checking itertools v0.9.0
[INFO] [stderr]    Compiling cc v1.0.83
[INFO] [stderr]     Checking rayon v1.8.0
[INFO] [stderr]     Checking object v0.32.1
[INFO] [stderr]     Checking getrandom v0.1.16
[INFO] [stderr]     Checking rand v0.4.6
[INFO] [stderr]     Checking concrete v0.2.1
[INFO] [stderr]    Compiling quote v1.0.33
[INFO] [stderr]     Checking rand_core v0.5.1
[INFO] [stderr]     Checking rand_chacha v0.2.2
[INFO] [stderr]     Checking num-integer v0.1.45
[INFO] [stderr]    Compiling syn v2.0.39
[INFO] [stderr]    Compiling syn v1.0.109
[INFO] [stderr]     Checking rand v0.7.3
[INFO] [stderr]     Checking rand v0.3.23
[INFO] [stderr]     Checking kolmogorov_smirnov v1.1.0
[INFO] [stderr]     Checking is-terminal v0.4.9
[INFO] [stderr]     Checking colored v2.0.4
[INFO] [stderr]    Compiling backtrace v0.3.69
[INFO] [stderr]    Compiling openssl-sys v0.9.95
[INFO] [stderr]     Checking fftw-sys v0.4.0
[INFO] [stderr]     Checking rand_distr v0.2.2
[INFO] [stderr]     Checking addr2line v0.21.0
[INFO] [stderr]     Checking inout v0.1.3
[INFO] [stderr]     Checking cipher v0.2.5
[INFO] [stderr]     Checking crypto-common v0.1.6
[INFO] [stderr]     Checking cipher v0.4.4
[INFO] [stderr]     Checking aes v0.8.3
[INFO] [stderr]     Checking aes-soft v0.6.4
[INFO] [stderr]    Compiling synstructure v0.12.6
[INFO] [stderr]    Compiling failure_derive v0.1.8
[INFO] [stderr]    Compiling serde_derive v1.0.192
[INFO] [stderr]    Compiling openssl-macros v0.1.1
[INFO] [stderr]     Checking failure v0.1.8
[INFO] [stderr]     Checking fftw v0.5.1
[INFO] [stderr]     Checking num-complex v0.4.4
[INFO] [stderr]     Checking aligned-vec v0.5.0
[INFO] [stderr]     Checking bincode v1.3.3
[INFO] [stderr]     Checking serde_json v1.0.108
[INFO] [stderr]     Checking concrete-fft v0.1.0
[INFO] [stderr]     Checking concrete-fft v0.3.0
[INFO] [stderr]     Checking pulp v0.13.2
[INFO] [stderr]     Checking concrete-core v1.0.2
[INFO] [stdout] error[E0277]: `impl DispersionParameter + Sync` cannot be sent between threads safely
[INFO] [stdout]    --> /opt/rustwide/cargo-home/registry/src/index.crates.io-1949cf8c6b5b557f/tfhe-0.4.1/src/core_crypto/algorithms/ggsw_encryption.rs:257:9
[INFO] [stdout]     |
[INFO] [stdout] 256 |       output.par_iter_mut().zip(gen_iter).enumerate().for_each(
[INFO] [stdout]     |                                                       -------- required by a bound introduced by this call
[INFO] [stdout] 257 |           |(level_index, (mut level_matrix, mut generator))| {
[INFO] [stdout]     |           ^-------------------------------------------------
[INFO] [stdout]     |           |
[INFO] [stdout]     |  _________within this `{closure@ggsw_encryption.rs:257:9}`
[INFO] [stdout]     | |
[INFO] [stdout] 258 | |             let decomp_level = DecompositionLevel(level_index + 1);
[INFO] [stdout] ...   |
[INFO] [stdout] 289 | |                 });
[INFO] [stdout] 290 | |         },
[INFO] [stdout]     | |_________^ `impl DispersionParameter + Sync` cannot be sent between threads safely
[INFO] [stdout]     |
[INFO] [stdout] note: required because `noise_parameters` is used within this closure
[INFO] [stdout]    --> /opt/rustwide/cargo-home/registry/src/index.crates.io-1949cf8c6b5b557f/tfhe-0.4.1/src/core_crypto/algorithms/ggsw_encryption.rs:286:25
[INFO] [stdout]     |
[INFO] [stdout] 286 |                         noise_parameters,
[INFO] [stdout]     |                         ^^^^^^^^^^^^^^^^
[INFO] [stdout] note: required by a bound in `rayon::iter::ParallelIterator::for_each`
[INFO] [stdout]    --> /opt/rustwide/cargo-home/registry/src/index.crates.io-1949cf8c6b5b557f/rayon-1.8.0/src/iter/mod.rs:377:37
[INFO] [stdout]     |
[INFO] [stdout] 358 | pub trait ParallelIterator: Sized + Send {
[INFO] [stdout] ...
[INFO] [stdout] 375 |     fn for_each<OP>(self, op: OP)
[INFO] [stdout] 376 |     where
[INFO] [stdout] 377 |         OP: Fn(Self::Item) + Sync + Send,
[INFO] [stdout]     |                                     ^^^^ required by this bound in `ParallelIterator::for_each`
[INFO] [stdout]     = note: the full name for the type has been written to '/opt/rustwide/target/debug/build/tfhe/8ae84089a615ff14/out/tfhe-8ae84089a615ff14.long-type-8050752362508092410.txt'
[INFO] [stdout]     = note: consider using `--verbose` to print the full type name to the console
[INFO] [stdout] help: consider restricting opaque type `impl DispersionParameter + Sync` with trait `Send`
[INFO] [stdout]     |
[INFO] [stdout] 216 |     noise_parameters: impl DispersionParameter + Sync + std::marker::Send,
[INFO] [stdout]     |                                                       +++++++++++++++++++
[INFO] [stdout] 
[INFO] [stdout] 
[INFO] [stdout] error[E0277]: `impl DispersionParameter + Sync` cannot be sent between threads safely
[INFO] [stdout]    --> /opt/rustwide/cargo-home/registry/src/index.crates.io-1949cf8c6b5b557f/tfhe-0.4.1/src/core_crypto/algorithms/ggsw_encryption.rs:280:27
[INFO] [stdout]     |
[INFO] [stdout] 280 |                   .for_each(|((row_index, mut row_as_glwe), mut generator)| {
[INFO] [stdout]     |                    -------- ^----------------------------------------------
[INFO] [stdout]     |                    |        |
[INFO] [stdout]     |  __________________|________within this `{closure@ggsw_encryption.rs:280:27}`
[INFO] [stdout]     | |                  |
[INFO] [stdout]     | |                  required by a bound introduced by this call
[INFO] [stdout] 281 | |                     encrypt_constant_ggsw_level_matrix_row(
[INFO] [stdout] 282 | |                         glwe_secret_key,
[INFO] [stdout] 283 | |                         (row_index, last_row_index),
[INFO] [stdout] ...   |
[INFO] [stdout] 288 | |                     );
[INFO] [stdout] 289 | |                 });
[INFO] [stdout]     | |_________________^ `impl DispersionParameter + Sync` cannot be sent between threads safely
[INFO] [stdout]     |
[INFO] [stdout] note: required because `noise_parameters` is used within this closure
[INFO] [stdout]    --> /opt/rustwide/cargo-home/registry/src/index.crates.io-1949cf8c6b5b557f/tfhe-0.4.1/src/core_crypto/algorithms/ggsw_encryption.rs:286:25
[INFO] [stdout]     |
[INFO] [stdout] 286 |                         noise_parameters,
[INFO] [stdout]     |                         ^^^^^^^^^^^^^^^^
[INFO] [stdout] note: required by a bound in `rayon::iter::ParallelIterator::for_each`
[INFO] [stdout]    --> /opt/rustwide/cargo-home/registry/src/index.crates.io-1949cf8c6b5b557f/rayon-1.8.0/src/iter/mod.rs:377:37
[INFO] [stdout]     |
[INFO] [stdout] 358 | pub trait ParallelIterator: Sized + Send {
[INFO] [stdout] ...
[INFO] [stdout] 375 |     fn for_each<OP>(self, op: OP)
[INFO] [stdout] 376 |     where
[INFO] [stdout] 377 |         OP: Fn(Self::Item) + Sync + Send,
[INFO] [stdout]     |                                     ^^^^ required by this bound in `ParallelIterator::for_each`
[INFO] [stdout]     = note: the full name for the type has been written to '/opt/rustwide/target/debug/build/tfhe/8ae84089a615ff14/out/tfhe-8ae84089a615ff14.long-type-9916077057880803708.txt'
[INFO] [stdout]     = note: consider using `--verbose` to print the full type name to the console
[INFO] [stdout] help: consider restricting opaque type `impl DispersionParameter + Sync` with trait `Send`
[INFO] [stdout]     |
[INFO] [stdout] 216 |     noise_parameters: impl DispersionParameter + Sync + std::marker::Send,
[INFO] [stdout]     |                                                       +++++++++++++++++++
[INFO] [stdout] 
[INFO] [stdout] 
[INFO] [stdout] error[E0277]: `impl DispersionParameter + Sync` cannot be sent between threads safely
[INFO] [stdout]    --> /opt/rustwide/cargo-home/registry/src/index.crates.io-1949cf8c6b5b557f/tfhe-0.4.1/src/core_crypto/algorithms/ggsw_encryption.rs:554:9
[INFO] [stdout]     |
[INFO] [stdout] 553 |       output.par_iter_mut().zip(gen_iter).enumerate().for_each(
[INFO] [stdout]     |                                                       -------- required by a bound introduced by this call
[INFO] [stdout] 554 |           |(level_index, (mut level_matrix, mut generator))| {
[INFO] [stdout]     |           ^-------------------------------------------------
[INFO] [stdout]     |           |
[INFO] [stdout]     |  _________within this `{closure@ggsw_encryption.rs:554:9}`
[INFO] [stdout]     | |
[INFO] [stdout] 555 | |             let decomp_level = DecompositionLevel(level_index + 1);
[INFO] [stdout] ...   |
[INFO] [stdout] 585 | |                 });
[INFO] [stdout] 586 | |         },
[INFO] [stdout]     | |_________^ `impl DispersionParameter + Sync` cannot be sent between threads safely
[INFO] [stdout]     |
[INFO] [stdout] note: required because `noise_parameters` is used within this closure
[INFO] [stdout]    --> /opt/rustwide/cargo-home/registry/src/index.crates.io-1949cf8c6b5b557f/tfhe-0.4.1/src/core_crypto/algorithms/ggsw_encryption.rs:582:25
[INFO] [stdout]     |
[INFO] [stdout] 582 |                         noise_parameters,
[INFO] [stdout]     |                         ^^^^^^^^^^^^^^^^
[INFO] [stdout] note: required by a bound in `rayon::iter::ParallelIterator::for_each`
[INFO] [stdout]    --> /opt/rustwide/cargo-home/registry/src/index.crates.io-1949cf8c6b5b557f/rayon-1.8.0/src/iter/mod.rs:377:37
[INFO] [stdout]     |
[INFO] [stdout] 358 | pub trait ParallelIterator: Sized + Send {
[INFO] [stdout] ...
[INFO] [stdout] 375 |     fn for_each<OP>(self, op: OP)
[INFO] [stdout] 376 |     where
[INFO] [stdout] 377 |         OP: Fn(Self::Item) + Sync + Send,
[INFO] [stdout]     |                                     ^^^^ required by this bound in `ParallelIterator::for_each`
[INFO] [stdout]     = note: the full name for the type has been written to '/opt/rustwide/target/debug/build/tfhe/8ae84089a615ff14/out/tfhe-8ae84089a615ff14.long-type-12794709674862727209.txt'
[INFO] [stdout]     = note: consider using `--verbose` to print the full type name to the console
[INFO] [stdout] help: consider restricting opaque type `impl DispersionParameter + Sync` with trait `Send`
[INFO] [stdout]     |
[INFO] [stdout] 529 |     noise_parameters: impl DispersionParameter + Sync + std::marker::Send,
[INFO] [stdout]     |                                                       +++++++++++++++++++
[INFO] [stdout] 
[INFO] [stdout] 
[INFO] [stdout] error[E0277]: `impl DispersionParameter + Sync` cannot be sent between threads safely
[INFO] [stdout]    --> /opt/rustwide/cargo-home/registry/src/index.crates.io-1949cf8c6b5b557f/tfhe-0.4.1/src/core_crypto/algorithms/ggsw_encryption.rs:576:27
[INFO] [stdout]     |
[INFO] [stdout] 576 |                   .for_each(|((row_index, mut row_as_glwe), mut generator)| {
[INFO] [stdout]     |                    -------- ^----------------------------------------------
[INFO] [stdout]     |                    |        |
[INFO] [stdout]     |  __________________|________within this `{closure@ggsw_encryption.rs:576:27}`
[INFO] [stdout]     | |                  |
[INFO] [stdout]     | |                  required by a bound introduced by this call
[INFO] [stdout] 577 | |                     encrypt_constant_seeded_ggsw_level_matrix_row(
[INFO] [stdout] 578 | |                         glwe_secret_key,
[INFO] [stdout] 579 | |                         (row_index, last_row_index),
[INFO] [stdout] ...   |
[INFO] [stdout] 584 | |                     );
[INFO] [stdout] 585 | |                 });
[INFO] [stdout]     | |_________________^ `impl DispersionParameter + Sync` cannot be sent between threads safely
[INFO] [stdout]     |
[INFO] [stdout] note: required because `noise_parameters` is used within this closure
[INFO] [stdout]    --> /opt/rustwide/cargo-home/registry/src/index.crates.io-1949cf8c6b5b557f/tfhe-0.4.1/src/core_crypto/algorithms/ggsw_encryption.rs:582:25
[INFO] [stdout]     |
[INFO] [stdout] 582 |                         noise_parameters,
[INFO] [stdout]     |                         ^^^^^^^^^^^^^^^^
[INFO] [stdout] note: required by a bound in `rayon::iter::ParallelIterator::for_each`
[INFO] [stdout]    --> /opt/rustwide/cargo-home/registry/src/index.crates.io-1949cf8c6b5b557f/rayon-1.8.0/src/iter/mod.rs:377:37
[INFO] [stdout]     |
[INFO] [stdout] 358 | pub trait ParallelIterator: Sized + Send {
[INFO] [stdout] ...
[INFO] [stdout] 375 |     fn for_each<OP>(self, op: OP)
[INFO] [stdout] 376 |     where
[INFO] [stdout] 377 |         OP: Fn(Self::Item) + Sync + Send,
[INFO] [stdout]     |                                     ^^^^ required by this bound in `ParallelIterator::for_each`
[INFO] [stdout]     = note: the full name for the type has been written to '/opt/rustwide/target/debug/build/tfhe/8ae84089a615ff14/out/tfhe-8ae84089a615ff14.long-type-12458991826020527623.txt'
[INFO] [stdout]     = note: consider using `--verbose` to print the full type name to the console
[INFO] [stdout] help: consider restricting opaque type `impl DispersionParameter + Sync` with trait `Send`
[INFO] [stdout]     |
[INFO] [stdout] 529 |     noise_parameters: impl DispersionParameter + Sync + std::marker::Send,
[INFO] [stdout]     |                                                       +++++++++++++++++++
[INFO] [stdout] 
[INFO] [stdout] 
[INFO] [stdout] error[E0277]: `impl DispersionParameter + Sync` cannot be sent between threads safely
[INFO] [stdout]    --> /opt/rustwide/cargo-home/registry/src/index.crates.io-1949cf8c6b5b557f/tfhe-0.4.1/src/core_crypto/algorithms/lwe_bootstrap_key_generation.rs:287:19
[INFO] [stdout]     |
[INFO] [stdout] 287 |           .for_each(|((mut ggsw, &input_key_element), mut generator)| {
[INFO] [stdout]     |            -------- ^------------------------------------------------
[INFO] [stdout]     |            |        |
[INFO] [stdout]     |  __________|________within this `{closure@lwe_bootstrap_key_generation.rs:287:19}`
[INFO] [stdout]     | |          |
[INFO] [stdout]     | |          required by a bound introduced by this call
[INFO] [stdout] 288 | |             par_encrypt_constant_ggsw_ciphertext(
[INFO] [stdout] 289 | |                 output_glwe_secret_key,
[INFO] [stdout] 290 | |                 &mut ggsw,
[INFO] [stdout] ...   |
[INFO] [stdout] 294 | |             );
[INFO] [stdout] 295 | |         });
[INFO] [stdout]     | |_________^ `impl DispersionParameter + Sync` cannot be sent between threads safely
[INFO] [stdout]     |
[INFO] [stdout] note: required because `noise_parameters` is used within this closure
[INFO] [stdout]    --> /opt/rustwide/cargo-home/registry/src/index.crates.io-1949cf8c6b5b557f/tfhe-0.4.1/src/core_crypto/algorithms/lwe_bootstrap_key_generation.rs:292:17
[INFO] [stdout]     |
[INFO] [stdout] 292 |                 noise_parameters,
[INFO] [stdout]     |                 ^^^^^^^^^^^^^^^^
[INFO] [stdout] note: required by a bound in `rayon::iter::ParallelIterator::for_each`
[INFO] [stdout]    --> /opt/rustwide/cargo-home/registry/src/index.crates.io-1949cf8c6b5b557f/rayon-1.8.0/src/iter/mod.rs:377:37
[INFO] [stdout]     |
[INFO] [stdout] 358 | pub trait ParallelIterator: Sized + Send {
[INFO] [stdout] ...
[INFO] [stdout] 375 |     fn for_each<OP>(self, op: OP)
[INFO] [stdout] 376 |     where
[INFO] [stdout] 377 |         OP: Fn(Self::Item) + Sync + Send,
[INFO] [stdout]     |                                     ^^^^ required by this bound in `ParallelIterator::for_each`
[INFO] [stdout]     = note: the full name for the type has been written to '/opt/rustwide/target/debug/build/tfhe/8ae84089a615ff14/out/tfhe-8ae84089a615ff14.long-type-14335563898401774475.txt'
[INFO] [stdout]     = note: consider using `--verbose` to print the full type name to the console
[INFO] [stdout] help: consider restricting opaque type `impl DispersionParameter + Sync` with trait `Send`
[INFO] [stdout]     |
[INFO] [stdout] 241 |     noise_parameters: impl DispersionParameter + Sync + std::marker::Send,
[INFO] [stdout]     |                                                       +++++++++++++++++++
[INFO] [stdout] 
[INFO] [stdout] 
[INFO] [stdout] error[E0277]: `impl DispersionParameter + Sync` cannot be sent between threads safely
[INFO] [stdout]    --> /opt/rustwide/cargo-home/registry/src/index.crates.io-1949cf8c6b5b557f/tfhe-0.4.1/src/core_crypto/algorithms/lwe_bootstrap_key_generation.rs:529:19
[INFO] [stdout]     |
[INFO] [stdout] 529 |           .for_each(|((mut ggsw, &input_key_element), mut generator)| {
[INFO] [stdout]     |            -------- ^------------------------------------------------
[INFO] [stdout]     |            |        |
[INFO] [stdout]     |  __________|________within this `{closure@lwe_bootstrap_key_generation.rs:529:19}`
[INFO] [stdout]     | |          |
[INFO] [stdout]     | |          required by a bound introduced by this call
[INFO] [stdout] 530 | |             par_encrypt_constant_seeded_ggsw_ciphertext_with_existing_generator(
[INFO] [stdout] 531 | |                 output_glwe_secret_key,
[INFO] [stdout] 532 | |                 &mut ggsw,
[INFO] [stdout] ...   |
[INFO] [stdout] 536 | |             );
[INFO] [stdout] 537 | |         })
[INFO] [stdout]     | |_________^ `impl DispersionParameter + Sync` cannot be sent between threads safely
[INFO] [stdout]     |
[INFO] [stdout] note: required because `noise_parameters` is used within this closure
[INFO] [stdout]    --> /opt/rustwide/cargo-home/registry/src/index.crates.io-1949cf8c6b5b557f/tfhe-0.4.1/src/core_crypto/algorithms/lwe_bootstrap_key_generation.rs:534:17
[INFO] [stdout]     |
[INFO] [stdout] 534 |                 noise_parameters,
[INFO] [stdout]     |                 ^^^^^^^^^^^^^^^^
[INFO] [stdout] note: required by a bound in `rayon::iter::ParallelIterator::for_each`
[INFO] [stdout]    --> /opt/rustwide/cargo-home/registry/src/index.crates.io-1949cf8c6b5b557f/rayon-1.8.0/src/iter/mod.rs:377:37
[INFO] [stdout]     |
[INFO] [stdout] 358 | pub trait ParallelIterator: Sized + Send {
[INFO] [stdout] ...
[INFO] [stdout] 375 |     fn for_each<OP>(self, op: OP)
[INFO] [stdout] 376 |     where
[INFO] [stdout] 377 |         OP: Fn(Self::Item) + Sync + Send,
[INFO] [stdout]     |                                     ^^^^ required by this bound in `ParallelIterator::for_each`
[INFO] [stdout]     = note: the full name for the type has been written to '/opt/rustwide/target/debug/build/tfhe/8ae84089a615ff14/out/tfhe-8ae84089a615ff14.long-type-2191644323955651986.txt'
[INFO] [stdout]     = note: consider using `--verbose` to print the full type name to the console
[INFO] [stdout] help: consider restricting opaque type `impl DispersionParameter + Sync` with trait `Send`
[INFO] [stdout]     |
[INFO] [stdout] 477 |     noise_parameters: impl DispersionParameter + Sync + std::marker::Send,
[INFO] [stdout]     |                                                       +++++++++++++++++++
[INFO] [stdout] 
[INFO] [stdout] 
[INFO] [stdout] error[E0277]: `impl DispersionParameter + Sync` cannot be sent between threads safely
[INFO] [stdout]    --> /opt/rustwide/cargo-home/registry/src/index.crates.io-1949cf8c6b5b557f/tfhe-0.4.1/src/core_crypto/algorithms/lwe_encryption.rs:648:19
[INFO] [stdout]     |
[INFO] [stdout] 648 |           .for_each(|((encoded_plaintext_ref, mut ciphertext), mut generator)| {
[INFO] [stdout]     |            -------- ^---------------------------------------------------------
[INFO] [stdout]     |            |        |
[INFO] [stdout]     |  __________|________within this `{closure@lwe_encryption.rs:648:19}`
[INFO] [stdout]     | |          |
[INFO] [stdout]     | |          required by a bound introduced by this call
[INFO] [stdout] 649 | |             encrypt_lwe_ciphertext(
[INFO] [stdout] 650 | |                 lwe_secret_key,
[INFO] [stdout] 651 | |                 &mut ciphertext,
[INFO] [stdout] ...   |
[INFO] [stdout] 656 | |         });
[INFO] [stdout]     | |_________^ `impl DispersionParameter + Sync` cannot be sent between threads safely
[INFO] [stdout]     |
[INFO] [stdout] note: required because `noise_parameters` is used within this closure
[INFO] [stdout]    --> /opt/rustwide/cargo-home/registry/src/index.crates.io-1949cf8c6b5b557f/tfhe-0.4.1/src/core_crypto/algorithms/lwe_encryption.rs:653:17
[INFO] [stdout]     |
[INFO] [stdout] 653 |                 noise_parameters,
[INFO] [stdout]     |                 ^^^^^^^^^^^^^^^^
[INFO] [stdout] note: required by a bound in `rayon::iter::ParallelIterator::for_each`
[INFO] [stdout]    --> /opt/rustwide/cargo-home/registry/src/index.crates.io-1949cf8c6b5b557f/rayon-1.8.0/src/iter/mod.rs:377:37
[INFO] [stdout]     |
[INFO] [stdout] 358 | pub trait ParallelIterator: Sized + Send {
[INFO] [stdout] ...
[INFO] [stdout] 375 |     fn for_each<OP>(self, op: OP)
[INFO] [stdout] 376 |     where
[INFO] [stdout] 377 |         OP: Fn(Self::Item) + Sync + Send,
[INFO] [stdout]     |                                     ^^^^ required by this bound in `ParallelIterator::for_each`
[INFO] [stdout]     = note: the full name for the type has been written to '/opt/rustwide/target/debug/build/tfhe/8ae84089a615ff14/out/tfhe-8ae84089a615ff14.long-type-7275388935299905598.txt'
[INFO] [stdout]     = note: consider using `--verbose` to print the full type name to the console
[INFO] [stdout] help: consider restricting opaque type `impl DispersionParameter + Sync` with trait `Send`
[INFO] [stdout]     |
[INFO] [stdout] 623 |     noise_parameters: impl DispersionParameter + Sync + std::marker::Send,
[INFO] [stdout]     |                                                       +++++++++++++++++++
[INFO] [stdout] 
[INFO] [stdout] 
[INFO] [stdout] error[E0277]: `impl DispersionParameter + Sync` cannot be sent between threads safely
[INFO] [stdout]     --> /opt/rustwide/cargo-home/registry/src/index.crates.io-1949cf8c6b5b557f/tfhe-0.4.1/src/core_crypto/algorithms/lwe_encryption.rs:1169:19
[INFO] [stdout]      |
[INFO] [stdout] 1169 |           .for_each(|((output_body, plaintext), mut loop_generator)| {
[INFO] [stdout]      |            -------- ^-----------------------------------------------
[INFO] [stdout]      |            |        |
[INFO] [stdout]      |  __________|________within this `{closure@lwe_encryption.rs:1169:19}`
[INFO] [stdout]      | |          |
[INFO] [stdout]      | |          required by a bound introduced by this call
[INFO] [stdout] 1170 | |             let mut output_mask =
[INFO] [stdout] 1171 | |                 LweMask::from_container(vec![Scalar::ZERO; lwe_dimension.0], ciphertext_modulus);
[INFO] [stdout] 1172 | |             fill_lwe_mask_and_body_for_encryption(
[INFO] [stdout] ...    |
[INFO] [stdout] 1180 | |         });
[INFO] [stdout]      | |_________^ `impl DispersionParameter + Sync` cannot be sent between threads safely
[INFO] [stdout]      |
[INFO] [stdout] note: required because `noise_parameters` is used within this closure
[INFO] [stdout]     --> /opt/rustwide/cargo-home/registry/src/index.crates.io-1949cf8c6b5b557f/tfhe-0.4.1/src/core_crypto/algorithms/lwe_encryption.rs:1177:17
[INFO] [stdout]      |
[INFO] [stdout] 1177 |                 noise_parameters,
[INFO] [stdout]      |                 ^^^^^^^^^^^^^^^^
[INFO] [stdout] note: required by a bound in `rayon::iter::ParallelIterator::for_each`
[INFO] [stdout]     --> /opt/rustwide/cargo-home/registry/src/index.crates.io-1949cf8c6b5b557f/rayon-1.8.0/src/iter/mod.rs:377:37
[INFO] [stdout]      |
[INFO] [stdout]  358 | pub trait ParallelIterator: Sized + Send {
[INFO] [stdout] ...
[INFO] [stdout]  375 |     fn for_each<OP>(self, op: OP)
[INFO] [stdout]  376 |     where
[INFO] [stdout]  377 |         OP: Fn(Self::Item) + Sync + Send,
[INFO] [stdout]      |                                     ^^^^ required by this bound in `ParallelIterator::for_each`
[INFO] [stdout]      = note: the full name for the type has been written to '/opt/rustwide/target/debug/build/tfhe/8ae84089a615ff14/out/tfhe-8ae84089a615ff14.long-type-12272885749370339811.txt'
[INFO] [stdout]      = note: consider using `--verbose` to print the full type name to the console
[INFO] [stdout] help: consider restricting opaque type `impl DispersionParameter + Sync` with trait `Send`
[INFO] [stdout]      |
[INFO] [stdout] 1134 |     noise_parameters: impl DispersionParameter + Sync + std::marker::Send,
[INFO] [stdout]      |                                                       +++++++++++++++++++
[INFO] [stdout] 
[INFO] [stdout] 
[INFO] [stdout] error[E0277]: `impl DispersionParameter + Sync` cannot be sent between threads safely
[INFO] [stdout]     --> /opt/rustwide/cargo-home/registry/src/index.crates.io-1949cf8c6b5b557f/tfhe-0.4.1/src/core_crypto/algorithms/lwe_encryption.rs:1992:13
[INFO] [stdout]      |
[INFO] [stdout] 1991 |            .for_each(
[INFO] [stdout]      |             -------- required by a bound introduced by this call
[INFO] [stdout] 1992 | //             |(
[INFO] [stdout] 1993 | ||                 mut output_mask,
[INFO] [stdout] 1994 | ||                 (
[INFO] [stdout] 1995 | ||                     ((mut output_body_chunk, input_plaintext_chunk), binary_random_slice),
[INFO] [stdout] 1996 | ||                     mut loop_generator,
[INFO] [stdout] 1997 | ||                 ),
[INFO] [stdout] 1998 | ||             )| {
[INFO] [stdout]      | ||______________- within this `{closure@lwe_encryption.rs:1992:13}`
[INFO] [stdout] ...    |
[INFO] [stdout] 2037 | |                      });
[INFO] [stdout] 2038 | |              },
[INFO] [stdout]      | |______________^ `impl DispersionParameter + Sync` cannot be sent between threads safely
[INFO] [stdout]      |
[INFO] [stdout] note: required because `mask_noise_parameters` is used within this closure
[INFO] [stdout]     --> /opt/rustwide/cargo-home/registry/src/index.crates.io-1949cf8c6b5b557f/tfhe-0.4.1/src/core_crypto/algorithms/lwe_encryption.rs:2024:21
[INFO] [stdout]      |
[INFO] [stdout] 2024 |                     mask_noise_parameters,
[INFO] [stdout]      |                     ^^^^^^^^^^^^^^^^^^^^^
[INFO] [stdout] note: required by a bound in `rayon::iter::ParallelIterator::for_each`
[INFO] [stdout]     --> /opt/rustwide/cargo-home/registry/src/index.crates.io-1949cf8c6b5b557f/rayon-1.8.0/src/iter/mod.rs:377:37
[INFO] [stdout]      |
[INFO] [stdout]  358 | pub trait ParallelIterator: Sized + Send {
[INFO] [stdout] ...
[INFO] [stdout]  375 |     fn for_each<OP>(self, op: OP)
[INFO] [stdout]  376 |     where
[INFO] [stdout]  377 |         OP: Fn(Self::Item) + Sync + Send,
[INFO] [stdout]      |                                     ^^^^ required by this bound in `ParallelIterator::for_each`
[INFO] [stdout]      = note: the full name for the type has been written to '/opt/rustwide/target/debug/build/tfhe/8ae84089a615ff14/out/tfhe-8ae84089a615ff14.long-type-14767706237205506018.txt'
[INFO] [stdout]      = note: consider using `--verbose` to print the full type name to the console
[INFO] [stdout] help: consider restricting opaque type `impl DispersionParameter + Sync` with trait `Send`
[INFO] [stdout]      |
[INFO] [stdout] 1925 |     mask_noise_parameters: impl DispersionParameter + Sync + std::marker::Send,
[INFO] [stdout]      |                                                            +++++++++++++++++++
[INFO] [stdout] 
[INFO] [stdout] 
[INFO] [stdout] error[E0277]: `impl DispersionParameter + Sync` cannot be sent between threads safely
[INFO] [stdout]    --> /opt/rustwide/cargo-home/registry/src/index.crates.io-1949cf8c6b5b557f/tfhe-0.4.1/src/core_crypto/algorithms/lwe_multi_bit_bootstrap_key_generation.rs:371:13
[INFO] [stdout]     |
[INFO] [stdout] 370 |           .for_each(
[INFO] [stdout]     |            -------- required by a bound introduced by this call
[INFO] [stdout] 371 |               |((mut ggsw_group, input_key_elements), mut loop_generator)| {
[INFO] [stdout]     |               ^-----------------------------------------------------------
[INFO] [stdout]     |               |
[INFO] [stdout]     |  _____________within this `{closure@lwe_multi_bit_bootstrap_key_generation.rs:371:13}`
[INFO] [stdout]     | |
[INFO] [stdout] 372 | |                 let gen_iter = loop_generator
[INFO] [stdout] 373 | |                     .par_fork_multi_bit_bsk_ggsw_group_to_ggsw::<Scalar>(
[INFO] [stdout] 374 | |                         output_decomposition_level_count,
[INFO] [stdout] ...   |
[INFO] [stdout] 396 | |                     });
[INFO] [stdout] 397 | |             },
[INFO] [stdout]     | |_____________^ `impl DispersionParameter + Sync` cannot be sent between threads safely
[INFO] [stdout]     |
[INFO] [stdout] note: required because `noise_parameters` is used within this closure
[INFO] [stdout]    --> /opt/rustwide/cargo-home/registry/src/index.crates.io-1949cf8c6b5b557f/tfhe-0.4.1/src/core_crypto/algorithms/lwe_multi_bit_bootstrap_key_generation.rs:393:29
[INFO] [stdout]     |
[INFO] [stdout] 393 | ...                   noise_parameters,
[INFO] [stdout]     |                       ^^^^^^^^^^^^^^^^
[INFO] [stdout] note: required by a bound in `rayon::iter::ParallelIterator::for_each`
[INFO] [stdout]    --> /opt/rustwide/cargo-home/registry/src/index.crates.io-1949cf8c6b5b557f/rayon-1.8.0/src/iter/mod.rs:377:37
[INFO] [stdout]     |
[INFO] [stdout] 358 | pub trait ParallelIterator: Sized + Send {
[INFO] [stdout] ...
[INFO] [stdout] 375 |     fn for_each<OP>(self, op: OP)
[INFO] [stdout] 376 |     where
[INFO] [stdout] 377 |         OP: Fn(Self::Item) + Sync + Send,
[INFO] [stdout]     |                                     ^^^^ required by this bound in `ParallelIterator::for_each`
[INFO] [stdout]     = note: the full name for the type has been written to '/opt/rustwide/target/debug/build/tfhe/8ae84089a615ff14/out/tfhe-8ae84089a615ff14.long-type-15671949385689003080.txt'
[INFO] [stdout]     = note: consider using `--verbose` to print the full type name to the console
[INFO] [stdout] help: consider restricting opaque type `impl DispersionParameter + Sync` with trait `Send`
[INFO] [stdout]     |
[INFO] [stdout] 312 |     noise_parameters: impl DispersionParameter + Sync + std::marker::Send,
[INFO] [stdout]     |                                                       +++++++++++++++++++
[INFO] [stdout] 
[INFO] [stdout] 
[INFO] [stdout] error[E0277]: `impl DispersionParameter + Sync` cannot be sent between threads safely
[INFO] [stdout]    --> /opt/rustwide/cargo-home/registry/src/index.crates.io-1949cf8c6b5b557f/tfhe-0.4.1/src/core_crypto/algorithms/lwe_multi_bit_bootstrap_key_generation.rs:384:31
[INFO] [stdout]     |
[INFO] [stdout] 384 |                       .for_each(|((bit_inversion_idx, ggsw), mut inner_loop_generator)| {
[INFO] [stdout]     |                        -------- ^------------------------------------------------------
[INFO] [stdout]     |                        |        |
[INFO] [stdout]     |  ______________________|________within this `{closure@lwe_multi_bit_bootstrap_key_generation.rs:384:31}`
[INFO] [stdout]     | |                      |
[INFO] [stdout]     | |                      required by a bound introduced by this call
[INFO] [stdout] 385 | |                         // Use the index of the ggsw as a way to know which bit to invert
[INFO] [stdout] 386 | |                         let key_bits_plaintext =
[INFO] [stdout] 387 | |                             combine_key_bits(bit_inversion_idx, input_key_elements);
[INFO] [stdout] ...   |
[INFO] [stdout] 395 | |                         );
[INFO] [stdout] 396 | |                     });
[INFO] [stdout]     | |_____________________^ `impl DispersionParameter + Sync` cannot be sent between threads safely
[INFO] [stdout]     |
[INFO] [stdout] note: required because `noise_parameters` is used within this closure
[INFO] [stdout]    --> /opt/rustwide/cargo-home/registry/src/index.crates.io-1949cf8c6b5b557f/tfhe-0.4.1/src/core_crypto/algorithms/lwe_multi_bit_bootstrap_key_generation.rs:393:29
[INFO] [stdout]     |
[INFO] [stdout] 393 | ...                   noise_parameters,
[INFO] [stdout]     |                       ^^^^^^^^^^^^^^^^
[INFO] [stdout] note: required by a bound in `rayon::iter::ParallelIterator::for_each`
[INFO] [stdout]    --> /opt/rustwide/cargo-home/registry/src/index.crates.io-1949cf8c6b5b557f/rayon-1.8.0/src/iter/mod.rs:377:37
[INFO] [stdout]     |
[INFO] [stdout] 358 | pub trait ParallelIterator: Sized + Send {
[INFO] [stdout] ...
[INFO] [stdout] 375 |     fn for_each<OP>(self, op: OP)
[INFO] [stdout] 376 |     where
[INFO] [stdout] 377 |         OP: Fn(Self::Item) + Sync + Send,
[INFO] [stdout]     |                                     ^^^^ required by this bound in `ParallelIterator::for_each`
[INFO] [stdout]     = note: the full name for the type has been written to '/opt/rustwide/target/debug/build/tfhe/8ae84089a615ff14/out/tfhe-8ae84089a615ff14.long-type-8303058476667113878.txt'
[INFO] [stdout]     = note: consider using `--verbose` to print the full type name to the console
[INFO] [stdout] help: consider restricting opaque type `impl DispersionParameter + Sync` with trait `Send`
[INFO] [stdout]     |
[INFO] [stdout] 312 |     noise_parameters: impl DispersionParameter + Sync + std::marker::Send,
[INFO] [stdout]     |                                                       +++++++++++++++++++
[INFO] [stdout] 
[INFO] [stdout] 
[INFO] [stdout] error[E0277]: `impl DispersionParameter + Sync` cannot be sent between threads safely
[INFO] [stdout]    --> /opt/rustwide/cargo-home/registry/src/index.crates.io-1949cf8c6b5b557f/tfhe-0.4.1/src/core_crypto/algorithms/lwe_multi_bit_bootstrap_key_generation.rs:733:13
[INFO] [stdout]     |
[INFO] [stdout] 732 |           .for_each(
[INFO] [stdout]     |            -------- required by a bound introduced by this call
[INFO] [stdout] 733 |               |((mut ggsw_group, input_key_elements), mut loop_generator)| {
[INFO] [stdout]     |               ^-----------------------------------------------------------
[INFO] [stdout]     |               |
[INFO] [stdout]     |  _____________within this `{closure@lwe_multi_bit_bootstrap_key_generation.rs:733:13}`
[INFO] [stdout]     | |
[INFO] [stdout] 734 | |                 let gen_iter = loop_generator
[INFO] [stdout] 735 | |                     .par_fork_multi_bit_bsk_ggsw_group_to_ggsw::<Scalar>(
[INFO] [stdout] 736 | |                         output_decomposition_level_count,
[INFO] [stdout] ...   |
[INFO] [stdout] 758 | |                     });
[INFO] [stdout] 759 | |             },
[INFO] [stdout]     | |_____________^ `impl DispersionParameter + Sync` cannot be sent between threads safely
[INFO] [stdout]     |
[INFO] [stdout] note: required because `noise_parameters` is used within this closure
[INFO] [stdout]    --> /opt/rustwide/cargo-home/registry/src/index.crates.io-1949cf8c6b5b557f/tfhe-0.4.1/src/core_crypto/algorithms/lwe_multi_bit_bootstrap_key_generation.rs:755:29
[INFO] [stdout]     |
[INFO] [stdout] 755 | ...                   noise_parameters,
[INFO] [stdout]     |                       ^^^^^^^^^^^^^^^^
[INFO] [stdout] note: required by a bound in `rayon::iter::ParallelIterator::for_each`
[INFO] [stdout]    --> /opt/rustwide/cargo-home/registry/src/index.crates.io-1949cf8c6b5b557f/rayon-1.8.0/src/iter/mod.rs:377:37
[INFO] [stdout]     |
[INFO] [stdout] 358 | pub trait ParallelIterator: Sized + Send {
[INFO] [stdout] ...
[INFO] [stdout] 375 |     fn for_each<OP>(self, op: OP)
[INFO] [stdout] 376 |     where
[INFO] [stdout] 377 |         OP: Fn(Self::Item) + Sync + Send,
[INFO] [stdout]     |                                     ^^^^ required by this bound in `ParallelIterator::for_each`
[INFO] [stdout]     = note: the full name for the type has been written to '/opt/rustwide/target/debug/build/tfhe/8ae84089a615ff14/out/tfhe-8ae84089a615ff14.long-type-7797597989664006873.txt'
[INFO] [stdout]     = note: consider using `--verbose` to print the full type name to the console
[INFO] [stdout] help: consider restricting opaque type `impl DispersionParameter + Sync` with trait `Send`
[INFO] [stdout]     |
[INFO] [stdout] 668 |     noise_parameters: impl DispersionParameter + Sync + std::marker::Send,
[INFO] [stdout]     |                                                       +++++++++++++++++++
[INFO] [stdout] 
[INFO] [stdout] 
[INFO] [stdout] error[E0277]: `impl DispersionParameter + Sync` cannot be sent between threads safely
[INFO] [stdout]    --> /opt/rustwide/cargo-home/registry/src/index.crates.io-1949cf8c6b5b557f/tfhe-0.4.1/src/core_crypto/algorithms/lwe_multi_bit_bootstrap_key_generation.rs:746:31
[INFO] [stdout]     |
[INFO] [stdout] 746 |                       .for_each(|((bit_inversion_idx, ggsw), mut inner_loop_generator)| {
[INFO] [stdout]     |                        -------- ^------------------------------------------------------
[INFO] [stdout]     |                        |        |
[INFO] [stdout]     |  ______________________|________within this `{closure@lwe_multi_bit_bootstrap_key_generation.rs:746:31}`
[INFO] [stdout]     | |                      |
[INFO] [stdout]     | |                      required by a bound introduced by this call
[INFO] [stdout] 747 | |                         // Use the index of the ggsw as a way to know which bit to invert
[INFO] [stdout] 748 | |                         let key_bits_plaintext =
[INFO] [stdout] 749 | |                             combine_key_bits(bit_inversion_idx, input_key_elements);
[INFO] [stdout] ...   |
[INFO] [stdout] 757 | |                         );
[INFO] [stdout] 758 | |                     });
[INFO] [stdout]     | |_____________________^ `impl DispersionParameter + Sync` cannot be sent between threads safely
[INFO] [stdout]     |
[INFO] [stdout] note: required because `noise_parameters` is used within this closure
[INFO] [stdout]    --> /opt/rustwide/cargo-home/registry/src/index.crates.io-1949cf8c6b5b557f/tfhe-0.4.1/src/core_crypto/algorithms/lwe_multi_bit_bootstrap_key_generation.rs:755:29
[INFO] [stdout]     |
[INFO] [stdout] 755 | ...                   noise_parameters,
[INFO] [stdout]     |                       ^^^^^^^^^^^^^^^^
[INFO] [stdout] note: required by a bound in `rayon::iter::ParallelIterator::for_each`
[INFO] [stdout]    --> /opt/rustwide/cargo-home/registry/src/index.crates.io-1949cf8c6b5b557f/rayon-1.8.0/src/iter/mod.rs:377:37
[INFO] [stdout]     |
[INFO] [stdout] 358 | pub trait ParallelIterator: Sized + Send {
[INFO] [stdout] ...
[INFO] [stdout] 375 |     fn for_each<OP>(self, op: OP)
[INFO] [stdout] 376 |     where
[INFO] [stdout] 377 |         OP: Fn(Self::Item) + Sync + Send,
[INFO] [stdout]     |                                     ^^^^ required by this bound in `ParallelIterator::for_each`
[INFO] [stdout]     = note: the full name for the type has been written to '/opt/rustwide/target/debug/build/tfhe/8ae84089a615ff14/out/tfhe-8ae84089a615ff14.long-type-7115323023574661738.txt'
[INFO] [stdout]     = note: consider using `--verbose` to print the full type name to the console
[INFO] [stdout] help: consider restricting opaque type `impl DispersionParameter + Sync` with trait `Send`
[INFO] [stdout]     |
[INFO] [stdout] 668 |     noise_parameters: impl DispersionParameter + Sync + std::marker::Send,
[INFO] [stdout]     |                                                       +++++++++++++++++++
[INFO] [stdout] 
[INFO] [stdout] 
[INFO] [stdout] error[E0277]: `impl DispersionParameter + Sync` cannot be sent between threads safely
[INFO] [stdout]    --> /opt/rustwide/cargo-home/registry/src/index.crates.io-1949cf8c6b5b557f/concrete-core-1.0.2/src/commons/crypto/secret/lwe.rs:581:23
[INFO] [stdout]     |
[INFO] [stdout] 581 |               .for_each(|((mut cipher, message), mut generator)| {
[INFO] [stdout]     |                -------- ^---------------------------------------
[INFO] [stdout]     |                |        |
[INFO] [stdout]     |  ______________|________within this `{closure@lwe.rs:581:23}`
[INFO] [stdout]     | |              |
[INFO] [stdout]     | |              required by a bound introduced by this call
[INFO] [stdout] 582 | |                 self.encrypt_lwe(&mut cipher, message, noise_parameters, &mut generator);
[INFO] [stdout] 583 | |             })
[INFO] [stdout]     | |_____________^ `impl DispersionParameter + Sync` cannot be sent between threads safely
[INFO] [stdout]     |
[INFO] [stdout] note: required because `noise_parameters` is used within this closure
[INFO] [stdout]    --> /opt/rustwide/cargo-home/registry/src/index.crates.io-1949cf8c6b5b557f/concrete-core-1.0.2/src/commons/crypto/secret/lwe.rs:582:56
[INFO] [stdout]     |
[INFO] [stdout] 582 |                 self.encrypt_lwe(&mut cipher, message, noise_parameters, &mut generator);
[INFO] [stdout]     |                                                        ^^^^^^^^^^^^^^^^
[INFO] [stdout] note: required by a bound in `rayon::iter::ParallelIterator::for_each`
[INFO] [stdout]    --> /opt/rustwide/cargo-home/registry/src/index.crates.io-1949cf8c6b5b557f/rayon-1.8.0/src/iter/mod.rs:377:37
[INFO] [stdout]     |
[INFO] [stdout] 358 | pub trait ParallelIterator: Sized + Send {
[INFO] [stdout] ...
[INFO] [stdout] 375 |     fn for_each<OP>(self, op: OP)
[INFO] [stdout] 376 |     where
[INFO] [stdout] 377 |         OP: Fn(Self::Item) + Sync + Send,
[INFO] [stdout]     |                                     ^^^^ required by this bound in `ParallelIterator::for_each`
[INFO] [stdout]     = note: the full name for the type has been written to '/opt/rustwide/target/debug/build/concrete-core/631b6c85c84b2682/out/concrete_core-631b6c85c84b2682.long-type-4556138149916363665.txt'
[INFO] [stdout]     = note: consider using `--verbose` to print the full type name to the console
[INFO] [stdout] help: consider restricting opaque type `impl DispersionParameter + Sync` with trait `Send`
[INFO] [stdout]     |
[INFO] [stdout] 557 |         noise_parameters: impl DispersionParameter + Sync + std::marker::Send,
[INFO] [stdout]     |                                                           +++++++++++++++++++
[INFO] [stdout] 
[INFO] [stdout] 
[INFO] [stdout] error[E0277]: `impl DispersionParameter + Sync` cannot be sent between threads safely
[INFO] [stdout]    --> /opt/rustwide/cargo-home/registry/src/index.crates.io-1949cf8c6b5b557f/tfhe-0.4.1/src/core_crypto/algorithms/lwe_private_functional_packing_keyswitch_key_generation.rs:221:13
[INFO] [stdout]     |
[INFO] [stdout] 220 |           .for_each(
[INFO] [stdout]     |            -------- required by a bound introduced by this call
[INFO] [stdout] 221 |               |((&input_key_bit, mut keyswitch_key_block), mut loop_generator)| {
[INFO] [stdout]     |               ^----------------------------------------------------------------
[INFO] [stdout]     |               |
[INFO] [stdout]     |  _____________within this `{closure@lwe_private_functional_packing_keyswitch_key_generation.rs:221:13}`
[INFO] [stdout]     | |
[INFO] [stdout] 222 | |                 // We instantiate a buffer
[INFO] [stdout] 223 | |                 let mut messages = PlaintextListOwned::new(Scalar::ZERO, plaintext_count);
[INFO] [stdout] ...   |
[INFO] [stdout] 250 | |             },
[INFO] [stdout]     | |_____________^ `impl DispersionParameter + Sync` cannot be sent between threads safely
[INFO] [stdout]     |
[INFO] [stdout] note: required because `noise_parameters` is used within this closure
[INFO] [stdout]    --> /opt/rustwide/cargo-home/registry/src/index.crates.io-1949cf8c6b5b557f/tfhe-0.4.1/src/core_crypto/algorithms/lwe_private_functional_packing_keyswitch_key_generation.rs:247:21
[INFO] [stdout]     |
[INFO] [stdout] 247 |                     noise_parameters,
[INFO] [stdout]     |                     ^^^^^^^^^^^^^^^^
[INFO] [stdout] note: required by a bound in `rayon::iter::ParallelIterator::for_each`
[INFO] [stdout]    --> /opt/rustwide/cargo-home/registry/src/index.crates.io-1949cf8c6b5b557f/rayon-1.8.0/src/iter/mod.rs:377:37
[INFO] [stdout]     |
[INFO] [stdout] 358 | pub trait ParallelIterator: Sized + Send {
[INFO] [stdout] ...
[INFO] [stdout] 375 |     fn for_each<OP>(self, op: OP)
[INFO] [stdout] 376 |     where
[INFO] [stdout] 377 |         OP: Fn(Self::Item) + Sync + Send,
[INFO] [stdout]     |                                     ^^^^ required by this bound in `ParallelIterator::for_each`
[INFO] [stdout]     = note: the full name for the type has been written to '/opt/rustwide/target/debug/build/tfhe/8ae84089a615ff14/out/tfhe-8ae84089a615ff14.long-type-14713133699938038077.txt'
[INFO] [stdout]     = note: consider using `--verbose` to print the full type name to the console
[INFO] [stdout] help: consider restricting opaque type `impl DispersionParameter + Sync` with trait `Send`
[INFO] [stdout]     |
[INFO] [stdout] 150 |     noise_parameters: impl DispersionParameter + Sync + std::marker::Send,
[INFO] [stdout]     |                                                       +++++++++++++++++++
[INFO] [stdout] 
[INFO] [stdout] 
[INFO] [stdout] error[E0277]: `impl DispersionParameter + Sync` cannot be sent between threads safely
[INFO] [stdout]    --> /opt/rustwide/cargo-home/registry/src/index.crates.io-1949cf8c6b5b557f/tfhe-0.4.1/src/core_crypto/algorithms/lwe_wopbs.rs:286:13
[INFO] [stdout]     |
[INFO] [stdout] 285 |           .for_each(
[INFO] [stdout]     |            -------- required by a bound introduced by this call
[INFO] [stdout] 286 |               |((mut lwe_pfpksk, polynomial_to_encrypt), mut loop_generator)| {
[INFO] [stdout]     |               ^--------------------------------------------------------------
[INFO] [stdout]     |               |
[INFO] [stdout]     |  _____________within this `{closure@lwe_wopbs.rs:286:13}`
[INFO] [stdout]     | |
[INFO] [stdout] 287 | |                 par_generate_lwe_private_functional_packing_keyswitch_key(
[INFO] [stdout] 288 | |                     input_lwe_secret_key,
[INFO] [stdout] 289 | |                     output_glwe_secret_key,
[INFO] [stdout] ...   |
[INFO] [stdout] 295 | |                 );
[INFO] [stdout] 296 | |             },
[INFO] [stdout]     | |_____________^ `impl DispersionParameter + Sync` cannot be sent between threads safely
[INFO] [stdout]     |
[INFO] [stdout] note: required because `noise_parameters` is used within this closure
[INFO] [stdout]    --> /opt/rustwide/cargo-home/registry/src/index.crates.io-1949cf8c6b5b557f/tfhe-0.4.1/src/core_crypto/algorithms/lwe_wopbs.rs:291:21
[INFO] [stdout]     |
[INFO] [stdout] 291 |                     noise_parameters,
[INFO] [stdout]     |                     ^^^^^^^^^^^^^^^^
[INFO] [stdout] note: required by a bound in `rayon::iter::ParallelIterator::for_each`
[INFO] [stdout]    --> /opt/rustwide/cargo-home/registry/src/index.crates.io-1949cf8c6b5b557f/rayon-1.8.0/src/iter/mod.rs:377:37
[INFO] [stdout]     |
[INFO] [stdout] 358 | pub trait ParallelIterator: Sized + Send {
[INFO] [stdout] ...
[INFO] [stdout] 375 |     fn for_each<OP>(self, op: OP)
[INFO] [stdout] 376 |     where
[INFO] [stdout] 377 |         OP: Fn(Self::Item) + Sync + Send,
[INFO] [stdout]     |                                     ^^^^ required by this bound in `ParallelIterator::for_each`
[INFO] [stdout]     = note: the full name for the type has been written to '/opt/rustwide/target/debug/build/tfhe/8ae84089a615ff14/out/tfhe-8ae84089a615ff14.long-type-15929475451121569082.txt'
[INFO] [stdout]     = note: consider using `--verbose` to print the full type name to the console
[INFO] [stdout] help: consider restricting opaque type `impl DispersionParameter + Sync` with trait `Send`
[INFO] [stdout]     |
[INFO] [stdout] 228 |     noise_parameters: impl DispersionParameter + Sync + std::marker::Send,
[INFO] [stdout]     |                                                       +++++++++++++++++++
[INFO] [stdout] 
[INFO] [stdout] 
[INFO] [stdout] For more information about this error, try `rustc --explain E0277`.
[INFO] [stdout] 
[INFO] [stderr] error: could not compile `concrete-core` (lib) due to 1 previous error
[INFO] [stderr] warning: build failed, waiting for other jobs to finish...
[INFO] [stdout] For more information about this error, try `rustc --explain E0277`.
[INFO] [stdout] 
[INFO] [stderr] error: could not compile `tfhe` (lib) due to 15 previous errors
[INFO] running `Command { std: "docker" "inspect" "894ccdcac679fed0b4da6b2b0a3367abbcffa2865a03e88e0614738a06d7cf25", kill_on_drop: false }`
[INFO] running `Command { std: "docker" "rm" "-f" "894ccdcac679fed0b4da6b2b0a3367abbcffa2865a03e88e0614738a06d7cf25", kill_on_drop: false }`
[INFO] [stdout] 894ccdcac679fed0b4da6b2b0a3367abbcffa2865a03e88e0614738a06d7cf25
