[INFO] cloning repository https://github.com/ChristopherJMiller/bevy-ds
[INFO] running `Command { std: "git" "-c" "credential.helper=" "-c" "credential.helper=/workspace/cargo-home/bin/git-credential-null" "clone" "--bare" "https://github.com/ChristopherJMiller/bevy-ds" "/workspace/cache/git-repos/https%3A%2F%2Fgithub.com%2FChristopherJMiller%2Fbevy-ds", kill_on_drop: false }`
[INFO] [stderr] Cloning into bare repository '/workspace/cache/git-repos/https%3A%2F%2Fgithub.com%2FChristopherJMiller%2Fbevy-ds'...
[INFO] running `Command { std: "git" "rev-parse" "HEAD", kill_on_drop: false }`
[INFO] [stdout] 2b4d861429f63eada9227deaf165db38554e1b8e
[INFO] checking ChristopherJMiller/bevy-ds against c60b92c03ca8a3b101eb9d57f51e2232690638c7 for pr-164148-crater-rollup
[INFO] running `Command { std: "git" "clone" "/workspace/cache/git-repos/https%3A%2F%2Fgithub.com%2FChristopherJMiller%2Fbevy-ds" "/workspace/builds/worker-1-tc2/source", kill_on_drop: false }`
[INFO] [stderr] Cloning into '/workspace/builds/worker-1-tc2/source'...
[INFO] [stderr] done.
[INFO] removed /workspace/builds/worker-1-tc2/source/.cargo/config.toml
[INFO] removed /workspace/builds/worker-1-tc2/source/rust-toolchain.toml
[INFO] started tweaking git repo https://github.com/ChristopherJMiller/bevy-ds
[INFO] finished tweaking git repo https://github.com/ChristopherJMiller/bevy-ds
[INFO] tweaked toml for git repo https://github.com/ChristopherJMiller/bevy-ds written to /workspace/builds/worker-1-tc2/source/Cargo.toml
[INFO] validating manifest of git repo https://github.com/ChristopherJMiller/bevy-ds on toolchain c60b92c03ca8a3b101eb9d57f51e2232690638c7
[INFO] running `Command { std: CARGO_HOME="/workspace/cargo-home" RUSTUP_HOME="/workspace/rustup-home" "/workspace/cargo-home/bin/cargo" "+c60b92c03ca8a3b101eb9d57f51e2232690638c7" "metadata" "--manifest-path" "Cargo.toml" "--no-deps", kill_on_drop: false }`
[INFO] crate git repo https://github.com/ChristopherJMiller/bevy-ds already has a lockfile, it will not be regenerated
[INFO] running `Command { std: CARGO_HOME="/workspace/cargo-home" RUSTUP_HOME="/workspace/rustup-home" "/workspace/cargo-home/bin/cargo" "+c60b92c03ca8a3b101eb9d57f51e2232690638c7" "fetch" "--manifest-path" "Cargo.toml", kill_on_drop: false }`
[INFO] [stderr]     Blocking waiting for file lock on package cache
[INFO] [stderr]     Blocking waiting for file lock on package cache
[INFO] running `Command { std: "docker" "create" "-v" "/var/lib/crater-agent-workspace/builds/worker-1-tc2/source:/opt/rustwide/workdir:ro,Z" "-v" "/var/lib/crater-agent-workspace/builds/worker-1-tc2/target:/opt/rustwide/target:rw,Z" "-v" "/var/lib/crater-agent-workspace/cargo-home:/opt/rustwide/cargo-home:ro,Z" "-v" "/var/lib/crater-agent-workspace/rustup-home:/opt/rustwide/rustup-home:ro,Z" "-m" "1610612736" "--network" "none" "ghcr.io/rust-lang/crates-build-env/linux@sha256:77db811e55d90add9212f6832c23229e3de5f1c1f9905e8cb07319ea15df73ac" "sleep" "infinity", kill_on_drop: false }`
[INFO] [stdout] c3b1a400feb68b315e2a80c4c4b04afa398515dc1ee0055dd366614d94400bda
[INFO] running `Command { std: "docker" "start" "c3b1a400feb68b315e2a80c4c4b04afa398515dc1ee0055dd366614d94400bda", kill_on_drop: false }`
[INFO] running `Command { std: "docker" "inspect" "c3b1a400feb68b315e2a80c4c4b04afa398515dc1ee0055dd366614d94400bda", kill_on_drop: false }`
[INFO] running `Command { std: "docker" "exec" "-e" "SOURCE_DIR=/opt/rustwide/workdir" "-e" "CARGO_HOME=/opt/rustwide/cargo-home" "-e" "RUSTUP_HOME=/opt/rustwide/rustup-home" "-e" "CARGO_TARGET_DIR=/opt/rustwide/target" "-w" "/opt/rustwide/workdir" "--user" "0:0" "c3b1a400feb68b315e2a80c4c4b04afa398515dc1ee0055dd366614d94400bda" "/opt/rustwide/cargo-home/bin/cargo" "+c60b92c03ca8a3b101eb9d57f51e2232690638c7" "metadata" "--no-deps" "--format-version=1", kill_on_drop: false }`
[INFO] running `Command { std: "docker" "inspect" "c3b1a400feb68b315e2a80c4c4b04afa398515dc1ee0055dd366614d94400bda", kill_on_drop: false }`
[INFO] running `Command { std: "docker" "exec" "-e" "SOURCE_DIR=/opt/rustwide/workdir" "-e" "CARGO_HOME=/opt/rustwide/cargo-home" "-e" "RUSTUP_HOME=/opt/rustwide/rustup-home" "-e" "CARGO_TARGET_DIR=/opt/rustwide/target" "-e" "CARGO_INCREMENTAL=0" "-e" "RUST_BACKTRACE=full" "-e" "RUSTFLAGS=--cap-lints=forbid" "-e" "RUSTDOCFLAGS=--cap-lints=forbid" "-w" "/opt/rustwide/workdir" "--user" "0:0" "c3b1a400feb68b315e2a80c4c4b04afa398515dc1ee0055dd366614d94400bda" "/opt/rustwide/cargo-home/bin/cargo" "+c60b92c03ca8a3b101eb9d57f51e2232690638c7" "check" "--frozen" "--all" "--all-targets" "--message-format=json", kill_on_drop: false }`
[INFO] [stderr]    Compiling proc-macro2 v1.0.106
[INFO] [stderr]    Compiling quote v1.0.45
[INFO] [stderr]    Compiling unicode-ident v1.0.24
[INFO] [stderr]    Compiling serde_core v1.0.228
[INFO] [stderr]    Compiling cfg-if v1.0.4
[INFO] [stderr]    Compiling crossbeam-utils v0.8.21
[INFO] [stderr]    Compiling unicode-xid v0.2.6
[INFO] [stderr]    Compiling libc v0.2.186
[INFO] [stderr]    Compiling parking_lot_core v0.9.12
[INFO] [stderr]    Compiling hashbrown v0.17.1
[INFO] [stderr]    Compiling thiserror v2.0.18
[INFO] [stderr]    Compiling equivalent v1.0.2
[INFO] [stderr]    Compiling scopeguard v1.2.0
[INFO] [stderr]    Compiling smallvec v1.15.1
[INFO] [stderr]    Compiling winnow v0.7.15
[INFO] [stderr]    Compiling toml_datetime v0.6.11
[INFO] [stderr]    Compiling lock_api v0.4.14
[INFO] [stderr]     Checking critical-section v1.2.0
[INFO] [stderr]     Checking spin v0.9.8
[INFO] [stderr]     Checking foldhash v0.1.5
[INFO] [stderr]     Checking hashbrown v0.15.5
[INFO] [stderr]     Checking futures-core v0.3.32
[INFO] [stderr]     Checking pin-project-lite v0.2.17
[INFO] [stderr]     Checking async-task v4.7.1
[INFO] [stderr]     Checking futures-lite v2.6.1
[INFO] [stderr]     Checking atomic-waker v1.1.2
[INFO] [stderr]     Checking fixedbitset v0.5.7
[INFO] [stderr]     Checking bevy_ptr v0.16.1
[INFO] [stderr]     Checking disqualified v1.0.0
[INFO] [stderr]     Checking bumpalo v3.20.3
[INFO] [stderr]     Checking log v0.4.32
[INFO] [stderr]     Checking nonmax v0.5.5
[INFO] [stderr]     Checking downcast-rs v2.0.2
[INFO] [stderr]    Compiling libm v0.2.16
[INFO] [stderr]    Compiling zmij v1.0.21
[INFO] [stderr]    Compiling serde v1.0.228
[INFO] [stderr]    Compiling indexmap v2.14.0
[INFO] [stderr]     Checking crossbeam-queue v0.3.12
[INFO] [stderr]     Checking concurrent-queue v2.5.0
[INFO] [stderr]    Compiling serde_json v1.0.150
[INFO] [stderr]    Compiling crc32fast v1.5.2
[INFO] [stderr]     Checking bevy_platform v0.16.1
[INFO] [stderr]     Checking bevy_utils v0.16.1
[INFO] [stderr]    Compiling syn v2.0.117
[INFO] [stderr]    Compiling inflections v1.1.1
[INFO] [stderr]     Checking either v1.16.0
[INFO] [stderr]     Checking bytemuck v1.25.0
[INFO] [stderr]    Compiling bevy_nds_3d_obj v0.1.0 (/opt/rustwide/workdir/crates/bevy_nds_3d_obj)
[INFO] [stderr]     Checking itertools v0.14.0
[INFO] [stderr]     Checking bevy_nds_math v0.1.0 (/opt/rustwide/workdir/crates/bevy_nds_math)
[INFO] [stderr]    Compiling portable-atomic v1.13.1
[INFO] [stderr]    Compiling simd-adler32 v0.3.10
[INFO] [stderr]    Compiling parking_lot v0.12.5
[INFO] [stderr]     Checking adler2 v2.0.1
[INFO] [stderr]    Compiling bevy_nds_3d_macros v0.1.0 (/opt/rustwide/workdir/crates/bevy_nds_3d_macros)
[INFO] [stderr]    Compiling itoa v1.0.18
[INFO] [stderr]     Checking memchr v2.8.1
[INFO] [stderr]    Compiling miniz_oxide v0.9.1
[INFO] [stderr]    Compiling toml_edit v0.22.27
[INFO] [stderr]     Checking bitflags v2.13.0
[INFO] [stderr]     Checking glam v0.29.3
[INFO] [stderr]     Checking bevy_nds_3d_cull v0.1.0 (/opt/rustwide/workdir/crates/bevy_nds_3d_cull)
[INFO] [stderr]    Compiling miniz_oxide v0.8.9
[INFO] [stderr]     Checking fdeflate v0.3.7
[INFO] [stderr]     Checking flate2 v1.1.10
[INFO] [stderr]     Checking lazy_static v1.5.1
[INFO] [stderr]    Compiling byteorder v1.5.0
[INFO] [stderr]     Checking png v0.18.1
[INFO] [stderr]    Compiling base64 v0.21.7
[INFO] [stderr]    Compiling kts_schema v0.1.0 (/opt/rustwide/workdir/crates/kts_schema)
[INFO] [stderr]    Compiling obj2dl v0.1.0 (/opt/rustwide/workdir/crates/obj2dl)
[INFO] [stderr]    Compiling png2sprite v0.1.0 (/opt/rustwide/workdir/crates/png2sprite)
[INFO] [stderr]    Compiling wav2bank v0.1.0 (/opt/rustwide/workdir/crates/wav2bank)
[INFO] [stderr]    Compiling png2bg v0.1.0 (/opt/rustwide/workdir/crates/png2bg)
[INFO] [stderr]     Checking bevy_nds_collide v0.1.0 (/opt/rustwide/workdir/crates/bevy_nds_collide)
[INFO] [stderr]     Checking perfread v0.1.0 (/opt/rustwide/workdir/crates/perfread)
[INFO] [stderr]    Compiling bevy_macro_utils v0.16.1
[INFO] [stderr]    Compiling derive_more-impl v1.0.0
[INFO] [stderr]    Compiling thiserror-impl v2.0.18
[INFO] [stderr]    Compiling variadics_please v1.1.0
[INFO] [stderr]    Compiling bevy_ecs_macros v0.16.1
[INFO] [stderr]    Compiling bevy_derive v0.16.1
[INFO] [stderr]    Compiling serde_derive v1.0.228
[INFO] [stderr]    Compiling gltf-derive v1.4.1
[INFO] [stderr]     Checking gltf-json v1.4.1
[INFO] [stderr]     Checking ron v0.8.1
[INFO] [stderr]     Checking derive_more v1.0.0
[INFO] [stderr]     Checking bevy_tasks v0.16.1
[INFO] [stderr]     Checking bevy_math v0.16.1
[INFO] [stderr]     Checking bevy_ecs v0.16.1
[INFO] [stderr]     Checking gltf v1.4.1
[INFO] [stderr]     Checking model2dsm v0.1.0 (/opt/rustwide/workdir/crates/model2dsm)
[INFO] [stderr]     Checking scene2bin v0.1.0 (/opt/rustwide/workdir/crates/scene2bin)
[INFO] [stdout] error[E0493]: destructor of `access::Access<component::ComponentId>` cannot be evaluated at compile-time
[INFO] [stdout]    --> /opt/rustwide/cargo-home/registry/src/index.crates.io-1949cf8c6b5b557f/bevy_ecs-0.16.1/src/world/filtered_resource.rs:225:21
[INFO] [stdout]     |
[INFO] [stdout] 225 |                 let mut access = Access::new();
[INFO] [stdout]     |                     ^^^^^^^^^^ the destructor for this type cannot be evaluated in constants
[INFO] [stdout] ...
[INFO] [stdout] 228 |             };
[INFO] [stdout]     |             - value is dropped here
[INFO] [stdout] 
[INFO] [stdout] 
[INFO] [stdout] error[E0493]: destructor of `access::Access<component::ComponentId>` cannot be evaluated at compile-time
[INFO] [stdout]    --> /opt/rustwide/cargo-home/registry/src/index.crates.io-1949cf8c6b5b557f/bevy_ecs-0.16.1/src/world/filtered_resource.rs:515:21
[INFO] [stdout]     |
[INFO] [stdout] 515 |                 let mut access = Access::new();
[INFO] [stdout]     |                     ^^^^^^^^^^ the destructor for this type cannot be evaluated in constants
[INFO] [stdout] ...
[INFO] [stdout] 518 |             };
[INFO] [stdout]     |             - value is dropped here
[INFO] [stdout] 
[INFO] [stdout] 
[INFO] [stderr]    Compiling kts v0.1.0 (/opt/rustwide/workdir)
[INFO] [stderr] warning: kts@0.1.0: asset compilation failed: could not create /opt/rustwide/workdir/build/nitrofs: Read-only file system (os error 30)
[INFO] [stderr] warning: kts@0.1.0: mmutil not found (run inside `nix develop`); soundbank.bin not baked — audio will be silent in the ROM
[INFO] [stderr] warning: kts@0.1.0: grit not found (run inside `nix develop`); sprite PNGs not baked — sprites will silently fail to load at runtime
[INFO] [stderr] warning: kts@0.1.0: grit not found (run inside `nix develop`); background PNGs not baked — backgrounds will silently fail to load at runtime
[INFO] [stderr] warning: kts@0.1.0: level baking FAILED — build/nitrofs/levels holds STALE or MISSING blobs: could not create /opt/rustwide/workdir/build/nitrofs/levels/facility: Read-only file system (os error 30) (run `just check-levels`)
[INFO] [stdout] error[E0493]: destructor of `access::Access<component::ComponentId>` cannot be evaluated at compile-time
[INFO] [stdout]    --> /opt/rustwide/cargo-home/registry/src/index.crates.io-1949cf8c6b5b557f/bevy_ecs-0.16.1/src/world/filtered_resource.rs:225:21
[INFO] [stdout]     |
[INFO] [stdout] 225 |                 let mut access = Access::new();
[INFO] [stdout]     |                     ^^^^^^^^^^ the destructor for this type cannot be evaluated in constants
[INFO] [stdout] ...
[INFO] [stdout] 228 |             };
[INFO] [stdout]     |             - value is dropped here
[INFO] [stdout] 
[INFO] [stdout] 
[INFO] [stdout] error[E0493]: destructor of `access::Access<component::ComponentId>` cannot be evaluated at compile-time
[INFO] [stdout]    --> /opt/rustwide/cargo-home/registry/src/index.crates.io-1949cf8c6b5b557f/bevy_ecs-0.16.1/src/world/filtered_resource.rs:515:21
[INFO] [stdout]     |
[INFO] [stdout] 515 |                 let mut access = Access::new();
[INFO] [stdout]     |                     ^^^^^^^^^^ the destructor for this type cannot be evaluated in constants
[INFO] [stdout] ...
[INFO] [stdout] 518 |             };
[INFO] [stdout]     |             - value is dropped here
[INFO] [stdout] 
[INFO] [stdout] 
[INFO] [stdout] For more information about this error, try `rustc --explain E0493`.
[INFO] [stdout] 
[INFO] [stderr] error: could not compile `bevy_ecs` (lib) due to 2 previous errors
[INFO] [stderr] warning: build failed, waiting for other jobs to finish...
[INFO] [stdout] For more information about this error, try `rustc --explain E0493`.
[INFO] [stdout] 
[INFO] [stderr] error: could not compile `bevy_ecs` (lib) due to 2 previous errors
[INFO] running `Command { std: "docker" "inspect" "c3b1a400feb68b315e2a80c4c4b04afa398515dc1ee0055dd366614d94400bda", kill_on_drop: false }`
[INFO] running `Command { std: "docker" "rm" "-f" "c3b1a400feb68b315e2a80c4c4b04afa398515dc1ee0055dd366614d94400bda", kill_on_drop: false }`
[INFO] [stdout] c3b1a400feb68b315e2a80c4c4b04afa398515dc1ee0055dd366614d94400bda
