[INFO] cloning repository https://github.com/AnalyseDeCircuit/russh
[INFO] running `Command { std: "git" "-c" "credential.helper=" "-c" "credential.helper=/workspace/cargo-home/bin/git-credential-null" "clone" "--bare" "https://github.com/AnalyseDeCircuit/russh" "/workspace/cache/git-repos/https%3A%2F%2Fgithub.com%2FAnalyseDeCircuit%2Frussh", kill_on_drop: false }`
[INFO] [stderr] Cloning into bare repository '/workspace/cache/git-repos/https%3A%2F%2Fgithub.com%2FAnalyseDeCircuit%2Frussh'...
[INFO] running `Command { std: "git" "rev-parse" "HEAD", kill_on_drop: false }`
[INFO] [stdout] 58542ed1045f033abeca4a91164109ab18d9304a
[INFO] checking AnalyseDeCircuit/russh against c60b92c03ca8a3b101eb9d57f51e2232690638c7 for pr-164148-crater-rollup
[INFO] running `Command { std: "git" "clone" "/workspace/cache/git-repos/https%3A%2F%2Fgithub.com%2FAnalyseDeCircuit%2Frussh" "/workspace/builds/worker-1-tc2/source", kill_on_drop: false }`
[INFO] [stderr] Cloning into '/workspace/builds/worker-1-tc2/source'...
[INFO] [stderr] done.
[INFO] started tweaking git repo https://github.com/AnalyseDeCircuit/russh
[INFO] removed 0 missing examples
[INFO] removed 0 missing tests
[INFO] finished tweaking git repo https://github.com/AnalyseDeCircuit/russh
[INFO] tweaked toml for git repo https://github.com/AnalyseDeCircuit/russh written to /workspace/builds/worker-1-tc2/source/Cargo.toml
[INFO] validating manifest of git repo https://github.com/AnalyseDeCircuit/russh on toolchain c60b92c03ca8a3b101eb9d57f51e2232690638c7
[INFO] running `Command { std: CARGO_HOME="/workspace/cargo-home" RUSTUP_HOME="/workspace/rustup-home" "/workspace/cargo-home/bin/cargo" "+c60b92c03ca8a3b101eb9d57f51e2232690638c7" "metadata" "--manifest-path" "Cargo.toml" "--no-deps", kill_on_drop: false }`
[INFO] crate git repo https://github.com/AnalyseDeCircuit/russh already has a lockfile, it will not be regenerated
[INFO] running `Command { std: CARGO_HOME="/workspace/cargo-home" RUSTUP_HOME="/workspace/rustup-home" "/workspace/cargo-home/bin/cargo" "+c60b92c03ca8a3b101eb9d57f51e2232690638c7" "fetch" "--manifest-path" "Cargo.toml", kill_on_drop: false }`
[INFO] running `Command { std: "docker" "create" "-v" "/var/lib/crater-agent-workspace/builds/worker-1-tc2/source:/opt/rustwide/workdir:ro,Z" "-v" "/var/lib/crater-agent-workspace/builds/worker-1-tc2/target:/opt/rustwide/target:rw,Z" "-v" "/var/lib/crater-agent-workspace/cargo-home:/opt/rustwide/cargo-home:ro,Z" "-v" "/var/lib/crater-agent-workspace/rustup-home:/opt/rustwide/rustup-home:ro,Z" "-m" "1610612736" "--network" "none" "ghcr.io/rust-lang/crates-build-env/linux@sha256:77db811e55d90add9212f6832c23229e3de5f1c1f9905e8cb07319ea15df73ac" "sleep" "infinity", kill_on_drop: false }`
[INFO] [stdout] fb2b38251295b574fa6f37cb58ab45345d96e657cbc2ec978da6b5a09235ccde
[INFO] running `Command { std: "docker" "start" "fb2b38251295b574fa6f37cb58ab45345d96e657cbc2ec978da6b5a09235ccde", kill_on_drop: false }`
[INFO] running `Command { std: "docker" "inspect" "fb2b38251295b574fa6f37cb58ab45345d96e657cbc2ec978da6b5a09235ccde", kill_on_drop: false }`
[INFO] running `Command { std: "docker" "exec" "-e" "SOURCE_DIR=/opt/rustwide/workdir" "-e" "CARGO_HOME=/opt/rustwide/cargo-home" "-e" "RUSTUP_HOME=/opt/rustwide/rustup-home" "-e" "CARGO_TARGET_DIR=/opt/rustwide/target" "-w" "/opt/rustwide/workdir" "--user" "0:0" "fb2b38251295b574fa6f37cb58ab45345d96e657cbc2ec978da6b5a09235ccde" "/opt/rustwide/cargo-home/bin/cargo" "+c60b92c03ca8a3b101eb9d57f51e2232690638c7" "metadata" "--no-deps" "--format-version=1", kill_on_drop: false }`
[INFO] running `Command { std: "docker" "inspect" "fb2b38251295b574fa6f37cb58ab45345d96e657cbc2ec978da6b5a09235ccde", kill_on_drop: false }`
[INFO] running `Command { std: "docker" "exec" "-e" "SOURCE_DIR=/opt/rustwide/workdir" "-e" "CARGO_HOME=/opt/rustwide/cargo-home" "-e" "RUSTUP_HOME=/opt/rustwide/rustup-home" "-e" "CARGO_TARGET_DIR=/opt/rustwide/target" "-e" "CARGO_INCREMENTAL=0" "-e" "RUST_BACKTRACE=full" "-e" "RUSTFLAGS=--cap-lints=forbid" "-e" "RUSTDOCFLAGS=--cap-lints=forbid" "-w" "/opt/rustwide/workdir" "--user" "0:0" "fb2b38251295b574fa6f37cb58ab45345d96e657cbc2ec978da6b5a09235ccde" "/opt/rustwide/cargo-home/bin/cargo" "+c60b92c03ca8a3b101eb9d57f51e2232690638c7" "check" "--frozen" "--all" "--all-targets" "--message-format=json", kill_on_drop: false }`
[INFO] [stderr]    Compiling libc v0.2.186
[INFO] [stderr]     Checking subtle v2.6.1
[INFO] [stderr]     Checking cmov v0.5.4
[INFO] [stderr]    Compiling getrandom v0.4.2
[INFO] [stderr]     Checking cpubits v0.1.1
[INFO] [stderr]     Checking pem-rfc7468 v1.0.0
[INFO] [stderr]     Checking base16ct v1.0.0
[INFO] [stderr]     Checking bitflags v2.13.2
[INFO] [stderr]    Compiling syn v3.0.3
[INFO] [stderr]    Compiling zeroize_derive v1.4.3
[INFO] [stderr]    Compiling tokio-macros v2.7.0
[INFO] [stderr]    Compiling futures-macro v0.3.32
[INFO] [stderr]    Compiling libm v0.2.16
[INFO] [stderr]    Compiling rustix v1.1.4
[INFO] [stderr]     Checking compact_str v0.9.0
[INFO] [stderr]     Checking unicode-truncate v2.0.1
[INFO] [stderr]     Checking ff v0.14.0
[INFO] [stderr]    Compiling convert_case v0.10.0
[INFO] [stderr]     Checking strum v0.27.2
[INFO] [stderr]    Compiling curve25519-dalek v5.0.0-rc.1
[INFO] [stderr]     Checking ctutils v0.4.2
[INFO] [stderr]     Checking lru v0.16.4
[INFO] [stderr]    Compiling nix v0.31.2
[INFO] [stderr]     Checking group v0.14.0
[INFO] [stderr]    Compiling generic-array v0.14.7
[INFO] [stderr]    Compiling instability v0.3.12
[INFO] [stderr]    Compiling curve25519-dalek-derive v0.1.1
[INFO] [stderr]     Checking keccak v0.2.0
[INFO] [stderr]     Checking num-conv v0.2.1
[INFO] [stderr]     Checking regex-automata v0.4.14
[INFO] [stderr]    Compiling derive_more-impl v2.1.1
[INFO] [stderr]     Checking line-clipping v0.3.7
[INFO] [stderr]    Compiling aws-lc-rs v1.16.3
[INFO] [stderr]     Checking zeroize v1.8.2
[INFO] [stderr]     Checking rand_chacha v0.10.0
[INFO] [stderr]     Checking futures-util v0.3.32
[INFO] [stderr]     Checking sponge-cursor v0.1.0
[INFO] [stderr]     Checking hybrid-array v0.4.13
[INFO] [stderr]     Checking der v0.8.0
[INFO] [stderr]    Compiling enum_dispatch v0.3.13
[INFO] [stderr]     Checking chrono v0.4.45
[INFO] [stderr]     Checking num-bigint v0.4.6
[INFO] [stderr]    Compiling clap_derive v4.6.1
[INFO] [stderr]     Checking generic-array v1.4.1
[INFO] [stderr]     Checking serde_bytes v0.11.19
[INFO] [stderr]     Checking hex-literal v1.1.0
[INFO] [stderr]     Checking md5 v0.8.0
[INFO] [stderr]     Checking numtoa v0.2.4
[INFO] [stdout] error[E0493]: destructor of `ArrayBuilder<T, N>` cannot be evaluated at compile-time
[INFO] [stdout]    --> /opt/rustwide/cargo-home/registry/src/index.crates.io-1949cf8c6b5b557f/generic-array-1.4.1/src/internal.rs:103:31
[INFO] [stdout]     |
[INFO] [stdout] 103 |     pub unsafe fn assume_init(self) -> GenericArray<T, N> {
[INFO] [stdout]     |                               ^^^^ the destructor for this type cannot be evaluated in constant functions
[INFO] [stdout] ...
[INFO] [stdout] 109 |     }
[INFO] [stdout]     |     - value is dropped here
[INFO] [stdout] 
[INFO] [stdout] 
[INFO] [stderr]     Checking derive_more v2.1.1
[INFO] [stderr]     Checking jiff v0.2.24
[INFO] [stdout] error[E0493]: destructor of `GenericArray<core::mem::MaybeUninit<*const T>, N>` cannot be evaluated at compile-time
[INFO] [stdout]    --> /opt/rustwide/cargo-home/registry/src/index.crates.io-1949cf8c6b5b557f/generic-array-1.4.1/src/lib.rs:970:13
[INFO] [stdout]     |
[INFO] [stdout] 970 |         let mut out: GenericArray<MaybeUninit<*const T>, N> = GenericArray::uninit();
[INFO] [stdout]     |             ^^^^^^^ the destructor for this type cannot be evaluated in constant functions
[INFO] [stdout] ...
[INFO] [stdout] 985 |     }
[INFO] [stdout]     |     - value is dropped here
[INFO] [stdout] 
[INFO] [stdout] 
[INFO] [stdout] error[E0493]: destructor of `GenericArray<core::mem::MaybeUninit<*mut T>, N>` cannot be evaluated at compile-time
[INFO] [stdout]     --> /opt/rustwide/cargo-home/registry/src/index.crates.io-1949cf8c6b5b557f/generic-array-1.4.1/src/lib.rs:1005:13
[INFO] [stdout]      |
[INFO] [stdout] 1005 |         let mut out: GenericArray<MaybeUninit<*mut T>, N> = GenericArray::uninit();
[INFO] [stdout]      |             ^^^^^^^ the destructor for this type cannot be evaluated in constant functions
[INFO] [stdout] ...
[INFO] [stdout] 1020 |     }
[INFO] [stdout]      |     - value is dropped here
[INFO] [stdout] 
[INFO] [stdout] 
[INFO] [stdout] For more information about this error, try `rustc --explain E0493`.
[INFO] [stdout] 
[INFO] [stderr]     Checking shell-escape v0.1.5
[INFO] [stderr] error: could not compile `generic-array` (lib) due to 3 previous errors
[INFO] [stderr] warning: build failed, waiting for other jobs to finish...
[INFO] running `Command { std: "docker" "inspect" "fb2b38251295b574fa6f37cb58ab45345d96e657cbc2ec978da6b5a09235ccde", kill_on_drop: false }`
[INFO] running `Command { std: "docker" "rm" "-f" "fb2b38251295b574fa6f37cb58ab45345d96e657cbc2ec978da6b5a09235ccde", kill_on_drop: false }`
[INFO] [stdout] fb2b38251295b574fa6f37cb58ab45345d96e657cbc2ec978da6b5a09235ccde
