[INFO] cloning repository https://github.com/Aloecraft-org/ego-transport
[INFO] running `Command { std: "git" "-c" "credential.helper=" "-c" "credential.helper=/workspace/cargo-home/bin/git-credential-null" "clone" "--bare" "https://github.com/Aloecraft-org/ego-transport" "/workspace/cache/git-repos/https%3A%2F%2Fgithub.com%2FAloecraft-org%2Fego-transport", kill_on_drop: false }`
[INFO] [stderr] Cloning into bare repository '/workspace/cache/git-repos/https%3A%2F%2Fgithub.com%2FAloecraft-org%2Fego-transport'...
[INFO] running `Command { std: "git" "rev-parse" "HEAD", kill_on_drop: false }`
[INFO] [stdout] 4a57c51ac7fff8e4f651252a75c443890f88d66f
[INFO] checking Aloecraft-org/ego-transport against c60b92c03ca8a3b101eb9d57f51e2232690638c7 for pr-164148-crater-rollup
[INFO] running `Command { std: "git" "clone" "/workspace/cache/git-repos/https%3A%2F%2Fgithub.com%2FAloecraft-org%2Fego-transport" "/workspace/builds/worker-0-tc2/source", kill_on_drop: false }`
[INFO] [stderr] Cloning into '/workspace/builds/worker-0-tc2/source'...
[INFO] [stderr] done.
[INFO] removed /workspace/builds/worker-0-tc2/source/.cargo/config.toml
[INFO] started tweaking git repo https://github.com/Aloecraft-org/ego-transport
[INFO] finished tweaking git repo https://github.com/Aloecraft-org/ego-transport
[INFO] tweaked toml for git repo https://github.com/Aloecraft-org/ego-transport written to /workspace/builds/worker-0-tc2/source/Cargo.toml
[INFO] validating manifest of git repo https://github.com/Aloecraft-org/ego-transport on toolchain c60b92c03ca8a3b101eb9d57f51e2232690638c7
[INFO] running `Command { std: CARGO_HOME="/workspace/cargo-home" RUSTUP_HOME="/workspace/rustup-home" "/workspace/cargo-home/bin/cargo" "+c60b92c03ca8a3b101eb9d57f51e2232690638c7" "metadata" "--manifest-path" "Cargo.toml" "--no-deps", kill_on_drop: false }`
[INFO] crate git repo https://github.com/Aloecraft-org/ego-transport already has a lockfile, it will not be regenerated
[INFO] running `Command { std: CARGO_HOME="/workspace/cargo-home" RUSTUP_HOME="/workspace/rustup-home" "/workspace/cargo-home/bin/cargo" "+c60b92c03ca8a3b101eb9d57f51e2232690638c7" "fetch" "--manifest-path" "Cargo.toml", kill_on_drop: false }`
[INFO] running `Command { std: "docker" "create" "-v" "/var/lib/crater-agent-workspace/builds/worker-0-tc2/source:/opt/rustwide/workdir:ro,Z" "-v" "/var/lib/crater-agent-workspace/builds/worker-0-tc2/target:/opt/rustwide/target:rw,Z" "-v" "/var/lib/crater-agent-workspace/cargo-home:/opt/rustwide/cargo-home:ro,Z" "-v" "/var/lib/crater-agent-workspace/rustup-home:/opt/rustwide/rustup-home:ro,Z" "-m" "1610612736" "--network" "none" "ghcr.io/rust-lang/crates-build-env/linux@sha256:77db811e55d90add9212f6832c23229e3de5f1c1f9905e8cb07319ea15df73ac" "sleep" "infinity", kill_on_drop: false }`
[INFO] [stdout] 5f278e232a1420a7ba0a362d72a99c2b6435d787887f38ca74eaa41de4cfe11c
[INFO] running `Command { std: "docker" "start" "5f278e232a1420a7ba0a362d72a99c2b6435d787887f38ca74eaa41de4cfe11c", kill_on_drop: false }`
[INFO] running `Command { std: "docker" "inspect" "5f278e232a1420a7ba0a362d72a99c2b6435d787887f38ca74eaa41de4cfe11c", kill_on_drop: false }`
[INFO] running `Command { std: "docker" "exec" "-e" "SOURCE_DIR=/opt/rustwide/workdir" "-e" "CARGO_HOME=/opt/rustwide/cargo-home" "-e" "RUSTUP_HOME=/opt/rustwide/rustup-home" "-e" "CARGO_TARGET_DIR=/opt/rustwide/target" "-w" "/opt/rustwide/workdir" "--user" "0:0" "5f278e232a1420a7ba0a362d72a99c2b6435d787887f38ca74eaa41de4cfe11c" "/opt/rustwide/cargo-home/bin/cargo" "+c60b92c03ca8a3b101eb9d57f51e2232690638c7" "metadata" "--no-deps" "--format-version=1", kill_on_drop: false }`
[INFO] running `Command { std: "docker" "inspect" "5f278e232a1420a7ba0a362d72a99c2b6435d787887f38ca74eaa41de4cfe11c", kill_on_drop: false }`
[INFO] running `Command { std: "docker" "exec" "-e" "SOURCE_DIR=/opt/rustwide/workdir" "-e" "CARGO_HOME=/opt/rustwide/cargo-home" "-e" "RUSTUP_HOME=/opt/rustwide/rustup-home" "-e" "CARGO_TARGET_DIR=/opt/rustwide/target" "-e" "CARGO_INCREMENTAL=0" "-e" "RUST_BACKTRACE=full" "-e" "RUSTFLAGS=--cap-lints=forbid" "-e" "RUSTDOCFLAGS=--cap-lints=forbid" "-w" "/opt/rustwide/workdir" "--user" "0:0" "5f278e232a1420a7ba0a362d72a99c2b6435d787887f38ca74eaa41de4cfe11c" "/opt/rustwide/cargo-home/bin/cargo" "+c60b92c03ca8a3b101eb9d57f51e2232690638c7" "check" "--frozen" "--all" "--all-targets" "--message-format=json", kill_on_drop: false }`
[INFO] [stderr]     Checking subtle v2.6.1
[INFO] [stderr]    Compiling getrandom v0.4.3
[INFO] [stderr]     Checking base64ct v1.8.3
[INFO] [stderr]     Checking smallvec v1.15.2
[INFO] [stderr]     Checking cpubits v0.1.1
[INFO] [stderr]     Checking log v0.4.34
[INFO] [stderr]    Compiling syn v2.0.119
[INFO] [stderr]    Compiling syn v3.0.4
[INFO] [stderr]     Checking getrandom v0.2.17
[INFO] [stderr]     Checking ppv-lite86 v0.2.21
[INFO] [stderr]     Checking getrandom v0.3.4
[INFO] [stderr]    Compiling memoffset v0.7.1
[INFO] [stderr]     Checking ipnet v2.12.1
[INFO] [stderr]     Checking futures-sink v0.3.34
[INFO] [stderr]    Compiling time-macros v0.2.32
[INFO] [stderr]     Checking num-conv v0.2.2
[INFO] [stderr]     Checking time-core v0.1.9
[INFO] [stderr]     Checking ctutils v0.4.2
[INFO] [stderr]     Checking rand_core v0.6.4
[INFO] [stderr]     Checking ff v0.14.0
[INFO] [stderr]     Checking futures-channel v0.3.34
[INFO] [stderr]     Checking ring v0.17.14
[INFO] [stderr]     Checking rand_core v0.9.5
[INFO] [stderr]     Checking deranged v0.5.8
[INFO] [stderr]     Checking base16ct v1.0.0
[INFO] [stderr]     Checking nix v0.26.4
[INFO] [stderr]     Checking parking_lot_core v0.9.12
[INFO] [stderr]     Checking pem-rfc7468 v1.0.0
[INFO] [stderr]     Checking pem-rfc7468 v0.7.0
[INFO] [stderr]     Checking group v0.14.0
[INFO] [stderr]     Checking nom v7.1.3
[INFO] [stderr]     Checking ff v0.13.1
[INFO] [stderr]     Checking base16ct v0.2.0
[INFO] [stderr]     Checking aho-corasick v1.1.5
[INFO] [stderr]     Checking crc-catalog v2.5.0
[INFO] [stderr]     Checking num-bigint v0.4.8
[INFO] [stderr]    Compiling oid-registry v0.7.1
[INFO] [stderr]     Checking parking_lot v0.12.5
[INFO] [stderr]     Checking group v0.13.0
[INFO] [stderr]    Compiling curve25519-dalek v4.1.3
[INFO] [stderr]    Compiling curve25519-dalek v5.0.0
[INFO] [stderr]     Checking crc v3.4.0
[INFO] [stderr]     Checking simdutf8 v0.1.5
[INFO] [stderr]    Compiling nix v0.31.3
[INFO] [stderr]     Checking rand_chacha v0.9.0
[INFO] [stderr]     Checking keccak v0.2.2
[INFO] [stderr]    Compiling substring v1.4.5
[INFO] [stderr]    Compiling crc32fast v1.5.1
[INFO] [stderr]     Checking jiff-core v0.1.0
[INFO] [stderr]     Checking waitgroup v0.1.2
[INFO] [stderr]     Checking anstream v1.0.0
[INFO] [stderr]     Checking rand v0.9.5
[INFO] [stderr]    Compiling rustls v0.23.43
[INFO] [stderr]     Checking rand_chacha v0.3.1
[INFO] [stderr]     Checking pem v3.0.6
[INFO] [stderr]     Checking uuid v1.25.0
[INFO] [stderr]     Checking socket2 v0.5.10
[INFO] [stderr]     Checking simd-adler32 v0.3.10
[INFO] [stderr]     Checking rand v0.8.8
[INFO] [stderr]     Checking miniz_oxide v0.8.9
[INFO] [stderr]     Checking rand_chacha v0.10.0
[INFO] [stderr]     Checking sponge-cursor v0.1.0
[INFO] [stderr]     Checking md5 v0.8.1
[INFO] [stderr]     Checking hex-literal v1.1.0
[INFO] [stderr]    Compiling either v1.18.0
[INFO] [stderr]    Compiling anyhow v1.0.104
[INFO] [stderr]    Compiling libc v0.2.189
[INFO] [stderr]     Checking regex-automata v0.4.18
[INFO] [stderr]    Compiling rustix v1.1.4
[INFO] [stderr]    Compiling bytes v1.12.1
[INFO] [stderr]     Checking flate2 v1.1.9
[INFO] [stderr]    Compiling bitflags v2.13.1
[INFO] [stderr]     Checking time v0.3.55
[INFO] [stderr]    Compiling itertools v0.14.0
[INFO] [stderr]    Compiling fixedbitset v0.5.7
[INFO] [stderr]    Compiling fastrand v2.5.0
[INFO] [stderr]     Checking jiff v0.2.35
[INFO] [stderr]    Compiling petgraph v0.7.1
[INFO] [stderr]     Checking rusticata-macros v4.1.0
[INFO] [stderr]    Compiling regex v1.13.1
[INFO] [stderr]    Compiling tempfile v3.27.0
[INFO] [stderr]     Checking env_filter v2.0.0
[INFO] [stderr]     Checking yasna v0.5.2
[INFO] [stderr]    Compiling displaydoc v0.2.7
[INFO] [stderr]    Compiling tokio-macros v2.7.2
[INFO] [stderr]    Compiling zerovec-derive v0.11.6
[INFO] [stderr]    Compiling async-trait v0.1.92
[INFO] [stderr]    Compiling futures-macro v0.3.34
[INFO] [stderr]    Compiling serde_derive v1.0.229
[INFO] [stderr]    Compiling ptr_meta_derive v0.3.2
[INFO] [stderr]    Compiling bytecheck_derive v0.8.3
[INFO] [stderr]    Compiling rkyv_derive v0.8.18
[INFO] [stderr]    Compiling thiserror-impl v2.0.20
[INFO] [stderr]     Checking env_logger v0.11.11
[INFO] [stderr]     Checking ptr_meta v0.3.2
[INFO] [stderr]     Checking rancor v0.1.3
[INFO] [stderr]     Checking tokio v1.53.1
[INFO] [stderr]    Compiling synstructure v0.13.2
[INFO] [stderr]    Compiling prettyplease v0.2.37
[INFO] [stderr]     Checking bytecheck v0.8.3
[INFO] [stderr]     Checking rend v0.5.4
[INFO] [stderr]     Checking futures-util v0.3.34
[INFO] [stderr]    Compiling zeroize_derive v1.5.0
[INFO] [stderr]    Compiling thiserror-impl v1.0.69
[INFO] [stderr]    Compiling curve25519-dalek-derive v0.1.1
[INFO] [stderr]    Compiling asn1-rs-impl v0.2.0
[INFO] [stderr]    Compiling munge_macro v0.4.7
[INFO] [stderr]    Compiling delegate v0.13.5
[INFO] [stderr]    Compiling enum_dispatch v0.3.13
[INFO] [stderr]    Compiling prost-derive v0.13.5
[INFO] [stderr]    Compiling zerofrom-derive v0.1.7
[INFO] [stderr]    Compiling yoke-derive v0.8.2
[INFO] [stderr]    Compiling asn1-rs-derive v0.5.1
[INFO] [stderr]     Checking munge v0.4.7
[INFO] [stderr]     Checking zeroize v1.9.0
[INFO] [stderr]    Compiling prost-derive v0.14.4
[INFO] [stderr]     Checking hybrid-array v0.4.14
[INFO] [stderr]     Checking generic-array v0.14.7
[INFO] [stderr]     Checking der v0.8.1
[INFO] [stderr]     Checking der v0.7.10
[INFO] [stderr]     Checking rustls-pki-types v1.15.1
[INFO] [stderr]     Checking thiserror v1.0.69
[INFO] [stderr]     Checking thiserror v2.0.20
[INFO] [stderr]     Checking asn1-rs v0.6.2
[INFO] [stderr]     Checking zerofrom v0.1.8
[INFO] [stderr]     Checking yoke v0.8.3
[INFO] [stderr]     Checking rustls-webpki v0.103.15
[INFO] [stderr]     Checking crypto-common v0.1.7
[INFO] [stderr]     Checking block-buffer v0.10.4
[INFO] [stderr]     Checking zerovec v0.11.8
[INFO] [stderr]     Checking block-padding v0.3.3
[INFO] [stderr]     Checking zerotrie v0.2.5
[INFO] [stderr]     Checking universal-hash v0.5.1
[INFO] [stderr]     Checking digest v0.10.7
[INFO] [stderr]     Checking inout v0.1.4
[INFO] [stderr]     Checking aead v0.5.2
[INFO] [stderr]     Checking spki v0.7.3
[INFO] [stderr]     Checking cipher v0.4.4
[INFO] [stderr]     Checking crypto-bigint v0.5.5
[INFO] [stderr]     Checking hmac v0.12.1
[INFO] [stderr]     Checking pkcs8 v0.10.2
[INFO] [stderr]     Checking sec1 v0.7.3
[INFO] [stderr]     Checking sha1 v0.10.7
[INFO] [stderr]     Checking polyval v0.6.2
[INFO] [stderr]     Checking signature v2.2.0
[INFO] [stderr]     Checking hkdf v0.12.4
[INFO] [stderr]     Checking ghash v0.5.1
[INFO] [stderr]     Checking rfc6979 v0.4.0
[INFO] [stderr]     Checking md-5 v0.10.6
[INFO] [stderr]     Checking ctr v0.9.2
[INFO] [stderr]     Checking aes v0.8.4
[INFO] [stderr]     Checking sha2 v0.10.9
[INFO] [stderr]     Checking chacha20 v0.9.1
[INFO] [stderr]     Checking poly1305 v0.8.0
[INFO] [stderr]     Checking cbc v0.1.2
[INFO] [stderr]     Checking ccm v0.5.0
[INFO] [stderr]     Checking tungstenite v0.24.0
[INFO] [stderr]     Checking generic-array v1.4.5
[INFO] [stderr]     Checking tinystr v0.8.4
[INFO] [stderr]     Checking potential_utf v0.1.6
[INFO] [stderr]     Checking aes-gcm v0.10.3
[INFO] [stderr]     Checking icu_locale_core v2.3.0
[INFO] [stderr]     Checking chacha20poly1305 v0.10.1
[INFO] [stderr]    Compiling prost v0.13.5
[INFO] [stderr]     Checking icu_collections v2.3.0
[INFO] [stderr]     Checking prost v0.14.4
[INFO] [stderr]     Checking spki v0.8.0
[INFO] [stderr]     Checking x25519-dalek v2.0.1
[INFO] [stderr]     Checking pkcs1 v0.8.0-rc.4
[INFO] [stdout] error[E0493]: destructor of `ArrayBuilder<T, N>` cannot be evaluated at compile-time
[INFO] [stdout]    --> /opt/rustwide/cargo-home/registry/src/index.crates.io-1949cf8c6b5b557f/generic-array-1.4.5/src/internal.rs:103:31
[INFO] [stdout]     |
[INFO] [stdout] 103 |     pub unsafe fn assume_init(self) -> GenericArray<T, N> {
[INFO] [stdout]     |                               ^^^^ the destructor for this type cannot be evaluated in constant functions
[INFO] [stdout] ...
[INFO] [stdout] 109 |     }
[INFO] [stdout]     |     - value is dropped here
[INFO] [stdout] 
[INFO] [stdout] 
[INFO] [stdout] error[E0493]: destructor of `GenericArray<core::mem::MaybeUninit<*const T>, N>` cannot be evaluated at compile-time
[INFO] [stdout]    --> /opt/rustwide/cargo-home/registry/src/index.crates.io-1949cf8c6b5b557f/generic-array-1.4.5/src/lib.rs:983:13
[INFO] [stdout]     |
[INFO] [stdout] 983 |         let mut out: GenericArray<MaybeUninit<*const T>, N> = GenericArray::uninit();
[INFO] [stdout]     |             ^^^^^^^ the destructor for this type cannot be evaluated in constant functions
[INFO] [stdout] ...
[INFO] [stdout] 998 |     }
[INFO] [stdout]     |     - value is dropped here
[INFO] [stdout] 
[INFO] [stdout] 
[INFO] [stdout] error[E0493]: destructor of `GenericArray<core::mem::MaybeUninit<*mut T>, N>` cannot be evaluated at compile-time
[INFO] [stdout]     --> /opt/rustwide/cargo-home/registry/src/index.crates.io-1949cf8c6b5b557f/generic-array-1.4.5/src/lib.rs:1018:13
[INFO] [stdout]      |
[INFO] [stdout] 1018 |         let mut out: GenericArray<MaybeUninit<*mut T>, N> = GenericArray::uninit();
[INFO] [stdout]      |             ^^^^^^^ the destructor for this type cannot be evaluated in constant functions
[INFO] [stdout] ...
[INFO] [stdout] 1033 |     }
[INFO] [stdout]      |     - value is dropped here
[INFO] [stdout] 
[INFO] [stdout] 
[INFO] [stdout] For more information about this error, try `rustc --explain E0493`.
[INFO] [stdout] 
[INFO] [stderr] error: could not compile `generic-array` (lib) due to 3 previous errors
[INFO] [stderr] warning: build failed, waiting for other jobs to finish...
[INFO] running `Command { std: "docker" "inspect" "5f278e232a1420a7ba0a362d72a99c2b6435d787887f38ca74eaa41de4cfe11c", kill_on_drop: false }`
[INFO] running `Command { std: "docker" "rm" "-f" "5f278e232a1420a7ba0a362d72a99c2b6435d787887f38ca74eaa41de4cfe11c", kill_on_drop: false }`
[INFO] [stdout] 5f278e232a1420a7ba0a362d72a99c2b6435d787887f38ca74eaa41de4cfe11c
