[INFO] cloning repository https://github.com/Alex222222222222/github_backup
[INFO] running `Command { std: "git" "-c" "credential.helper=" "-c" "credential.helper=/workspace/cargo-home/bin/git-credential-null" "clone" "--bare" "https://github.com/Alex222222222222/github_backup" "/workspace/cache/git-repos/https%3A%2F%2Fgithub.com%2FAlex222222222222%2Fgithub_backup", kill_on_drop: false }`
[INFO] [stderr] Cloning into bare repository '/workspace/cache/git-repos/https%3A%2F%2Fgithub.com%2FAlex222222222222%2Fgithub_backup'...
[INFO] running `Command { std: "git" "rev-parse" "HEAD", kill_on_drop: false }`
[INFO] [stdout] ccc5fa514c01c311e854fe3655cfe4217853d9e4
[INFO] checking Alex222222222222/github_backup against c60b92c03ca8a3b101eb9d57f51e2232690638c7 for pr-164148-crater-rollup
[INFO] running `Command { std: "git" "clone" "/workspace/cache/git-repos/https%3A%2F%2Fgithub.com%2FAlex222222222222%2Fgithub_backup" "/workspace/builds/worker-5-tc2/source", kill_on_drop: false }`
[INFO] [stderr] Cloning into '/workspace/builds/worker-5-tc2/source'...
[INFO] [stderr] done.
[INFO] started tweaking git repo https://github.com/Alex222222222222/github_backup
[INFO] finished tweaking git repo https://github.com/Alex222222222222/github_backup
[INFO] tweaked toml for git repo https://github.com/Alex222222222222/github_backup written to /workspace/builds/worker-5-tc2/source/Cargo.toml
[INFO] validating manifest of git repo https://github.com/Alex222222222222/github_backup on toolchain c60b92c03ca8a3b101eb9d57f51e2232690638c7
[INFO] running `Command { std: CARGO_HOME="/workspace/cargo-home" RUSTUP_HOME="/workspace/rustup-home" "/workspace/cargo-home/bin/cargo" "+c60b92c03ca8a3b101eb9d57f51e2232690638c7" "metadata" "--manifest-path" "Cargo.toml" "--no-deps", kill_on_drop: false }`
[INFO] crate git repo https://github.com/Alex222222222222/github_backup already has a lockfile, it will not be regenerated
[INFO] running `Command { std: CARGO_HOME="/workspace/cargo-home" RUSTUP_HOME="/workspace/rustup-home" "/workspace/cargo-home/bin/cargo" "+c60b92c03ca8a3b101eb9d57f51e2232690638c7" "fetch" "--manifest-path" "Cargo.toml", kill_on_drop: false }`
[INFO] running `Command { std: "docker" "create" "-v" "/var/lib/crater-agent-workspace/builds/worker-5-tc2/source:/opt/rustwide/workdir:ro,Z" "-v" "/var/lib/crater-agent-workspace/builds/worker-5-tc2/target:/opt/rustwide/target:rw,Z" "-v" "/var/lib/crater-agent-workspace/cargo-home:/opt/rustwide/cargo-home:ro,Z" "-v" "/var/lib/crater-agent-workspace/rustup-home:/opt/rustwide/rustup-home:ro,Z" "-m" "1610612736" "--network" "none" "ghcr.io/rust-lang/crates-build-env/linux@sha256:77db811e55d90add9212f6832c23229e3de5f1c1f9905e8cb07319ea15df73ac" "sleep" "infinity", kill_on_drop: false }`
[INFO] [stdout] 4b8f772f5880b4bb879d822fc0f01f886db33ed9807e11d0ff2a011b27a8ebab
[INFO] running `Command { std: "docker" "start" "4b8f772f5880b4bb879d822fc0f01f886db33ed9807e11d0ff2a011b27a8ebab", kill_on_drop: false }`
[INFO] running `Command { std: "docker" "inspect" "4b8f772f5880b4bb879d822fc0f01f886db33ed9807e11d0ff2a011b27a8ebab", kill_on_drop: false }`
[INFO] running `Command { std: "docker" "exec" "-e" "SOURCE_DIR=/opt/rustwide/workdir" "-e" "CARGO_HOME=/opt/rustwide/cargo-home" "-e" "RUSTUP_HOME=/opt/rustwide/rustup-home" "-e" "CARGO_TARGET_DIR=/opt/rustwide/target" "-w" "/opt/rustwide/workdir" "--user" "0:0" "4b8f772f5880b4bb879d822fc0f01f886db33ed9807e11d0ff2a011b27a8ebab" "/opt/rustwide/cargo-home/bin/cargo" "+c60b92c03ca8a3b101eb9d57f51e2232690638c7" "metadata" "--no-deps" "--format-version=1", kill_on_drop: false }`
[INFO] running `Command { std: "docker" "inspect" "4b8f772f5880b4bb879d822fc0f01f886db33ed9807e11d0ff2a011b27a8ebab", kill_on_drop: false }`
[INFO] running `Command { std: "docker" "exec" "-e" "SOURCE_DIR=/opt/rustwide/workdir" "-e" "CARGO_HOME=/opt/rustwide/cargo-home" "-e" "RUSTUP_HOME=/opt/rustwide/rustup-home" "-e" "CARGO_TARGET_DIR=/opt/rustwide/target" "-e" "CARGO_INCREMENTAL=0" "-e" "RUST_BACKTRACE=full" "-e" "RUSTFLAGS=--cap-lints=forbid" "-e" "RUSTDOCFLAGS=--cap-lints=forbid" "-w" "/opt/rustwide/workdir" "--user" "0:0" "4b8f772f5880b4bb879d822fc0f01f886db33ed9807e11d0ff2a011b27a8ebab" "/opt/rustwide/cargo-home/bin/cargo" "+c60b92c03ca8a3b101eb9d57f51e2232690638c7" "check" "--frozen" "--all" "--all-targets" "--message-format=json", kill_on_drop: false }`
[INFO] [stderr]    Compiling libc v0.2.189
[INFO] [stderr]     Checking subtle v2.6.1
[INFO] [stderr]     Checking rand_core v0.10.1
[INFO] [stderr]    Compiling getrandom v0.4.2
[INFO] [stderr]    Compiling serde_core v1.0.229
[INFO] [stderr]     Checking base64ct v1.8.3
[INFO] [stderr]    Compiling aws-lc-rs v1.18.1
[INFO] [stderr]    Compiling syn v3.0.6
[INFO] [stderr]     Checking http v1.4.0
[INFO] [stderr]     Checking rustls-pki-types v1.14.0
[INFO] [stderr]    Compiling zerovec-derive v0.11.2
[INFO] [stderr]    Compiling displaydoc v0.2.5
[INFO] [stderr]    Compiling zerofrom-derive v0.1.6
[INFO] [stderr]    Compiling yoke-derive v0.8.1
[INFO] [stderr]     Checking futures-util v0.3.32
[INFO] [stderr]    Compiling tiny-keccak v2.0.2
[INFO] [stderr]     Checking ctutils v0.4.2
[INFO] [stderr]     Checking ff v0.14.0
[INFO] [stderr]    Compiling rustls v0.23.37
[INFO] [stderr]     Checking base16ct v1.0.0
[INFO] [stderr]     Checking group v0.14.0
[INFO] [stderr]     Checking hybrid-array v0.4.15
[INFO] [stderr]     Checking tracing v0.1.44
[INFO] [stderr]     Checking pem-rfc7468 v1.0.0
[INFO] [stderr]    Compiling zerocopy v0.8.42
[INFO] [stderr]     Checking digest v0.10.7
[INFO] [stderr]     Checking der v0.8.2
[INFO] [stderr]     Checking webpki-roots v1.0.6
[INFO] [stderr]    Compiling curve25519-dalek v5.0.0
[INFO] [stderr]    Compiling nix v0.31.3
[INFO] [stderr]     Checking keccak v0.2.2
[INFO] [stderr]    Compiling crc32fast v1.5.2
[INFO] [stderr]     Checking regex-syntax v0.8.10
[INFO] [stderr]    Compiling crossbeam-utils v0.8.23
[INFO] [stderr]     Checking http-body v1.0.1
[INFO] [stderr]    Compiling crc32c v0.6.8
[INFO] [stderr]     Checking http-body-util v0.1.3
[INFO] [stderr]     Checking simd-adler32 v0.3.10
[INFO] [stderr]     Checking rustls-native-certs v0.8.3
[INFO] [stderr]     Checking miniz_oxide v0.9.1
[INFO] [stderr]     Checking sha2 v0.10.9
[INFO] [stderr]     Checking sha1 v0.10.6
[INFO] [stderr]     Checking hmac v0.12.1
[INFO] [stderr]    Compiling async-trait v0.1.89
[INFO] [stderr]     Checking num-integer v0.1.47
[INFO] [stderr]     Checking home v0.5.12
[INFO] [stderr]     Checking zerofrom v0.1.6
[INFO] [stderr]     Checking block-buffer v0.12.1
[INFO] [stderr]     Checking block-padding v0.4.2
[INFO] [stderr]     Checking module-lattice v0.2.3
[INFO] [stderr]     Checking fastrand v2.3.0
[INFO] [stderr]     Checking sponge-cursor v0.1.0
[INFO] [stderr]     Checking yoke v0.8.1
[INFO] [stderr]     Checking inout v0.2.2
[INFO] [stderr]     Checking anstream v1.0.0
[INFO] [stderr]     Checking flate2 v1.1.10
[INFO] [stderr]     Checking zerotrie v0.2.3
[INFO] [stderr]     Checking zerovec v0.11.5
[INFO] [stderr]     Checking generic-array v1.4.5
[INFO] [stderr]     Checking md-5 v0.10.6
[INFO] [stderr]     Checking regex-automata v0.4.14
[INFO] [stderr]    Compiling enum_dispatch v0.3.13
[INFO] [stderr]    Compiling delegate v0.13.5
[INFO] [stderr]     Checking hex-literal v1.1.0
[INFO] [stderr]     Checking spki v0.8.0
[INFO] [stderr]     Checking sec1 v0.8.1
[INFO] [stderr]     Checking md5 v0.8.1
[INFO] [stderr]     Checking data-encoding v2.11.1
[INFO] [stderr]     Checking dotenv v0.15.0
[INFO] [stderr]     Checking pkcs1 v0.8.0-rc.4
[INFO] [stderr]     Checking errno v0.3.14
[INFO] [stderr]     Checking socket2 v0.6.3
[INFO] [stderr]     Checking mio v1.2.0
[INFO] [stderr]     Checking getrandom v0.2.17
[INFO] [stderr]     Checking signal-hook-registry v1.4.8
[INFO] [stderr]    Compiling jobserver v0.1.34
[INFO] [stderr]     Checking rand_core v0.6.4
[INFO] [stderr]     Checking crypto-common v0.2.2
[INFO] [stderr]     Checking crypto-bigint v0.7.5
[INFO] [stderr]     Checking tinystr v0.8.2
[INFO] [stderr]     Checking potential_utf v0.1.4
[INFO] [stderr]    Compiling cc v1.2.57
[INFO] [stderr]     Checking icu_collections v2.1.1
[INFO] [stderr]     Checking tokio v1.52.1
[INFO] [stderr]    Compiling const-random-macro v0.1.16
[INFO] [stdout] error[E0493]: destructor of `ArrayBuilder<T, N>` cannot be evaluated at compile-time
[INFO] [stdout]    --> /opt/rustwide/cargo-home/registry/src/index.crates.io-1949cf8c6b5b557f/generic-array-1.4.5/src/internal.rs:103:31
[INFO] [stdout]     |
[INFO] [stdout] 103 |     pub unsafe fn assume_init(self) -> GenericArray<T, N> {
[INFO] [stdout]     |                               ^^^^ the destructor for this type cannot be evaluated in constant functions
[INFO] [stdout] ...
[INFO] [stdout] 109 |     }
[INFO] [stdout]     |     - value is dropped here
[INFO] [stdout] 
[INFO] [stdout] 
[INFO] [stderr]     Checking parking_lot_core v0.9.12
[INFO] [stdout] error[E0493]: destructor of `GenericArray<core::mem::MaybeUninit<*const T>, N>` cannot be evaluated at compile-time
[INFO] [stdout]    --> /opt/rustwide/cargo-home/registry/src/index.crates.io-1949cf8c6b5b557f/generic-array-1.4.5/src/lib.rs:983:13
[INFO] [stdout]     |
[INFO] [stdout] 983 |         let mut out: GenericArray<MaybeUninit<*const T>, N> = GenericArray::uninit();
[INFO] [stdout]     |             ^^^^^^^ the destructor for this type cannot be evaluated in constant functions
[INFO] [stdout] ...
[INFO] [stdout] 998 |     }
[INFO] [stdout]     |     - value is dropped here
[INFO] [stdout] 
[INFO] [stdout] 
[INFO] [stdout] error[E0493]: destructor of `GenericArray<core::mem::MaybeUninit<*mut T>, N>` cannot be evaluated at compile-time
[INFO] [stdout]     --> /opt/rustwide/cargo-home/registry/src/index.crates.io-1949cf8c6b5b557f/generic-array-1.4.5/src/lib.rs:1018:13
[INFO] [stdout]      |
[INFO] [stdout] 1018 |         let mut out: GenericArray<MaybeUninit<*mut T>, N> = GenericArray::uninit();
[INFO] [stdout]      |             ^^^^^^^ the destructor for this type cannot be evaluated in constant functions
[INFO] [stdout] ...
[INFO] [stdout] 1033 |     }
[INFO] [stdout]      |     - value is dropped here
[INFO] [stdout] 
[INFO] [stdout] 
[INFO] [stdout] For more information about this error, try `rustc --explain E0493`.
[INFO] [stdout] 
[INFO] [stderr] error: could not compile `generic-array` (lib) due to 3 previous errors
[INFO] [stderr] warning: build failed, waiting for other jobs to finish...
[INFO] running `Command { std: "docker" "inspect" "4b8f772f5880b4bb879d822fc0f01f886db33ed9807e11d0ff2a011b27a8ebab", kill_on_drop: false }`
[INFO] running `Command { std: "docker" "rm" "-f" "4b8f772f5880b4bb879d822fc0f01f886db33ed9807e11d0ff2a011b27a8ebab", kill_on_drop: false }`
[INFO] [stdout] 4b8f772f5880b4bb879d822fc0f01f886db33ed9807e11d0ff2a011b27a8ebab
