[INFO] cloning repository https://github.com/ssmoney1/downloaded-poly-bot
[INFO] running `Command { std: "git" "-c" "credential.helper=" "-c" "credential.helper=/workspace/cargo-home/bin/git-credential-null" "clone" "--bare" "https://github.com/ssmoney1/downloaded-poly-bot" "/workspace/cache/git-repos/https%3A%2F%2Fgithub.com%2Fssmoney1%2Fdownloaded-poly-bot", kill_on_drop: false }`
[INFO] [stderr] Cloning into bare repository '/workspace/cache/git-repos/https%3A%2F%2Fgithub.com%2Fssmoney1%2Fdownloaded-poly-bot'...
[INFO] running `Command { std: "git" "rev-parse" "HEAD", kill_on_drop: false }`
[INFO] [stdout] 6d98502b7b2310ad64420cfdde496b290dfe7325
[INFO] checking ssmoney1/downloaded-poly-bot/6d98502b7b2310ad64420cfdde496b290dfe7325 against 7211ea594cbf137ef6118b1752b959dea7cb9088 for pr-164148-crater-rollup
[INFO] running `Command { std: "git" "clone" "/workspace/cache/git-repos/https%3A%2F%2Fgithub.com%2Fssmoney1%2Fdownloaded-poly-bot" "/workspace/builds/worker-5-tc1/source", kill_on_drop: false }`
[INFO] [stderr] Cloning into '/workspace/builds/worker-5-tc1/source'...
[INFO] [stderr] done.
[INFO] removed /workspace/builds/worker-5-tc1/source/.cargo/config.toml
[INFO] started tweaking git repo https://github.com/ssmoney1/downloaded-poly-bot
[INFO] finished tweaking git repo https://github.com/ssmoney1/downloaded-poly-bot
[INFO] tweaked toml for git repo https://github.com/ssmoney1/downloaded-poly-bot written to /workspace/builds/worker-5-tc1/source/Cargo.toml
[INFO] validating manifest of git repo https://github.com/ssmoney1/downloaded-poly-bot on toolchain 7211ea594cbf137ef6118b1752b959dea7cb9088
[INFO] running `Command { std: CARGO_HOME="/workspace/cargo-home" RUSTUP_HOME="/workspace/rustup-home" "/workspace/cargo-home/bin/cargo" "+7211ea594cbf137ef6118b1752b959dea7cb9088" "metadata" "--manifest-path" "Cargo.toml" "--no-deps", kill_on_drop: false }`
[INFO] crate git repo https://github.com/ssmoney1/downloaded-poly-bot already has a lockfile, it will not be regenerated
[INFO] running `Command { std: CARGO_HOME="/workspace/cargo-home" RUSTUP_HOME="/workspace/rustup-home" "/workspace/cargo-home/bin/cargo" "+7211ea594cbf137ef6118b1752b959dea7cb9088" "fetch" "--manifest-path" "Cargo.toml", kill_on_drop: false }`
[INFO] [stderr]     Updating crates.io index
[INFO] [stderr]  Downloading crates ...
[INFO] [stderr]   Downloaded redox_syscall v0.7.5
[INFO] [stderr]   Downloaded tokio-metrics v0.4.9
[INFO] [stderr]   Downloaded metrics-process v2.4.3
[INFO] [stderr]   Downloaded procfs v0.18.0
[INFO] [stderr]   Downloaded rlimit v0.11.0
[INFO] [stderr]   Downloaded procfs-core v0.18.0
[INFO] [stderr]   Downloaded mach2 v0.6.0
[INFO] [stderr]   Downloaded libproc v0.14.11
[INFO] [stderr]   Downloaded confique v0.4.0
[INFO] [stderr]   Downloaded confique-macro v0.0.13
[INFO] [stderr]   Downloaded rig-derive v0.1.14
[INFO] [stderr]   Downloaded deluxe-macros v0.5.0
[INFO] [stderr]   Downloaded deluxe v0.5.0
[INFO] [stderr]   Downloaded deluxe-core v0.5.0
[INFO] [stderr]   Downloaded nom_locate v5.0.0
[INFO] [stderr]   Downloaded rig-core v0.32.0
[INFO] [stderr]   Downloaded jiff-static v0.2.24
[INFO] [stderr]   Downloaded ecb v0.1.2
[INFO] [stderr]   Downloaded jiff v0.2.24
[INFO] [stderr]   Downloaded futures-timer v3.0.4
[INFO] [stderr]   Downloaded lopdf v0.36.0
[INFO] running `Command { std: "docker" "create" "-v" "/var/lib/crater-agent-workspace/builds/worker-5-tc1/source:/opt/rustwide/workdir:ro,Z" "-v" "/var/lib/crater-agent-workspace/builds/worker-5-tc1/target:/opt/rustwide/target:rw,Z" "-v" "/var/lib/crater-agent-workspace/cargo-home:/opt/rustwide/cargo-home:ro,Z" "-v" "/var/lib/crater-agent-workspace/rustup-home:/opt/rustwide/rustup-home:ro,Z" "-m" "1610612736" "--network" "none" "ghcr.io/rust-lang/crates-build-env/linux@sha256:77db811e55d90add9212f6832c23229e3de5f1c1f9905e8cb07319ea15df73ac" "sleep" "infinity", kill_on_drop: false }`
[INFO] [stdout] bf56a832af5bd176dc3db3fd0a4b2fb6ad646eca4f5642f20e2e1d47f0612ce0
[INFO] running `Command { std: "docker" "start" "bf56a832af5bd176dc3db3fd0a4b2fb6ad646eca4f5642f20e2e1d47f0612ce0", kill_on_drop: false }`
[INFO] running `Command { std: "docker" "inspect" "bf56a832af5bd176dc3db3fd0a4b2fb6ad646eca4f5642f20e2e1d47f0612ce0", kill_on_drop: false }`
[INFO] running `Command { std: "docker" "exec" "-e" "SOURCE_DIR=/opt/rustwide/workdir" "-e" "CARGO_HOME=/opt/rustwide/cargo-home" "-e" "RUSTUP_HOME=/opt/rustwide/rustup-home" "-e" "CARGO_TARGET_DIR=/opt/rustwide/target" "-w" "/opt/rustwide/workdir" "--user" "0:0" "bf56a832af5bd176dc3db3fd0a4b2fb6ad646eca4f5642f20e2e1d47f0612ce0" "/opt/rustwide/cargo-home/bin/cargo" "+7211ea594cbf137ef6118b1752b959dea7cb9088" "metadata" "--no-deps" "--format-version=1", kill_on_drop: false }`
[INFO] running `Command { std: "docker" "inspect" "bf56a832af5bd176dc3db3fd0a4b2fb6ad646eca4f5642f20e2e1d47f0612ce0", kill_on_drop: false }`
[INFO] running `Command { std: "docker" "exec" "-e" "SOURCE_DIR=/opt/rustwide/workdir" "-e" "CARGO_HOME=/opt/rustwide/cargo-home" "-e" "RUSTUP_HOME=/opt/rustwide/rustup-home" "-e" "CARGO_TARGET_DIR=/opt/rustwide/target" "-e" "CARGO_INCREMENTAL=0" "-e" "RUST_BACKTRACE=full" "-e" "RUSTFLAGS=--cap-lints=forbid" "-e" "RUSTDOCFLAGS=--cap-lints=forbid" "-w" "/opt/rustwide/workdir" "--user" "0:0" "bf56a832af5bd176dc3db3fd0a4b2fb6ad646eca4f5642f20e2e1d47f0612ce0" "/opt/rustwide/cargo-home/bin/cargo" "+7211ea594cbf137ef6118b1752b959dea7cb9088" "check" "--frozen" "--all" "--all-targets" "--message-format=json", kill_on_drop: false }`
[INFO] [stderr]     Checking memchr v2.8.0
[INFO] [stderr]     Checking subtle v2.6.1
[INFO] [stderr]    Compiling serde_core v1.0.228
[INFO] [stderr]    Compiling cc v1.2.62
[INFO] [stderr]    Compiling num-traits v0.2.19
[INFO] [stderr]     Checking crypto-common v0.1.7
[INFO] [stderr]    Compiling futures-macro v0.3.32
[INFO] [stderr]     Checking serde v1.0.228
[INFO] [stderr]     Checking futures-task v0.3.32
[INFO] [stderr]    Compiling aws-lc-rs v1.17.0
[INFO] [stderr]    Compiling zerofrom v0.1.8
[INFO] [stderr]     Checking tinystr v0.8.3
[INFO] [stderr]    Compiling rustls v0.23.40
[INFO] [stderr]     Checking zerotrie v0.2.4
[INFO] [stderr]     Checking icu_collections v2.2.0
[INFO] [stderr]    Compiling digest v0.10.7
[INFO] [stderr]    Compiling serde_json v1.0.150
[INFO] [stderr]    Compiling yoke v0.8.2
[INFO] [stderr]     Checking rand_chacha v0.9.0
[INFO] [stderr]     Checking form_urlencoded v1.2.2
[INFO] [stderr]     Checking icu_locale_core v2.2.0
[INFO] [stderr]    Compiling tokio v1.52.3
[INFO] [stderr]    Compiling mime_guess v2.0.5
[INFO] [stderr]    Compiling zerovec v0.11.6
[INFO] [stderr]    Compiling hmac v0.12.1
[INFO] [stderr]     Checking rand v0.9.4
[INFO] [stderr]    Compiling sha2 v0.10.9
[INFO] [stderr]    Compiling hkdf v0.12.4
[INFO] [stderr]     Checking md-5 v0.10.6
[INFO] [stderr]     Checking rand v0.8.6
[INFO] [stderr]    Compiling rustix v1.1.4
[INFO] [stderr]     Checking raw-cpuid v11.6.0
[INFO] [stderr]     Checking smallvec v1.15.1
[INFO] [stderr]     Checking either v1.16.0
[INFO] [stderr]     Checking linux-raw-sys v0.12.1
[INFO] [stderr]     Checking chrono v0.4.44
[INFO] [stderr]    Compiling procfs v0.18.0
[INFO] [stderr]     Checking futures-util v0.3.32
[INFO] [stderr]     Checking parking_lot_core v0.9.12
[INFO] [stderr]    Compiling potential_utf v0.1.5
[INFO] [stderr]     Checking atoi v2.0.0
[INFO] [stderr]     Checking parking_lot v0.12.5
[INFO] [stderr]     Checking procfs-core v0.18.0
[INFO] [stderr]     Checking futures-intrusive v0.5.0
[INFO] [stderr]    Compiling cmake v0.1.58
[INFO] [stderr]     Checking icu_provider v2.2.0
[INFO] [stderr]    Compiling toml_datetime v0.6.11
[INFO] [stderr]    Compiling winnow v0.5.40
[INFO] [stderr]    Compiling metrics-exporter-prometheus v0.18.3
[INFO] [stderr]     Checking icu_normalizer v2.2.0
[INFO] [stderr]     Checking icu_properties v2.2.0
[INFO] [stderr]     Checking evmap v11.0.0
[INFO] [stderr]     Checking cipher v0.4.4
[INFO] [stderr]    Compiling confique-macro v0.0.13
[INFO] [stderr]    Compiling strsim v0.10.0
[INFO] [stderr]    Compiling winnow v1.0.3
[INFO] [stderr]    Compiling arrayvec v0.7.6
[INFO] [stderr]    Compiling ring v0.17.14
[INFO] [stderr]    Compiling aws-lc-sys v0.41.0
[INFO] [stderr]    Compiling libmimalloc-sys v0.1.49
[INFO] [stderr]     Checking quanta v0.12.6
[INFO] [stderr]     Checking metrics-util v0.20.4
[INFO] [stderr]     Checking confique v0.4.0
[INFO] [stderr]    Compiling deluxe-core v0.5.0
[INFO] [stderr]     Checking idna_adapter v1.2.2
[INFO] [stderr]     Checking idna v1.1.0
[INFO] [stderr]     Checking simd-adler32 v0.3.9
[INFO] [stderr]    Compiling if_chain v1.0.3
[INFO] [stderr]     Checking url v2.5.8
[INFO] [stderr]    Compiling heck v0.4.1
[INFO] [stderr]     Checking miniz_oxide v0.8.9
[INFO] [stderr]     Checking nom v8.0.0
[INFO] [stderr]    Compiling serde_derive_internals v0.29.1
[INFO] [stderr]    Compiling ref-cast-impl v1.0.25
[INFO] [stderr]    Compiling toml_parser v1.1.2+spec-1.1.0
[INFO] [stderr]     Checking futures-executor v0.3.32
[INFO] [stderr]    Compiling toml_edit v0.19.15
[INFO] [stderr]    Compiling pin-project-internal v1.1.13
[INFO] [stderr]    Compiling unicode-segmentation v1.13.2
[INFO] [stderr]     Checking minimal-lexical v0.2.1
[INFO] [stderr]     Checking bytecount v0.6.9
[INFO] [stderr]     Checking time v0.3.47
[INFO] [stderr]     Checking tracing-subscriber v0.3.23
[INFO] [stderr]    Compiling toml_edit v0.25.11+spec-1.1.0
[INFO] [stderr]     Checking nom v7.1.3
[INFO] [stderr]    Compiling schemars_derive v1.2.1
[INFO] [stderr]    Compiling convert_case v0.10.0
[INFO] [stderr]     Checking ref-cast v1.0.25
[INFO] [stderr]     Checking mimalloc v0.1.52
[INFO] [stderr]     Checking futures v0.3.32
[INFO] [stderr]     Checking flate2 v1.1.9
[INFO] [stderr]     Checking rayon v1.12.0
[INFO] [stderr]     Checking cbc v0.1.2
[INFO] [stderr]     Checking metrics-process v2.4.3
[INFO] [stderr]     Checking ecb v0.1.2
[INFO] [stderr]     Checking pin-project v1.1.13
[INFO] [stderr]     Checking aes v0.8.4
[INFO] [stderr]     Checking sha1 v0.10.6
[INFO] [stderr]    Compiling proc-macro-crate v3.5.0
[INFO] [stderr]    Compiling async-stream-impl v0.3.6
[INFO] [stderr]     Checking jiff v0.2.24
[INFO] [stderr]    Compiling indoc v2.0.7
[INFO] [stderr]    Compiling tokio-stream v0.1.18
[INFO] [stderr]     Checking dyn-clone v1.0.20
[INFO] [stderr]     Checking rangemap v1.7.1
[INFO] [stderr]     Checking utf-8 v0.7.6
[INFO] [stderr]     Checking data-encoding v2.11.0
[INFO] [stderr]     Checking weezl v0.1.12
[INFO] [stderr]     Checking async-stream v0.3.6
[INFO] [stderr]     Checking tracing-futures v0.2.5
[INFO] [stderr]     Checking nanoid v0.4.0
[INFO] [stderr]     Checking ordered-float v5.3.0
[INFO] [stderr]    Compiling trading-bot v0.6.33 (/opt/rustwide/workdir/trading-bot)
[INFO] [stderr]     Checking futures-timer v3.0.4
[INFO] [stderr]     Checking eventsource-stream v0.2.3
[INFO] [stderr]     Checking glob v0.3.3
[INFO] [stderr]     Checking schemars v1.2.1
[INFO] [stderr]     Checking as-any v0.3.2
[INFO] [stderr]    Compiling proc-macro-crate v1.3.1
[INFO] [stderr]    Compiling deluxe-macros v0.5.0
[INFO] [stderr]     Checking tokio-util v0.7.18
[INFO] [stderr]     Checking tower v0.5.3
[INFO] [stderr]     Checking tokio-metrics v0.4.9
[INFO] [stderr]     Checking tower-http v0.6.11
[INFO] [stderr]     Checking h2 v0.4.14
[INFO] [stderr]    Compiling rustls-webpki v0.103.13
[INFO] [stderr]     Checking nom_locate v5.0.0
[INFO] [stderr]     Checking lopdf v0.36.0
[INFO] [stderr]    Compiling deluxe v0.5.0
[INFO] [stderr]    Compiling rig-derive v0.1.14
[INFO] [stderr]     Checking hyper v1.9.0
[INFO] [stderr]    Compiling sqlx-core v0.8.6
[INFO] [stderr]     Checking hyper-util v0.1.20
[INFO] [stderr]    Compiling sqlx-postgres v0.8.6
[INFO] [stderr]    Compiling sqlx-macros-core v0.8.6
[INFO] [stderr]    Compiling sqlx-macros v0.8.6
[INFO] [stderr]     Checking tokio-rustls v0.26.4
[INFO] [stderr]     Checking rustls-platform-verifier v0.7.0
[INFO] [stderr]     Checking tungstenite v0.28.0
[INFO] [stderr]     Checking hyper-rustls v0.27.9
[INFO] [stderr]     Checking reqwest v0.13.3
[INFO] [stderr]     Checking tokio-tungstenite v0.28.0
[INFO] [stderr]     Checking rig-core v0.32.0
[INFO] [stderr]     Checking sqlx v0.8.6
[INFO] [stderr]     Checking polymarket-common v0.1.0 (/opt/rustwide/workdir/common)
[INFO] [stdout] error[E0609]: no field `total_local_queue_depth` on type `tokio_metrics::RuntimeMetrics`
[INFO] [stdout]   --> common/src/metrics.rs:32:66
[INFO] [stdout]    |
[INFO] [stdout] 32 |             gauge!("tokio_total_local_queue_depth").set(interval.total_local_queue_depth as f64);
[INFO] [stdout]    |                                                                  ^^^^^^^^^^^^^^^^^^^^^^^ unknown field
[INFO] [stdout]    |
[INFO] [stdout] help: a field with a similar name exists
[INFO] [stdout]    |
[INFO] [stdout] 32 -             gauge!("tokio_total_local_queue_depth").set(interval.total_local_queue_depth as f64);
[INFO] [stdout] 32 +             gauge!("tokio_total_local_queue_depth").set(interval.global_queue_depth as f64);
[INFO] [stdout]    |
[INFO] [stdout] 
[INFO] [stdout] 
[INFO] [stdout] error[E0609]: no field `blocking_queue_depth` on type `tokio_metrics::RuntimeMetrics`
[INFO] [stdout]   --> common/src/metrics.rs:33:63
[INFO] [stdout]    |
[INFO] [stdout] 33 |             gauge!("tokio_blocking_queue_depth").set(interval.blocking_queue_depth as f64);
[INFO] [stdout]    |                                                               ^^^^^^^^^^^^^^^^^^^^ unknown field
[INFO] [stdout]    |
[INFO] [stdout] help: a field with a similar name exists
[INFO] [stdout]    |
[INFO] [stdout] 33 -             gauge!("tokio_blocking_queue_depth").set(interval.blocking_queue_depth as f64);
[INFO] [stdout] 33 +             gauge!("tokio_blocking_queue_depth").set(interval.global_queue_depth as f64);
[INFO] [stdout]    |
[INFO] [stdout] 
[INFO] [stdout] 
[INFO] [stdout] error[E0609]: no field `blocking_threads_count` on type `tokio_metrics::RuntimeMetrics`
[INFO] [stdout]   --> common/src/metrics.rs:34:65
[INFO] [stdout]    |
[INFO] [stdout] 34 |             gauge!("tokio_blocking_threads_count").set(interval.blocking_threads_count as f64);
[INFO] [stdout]    |                                                                 ^^^^^^^^^^^^^^^^^^^^^^ unknown field
[INFO] [stdout]    |
[INFO] [stdout]    = note: available fields are: `workers_count`, `live_tasks_count`, `total_park_count`, `max_park_count`, `min_park_count` ... and 5 others
[INFO] [stdout] 
[INFO] [stdout] 
[INFO] [stdout] error[E0609]: no field `mean_poll_duration` on type `tokio_metrics::RuntimeMetrics`
[INFO] [stdout]   --> common/src/metrics.rs:36:31
[INFO] [stdout]    |
[INFO] [stdout] 36 |                 .set(interval.mean_poll_duration.as_secs_f64());
[INFO] [stdout]    |                               ^^^^^^^^^^^^^^^^^^ unknown field
[INFO] [stdout]    |
[INFO] [stdout] help: a field with a similar name exists
[INFO] [stdout]    |
[INFO] [stdout] 36 -                 .set(interval.mean_poll_duration.as_secs_f64());
[INFO] [stdout] 36 +                 .set(interval.max_busy_duration.as_secs_f64());
[INFO] [stdout]    |
[INFO] [stdout] 
[INFO] [stdout] 
[INFO] [stdout] error[E0609]: no field `total_noop_count` on type `tokio_metrics::RuntimeMetrics`
[INFO] [stdout]   --> common/src/metrics.rs:41:67
[INFO] [stdout]    |
[INFO] [stdout] 41 |             counter!("tokio_total_noop_count").increment(interval.total_noop_count);
[INFO] [stdout]    |                                                                   ^^^^^^^^^^^^^^^^ unknown field
[INFO] [stdout]    |
[INFO] [stdout] help: a field with a similar name exists
[INFO] [stdout]    |
[INFO] [stdout] 41 -             counter!("tokio_total_noop_count").increment(interval.total_noop_count);
[INFO] [stdout] 41 +             counter!("tokio_total_noop_count").increment(interval.total_park_count);
[INFO] [stdout]    |
[INFO] [stdout] 
[INFO] [stdout] 
[INFO] [stdout] error[E0609]: no field `total_steal_count` on type `tokio_metrics::RuntimeMetrics`
[INFO] [stdout]   --> common/src/metrics.rs:42:68
[INFO] [stdout]    |
[INFO] [stdout] 42 |             counter!("tokio_total_steal_count").increment(interval.total_steal_count);
[INFO] [stdout]    |                                                                    ^^^^^^^^^^^^^^^^^ unknown field
[INFO] [stdout]    |
[INFO] [stdout] help: a field with a similar name exists
[INFO] [stdout]    |
[INFO] [stdout] 42 -             counter!("tokio_total_steal_count").increment(interval.total_steal_count);
[INFO] [stdout] 42 +             counter!("tokio_total_steal_count").increment(interval.total_park_count);
[INFO] [stdout]    |
[INFO] [stdout] 
[INFO] [stdout] 
[INFO] [stdout] error[E0609]: no field `total_steal_operations` on type `tokio_metrics::RuntimeMetrics`
[INFO] [stdout]   --> common/src/metrics.rs:43:73
[INFO] [stdout]    |
[INFO] [stdout] 43 |             counter!("tokio_total_steal_operations").increment(interval.total_steal_operations);
[INFO] [stdout]    |                                                                         ^^^^^^^^^^^^^^^^^^^^^^ unknown field
[INFO] [stdout]    |
[INFO] [stdout]    = note: available fields are: `workers_count`, `live_tasks_count`, `total_park_count`, `max_park_count`, `min_park_count` ... and 5 others
[INFO] [stdout] 
[INFO] [stdout] 
[INFO] [stdout] error[E0609]: no field `total_polls_count` on type `tokio_metrics::RuntimeMetrics`
[INFO] [stdout]   --> common/src/metrics.rs:44:68
[INFO] [stdout]    |
[INFO] [stdout] 44 |             counter!("tokio_total_polls_count").increment(interval.total_polls_count);
[INFO] [stdout]    |                                                                    ^^^^^^^^^^^^^^^^^ unknown field
[INFO] [stdout]    |
[INFO] [stdout] help: a field with a similar name exists
[INFO] [stdout]    |
[INFO] [stdout] 44 -             counter!("tokio_total_polls_count").increment(interval.total_polls_count);
[INFO] [stdout] 44 +             counter!("tokio_total_polls_count").increment(interval.total_park_count);
[INFO] [stdout]    |
[INFO] [stdout] 
[INFO] [stdout] 
[INFO] [stdout] error[E0609]: no field `total_local_schedule_count` on type `tokio_metrics::RuntimeMetrics`
[INFO] [stdout]   --> common/src/metrics.rs:46:37
[INFO] [stdout]    |
[INFO] [stdout] 46 |                 .increment(interval.total_local_schedule_count);
[INFO] [stdout]    |                                     ^^^^^^^^^^^^^^^^^^^^^^^^^^ unknown field
[INFO] [stdout]    |
[INFO] [stdout]    = note: available fields are: `workers_count`, `live_tasks_count`, `total_park_count`, `max_park_count`, `min_park_count` ... and 5 others
[INFO] [stdout] 
[INFO] [stdout] 
[INFO] [stdout] error[E0609]: no field `num_remote_schedules` on type `tokio_metrics::RuntimeMetrics`
[INFO] [stdout]   --> common/src/metrics.rs:47:71
[INFO] [stdout]    |
[INFO] [stdout] 47 |             counter!("tokio_num_remote_schedules").increment(interval.num_remote_schedules);
[INFO] [stdout]    |                                                                       ^^^^^^^^^^^^^^^^^^^^ unknown field
[INFO] [stdout]    |
[INFO] [stdout]    = note: available fields are: `workers_count`, `live_tasks_count`, `total_park_count`, `max_park_count`, `min_park_count` ... and 5 others
[INFO] [stdout] 
[INFO] [stdout] 
[INFO] [stdout] error[E0609]: no field `total_overflow_count` on type `tokio_metrics::RuntimeMetrics`
[INFO] [stdout]   --> common/src/metrics.rs:48:71
[INFO] [stdout]    |
[INFO] [stdout] 48 |             counter!("tokio_total_overflow_count").increment(interval.total_overflow_count);
[INFO] [stdout]    |                                                                       ^^^^^^^^^^^^^^^^^^^^ unknown field
[INFO] [stdout]    |
[INFO] [stdout]    = note: available fields are: `workers_count`, `live_tasks_count`, `total_park_count`, `max_park_count`, `min_park_count` ... and 5 others
[INFO] [stdout] 
[INFO] [stdout] 
[INFO] [stdout] error[E0609]: no field `budget_forced_yield_count` on type `tokio_metrics::RuntimeMetrics`
[INFO] [stdout]   --> common/src/metrics.rs:50:37
[INFO] [stdout]    |
[INFO] [stdout] 50 |                 .increment(interval.budget_forced_yield_count);
[INFO] [stdout]    |                                     ^^^^^^^^^^^^^^^^^^^^^^^^^ unknown field
[INFO] [stdout]    |
[INFO] [stdout]    = note: available fields are: `workers_count`, `live_tasks_count`, `total_park_count`, `max_park_count`, `min_park_count` ... and 5 others
[INFO] [stdout] 
[INFO] [stdout] 
[INFO] [stdout] error[E0609]: no field `io_driver_ready_count` on type `tokio_metrics::RuntimeMetrics`
[INFO] [stdout]   --> common/src/metrics.rs:51:72
[INFO] [stdout]    |
[INFO] [stdout] 51 |             counter!("tokio_io_driver_ready_count").increment(interval.io_driver_ready_count);
[INFO] [stdout]    |                                                                        ^^^^^^^^^^^^^^^^^^^^^ unknown field
[INFO] [stdout]    |
[INFO] [stdout]    = note: available fields are: `workers_count`, `live_tasks_count`, `total_park_count`, `max_park_count`, `min_park_count` ... and 5 others
[INFO] [stdout] 
[INFO] [stdout] 
[INFO] [stdout] error[E0609]: no field `total_local_queue_depth` on type `tokio_metrics::RuntimeMetrics`
[INFO] [stdout]   --> common/src/metrics.rs:32:66
[INFO] [stdout]    |
[INFO] [stdout] 32 |             gauge!("tokio_total_local_queue_depth").set(interval.total_local_queue_depth as f64);
[INFO] [stdout]    |                                                                  ^^^^^^^^^^^^^^^^^^^^^^^ unknown field
[INFO] [stdout]    |
[INFO] [stdout] help: a field with a similar name exists
[INFO] [stdout]    |
[INFO] [stdout] 32 -             gauge!("tokio_total_local_queue_depth").set(interval.total_local_queue_depth as f64);
[INFO] [stdout] 32 +             gauge!("tokio_total_local_queue_depth").set(interval.global_queue_depth as f64);
[INFO] [stdout]    |
[INFO] [stdout] 
[INFO] [stdout] 
[INFO] [stdout] error[E0609]: no field `blocking_queue_depth` on type `tokio_metrics::RuntimeMetrics`
[INFO] [stdout]   --> common/src/metrics.rs:33:63
[INFO] [stdout]    |
[INFO] [stdout] 33 |             gauge!("tokio_blocking_queue_depth").set(interval.blocking_queue_depth as f64);
[INFO] [stdout]    |                                                               ^^^^^^^^^^^^^^^^^^^^ unknown field
[INFO] [stdout]    |
[INFO] [stdout] help: a field with a similar name exists
[INFO] [stdout]    |
[INFO] [stdout] 33 -             gauge!("tokio_blocking_queue_depth").set(interval.blocking_queue_depth as f64);
[INFO] [stdout] 33 +             gauge!("tokio_blocking_queue_depth").set(interval.global_queue_depth as f64);
[INFO] [stdout]    |
[INFO] [stdout] 
[INFO] [stdout] 
[INFO] [stdout] error[E0609]: no field `blocking_threads_count` on type `tokio_metrics::RuntimeMetrics`
[INFO] [stdout]   --> common/src/metrics.rs:34:65
[INFO] [stdout]    |
[INFO] [stdout] 34 |             gauge!("tokio_blocking_threads_count").set(interval.blocking_threads_count as f64);
[INFO] [stdout]    |                                                                 ^^^^^^^^^^^^^^^^^^^^^^ unknown field
[INFO] [stdout]    |
[INFO] [stdout]    = note: available fields are: `workers_count`, `live_tasks_count`, `total_park_count`, `max_park_count`, `min_park_count` ... and 5 others
[INFO] [stdout] 
[INFO] [stdout] 
[INFO] [stdout] error[E0609]: no field `mean_poll_duration` on type `tokio_metrics::RuntimeMetrics`
[INFO] [stdout]   --> common/src/metrics.rs:36:31
[INFO] [stdout]    |
[INFO] [stdout] 36 |                 .set(interval.mean_poll_duration.as_secs_f64());
[INFO] [stdout]    |                               ^^^^^^^^^^^^^^^^^^ unknown field
[INFO] [stdout]    |
[INFO] [stdout] help: a field with a similar name exists
[INFO] [stdout]    |
[INFO] [stdout] 36 -                 .set(interval.mean_poll_duration.as_secs_f64());
[INFO] [stdout] 36 +                 .set(interval.max_busy_duration.as_secs_f64());
[INFO] [stdout]    |
[INFO] [stdout] 
[INFO] [stdout] 
[INFO] [stdout] error[E0609]: no field `total_noop_count` on type `tokio_metrics::RuntimeMetrics`
[INFO] [stdout]   --> common/src/metrics.rs:41:67
[INFO] [stdout]    |
[INFO] [stdout] 41 |             counter!("tokio_total_noop_count").increment(interval.total_noop_count);
[INFO] [stdout]    |                                                                   ^^^^^^^^^^^^^^^^ unknown field
[INFO] [stdout]    |
[INFO] [stdout] help: a field with a similar name exists
[INFO] [stdout]    |
[INFO] [stdout] 41 -             counter!("tokio_total_noop_count").increment(interval.total_noop_count);
[INFO] [stdout] 41 +             counter!("tokio_total_noop_count").increment(interval.total_park_count);
[INFO] [stdout]    |
[INFO] [stdout] 
[INFO] [stdout] 
[INFO] [stdout] error[E0609]: no field `total_steal_count` on type `tokio_metrics::RuntimeMetrics`
[INFO] [stdout]   --> common/src/metrics.rs:42:68
[INFO] [stdout]    |
[INFO] [stdout] 42 |             counter!("tokio_total_steal_count").increment(interval.total_steal_count);
[INFO] [stdout]    |                                                                    ^^^^^^^^^^^^^^^^^ unknown field
[INFO] [stdout]    |
[INFO] [stdout] help: a field with a similar name exists
[INFO] [stdout]    |
[INFO] [stdout] 42 -             counter!("tokio_total_steal_count").increment(interval.total_steal_count);
[INFO] [stdout] 42 +             counter!("tokio_total_steal_count").increment(interval.total_park_count);
[INFO] [stdout]    |
[INFO] [stdout] 
[INFO] [stdout] 
[INFO] [stdout] error[E0609]: no field `total_steal_operations` on type `tokio_metrics::RuntimeMetrics`
[INFO] [stdout]   --> common/src/metrics.rs:43:73
[INFO] [stdout]    |
[INFO] [stdout] 43 |             counter!("tokio_total_steal_operations").increment(interval.total_steal_operations);
[INFO] [stdout]    |                                                                         ^^^^^^^^^^^^^^^^^^^^^^ unknown field
[INFO] [stdout]    |
[INFO] [stdout]    = note: available fields are: `workers_count`, `live_tasks_count`, `total_park_count`, `max_park_count`, `min_park_count` ... and 5 others
[INFO] [stdout] 
[INFO] [stdout] 
[INFO] [stdout] error[E0609]: no field `total_polls_count` on type `tokio_metrics::RuntimeMetrics`
[INFO] [stdout]   --> common/src/metrics.rs:44:68
[INFO] [stdout]    |
[INFO] [stdout] 44 |             counter!("tokio_total_polls_count").increment(interval.total_polls_count);
[INFO] [stdout]    |                                                                    ^^^^^^^^^^^^^^^^^ unknown field
[INFO] [stdout]    |
[INFO] [stdout] help: a field with a similar name exists
[INFO] [stdout]    |
[INFO] [stdout] 44 -             counter!("tokio_total_polls_count").increment(interval.total_polls_count);
[INFO] [stdout] 44 +             counter!("tokio_total_polls_count").increment(interval.total_park_count);
[INFO] [stdout]    |
[INFO] [stdout] 
[INFO] [stdout] 
[INFO] [stdout] error[E0609]: no field `total_local_schedule_count` on type `tokio_metrics::RuntimeMetrics`
[INFO] [stdout]   --> common/src/metrics.rs:46:37
[INFO] [stdout]    |
[INFO] [stdout] 46 |                 .increment(interval.total_local_schedule_count);
[INFO] [stdout]    |                                     ^^^^^^^^^^^^^^^^^^^^^^^^^^ unknown field
[INFO] [stdout]    |
[INFO] [stdout]    = note: available fields are: `workers_count`, `live_tasks_count`, `total_park_count`, `max_park_count`, `min_park_count` ... and 5 others
[INFO] [stdout] 
[INFO] [stdout] 
[INFO] [stdout] error[E0609]: no field `num_remote_schedules` on type `tokio_metrics::RuntimeMetrics`
[INFO] [stdout]   --> common/src/metrics.rs:47:71
[INFO] [stdout]    |
[INFO] [stdout] 47 |             counter!("tokio_num_remote_schedules").increment(interval.num_remote_schedules);
[INFO] [stdout]    |                                                                       ^^^^^^^^^^^^^^^^^^^^ unknown field
[INFO] [stdout]    |
[INFO] [stdout]    = note: available fields are: `workers_count`, `live_tasks_count`, `total_park_count`, `max_park_count`, `min_park_count` ... and 5 others
[INFO] [stdout] 
[INFO] [stdout] 
[INFO] [stdout] error[E0609]: no field `total_overflow_count` on type `tokio_metrics::RuntimeMetrics`
[INFO] [stdout]   --> common/src/metrics.rs:48:71
[INFO] [stdout]    |
[INFO] [stdout] 48 |             counter!("tokio_total_overflow_count").increment(interval.total_overflow_count);
[INFO] [stdout]    |                                                                       ^^^^^^^^^^^^^^^^^^^^ unknown field
[INFO] [stdout]    |
[INFO] [stdout]    = note: available fields are: `workers_count`, `live_tasks_count`, `total_park_count`, `max_park_count`, `min_park_count` ... and 5 others
[INFO] [stdout] 
[INFO] [stdout] 
[INFO] [stdout] error[E0609]: no field `budget_forced_yield_count` on type `tokio_metrics::RuntimeMetrics`
[INFO] [stdout]   --> common/src/metrics.rs:50:37
[INFO] [stdout]    |
[INFO] [stdout] 50 |                 .increment(interval.budget_forced_yield_count);
[INFO] [stdout]    |                                     ^^^^^^^^^^^^^^^^^^^^^^^^^ unknown field
[INFO] [stdout]    |
[INFO] [stdout]    = note: available fields are: `workers_count`, `live_tasks_count`, `total_park_count`, `max_park_count`, `min_park_count` ... and 5 others
[INFO] [stdout] 
[INFO] [stdout] 
[INFO] [stdout] error[E0609]: no field `io_driver_ready_count` on type `tokio_metrics::RuntimeMetrics`
[INFO] [stdout]   --> common/src/metrics.rs:51:72
[INFO] [stdout]    |
[INFO] [stdout] 51 |             counter!("tokio_io_driver_ready_count").increment(interval.io_driver_ready_count);
[INFO] [stdout]    |                                                                        ^^^^^^^^^^^^^^^^^^^^^ unknown field
[INFO] [stdout]    |
[INFO] [stdout]    = note: available fields are: `workers_count`, `live_tasks_count`, `total_park_count`, `max_park_count`, `min_park_count` ... and 5 others
[INFO] [stdout] 
[INFO] [stdout] 
[INFO] [stdout] For more information about this error, try `rustc --explain E0609`.
[INFO] [stdout] 
[INFO] [stderr] error: could not compile `polymarket-common` (lib test) due to 13 previous errors
[INFO] [stderr] warning: build failed, waiting for other jobs to finish...
[INFO] [stdout] For more information about this error, try `rustc --explain E0609`.
[INFO] [stdout] 
[INFO] [stderr] error: could not compile `polymarket-common` (lib) due to 13 previous errors
[INFO] [stderr] warning: unused dependency `confique`
[INFO] [stderr]   --> common/Cargo.toml:16:1
[INFO] [stderr]    |
[INFO] [stderr] 16 | confique = "0.4"
[INFO] [stderr]    | ^^^^^^^^^^^^^^^^
[INFO] [stderr]    |
[INFO] [stderr]    = note: `cargo::unused_dependencies` is set to `warn` by default
[INFO] [stderr] help: consider removing the dependency on `confique`
[INFO] [stderr] warning: `polymarket-common` (manifest) generated 1 warning
[INFO] running `Command { std: "docker" "inspect" "bf56a832af5bd176dc3db3fd0a4b2fb6ad646eca4f5642f20e2e1d47f0612ce0", kill_on_drop: false }`
[INFO] running `Command { std: "docker" "rm" "-f" "bf56a832af5bd176dc3db3fd0a4b2fb6ad646eca4f5642f20e2e1d47f0612ce0", kill_on_drop: false }`
[INFO] [stdout] bf56a832af5bd176dc3db3fd0a4b2fb6ad646eca4f5642f20e2e1d47f0612ce0
