[INFO] cloning repository https://github.com/rconnelly/rgit
[INFO] running `Command { std: "git" "-c" "credential.helper=" "-c" "credential.helper=/workspace/cargo-home/bin/git-credential-null" "clone" "--bare" "https://github.com/rconnelly/rgit" "/workspace/cache/git-repos/https%3A%2F%2Fgithub.com%2Frconnelly%2Frgit", kill_on_drop: false }`
[INFO] [stderr] Cloning into bare repository '/workspace/cache/git-repos/https%3A%2F%2Fgithub.com%2Frconnelly%2Frgit'...
[INFO] running `Command { std: "git" "rev-parse" "HEAD", kill_on_drop: false }`
[INFO] [stdout] 859905da58484334683d6506f519bf45228f6c06
[INFO] checking rconnelly/rgit against c60b92c03ca8a3b101eb9d57f51e2232690638c7 for pr-164148-crater-rollup
[INFO] running `Command { std: "git" "clone" "/workspace/cache/git-repos/https%3A%2F%2Fgithub.com%2Frconnelly%2Frgit" "/workspace/builds/worker-6-tc2/source", kill_on_drop: false }`
[INFO] [stderr] Cloning into '/workspace/builds/worker-6-tc2/source'...
[INFO] [stderr] done.
[INFO] removed /workspace/builds/worker-6-tc2/source/rust-toolchain.toml
[INFO] started tweaking git repo https://github.com/rconnelly/rgit
[INFO] finished tweaking git repo https://github.com/rconnelly/rgit
[INFO] tweaked toml for git repo https://github.com/rconnelly/rgit written to /workspace/builds/worker-6-tc2/source/Cargo.toml
[INFO] validating manifest of git repo https://github.com/rconnelly/rgit on toolchain c60b92c03ca8a3b101eb9d57f51e2232690638c7
[INFO] running `Command { std: CARGO_HOME="/workspace/cargo-home" RUSTUP_HOME="/workspace/rustup-home" "/workspace/cargo-home/bin/cargo" "+c60b92c03ca8a3b101eb9d57f51e2232690638c7" "metadata" "--manifest-path" "Cargo.toml" "--no-deps", kill_on_drop: false }`
[INFO] crate git repo https://github.com/rconnelly/rgit already has a lockfile, it will not be regenerated
[INFO] running `Command { std: CARGO_HOME="/workspace/cargo-home" RUSTUP_HOME="/workspace/rustup-home" "/workspace/cargo-home/bin/cargo" "+c60b92c03ca8a3b101eb9d57f51e2232690638c7" "fetch" "--manifest-path" "Cargo.toml", kill_on_drop: false }`
[INFO] [stderr] warning: `package.homepage` is redundant with `package.repository`
[INFO] [stderr]   --> Cargo.toml:82:12
[INFO] [stderr]    |
[INFO] [stderr] 82 | homepage = "https://github.com/rconnelly/rgit"
[INFO] [stderr]    |            ^^^^^^^^^^^^^^^^^^^^^^^^^^^^^^^^^^^
[INFO] [stderr] ...
[INFO] [stderr] 87 | repository = "https://github.com/rconnelly/rgit"
[INFO] [stderr]    |              -----------------------------------
[INFO] [stderr]    |
[INFO] [stderr]    = note: `cargo::redundant_homepage` is set to `warn` by default
[INFO] [stderr] help: consider removing `package.homepage`
[INFO] [stderr] warning: `rabun-git` (manifest) generated 1 warning
[INFO] [stderr]     Blocking waiting for file lock on package cache
[INFO] [stderr]     Blocking waiting for file lock on package cache
[INFO] [stderr]  Downloading crates ...
[INFO] [stderr]   Downloaded unicode-ident v1.0.26
[INFO] [stderr]   Downloaded wasm-bindgen-macro v0.2.128
[INFO] [stderr]   Downloaded wasm-bindgen v0.2.128
[INFO] [stderr]   Downloaded wasm-bindgen-shared v0.2.128
[INFO] [stderr]   Downloaded futures-sink v0.3.34
[INFO] [stderr]   Downloaded futures-core v0.3.34
[INFO] [stderr]   Downloaded cfg-if v1.0.5
[INFO] [stderr]   Downloaded futures-macro v0.3.34
[INFO] [stderr]   Downloaded futures-io v0.3.34
[INFO] [stderr]   Downloaded rand_core v0.10.1
[INFO] [stderr]   Downloaded futures-task v0.3.34
[INFO] [stderr]   Downloaded webpki-roots v0.26.11
[INFO] [stderr]   Downloaded idna_adapter v1.2.2
[INFO] [stderr]   Downloaded sha1 v0.11.0
[INFO] [stderr]   Downloaded zerofrom-derive v0.1.8
[INFO] [stderr]   Downloaded potential_utf v0.1.6
[INFO] [stderr]   Downloaded base16ct v1.0.0
[INFO] [stderr]   Downloaded zeroize v1.9.0
[INFO] [stderr]   Downloaded smallvec v1.16.1
[INFO] [stderr]   Downloaded yoke-derive v0.8.3
[INFO] [stderr]   Downloaded block-buffer v0.12.1
[INFO] [stderr]   Downloaded zerofrom v0.1.8
[INFO] [stderr]   Downloaded sec1 v0.8.1
[INFO] [stderr]   Downloaded tokio-macros v2.7.2
[INFO] [stderr]   Downloaded uuid v1.26.1
[INFO] [stderr]   Downloaded cpufeatures v0.3.1
[INFO] [stderr]   Downloaded crypto-common v0.1.7
[INFO] [stderr]   Downloaded crypto-common v0.2.2
[INFO] [stderr]   Downloaded cpubits v0.1.1
[INFO] [stderr]   Downloaded block-padding v0.4.2
[INFO] [stderr]   Downloaded universal-hash v0.6.1
[INFO] [stderr]   Downloaded inout v0.2.2
[INFO] [stderr]   Downloaded ctr v0.10.1
[INFO] [stderr]   Downloaded ghash v0.6.0
[INFO] [stderr]   Downloaded futures-channel v0.3.34
[INFO] [stderr]   Downloaded zerovec-derive v0.11.6
[INFO] [stderr]   Downloaded synstructure v0.14.0
[INFO] [stderr]   Downloaded fastrand v2.5.0
[INFO] [stderr]   Downloaded ssh-cipher v0.3.0
[INFO] [stderr]   Downloaded writeable v0.6.4
[INFO] [stderr]   Downloaded digest v0.11.3
[INFO] [stderr]   Downloaded serdect v0.4.3
[INFO] [stderr]   Downloaded autocfg v1.5.1
[INFO] [stderr]   Downloaded cipher v0.5.2
[INFO] [stderr]   Downloaded polyval v0.7.3
[INFO] [stderr]   Downloaded der v0.8.2
[INFO] [stderr]   Downloaded tinystr v0.8.4
[INFO] [stderr]   Downloaded displaydoc v0.2.7
[INFO] [stderr]   Downloaded jobserver v0.1.35
[INFO] [stderr]   Downloaded ssh-encoding v0.3.0
[INFO] [stderr]   Downloaded aead v0.6.1
[INFO] [stderr]   Downloaded getrandom v0.4.3
[INFO] [stderr]   Downloaded rustls-pki-types v1.15.1
[INFO] [stderr]   Downloaded getrandom v0.2.17
[INFO] [stderr]   Downloaded ctutils v0.4.2
[INFO] [stderr]   Downloaded cmov v0.5.4
[INFO] [stderr]   Downloaded hybrid-array v0.4.15
[INFO] [stderr]   Downloaded thiserror v2.0.20
[INFO] [stderr]   Downloaded poly1305 v0.9.1
[INFO] [stderr]   Downloaded des v0.9.0
[INFO] [stderr]   Downloaded anyhow v1.0.104
[INFO] [stderr]   Downloaded find-msvc-tools v0.1.13
[INFO] [stderr]   Downloaded bitflags v2.13.2
[INFO] [stderr]   Downloaded thiserror-impl v2.0.20
[INFO] [stderr]   Downloaded yoke v0.8.3
[INFO] [stderr]   Downloaded icu_provider v2.3.1
[INFO] [stderr]   Downloaded litemap v0.8.3
[INFO] [stderr]   Downloaded socket2 v0.6.5
[INFO] [stderr]   Downloaded const-oid v0.10.2
[INFO] [stderr]   Downloaded url v2.5.8
[INFO] [stderr]   Downloaded icu_normalizer_data v2.3.0
[INFO] [stderr]   Downloaded log v0.4.34
[INFO] [stderr]   Downloaded bytes v1.12.1
[INFO] [stderr]   Downloaded libyml v0.0.5
[INFO] [stderr]   Downloaded chacha20 v0.10.2
[INFO] [stderr]   Downloaded bumpalo v3.20.3
[INFO] [stderr]   Downloaded zerotrie v0.2.5
[INFO] [stderr]   Downloaded icu_locale_core v2.3.0
[INFO] [stderr]   Downloaded icu_collections v2.3.0
[INFO] [stderr]   Downloaded rustls-webpki v0.103.15
[INFO] [stderr]   Downloaded aes v0.9.3
[INFO] [stderr]   Downloaded wasm-bindgen-macro-support v0.2.128
[INFO] [stderr]   Downloaded js-sys v0.3.105
[INFO] [stderr]   Downloaded ureq v2.12.1
[INFO] [stderr]   Downloaded icu_properties v2.3.0
[INFO] [stderr]   Downloaded cc v1.4.7
[INFO] [stderr]   Downloaded mio v1.2.3
[INFO] [stderr]   Downloaded typenum v1.20.1
[INFO] [stderr]   Downloaded zerovec v0.11.8
[INFO] [stderr]   Downloaded ssh-key v0.7.0-rc.11
[INFO] [stderr]   Downloaded indexmap v2.14.2
[INFO] [stderr]   Downloaded serde_yml v0.0.12
[INFO] [stderr]   Downloaded aes-gcm v0.11.1
[INFO] [stderr]   Downloaded futures-util v0.3.34
[INFO] [stderr]   Downloaded icu_properties_data v2.3.0
[INFO] [stderr]   Downloaded hashbrown v0.17.1
[INFO] [stderr]   Downloaded aho-corasick v1.1.5
[INFO] [stderr]   Downloaded webpki-roots v1.0.9
[INFO] [stderr]   Downloaded russh v0.63.3
[INFO] [stderr]   Downloaded android_system_properties v0.1.6
[INFO] [stderr]   Downloaded terminal_size v0.4.4
[INFO] [stderr]   Downloaded http-body v1.1.0
[INFO] [stderr]   Downloaded crypto-bigint v0.7.5
[INFO] [stderr]   Downloaded bcrypt-pbkdf v0.11.0
[INFO] [stderr]   Downloaded password-hash v0.6.1
[INFO] [stderr]   Downloaded cfg_aliases v0.2.2
[INFO] [stderr]   Downloaded hex-literal v1.1.0
[INFO] [stderr]   Downloaded syn v3.0.6
[INFO] [stderr]   Downloaded rustls v0.23.45
[INFO] [stderr]   Downloaded wasm-bindgen-futures v0.4.78
[INFO] [stderr]   Downloaded rustix v1.1.5
[INFO] [stderr]   Downloaded kem v0.3.0
[INFO] [stderr]   Downloaded rfc6979 v0.6.0
[INFO] [stderr]   Downloaded clap_lex v1.1.1
[INFO] [stderr]   Downloaded md5 v0.8.1
[INFO] [stderr]   Downloaded icu_normalizer v2.3.0
[INFO] [stderr]   Downloaded regex-automata v0.4.18
[INFO] [stderr]   Downloaded sponge-cursor v0.1.0
[INFO] [stderr]   Downloaded signature v3.0.0
[INFO] [stderr]   Downloaded tokio v1.53.1
[INFO] [stderr]   Downloaded russh-cryptovec v0.62.0
[INFO] [stderr]   Downloaded dunce v1.0.5
[INFO] [stderr]   Downloaded russh-util v0.52.0
[INFO] [stderr]   Downloaded pageant v0.2.3
[INFO] [stderr]   Downloaded ff v0.14.0
[INFO] [stderr]   Downloaded group v0.14.0
[INFO] [stderr]   Downloaded hmac v0.13.0
[INFO] [stderr]   Downloaded wnaf v0.14.1
[INFO] [stderr]   Downloaded untrusted v0.7.1
[INFO] [stderr]   Downloaded primeorder v0.14.0
[INFO] [stderr]   Downloaded simd-adler32 v0.3.10
[INFO] [stderr]   Downloaded pkg-config v0.3.34
[INFO] [stderr]   Downloaded data-encoding v2.11.1
[INFO] [stderr]   Downloaded scrypt v0.12.0
[INFO] [stderr]   Downloaded blowfish v0.10.0
[INFO] [stderr]   Downloaded http-body-util v0.1.5
[INFO] [stderr]   Downloaded futures-executor v0.3.34
[INFO] [stderr]   Downloaded enum_dispatch v0.3.13
[INFO] [stderr]   Downloaded ed25519 v3.0.0
[INFO] [stderr]   Downloaded fs_extra v1.3.0
[INFO] [stderr]   Downloaded keccak v0.2.2
[INFO] [stderr]   Downloaded ecdsa v0.17.0
[INFO] [stderr]   Downloaded primefield v0.14.0
[INFO] [stderr]   Downloaded pbkdf2 v0.13.0
[INFO] [stderr]   Downloaded num-integer v0.1.47
[INFO] [stderr]   Downloaded cbc v0.2.1
[INFO] [stderr]   Downloaded pkcs1 v0.8.0-rc.4
[INFO] [stderr]   Downloaded ml-kem v0.3.2
[INFO] [stderr]   Downloaded sha2 v0.11.0
[INFO] [stderr]   Downloaded clap_derive v4.6.7
[INFO] [stderr]   Downloaded spki v0.8.0
[INFO] [stderr]   Downloaded cmake v0.1.58
[INFO] [stderr]   Downloaded delegate v0.13.5
[INFO] [stderr]   Downloaded module-lattice v0.2.3
[INFO] [stderr]   Downloaded pkcs8 v0.11.0
[INFO] [stderr]   Downloaded blake2 v0.11.0
[INFO] [stderr]   Downloaded elliptic-curve v0.14.1
[INFO] [stderr]   Downloaded salsa20 v0.11.0
[INFO] [stderr]   Downloaded argon2 v0.6.0
[INFO] [stderr]   Downloaded phc v0.6.1
[INFO] [stderr]   Downloaded generic-array v1.4.5
[INFO] [stderr]   Downloaded pkcs5 v0.8.1
[INFO] [stderr]   Downloaded crc32fast v1.5.2
[INFO] [stderr]   Downloaded clap v4.6.7
[INFO] [stderr]   Downloaded futures v0.3.34
[INFO] [stderr]   Downloaded miniz_oxide v0.9.1
[INFO] [stderr]   Downloaded p384 v0.14.0
[INFO] [stderr]   Downloaded flate2 v1.1.10
[INFO] [stderr]   Downloaded ed25519-dalek v3.0.0
[INFO] [stderr]   Downloaded http v1.5.0
[INFO] [stderr]   Downloaded rand v0.10.3
[INFO] [stderr]   Downloaded num-bigint v0.5.1
[INFO] [stderr]   Downloaded p521 v0.14.0
[INFO] [stderr]   Downloaded rsa v0.10.0-rc.18
[INFO] [stderr]   Downloaded p256 v0.14.0
[INFO] [stderr]   Downloaded hkdf v0.13.0
[INFO] [stderr]   Downloaded hyper v1.11.1
[INFO] [stderr]   Downloaded axum v0.8.9
[INFO] [stderr]   Downloaded clap_builder v4.6.7
[INFO] [stderr]   Downloaded crypto-primes v0.7.2
[INFO] [stderr]   Downloaded sha3 v0.12.0
[INFO] [stderr]   Downloaded chrono v0.4.45
[INFO] [stderr]   Downloaded zlib-rs v0.6.8
[INFO] [stderr]   Downloaded aws-lc-rs v1.18.1
[INFO] [stderr]   Downloaded curve25519-dalek v5.0.0
[INFO] [stderr]   Downloaded nix v0.31.3
[INFO] [stderr]   Downloaded fiat-crypto v0.3.0
[INFO] [stderr]   Downloaded sha3 v0.11.0
[INFO] [stderr]   Downloaded aws-lc-sys v0.45.0
[INFO] running `Command { std: "docker" "create" "-v" "/var/lib/crater-agent-workspace/builds/worker-6-tc2/source:/opt/rustwide/workdir:ro,Z" "-v" "/var/lib/crater-agent-workspace/builds/worker-6-tc2/target:/opt/rustwide/target:rw,Z" "-v" "/var/lib/crater-agent-workspace/cargo-home:/opt/rustwide/cargo-home:ro,Z" "-v" "/var/lib/crater-agent-workspace/rustup-home:/opt/rustwide/rustup-home:ro,Z" "-m" "1610612736" "--network" "none" "ghcr.io/rust-lang/crates-build-env/linux@sha256:77db811e55d90add9212f6832c23229e3de5f1c1f9905e8cb07319ea15df73ac" "sleep" "infinity", kill_on_drop: false }`
[INFO] [stdout] e6b6cca23154bd44df7bd62e0c0d19080149f5c3bea4f48e6704b6f3ded929b1
[INFO] running `Command { std: "docker" "start" "e6b6cca23154bd44df7bd62e0c0d19080149f5c3bea4f48e6704b6f3ded929b1", kill_on_drop: false }`
[INFO] running `Command { std: "docker" "inspect" "e6b6cca23154bd44df7bd62e0c0d19080149f5c3bea4f48e6704b6f3ded929b1", kill_on_drop: false }`
[INFO] running `Command { std: "docker" "exec" "-e" "SOURCE_DIR=/opt/rustwide/workdir" "-e" "CARGO_HOME=/opt/rustwide/cargo-home" "-e" "RUSTUP_HOME=/opt/rustwide/rustup-home" "-e" "CARGO_TARGET_DIR=/opt/rustwide/target" "-w" "/opt/rustwide/workdir" "--user" "0:0" "e6b6cca23154bd44df7bd62e0c0d19080149f5c3bea4f48e6704b6f3ded929b1" "/opt/rustwide/cargo-home/bin/cargo" "+c60b92c03ca8a3b101eb9d57f51e2232690638c7" "metadata" "--no-deps" "--format-version=1", kill_on_drop: false }`
[INFO] running `Command { std: "docker" "inspect" "e6b6cca23154bd44df7bd62e0c0d19080149f5c3bea4f48e6704b6f3ded929b1", kill_on_drop: false }`
[INFO] running `Command { std: "docker" "exec" "-e" "SOURCE_DIR=/opt/rustwide/workdir" "-e" "CARGO_HOME=/opt/rustwide/cargo-home" "-e" "RUSTUP_HOME=/opt/rustwide/rustup-home" "-e" "CARGO_TARGET_DIR=/opt/rustwide/target" "-e" "CARGO_INCREMENTAL=0" "-e" "RUST_BACKTRACE=full" "-e" "RUSTFLAGS=--cap-lints=forbid" "-e" "RUSTDOCFLAGS=--cap-lints=forbid" "-w" "/opt/rustwide/workdir" "--user" "0:0" "e6b6cca23154bd44df7bd62e0c0d19080149f5c3bea4f48e6704b6f3ded929b1" "/opt/rustwide/cargo-home/bin/cargo" "+c60b92c03ca8a3b101eb9d57f51e2232690638c7" "check" "--frozen" "--all" "--all-targets" "--message-format=json", kill_on_drop: false }`
[INFO] [stderr] warning: `package.homepage` is redundant with `package.repository`
[INFO] [stderr]   --> Cargo.toml:82:12
[INFO] [stderr]    |
[INFO] [stderr] 82 | homepage = "https://github.com/rconnelly/rgit"
[INFO] [stderr]    |            ^^^^^^^^^^^^^^^^^^^^^^^^^^^^^^^^^^^
[INFO] [stderr] ...
[INFO] [stderr] 87 | repository = "https://github.com/rconnelly/rgit"
[INFO] [stderr]    |              -----------------------------------
[INFO] [stderr]    |
[INFO] [stderr]    = note: `cargo::redundant_homepage` is set to `warn` by default
[INFO] [stderr] help: consider removing `package.homepage`
[INFO] [stderr] warning: `rabun-git` (manifest) generated 1 warning
[INFO] [stderr]    Compiling libc v0.2.189
[INFO] [stderr]     Checking cfg-if v1.0.5
[INFO] [stderr]     Checking zeroize v1.9.0
[INFO] [stderr]     Checking subtle v2.6.1
[INFO] [stderr]     Checking typenum v1.20.1
[INFO] [stderr]     Checking cmov v0.5.4
[INFO] [stderr]    Compiling proc-macro2 v1.0.107
[INFO] [stderr]     Checking rand_core v0.10.1
[INFO] [stderr]    Compiling getrandom v0.4.3
[INFO] [stderr]    Compiling unicode-ident v1.0.26
[INFO] [stderr]    Compiling quote v1.0.47
[INFO] [stderr]     Checking const-oid v0.10.2
[INFO] [stderr]     Checking cpufeatures v0.3.1
[INFO] [stderr]    Compiling autocfg v1.5.1
[INFO] [stderr]     Checking ctutils v0.4.2
[INFO] [stderr]     Checking cpubits v0.1.1
[INFO] [stderr]     Checking base64ct v1.8.3
[INFO] [stderr]    Compiling find-msvc-tools v0.1.13
[INFO] [stderr]    Compiling serde_core v1.0.229
[INFO] [stderr]     Checking pem-rfc7468 v1.0.0
[INFO] [stderr]    Compiling num-traits v0.2.19
[INFO] [stderr]     Checking bytes v1.12.1
[INFO] [stderr]    Compiling shlex v2.0.1
[INFO] [stderr]     Checking der v0.8.2
[INFO] [stderr]    Compiling version_check v0.9.5
[INFO] [stderr]    Compiling syn v3.0.6
[INFO] [stderr]     Checking spki v0.8.0
[INFO] [stderr]     Checking ff v0.14.0
[INFO] [stderr]     Checking futures-core v0.3.34
[INFO] [stderr]    Compiling syn v2.0.119
[INFO] [stderr]    Compiling generic-array v0.14.7
[INFO] [stderr]    Compiling serde v1.0.229
[INFO] [stderr]     Checking memchr v2.8.3
[INFO] [stderr]     Checking hybrid-array v0.4.15
[INFO] [stderr]     Checking group v0.14.0
[INFO] [stderr]     Checking smallvec v1.16.1
[INFO] [stderr]     Checking futures-sink v0.3.34
[INFO] [stderr]    Compiling jobserver v0.1.35
[INFO] [stderr]     Checking base16ct v1.0.0
[INFO] [stderr]     Checking futures-channel v0.3.34
[INFO] [stderr]    Compiling cc v1.4.7
[INFO] [stderr]     Checking bitflags v2.13.2
[INFO] [stderr]     Checking hashbrown v0.17.1
[INFO] [stderr]     Checking errno v0.3.14
[INFO] [stderr]     Checking litemap v0.8.3
[INFO] [stderr]     Checking writeable v0.6.4
[INFO] [stderr]     Checking signal-hook-registry v1.4.8
[INFO] [stderr]     Checking getrandom v0.2.17
[INFO] [stderr]     Checking socket2 v0.6.5
[INFO] [stderr]     Checking mio v1.2.3
[INFO] [stderr]     Checking crypto-common v0.2.2
[INFO] [stderr]     Checking block-buffer v0.12.1
[INFO] [stderr]     Checking block-padding v0.4.2
[INFO] [stderr]     Checking crypto-bigint v0.7.5
[INFO] [stderr]     Checking sec1 v0.8.1
[INFO] [stderr]     Checking inout v0.2.2
[INFO] [stderr]     Checking utf8_iter v1.0.4
[INFO] [stderr]    Compiling semver v1.0.28
[INFO] [stderr]    Compiling icu_properties_data v2.3.0
[INFO] [stderr]     Checking indexmap v2.14.2
[INFO] [stderr]    Compiling icu_normalizer_data v2.3.0
[INFO] [stderr]    Compiling cmake v0.1.58
[INFO] [stderr]    Compiling rustc_version v0.4.1
[INFO] [stderr]     Checking digest v0.11.3
[INFO] [stderr]     Checking cipher v0.5.2
[INFO] [stderr]     Checking hmac v0.13.0
[INFO] [stderr]     Checking universal-hash v0.6.1
[INFO] [stderr]     Checking sha2 v0.11.0
[INFO] [stderr]     Checking pbkdf2 v0.13.0
[INFO] [stderr]     Checking polyval v0.7.3
[INFO] [stderr]     Checking aead v0.6.1
[INFO] [stderr]     Checking aes v0.9.3
[INFO] [stderr]     Checking ctr v0.10.1
[INFO] [stderr]     Checking ghash v0.6.0
[INFO] [stderr]     Checking salsa20 v0.11.0
[INFO] [stderr]     Checking cbc v0.2.1
[INFO] [stderr]     Checking signature v3.0.0
[INFO] [stderr]     Checking hkdf v0.13.0
[INFO] [stderr]    Compiling ring v0.17.14
[INFO] [stderr]     Checking http v1.5.0
[INFO] [stderr]     Checking log v0.4.34
[INFO] [stderr]     Checking slab v0.4.12
[INFO] [stderr]     Checking aes-gcm v0.11.1
[INFO] [stderr]     Checking futures-io v0.3.34
[INFO] [stderr]    Compiling pkg-config v0.3.34
[INFO] [stderr]     Checking scrypt v0.12.0
[INFO] [stderr]     Checking futures-task v0.3.34
[INFO] [stderr]    Compiling dunce v1.0.5
[INFO] [stderr]     Checking pkcs5 v0.8.1
[INFO] [stderr]    Compiling zmij v1.0.23
[INFO] [stderr]    Compiling rustix v1.1.5
[INFO] [stderr]    Compiling fs_extra v1.3.0
[INFO] [stderr]     Checking chacha20 v0.10.2
[INFO] [stderr]    Compiling aws-lc-sys v0.45.0
[INFO] [stderr]     Checking http-body v1.1.0
[INFO] [stderr]     Checking pkcs8 v0.11.0
[INFO] [stderr]    Compiling curve25519-dalek v5.0.0
[INFO] [stderr]     Checking rustls-pki-types v1.15.1
[INFO] [stderr]     Checking linux-raw-sys v0.12.1
[INFO] [stderr]    Compiling cfg_aliases v0.2.2
[INFO] [stderr]    Compiling serde_json v1.0.151
[INFO] [stderr]    Compiling nix v0.31.3
[INFO] [stderr]    Compiling synstructure v0.14.0
[INFO] [stderr]     Checking block-buffer v0.10.4
[INFO] [stderr]     Checking crypto-common v0.1.7
[INFO] [stderr]     Checking keccak v0.2.2
[INFO] [stderr]     Checking byteorder v1.5.0
[INFO] [stderr]    Compiling anyhow v1.0.104
[INFO] [stderr]     Checking untrusted v0.9.0
[INFO] [stderr]     Checking primefield v0.14.0
[INFO] [stderr]     Checking elliptic-curve v0.14.1
[INFO] [stderr]     Checking rfc6979 v0.6.0
[INFO] [stderr]     Checking wnaf v0.14.1
[INFO] [stderr]    Compiling curve25519-dalek-derive v0.1.1
[INFO] [stderr]     Checking ssh-encoding v0.3.0
[INFO] [stderr]    Compiling crc32fast v1.5.2
[INFO] [stderr]    Compiling rustversion v1.0.23
[INFO] [stderr]     Checking crypto-primes v0.7.2
[INFO] [stderr]     Checking primeorder v0.14.0
[INFO] [stderr]     Checking ecdsa v0.17.0
[INFO] [stderr]     Checking blowfish v0.10.0
[INFO] [stderr]     Checking digest v0.10.7
[INFO] [stderr]    Compiling zerofrom-derive v0.1.8
[INFO] [stderr]    Compiling yoke-derive v0.8.3
[INFO] [stderr]    Compiling zerovec-derive v0.11.6
[INFO] [stderr]    Compiling displaydoc v0.2.7
[INFO] [stderr]    Compiling serde_derive v1.0.229
[INFO] [stderr]    Compiling tokio-macros v2.7.2
[INFO] [stderr]    Compiling futures-macro v0.3.34
[INFO] [stderr]     Checking ed25519 v3.0.0
[INFO] [stderr]     Checking poly1305 v0.9.1
[INFO] [stderr]     Checking zerofrom v0.1.8
[INFO] [stderr]     Checking blake2 v0.11.0
[INFO] [stderr]     Checking yoke v0.8.3
[INFO] [stderr]     Checking pkcs1 v0.8.0-rc.4
[INFO] [stderr]     Checking simd-adler32 v0.3.10
[INFO] [stderr]     Checking zerovec v0.11.8
[INFO] [stderr]     Checking zerotrie v0.2.5
[INFO] [stderr]     Checking tokio v1.53.1
[INFO] [stderr]    Compiling aws-lc-rs v1.18.1
[INFO] [stderr]     Checking futures-util v0.3.34
[INFO] [stderr]    Compiling thiserror v2.0.20
[INFO] [stderr]    Compiling rustls v0.23.45
[INFO] [stderr]     Checking regex-syntax v0.8.11
[INFO] [stderr]     Checking miniz_oxide v0.9.1
[INFO] [stderr]     Checking tinystr v0.8.4
[INFO] [stderr]     Checking icu_locale_core v2.3.0
[INFO] [stderr]     Checking potential_utf v0.1.6
[INFO] [stderr]     Checking icu_collections v2.3.0
[INFO] [stderr]     Checking rustls-webpki v0.103.15
[INFO] [stderr]     Checking regex-automata v0.4.18
[INFO] [stderr]     Checking rsa v0.10.0-rc.18
[INFO] [stderr]     Checking icu_provider v2.3.1
[INFO] [stderr]     Checking argon2 v0.6.0
[INFO] [stderr]     Checking icu_properties v2.3.0
[INFO] [stderr]     Checking icu_normalizer v2.3.0
[INFO] [stderr]     Checking ssh-cipher v0.3.0
[INFO] [stderr]     Checking ed25519-dalek v3.0.0
[INFO] [stderr]     Checking terminal_size v0.4.4
[INFO] [stderr]    Compiling thiserror-impl v2.0.20
[INFO] [stderr]     Checking bcrypt-pbkdf v0.11.0
[INFO] [stderr]     Checking p256 v0.14.0
[INFO] [stderr]     Checking idna_adapter v1.2.2
[INFO] [stderr]     Checking idna v1.1.0
[INFO] [stderr]     Checking toml_datetime v0.6.11
[INFO] [stderr]     Checking serde_spanned v0.6.9
[INFO] [stderr]     Checking p521 v0.14.0
[INFO] [stderr]     Checking p384 v0.14.0
[INFO] [stderr]     Checking form_urlencoded v1.2.2
[INFO] [stderr]    Compiling tracing-attributes v0.1.31
[INFO] [stderr]     Checking sha3 v0.11.0
[INFO] [stderr]     Checking webpki-roots v1.0.9
[INFO] [stderr]     Checking rand v0.10.3
[INFO] [stderr]     Checking http-body-util v0.1.5
[INFO] [stderr]     Checking futures-executor v0.3.34
[INFO] [stderr]     Checking sha1 v0.11.0
[INFO] [stderr]     Checking kem v0.3.0
[INFO] [stderr]     Checking module-lattice v0.2.3
[INFO] [stderr]     Checking rand_core v0.6.4
[INFO] [stderr]     Checking num-integer v0.1.47
[INFO] [stderr]    Compiling serde_yml v0.0.12
[INFO] [stderr]     Checking clap_lex v1.1.1
[INFO] [stderr]     Checking untrusted v0.7.1
[INFO] [stderr]     Checking hex v0.4.3
[INFO] [stderr]     Checking sponge-cursor v0.1.0
[INFO] [stderr]     Checking cpufeatures v0.2.17
[INFO] [stderr]     Checking tracing v0.1.44
[INFO] [stderr]     Checking clap_builder v4.6.7
[INFO] [stderr]     Checking sha3 v0.12.0
[INFO] [stderr]     Checking axum-core v0.5.6
[INFO] [stderr]     Checking toml_edit v0.22.27
[INFO] [stderr]     Checking num-bigint v0.5.1
[INFO] [stderr]    Compiling clap_derive v4.6.7
[INFO] [stderr]    Compiling enum_dispatch v0.3.13
[INFO] [stderr]     Checking sharded-slab v0.1.7
[INFO] [stderr]     Checking ml-kem v0.3.2
[INFO] [stderr]     Checking password-hash v0.5.0
[INFO] [stderr]     Checking futures v0.3.34
[INFO] [stderr]     Checking webpki-roots v0.26.11
[INFO] [stderr]     Checking generic-array v1.4.5
[INFO] [stderr]     Checking url v2.5.8
[INFO] [stderr]     Checking flate2 v1.1.10
[INFO] [stderr]     Checking libyml v0.0.5
[INFO] [stdout] error[E0493]: destructor of `ArrayBuilder<T, N>` cannot be evaluated at compile-time
[INFO] [stdout]    --> /opt/rustwide/cargo-home/registry/src/index.crates.io-1949cf8c6b5b557f/generic-array-1.4.5/src/internal.rs:103:31
[INFO] [stdout]     |
[INFO] [stdout] 103 |     pub unsafe fn assume_init(self) -> GenericArray<T, N> {
[INFO] [stdout]     |                               ^^^^ the destructor for this type cannot be evaluated in constant functions
[INFO] [stdout] ...
[INFO] [stdout] 109 |     }
[INFO] [stdout]     |     - value is dropped here
[INFO] [stdout] 
[INFO] [stdout] 
[INFO] [stdout] error[E0493]: destructor of `GenericArray<core::mem::MaybeUninit<*const T>, N>` cannot be evaluated at compile-time
[INFO] [stdout]    --> /opt/rustwide/cargo-home/registry/src/index.crates.io-1949cf8c6b5b557f/generic-array-1.4.5/src/lib.rs:983:13
[INFO] [stdout]     |
[INFO] [stdout] 983 |         let mut out: GenericArray<MaybeUninit<*const T>, N> = GenericArray::uninit();
[INFO] [stdout]     |             ^^^^^^^ the destructor for this type cannot be evaluated in constant functions
[INFO] [stdout] ...
[INFO] [stdout] 998 |     }
[INFO] [stdout]     |     - value is dropped here
[INFO] [stdout] 
[INFO] [stdout] 
[INFO] [stdout] error[E0493]: destructor of `GenericArray<core::mem::MaybeUninit<*mut T>, N>` cannot be evaluated at compile-time
[INFO] [stdout]     --> /opt/rustwide/cargo-home/registry/src/index.crates.io-1949cf8c6b5b557f/generic-array-1.4.5/src/lib.rs:1018:13
[INFO] [stdout]      |
[INFO] [stdout] 1018 |         let mut out: GenericArray<MaybeUninit<*mut T>, N> = GenericArray::uninit();
[INFO] [stdout]      |             ^^^^^^^ the destructor for this type cannot be evaluated in constant functions
[INFO] [stdout] ...
[INFO] [stdout] 1033 |     }
[INFO] [stdout]      |     - value is dropped here
[INFO] [stdout] 
[INFO] [stdout] 
[INFO] [stdout] For more information about this error, try `rustc --explain E0493`.
[INFO] [stdout] 
[INFO] [stderr]     Checking matchers v0.2.0
[INFO] [stderr] error: could not compile `generic-array` (lib) due to 3 previous errors
[INFO] [stderr] warning: build failed, waiting for other jobs to finish...
[INFO] running `Command { std: "docker" "inspect" "e6b6cca23154bd44df7bd62e0c0d19080149f5c3bea4f48e6704b6f3ded929b1", kill_on_drop: false }`
[INFO] running `Command { std: "docker" "rm" "-f" "e6b6cca23154bd44df7bd62e0c0d19080149f5c3bea4f48e6704b6f3ded929b1", kill_on_drop: false }`
[INFO] [stdout] e6b6cca23154bd44df7bd62e0c0d19080149f5c3bea4f48e6704b6f3ded929b1
