[INFO] cloning repository https://github.com/engsprama/servo
[INFO] running `Command { std: "git" "-c" "credential.helper=" "-c" "credential.helper=/workspace/cargo-home/bin/git-credential-null" "clone" "--bare" "https://github.com/engsprama/servo" "/workspace/cache/git-repos/https%3A%2F%2Fgithub.com%2Fengsprama%2Fservo", kill_on_drop: false }`
[INFO] [stderr] Cloning into bare repository '/workspace/cache/git-repos/https%3A%2F%2Fgithub.com%2Fengsprama%2Fservo'...
[INFO] running `Command { std: "git" "rev-parse" "HEAD", kill_on_drop: false }`
[INFO] [stdout] 9326a2f8aa200c08407dbfb16f2401548046e16e
[INFO] checking engsprama/servo/9326a2f8aa200c08407dbfb16f2401548046e16e against c60b92c03ca8a3b101eb9d57f51e2232690638c7 for pr-164148-crater-rollup
[INFO] running `Command { std: "git" "clone" "/workspace/cache/git-repos/https%3A%2F%2Fgithub.com%2Fengsprama%2Fservo" "/workspace/builds/worker-7-tc2/source", kill_on_drop: false }`
[INFO] [stderr] Cloning into '/workspace/builds/worker-7-tc2/source'...
[INFO] [stderr] done.
[INFO] [stderr] Updating files:   6% (12116/192856)
Updating files:   7% (13500/192856)
Updating files:   8% (15429/192856)
Updating files:   9% (17358/192856)
Updating files:  10% (19286/192856)
Updating files:  11% (21215/192856)
Updating files:  12% (23143/192856)
Updating files:  13% (25072/192856)
Updating files:  14% (27000/192856)
Updating files:  15% (28929/192856)
Updating files:  16% (30857/192856)
Updating files:  17% (32786/192856)
Updating files:  17% (34093/192856)
Updating files:  18% (34715/192856)
Updating files:  19% (36643/192856)
Updating files:  20% (38572/192856)
Updating files:  21% (40500/192856)
Updating files:  22% (42429/192856)
Updating files:  23% (44357/192856)
Updating files:  24% (46286/192856)
Updating files:  25% (48214/192856)
Updating files:  26% (50143/192856)
Updating files:  27% (52072/192856)
Updating files:  28% (54000/192856)
Updating files:  29% (55929/192856)
Updating files:  29% (56881/192856)
Updating files:  30% (57857/192856)
Updating files:  31% (59786/192856)
Updating files:  32% (61714/192856)
Updating files:  33% (63643/192856)
Updating files:  34% (65572/192856)
Updating files:  35% (67500/192856)
Updating files:  36% (69429/192856)
Updating files:  37% (71357/192856)
Updating files:  38% (73286/192856)
Updating files:  39% (75214/192856)
Updating files:  40% (77143/192856)
Updating files:  41% (79071/192856)
Updating files:  41% (79582/192856)
Updating files:  42% (81000/192856)
Updating files:  43% (82929/192856)
Updating files:  44% (84857/192856)
Updating files:  45% (86786/192856)
Updating files:  46% (88714/192856)
Updating files:  47% (90643/192856)
Updating files:  48% (92571/192856)
Updating files:  49% (94500/192856)
Updating files:  50% (96428/192856)
Updating files:  51% (98357/192856)
Updating files:  51% (99829/192856)
Updating files:  52% (100286/192856)
Updating files:  53% (102214/192856)
Updating files:  54% (104143/192856)
Updating files:  55% (106071/192856)
Updating files:  56% (108000/192856)
Updating files:  57% (109928/192856)
Updating files:  58% (111857/192856)
Updating files:  59% (113786/192856)
Updating files:  60% (115714/192856)
Updating files:  61% (117643/192856)
Updating files:  61% (118745/192856)
Updating files:  62% (119571/192856)
Updating files:  63% (121500/192856)
Updating files:  64% (123428/192856)
Updating files:  65% (125357/192856)
Updating files:  66% (127285/192856)
Updating files:  67% (129214/192856)
Updating files:  68% (131143/192856)
Updating files:  69% (133071/192856)
Updating files:  70% (135000/192856)
Updating files:  71% (136928/192856)
Updating files:  72% (138857/192856)
Updating files:  73% (140785/192856)
Updating files:  73% (140823/192856)
Updating files:  74% (142714/192856)
Updating files:  75% (144642/192856)
Updating files:  76% (146571/192856)
Updating files:  77% (148500/192856)
Updating files:  78% (150428/192856)
Updating files:  79% (152357/192856)
Updating files:  80% (154285/192856)
Updating files:  81% (156214/192856)
Updating files:  82% (158142/192856)
Updating files:  83% (160071/192856)
Updating files:  84% (162000/192856)
Updating files:  85% (163928/192856)
Updating files:  85% (164039/192856)
Updating files:  86% (165857/192856)
Updating files:  87% (167785/192856)
Updating files:  88% (169714/192856)
Updating files:  89% (171642/192856)
Updating files:  90% (173571/192856)
Updating files:  91% (175499/192856)
Updating files:  92% (177428/192856)
Updating files:  93% (179357/192856)
Updating files:  93% (180735/192856)
Updating files:  94% (181285/192856)
Updating files:  95% (183214/192856)
Updating files:  96% (185142/192856)
Updating files:  97% (187071/192856)
Updating files:  98% (188999/192856)
Updating files:  99% (190928/192856)
Updating files: 100% (192856/192856)
Updating files: 100% (192856/192856), done.
[INFO] removed /workspace/builds/worker-7-tc2/source/.cargo/config.toml
[INFO] removed /workspace/builds/worker-7-tc2/source/rust-toolchain.toml
[INFO] started tweaking git repo https://github.com/engsprama/servo
[INFO] finished tweaking git repo https://github.com/engsprama/servo
[INFO] tweaked toml for git repo https://github.com/engsprama/servo written to /workspace/builds/worker-7-tc2/source/Cargo.toml
[INFO] validating manifest of git repo https://github.com/engsprama/servo on toolchain c60b92c03ca8a3b101eb9d57f51e2232690638c7
[INFO] running `Command { std: CARGO_HOME="/workspace/cargo-home" RUSTUP_HOME="/workspace/rustup-home" "/workspace/cargo-home/bin/cargo" "+c60b92c03ca8a3b101eb9d57f51e2232690638c7" "metadata" "--manifest-path" "Cargo.toml" "--no-deps", kill_on_drop: false }`
[INFO] crate git repo https://github.com/engsprama/servo already has a lockfile, it will not be regenerated
[INFO] running `Command { std: CARGO_HOME="/workspace/cargo-home" RUSTUP_HOME="/workspace/rustup-home" "/workspace/cargo-home/bin/cargo" "+c60b92c03ca8a3b101eb9d57f51e2232690638c7" "fetch" "--manifest-path" "Cargo.toml", kill_on_drop: false }`
[INFO] [stderr]     Blocking waiting for file lock on package cache
[INFO] [stderr]     Blocking waiting for file lock on package cache
[ERROR] error running command: no output for 300 seconds
[INFO] checking engsprama/servo/9326a2f8aa200c08407dbfb16f2401548046e16e against c60b92c03ca8a3b101eb9d57f51e2232690638c7 for pr-164148-crater-rollup
[INFO] running `Command { std: "git" "clone" "/workspace/cache/git-repos/https%3A%2F%2Fgithub.com%2Fengsprama%2Fservo" "/workspace/builds/worker-7-tc2/source", kill_on_drop: false }`
[INFO] [stderr] Cloning into '/workspace/builds/worker-7-tc2/source'...
[INFO] [stderr] done.
[INFO] [stderr] Updating files:   6% (12258/192856)
Updating files:   7% (13500/192856)
Updating files:   8% (15429/192856)
Updating files:   9% (17358/192856)
Updating files:  10% (19286/192856)
Updating files:  11% (21215/192856)
Updating files:  12% (23143/192856)
Updating files:  13% (25072/192856)
Updating files:  14% (27000/192856)
Updating files:  15% (28929/192856)
Updating files:  16% (30857/192856)
Updating files:  17% (32786/192856)
Updating files:  17% (34289/192856)
Updating files:  18% (34715/192856)
Updating files:  19% (36643/192856)
Updating files:  20% (38572/192856)
Updating files:  21% (40500/192856)
Updating files:  22% (42429/192856)
Updating files:  23% (44357/192856)
Updating files:  24% (46286/192856)
Updating files:  25% (48214/192856)
Updating files:  26% (50143/192856)
Updating files:  27% (52072/192856)
Updating files:  28% (54000/192856)
Updating files:  29% (55929/192856)
Updating files:  29% (56900/192856)
Updating files:  30% (57857/192856)
Updating files:  31% (59786/192856)
Updating files:  32% (61714/192856)
Updating files:  33% (63643/192856)
Updating files:  34% (65572/192856)
Updating files:  35% (67500/192856)
Updating files:  36% (69429/192856)
Updating files:  37% (71357/192856)
Updating files:  38% (73286/192856)
Updating files:  39% (75214/192856)
Updating files:  40% (77143/192856)
Updating files:  41% (79071/192856)
Updating files:  41% (79546/192856)
Updating files:  42% (81000/192856)
Updating files:  43% (82929/192856)
Updating files:  44% (84857/192856)
Updating files:  45% (86786/192856)
Updating files:  46% (88714/192856)
Updating files:  47% (90643/192856)
Updating files:  48% (92571/192856)
Updating files:  49% (94500/192856)
Updating files:  50% (96428/192856)
Updating files:  51% (98357/192856)
Updating files:  51% (100159/192856)
Updating files:  52% (100286/192856)
Updating files:  53% (102214/192856)
Updating files:  54% (104143/192856)
Updating files:  55% (106071/192856)
Updating files:  56% (108000/192856)
Updating files:  57% (109928/192856)
Updating files:  58% (111857/192856)
Updating files:  59% (113786/192856)
Updating files:  60% (115714/192856)
Updating files:  61% (117643/192856)
Updating files:  61% (119036/192856)
Updating files:  62% (119571/192856)
Updating files:  63% (121500/192856)
Updating files:  64% (123428/192856)
Updating files:  65% (125357/192856)
Updating files:  66% (127285/192856)
Updating files:  67% (129214/192856)
Updating files:  68% (131143/192856)
Updating files:  69% (133071/192856)
Updating files:  70% (135000/192856)
Updating files:  71% (136928/192856)
Updating files:  72% (138857/192856)
Updating files:  73% (140785/192856)
Updating files:  73% (141305/192856)
Updating files:  74% (142714/192856)
Updating files:  75% (144642/192856)
Updating files:  76% (146571/192856)
Updating files:  77% (148500/192856)
Updating files:  78% (150428/192856)
Updating files:  79% (152357/192856)
Updating files:  80% (154285/192856)
Updating files:  81% (156214/192856)
Updating files:  82% (158142/192856)
Updating files:  83% (160071/192856)
Updating files:  84% (162000/192856)
Updating files:  85% (163928/192856)
Updating files:  85% (164617/192856)
Updating files:  86% (165857/192856)
Updating files:  87% (167785/192856)
Updating files:  88% (169714/192856)
Updating files:  89% (171642/192856)
Updating files:  90% (173571/192856)
Updating files:  91% (175499/192856)
Updating files:  92% (177428/192856)
Updating files:  93% (179357/192856)
Updating files:  93% (180003/192856)
Updating files:  94% (181285/192856)
Updating files:  95% (183214/192856)
Updating files:  96% (185142/192856)
Updating files:  97% (187071/192856)
Updating files:  98% (188999/192856)
Updating files:  99% (190928/192856)
Updating files: 100% (192856/192856)
Updating files: 100% (192856/192856), done.
[INFO] removed /workspace/builds/worker-7-tc2/source/.cargo/config.toml
[INFO] removed /workspace/builds/worker-7-tc2/source/rust-toolchain.toml
[INFO] started tweaking git repo https://github.com/engsprama/servo
[INFO] finished tweaking git repo https://github.com/engsprama/servo
[INFO] tweaked toml for git repo https://github.com/engsprama/servo written to /workspace/builds/worker-7-tc2/source/Cargo.toml
[INFO] validating manifest of git repo https://github.com/engsprama/servo on toolchain c60b92c03ca8a3b101eb9d57f51e2232690638c7
[INFO] running `Command { std: CARGO_HOME="/workspace/cargo-home" RUSTUP_HOME="/workspace/rustup-home" "/workspace/cargo-home/bin/cargo" "+c60b92c03ca8a3b101eb9d57f51e2232690638c7" "metadata" "--manifest-path" "Cargo.toml" "--no-deps", kill_on_drop: false }`
[INFO] crate git repo https://github.com/engsprama/servo already has a lockfile, it will not be regenerated
[INFO] running `Command { std: CARGO_HOME="/workspace/cargo-home" RUSTUP_HOME="/workspace/rustup-home" "/workspace/cargo-home/bin/cargo" "+c60b92c03ca8a3b101eb9d57f51e2232690638c7" "fetch" "--manifest-path" "Cargo.toml", kill_on_drop: false }`
[INFO] [stderr]     Blocking waiting for file lock on package cache
[INFO] [stderr]     Blocking waiting for file lock on package cache
[ERROR] error running command: no output for 300 seconds
[INFO] checking engsprama/servo/9326a2f8aa200c08407dbfb16f2401548046e16e against c60b92c03ca8a3b101eb9d57f51e2232690638c7 for pr-164148-crater-rollup
[INFO] running `Command { std: "git" "clone" "/workspace/cache/git-repos/https%3A%2F%2Fgithub.com%2Fengsprama%2Fservo" "/workspace/builds/worker-7-tc2/source", kill_on_drop: false }`
[INFO] [stderr] Cloning into '/workspace/builds/worker-7-tc2/source'...
[INFO] [stderr] done.
[INFO] [stderr] Updating files:   6% (12178/192856)
Updating files:   7% (13500/192856)
Updating files:   8% (15429/192856)
Updating files:   9% (17358/192856)
Updating files:  10% (19286/192856)
Updating files:  11% (21215/192856)
Updating files:  12% (23143/192856)
Updating files:  13% (25072/192856)
Updating files:  14% (27000/192856)
Updating files:  15% (28929/192856)
Updating files:  16% (30857/192856)
Updating files:  17% (32786/192856)
Updating files:  17% (34304/192856)
Updating files:  18% (34715/192856)
Updating files:  19% (36643/192856)
Updating files:  20% (38572/192856)
Updating files:  21% (40500/192856)
Updating files:  22% (42429/192856)
Updating files:  23% (44357/192856)
Updating files:  24% (46286/192856)
Updating files:  25% (48214/192856)
Updating files:  26% (50143/192856)
Updating files:  27% (52072/192856)
Updating files:  28% (54000/192856)
Updating files:  29% (55929/192856)
Updating files:  29% (56992/192856)
Updating files:  30% (57857/192856)
Updating files:  31% (59786/192856)
Updating files:  32% (61714/192856)
Updating files:  33% (63643/192856)
Updating files:  34% (65572/192856)
Updating files:  35% (67500/192856)
Updating files:  36% (69429/192856)
Updating files:  37% (71357/192856)
Updating files:  38% (73286/192856)
Updating files:  39% (75214/192856)
Updating files:  40% (77143/192856)
Updating files:  41% (79071/192856)
Updating files:  41% (79631/192856)
Updating files:  42% (81000/192856)
Updating files:  43% (82929/192856)
Updating files:  44% (84857/192856)
Updating files:  45% (86786/192856)
Updating files:  46% (88714/192856)
Updating files:  47% (90643/192856)
Updating files:  48% (92571/192856)
Updating files:  49% (94500/192856)
Updating files:  50% (96428/192856)
Updating files:  51% (98357/192856)
Updating files:  51% (100220/192856)
Updating files:  52% (100286/192856)
Updating files:  53% (102214/192856)
Updating files:  54% (104143/192856)
Updating files:  55% (106071/192856)
Updating files:  56% (108000/192856)
Updating files:  57% (109928/192856)
Updating files:  58% (111857/192856)
Updating files:  59% (113786/192856)
Updating files:  60% (115714/192856)
Updating files:  61% (117643/192856)
Updating files:  61% (119095/192856)
Updating files:  62% (119571/192856)
Updating files:  63% (121500/192856)
Updating files:  64% (123428/192856)
Updating files:  65% (125357/192856)
Updating files:  66% (127285/192856)
Updating files:  67% (129214/192856)
Updating files:  68% (131143/192856)
Updating files:  69% (133071/192856)
Updating files:  70% (135000/192856)
Updating files:  71% (136928/192856)
Updating files:  72% (138857/192856)
Updating files:  73% (140785/192856)
Updating files:  73% (141144/192856)
Updating files:  74% (142714/192856)
Updating files:  75% (144642/192856)
Updating files:  76% (146571/192856)
Updating files:  77% (148500/192856)
Updating files:  78% (150428/192856)
Updating files:  79% (152357/192856)
Updating files:  80% (154285/192856)
Updating files:  81% (156214/192856)
Updating files:  82% (158142/192856)
Updating files:  83% (160071/192856)
Updating files:  84% (162000/192856)
Updating files:  85% (163928/192856)
Updating files:  85% (164200/192856)
Updating files:  86% (165857/192856)
Updating files:  87% (167785/192856)
Updating files:  88% (169714/192856)
Updating files:  89% (171642/192856)
Updating files:  90% (173571/192856)
Updating files:  91% (175499/192856)
Updating files:  92% (177428/192856)
Updating files:  93% (179357/192856)
Updating files:  93% (179393/192856)
Updating files:  94% (181285/192856)
Updating files:  95% (183214/192856)
Updating files:  96% (185142/192856)
Updating files:  97% (187071/192856)
Updating files:  98% (188999/192856)
Updating files:  99% (190928/192856)
Updating files: 100% (192856/192856)
Updating files: 100% (192856/192856), done.
[INFO] removed /workspace/builds/worker-7-tc2/source/.cargo/config.toml
[INFO] removed /workspace/builds/worker-7-tc2/source/rust-toolchain.toml
[INFO] started tweaking git repo https://github.com/engsprama/servo
[INFO] finished tweaking git repo https://github.com/engsprama/servo
[INFO] tweaked toml for git repo https://github.com/engsprama/servo written to /workspace/builds/worker-7-tc2/source/Cargo.toml
[INFO] validating manifest of git repo https://github.com/engsprama/servo on toolchain c60b92c03ca8a3b101eb9d57f51e2232690638c7
[INFO] running `Command { std: CARGO_HOME="/workspace/cargo-home" RUSTUP_HOME="/workspace/rustup-home" "/workspace/cargo-home/bin/cargo" "+c60b92c03ca8a3b101eb9d57f51e2232690638c7" "metadata" "--manifest-path" "Cargo.toml" "--no-deps", kill_on_drop: false }`
[INFO] crate git repo https://github.com/engsprama/servo already has a lockfile, it will not be regenerated
[INFO] running `Command { std: CARGO_HOME="/workspace/cargo-home" RUSTUP_HOME="/workspace/rustup-home" "/workspace/cargo-home/bin/cargo" "+c60b92c03ca8a3b101eb9d57f51e2232690638c7" "fetch" "--manifest-path" "Cargo.toml", kill_on_drop: false }`
[INFO] [stderr]     Blocking waiting for file lock on package cache
[INFO] [stderr]     Blocking waiting for file lock on package cache
[ERROR] error running command: no output for 300 seconds
[INFO] checking engsprama/servo/9326a2f8aa200c08407dbfb16f2401548046e16e against c60b92c03ca8a3b101eb9d57f51e2232690638c7 for pr-164148-crater-rollup
[INFO] running `Command { std: "git" "clone" "/workspace/cache/git-repos/https%3A%2F%2Fgithub.com%2Fengsprama%2Fservo" "/workspace/builds/worker-7-tc2/source", kill_on_drop: false }`
[INFO] [stderr] Cloning into '/workspace/builds/worker-7-tc2/source'...
[INFO] [stderr] done.
[INFO] [stderr] Updating files:   6% (12135/192856)
Updating files:   7% (13500/192856)
Updating files:   8% (15429/192856)
Updating files:   9% (17358/192856)
Updating files:  10% (19286/192856)
Updating files:  11% (21215/192856)
Updating files:  12% (23143/192856)
Updating files:  13% (25072/192856)
Updating files:  14% (27000/192856)
Updating files:  15% (28929/192856)
Updating files:  16% (30857/192856)
Updating files:  17% (32786/192856)
Updating files:  17% (34134/192856)
Updating files:  18% (34715/192856)
Updating files:  19% (36643/192856)
Updating files:  20% (38572/192856)
Updating files:  21% (40500/192856)
Updating files:  22% (42429/192856)
Updating files:  23% (44357/192856)
Updating files:  24% (46286/192856)
Updating files:  25% (48214/192856)
Updating files:  26% (50143/192856)
Updating files:  27% (52072/192856)
Updating files:  28% (54000/192856)
Updating files:  29% (55929/192856)
Updating files:  29% (56425/192856)
Updating files:  30% (57857/192856)
Updating files:  31% (59786/192856)
Updating files:  32% (61714/192856)
Updating files:  33% (63643/192856)
Updating files:  34% (65572/192856)
Updating files:  35% (67500/192856)
Updating files:  36% (69429/192856)
Updating files:  37% (71357/192856)
Updating files:  38% (73286/192856)
Updating files:  39% (75214/192856)
Updating files:  40% (77143/192856)
Updating files:  40% (78956/192856)
Updating files:  41% (79071/192856)
Updating files:  42% (81000/192856)
Updating files:  43% (82929/192856)
Updating files:  44% (84857/192856)
Updating files:  45% (86786/192856)
Updating files:  46% (88714/192856)
Updating files:  47% (90643/192856)
Updating files:  48% (92571/192856)
Updating files:  49% (94500/192856)
Updating files:  50% (96428/192856)
Updating files:  51% (98357/192856)
Updating files:  51% (99608/192856)
Updating files:  52% (100286/192856)
Updating files:  53% (102214/192856)
Updating files:  54% (104143/192856)
Updating files:  55% (106071/192856)
Updating files:  56% (108000/192856)
Updating files:  57% (109928/192856)
Updating files:  58% (111857/192856)
Updating files:  59% (113786/192856)
Updating files:  60% (115714/192856)
Updating files:  61% (117643/192856)
Updating files:  61% (118499/192856)
Updating files:  62% (119571/192856)
Updating files:  63% (121500/192856)
Updating files:  64% (123428/192856)
Updating files:  65% (125357/192856)
Updating files:  66% (127285/192856)
Updating files:  67% (129214/192856)
Updating files:  68% (131143/192856)
Updating files:  69% (133071/192856)
Updating files:  70% (135000/192856)
Updating files:  71% (136928/192856)
Updating files:  72% (138857/192856)
Updating files:  72% (140514/192856)
Updating files:  73% (140785/192856)
Updating files:  74% (142714/192856)
Updating files:  75% (144642/192856)
Updating files:  76% (146571/192856)
Updating files:  77% (148500/192856)
Updating files:  78% (150428/192856)
Updating files:  79% (152357/192856)
Updating files:  80% (154285/192856)
Updating files:  81% (156214/192856)
Updating files:  82% (158142/192856)
Updating files:  83% (160071/192856)
Updating files:  84% (162000/192856)
Updating files:  84% (163758/192856)
Updating files:  85% (163928/192856)
Updating files:  86% (165857/192856)
Updating files:  87% (167785/192856)
Updating files:  88% (169714/192856)
Updating files:  89% (171642/192856)
Updating files:  90% (173571/192856)
Updating files:  91% (175499/192856)
Updating files:  92% (177428/192856)
Updating files:  93% (179357/192856)
Updating files:  93% (180211/192856)
Updating files:  94% (181285/192856)
Updating files:  95% (183214/192856)
Updating files:  96% (185142/192856)
Updating files:  97% (187071/192856)
Updating files:  98% (188999/192856)
Updating files:  99% (190928/192856)
Updating files: 100% (192856/192856)
Updating files: 100% (192856/192856), done.
[INFO] removed /workspace/builds/worker-7-tc2/source/.cargo/config.toml
[INFO] removed /workspace/builds/worker-7-tc2/source/rust-toolchain.toml
[INFO] started tweaking git repo https://github.com/engsprama/servo
[INFO] finished tweaking git repo https://github.com/engsprama/servo
[INFO] tweaked toml for git repo https://github.com/engsprama/servo written to /workspace/builds/worker-7-tc2/source/Cargo.toml
[INFO] validating manifest of git repo https://github.com/engsprama/servo on toolchain c60b92c03ca8a3b101eb9d57f51e2232690638c7
[INFO] running `Command { std: CARGO_HOME="/workspace/cargo-home" RUSTUP_HOME="/workspace/rustup-home" "/workspace/cargo-home/bin/cargo" "+c60b92c03ca8a3b101eb9d57f51e2232690638c7" "metadata" "--manifest-path" "Cargo.toml" "--no-deps", kill_on_drop: false }`
[INFO] crate git repo https://github.com/engsprama/servo already has a lockfile, it will not be regenerated
[INFO] running `Command { std: CARGO_HOME="/workspace/cargo-home" RUSTUP_HOME="/workspace/rustup-home" "/workspace/cargo-home/bin/cargo" "+c60b92c03ca8a3b101eb9d57f51e2232690638c7" "fetch" "--manifest-path" "Cargo.toml", kill_on_drop: false }`
[INFO] [stderr]     Blocking waiting for file lock on package cache
[INFO] [stderr]     Blocking waiting for file lock on package cache
[ERROR] error running command: no output for 300 seconds
[INFO] checking engsprama/servo/9326a2f8aa200c08407dbfb16f2401548046e16e against c60b92c03ca8a3b101eb9d57f51e2232690638c7 for pr-164148-crater-rollup
[INFO] running `Command { std: "git" "clone" "/workspace/cache/git-repos/https%3A%2F%2Fgithub.com%2Fengsprama%2Fservo" "/workspace/builds/worker-7-tc2/source", kill_on_drop: false }`
[INFO] [stderr] Cloning into '/workspace/builds/worker-7-tc2/source'...
[INFO] [stderr] done.
[INFO] [stderr] Updating files:   6% (12038/192856)
Updating files:   7% (13500/192856)
Updating files:   8% (15429/192856)
Updating files:   9% (17358/192856)
Updating files:  10% (19286/192856)
Updating files:  11% (21215/192856)
Updating files:  12% (23143/192856)
Updating files:  13% (25072/192856)
Updating files:  14% (27000/192856)
Updating files:  15% (28929/192856)
Updating files:  16% (30857/192856)
Updating files:  17% (32786/192856)
Updating files:  17% (34214/192856)
Updating files:  18% (34715/192856)
Updating files:  19% (36643/192856)
Updating files:  20% (38572/192856)
Updating files:  21% (40500/192856)
Updating files:  22% (42429/192856)
Updating files:  23% (44357/192856)
Updating files:  24% (46286/192856)
Updating files:  25% (48214/192856)
Updating files:  26% (50143/192856)
Updating files:  27% (52072/192856)
Updating files:  28% (54000/192856)
Updating files:  29% (55929/192856)
Updating files:  29% (56987/192856)
Updating files:  30% (57857/192856)
Updating files:  31% (59786/192856)
Updating files:  32% (61714/192856)
Updating files:  33% (63643/192856)
Updating files:  34% (65572/192856)
Updating files:  35% (67500/192856)
Updating files:  36% (69429/192856)
Updating files:  37% (71357/192856)
Updating files:  38% (73286/192856)
Updating files:  39% (75214/192856)
Updating files:  40% (77143/192856)
Updating files:  41% (79071/192856)
Updating files:  41% (79351/192856)
Updating files:  42% (81000/192856)
Updating files:  43% (82929/192856)
Updating files:  44% (84857/192856)
Updating files:  45% (86786/192856)
Updating files:  46% (88714/192856)
Updating files:  47% (90643/192856)
Updating files:  48% (92571/192856)
Updating files:  49% (94500/192856)
Updating files:  50% (96428/192856)
Updating files:  51% (98357/192856)
Updating files:  51% (99957/192856)
Updating files:  52% (100286/192856)
Updating files:  53% (102214/192856)
Updating files:  54% (104143/192856)
Updating files:  55% (106071/192856)
Updating files:  56% (108000/192856)
Updating files:  57% (109928/192856)
Updating files:  58% (111857/192856)
Updating files:  59% (113786/192856)
Updating files:  60% (115714/192856)
Updating files:  61% (117643/192856)
Updating files:  61% (118839/192856)
Updating files:  62% (119571/192856)
Updating files:  63% (121500/192856)
Updating files:  64% (123428/192856)
Updating files:  65% (125357/192856)
Updating files:  66% (127285/192856)
Updating files:  67% (129214/192856)
Updating files:  68% (131143/192856)
Updating files:  69% (133071/192856)
Updating files:  70% (135000/192856)
Updating files:  71% (136928/192856)
Updating files:  72% (138857/192856)
Updating files:  73% (140785/192856)
Updating files:  73% (141089/192856)
Updating files:  74% (142714/192856)
Updating files:  75% (144642/192856)
Updating files:  76% (146571/192856)
Updating files:  77% (148500/192856)
Updating files:  78% (150428/192856)
Updating files:  79% (152357/192856)
Updating files:  80% (154285/192856)
Updating files:  81% (156214/192856)
Updating files:  82% (158142/192856)
Updating files:  83% (160071/192856)
Updating files:  84% (162000/192856)
Updating files:  85% (163928/192856)
Updating files:  85% (164144/192856)
Updating files:  86% (165857/192856)
Updating files:  87% (167785/192856)
Updating files:  88% (169714/192856)
Updating files:  89% (171642/192856)
Updating files:  90% (173571/192856)
Updating files:  91% (175499/192856)
Updating files:  92% (177428/192856)
Updating files:  93% (179357/192856)
Updating files:  93% (180477/192856)
Updating files:  94% (181285/192856)
Updating files:  95% (183214/192856)
Updating files:  96% (185142/192856)
Updating files:  97% (187071/192856)
Updating files:  98% (188999/192856)
Updating files:  99% (190928/192856)
Updating files: 100% (192856/192856)
Updating files: 100% (192856/192856), done.
[INFO] removed /workspace/builds/worker-7-tc2/source/.cargo/config.toml
[INFO] removed /workspace/builds/worker-7-tc2/source/rust-toolchain.toml
[INFO] started tweaking git repo https://github.com/engsprama/servo
[INFO] finished tweaking git repo https://github.com/engsprama/servo
[INFO] tweaked toml for git repo https://github.com/engsprama/servo written to /workspace/builds/worker-7-tc2/source/Cargo.toml
[INFO] validating manifest of git repo https://github.com/engsprama/servo on toolchain c60b92c03ca8a3b101eb9d57f51e2232690638c7
[INFO] running `Command { std: CARGO_HOME="/workspace/cargo-home" RUSTUP_HOME="/workspace/rustup-home" "/workspace/cargo-home/bin/cargo" "+c60b92c03ca8a3b101eb9d57f51e2232690638c7" "metadata" "--manifest-path" "Cargo.toml" "--no-deps", kill_on_drop: false }`
[INFO] crate git repo https://github.com/engsprama/servo already has a lockfile, it will not be regenerated
[INFO] running `Command { std: CARGO_HOME="/workspace/cargo-home" RUSTUP_HOME="/workspace/rustup-home" "/workspace/cargo-home/bin/cargo" "+c60b92c03ca8a3b101eb9d57f51e2232690638c7" "fetch" "--manifest-path" "Cargo.toml", kill_on_drop: false }`
[INFO] [stderr]     Blocking waiting for file lock on package cache
[INFO] [stderr]     Blocking waiting for file lock on package cache
[INFO] [stderr]  Downloading crates ...
[INFO] [stderr]   Downloaded smallbitvec v2.6.1
[INFO] [stderr]   Downloaded malloc_size_of_derive v0.1.3
[INFO] [stderr]   Downloaded atomic_refcell v0.1.14
[INFO] [stderr]   Downloaded app_units v0.7.8
[INFO] [stderr]   Downloaded thin-vec v0.2.18
[INFO] [stderr]   Downloaded tracy-rs v0.1.2
[INFO] [stderr]   Downloaded wr_malloc_size_of v0.2.2
[INFO] [stderr]   Downloaded plane-split v0.18.0
[INFO] [stderr]   Downloaded gleam v0.15.1
[INFO] [stderr]   Downloaded peek-poke v0.3.0
[INFO] [stderr]   Downloaded freetype v0.7.2
[INFO] [stderr]   Downloaded peek-poke-derive v0.3.0
[INFO] [stderr]   Downloaded zeitstempel v0.2.2
[INFO] [stderr]   Downloaded webrender_build v0.69.0
[INFO] [stderr]   Downloaded topological-sort v0.1.0
[INFO] [stderr]   Downloaded build-parallel v0.1.2
[INFO] [stderr]   Downloaded webrender_api v0.69.0
[INFO] [stderr]   Downloaded wr_glyph_rasterizer v0.69.0
[INFO] [stderr]   Downloaded resvg v0.47.0
[INFO] [stderr]   Downloaded taffy v0.11.0
[INFO] [stderr]   Downloaded usvg v0.47.0
[INFO] [stderr]   Downloaded ipc-channel v0.22.0
[INFO] [stderr]   Downloaded content-security-policy v0.8.0
[INFO] [stderr]   Downloaded webrender v0.69.0
[INFO] [stderr]   Downloaded xml5ever v0.39.0
[INFO] [stderr]   Downloaded x25519-dalek v3.0.0-rc.1
[INFO] [stderr]   Downloaded glslopt v0.1.14
[INFO] [stderr]   Downloaded curve25519-dalek v5.0.0-rc.1
[INFO] [stderr]   Downloaded fiat-crypto v0.3.0
[INFO] [stderr]   Downloaded webdriver v0.53.0
[INFO] [stderr]   Downloaded turboshake v0.7.1
[INFO] [stderr]   Downloaded swapper v0.1.0
[INFO] [stderr]   Downloaded sha3 v0.12.0
[INFO] [stderr]   Downloaded num-bigint v0.4.7
[INFO] [stderr]   Downloaded serde_test v1.0.177
[INFO] [stderr]   Downloaded surfman v0.13.0
[INFO] [stderr]   Downloaded speexdsp-resampler v0.1.0
[INFO] [stderr]   Downloaded mozjs v0.18.0
[INFO] [stderr]   Downloaded icu_capi v1.5.0
[INFO] [stderr]   Downloaded diplomat-runtime v0.8.3
[INFO] [stderr]   Downloaded diplomat v0.8.0
[INFO] [stderr]   Downloaded strck_ident v0.1.2
[INFO] [stderr]   Downloaded strck v0.1.2
[INFO] [stderr]   Downloaded diplomat_core v0.8.1
[INFO] [stderr]   Downloaded encoding_c v0.9.8
[INFO] [stderr]   Downloaded fontsan-woff2 v0.1.1
[INFO] [stderr]   Downloaded encoding_c_mem v0.2.6
[INFO] [stderr]   Downloaded xml v1.3.0
[INFO] [stderr]   Downloaded ohos-deviceinfo-sys v0.1.7
[INFO] [stderr]   Downloaded fontsan v0.6.1
[INFO] [stderr]   Downloaded rsa v0.10.0-rc.18
[INFO] [stderr]   Downloaded pkcs1 v0.8.0-rc.4
[INFO] [stderr]   Downloaded serdect v0.4.3
[INFO] [stderr]   Downloaded base16ct v1.0.0
[INFO] [stderr]   Downloaded primefield v0.14.0
[INFO] [stderr]   Downloaded group v0.14.0
[INFO] [stderr]   Downloaded p521 v0.14.0-rc.14
[INFO] [stderr]   Downloaded primeorder v0.14.0-rc.14
[INFO] [stderr]   Downloaded ff v0.14.0
[INFO] [stderr]   Downloaded elliptic-curve v0.14.1
[INFO] [stderr]   Downloaded sec1 v0.8.1
[INFO] [stderr]   Downloaded ecdsa v0.17.0-rc.22
[INFO] [stderr]   Downloaded rfc6979 v0.6.0-pre.0
[INFO] [stderr]   Downloaded p256 v0.14.0-rc.14
[INFO] [stderr]   Downloaded dbl v0.5.0
[INFO] [stderr]   Downloaded aead-stream v0.6.0
[INFO] [stderr]   Downloaded crypto-primes v0.7.2
[INFO] [stderr]   Downloaded crypto-bigint v0.7.5
[INFO] [stderr]   Downloaded p384 v0.14.0-rc.14
[INFO] [stderr]   Downloaded ocb3 v0.2.0-rc.3
[INFO] [stderr]   Downloaded nom-rfc8288 v0.4.0
[INFO] [stderr]   Downloaded nom-language v0.1.0
[INFO] [stderr]   Downloaded ml-kem v0.3.2
[INFO] [stderr]   Downloaded kem v0.3.0
[INFO] [stderr]   Downloaded k12 v0.5.1
[INFO] [stderr]   Downloaded ed448 v0.5.0
[INFO] [stderr]   Downloaded ed25519-dalek v3.0.0-rc.1
[INFO] [stderr]   Downloaded ed25519 v3.0.0
[INFO] [stderr]   Downloaded hash2curve v0.14.0
[INFO] [stderr]   Downloaded buf-read-ext v0.4.0
[INFO] [stderr]   Downloaded ed448-goldilocks v0.14.0-pre.15
[INFO] [stderr]   Downloaded poly1305 v0.9.0
[INFO] [stderr]   Downloaded chacha20poly1305 v0.11.0
[INFO] [stderr]   Downloaded argon2 v0.6.0-rc.8
[INFO] [stderr]   Downloaded cshake v0.2.1
[INFO] [stderr]   Downloaded aws-lc-rs v1.17.1
[INFO] [stderr]   Downloaded blake2 v0.11.0-rc.6
[INFO] [stderr]   Downloaded aes-kw v0.3.1
[INFO] [stderr]   Downloaded polyval v0.7.1
[INFO] [stderr]   Downloaded aes-gcm v0.11.0
[INFO] [stderr]   Downloaded warp v0.4.3
[INFO] [stderr]   Downloaded xcomponent-sys v0.3.6
[INFO] [stderr]   Downloaded ohos-sys-opaque-types v0.1.10
[INFO] [stderr]   Downloaded arkui-sys v0.3.4
[INFO] [stderr]   Downloaded harfbuzz-sys v0.6.1
[INFO] [stderr]   Downloaded aes v0.9.1
[INFO] [stderr]   Downloaded ohos-drawing-sys v0.3.4
[INFO] [stderr]   Downloaded mozangle v0.5.5
[INFO] [stderr]   Downloaded redox_syscall v0.8.0
[INFO] [stderr]   Downloaded aws-lc-sys v0.42.0
[INFO] [stderr]   Downloaded openxr v0.21.1
[INFO] [stderr]   Downloaded sea-query-rusqlite v0.8.0-rc.15
[INFO] [stderr]   Downloaded tracing-perfetto v0.1.5
[INFO] [stderr]   Downloaded sea-query v1.0.0-rc.31
[INFO] [stderr]   Downloaded openxr-sys v0.13.1
[INFO] [stderr]   Downloaded quick_cache v0.6.24
[INFO] [stderr]   Downloaded imsz v0.4.1
[INFO] [stderr]   Downloaded async-tungstenite v0.34.1
[INFO] [stderr]   Downloaded ohos-media-sys v0.1.1
[INFO] [stderr]   Downloaded option-operations v0.6.1
[INFO] [stderr]   Downloaded ohos-window-sys v0.1.7
[INFO] [stderr]   Downloaded pastey v0.2.2
[INFO] [stderr]   Downloaded muldiv v1.0.1
[INFO] [stderr]   Downloaded gstreamer-sys v0.25.2
[INFO] [stderr]   Downloaded yuv v0.8.16
[INFO] [stderr]   Downloaded gstreamer v0.25.3
[INFO] [stderr]   Downloaded fst v0.4.7
[INFO] [stderr]   Downloaded gobject-sys v0.22.6
[INFO] [stderr]   Downloaded glib-macros v0.22.6
[INFO] [stderr]   Downloaded gstreamer-video-sys v0.25.3
[INFO] [stderr]   Downloaded gstreamer-base-sys v0.25.3
[INFO] [stderr]   Downloaded gstreamer-base v0.25.3
[INFO] [stderr]   Downloaded gstreamer-gl-wayland v0.25.0
[INFO] [stderr]   Downloaded glib v0.22.8
[INFO] [stderr]   Downloaded gio-sys v0.22.8
[INFO] [stderr]   Downloaded gstreamer-gl-x11 v0.25.0
[INFO] [stderr]   Downloaded gstreamer-gl-x11-sys v0.25.0
[INFO] [stderr]   Downloaded gstreamer-gl-wayland-sys v0.25.0
[INFO] [stderr]   Downloaded glib-sys v0.22.8
[INFO] [stderr]   Downloaded gstreamer-video v0.25.3
[INFO] [stderr]   Downloaded gstreamer-gl-sys v0.25.0
[INFO] [stderr]   Downloaded gstreamer-gl v0.25.2
[INFO] [stderr]   Downloaded gstreamer-gl-egl v0.25.0
[INFO] [stderr]   Downloaded gstreamer-webrtc v0.25.2
[INFO] [stderr]   Downloaded gstreamer-webrtc-sys v0.25.0
[INFO] [stderr]   Downloaded gstreamer-sdp-sys v0.25.0
[INFO] [stderr]   Downloaded gstreamer-play v0.25.0
[INFO] [stderr]   Downloaded gstreamer-play-sys v0.25.0
[INFO] [stderr]   Downloaded gstreamer-audio v0.25.3
[INFO] [stderr]   Downloaded gstreamer-app v0.25.2
[INFO] [stderr]   Downloaded gstreamer-app-sys v0.25.0
[INFO] [stderr]   Downloaded gstreamer-gl-egl-sys v0.25.0
[INFO] [stderr]   Downloaded gstreamer-sdp v0.25.3
[INFO] [stderr]   Downloaded gstreamer-audio-sys v0.25.3
[INFO] [stderr]   Downloaded quickcheck v1.1.0
[INFO] [stderr]   Downloaded jiff-static v0.2.31
[INFO] [stderr]   Downloaded jiff v0.2.31
[INFO] [stderr]   Downloaded vello_cpu v0.0.9
[INFO] [stderr]   Downloaded glifo v0.1.1
[INFO] [stderr]   Downloaded vello v0.9.0
[INFO] [stderr]   Downloaded vello_shaders v0.9.0
[INFO] [stderr]   Downloaded ohos-vsync-sys v0.1.6
[INFO] [stderr]   Downloaded vello_common v0.0.9
[INFO] [stderr]   Downloaded vello_encoding v0.9.0
[INFO] [stderr]   Downloaded gaol v0.2.1
[INFO] [stderr]   Downloaded objc2-core-bluetooth v0.2.2
[INFO] [stderr]   Downloaded bluez-async v0.8.2
[INFO] [stderr]   Downloaded dbus-tokio v0.7.6
[INFO] [stderr]   Downloaded bluez-generated v0.4.0
[INFO] [stderr]   Downloaded blurmock v0.1.3
[INFO] [stderr]   Downloaded ohos-window-manager-sys v0.1.4
[INFO] [stderr]   Downloaded ohos-ime-sys v0.2.4
[INFO] [stderr]   Downloaded ohos-ime v0.4.2
[INFO] [stderr]   Downloaded ohos-deviceinfo v0.1.0
[INFO] [stderr]   Downloaded napi-ohos v1.2.0
[INFO] [stderr]   Downloaded napi-sys-ohos v1.2.0
[INFO] [stderr]   Downloaded ctor v1.0.7
[INFO] [stderr]   Downloaded napi-derive-ohos v1.2.0
[INFO] [stderr]   Downloaded napi-derive-backend-ohos v1.2.0
[INFO] [stderr]   Downloaded hitrace v0.2.0
[INFO] [stderr]   Downloaded hilog v0.2.2
[INFO] [stderr]   Downloaded hilog-sys v0.1.8
[INFO] [stderr]   Downloaded android_logger v0.15.1
[INFO] [stderr]   Downloaded btleplug v0.12.0
[INFO] [stderr]   Downloaded ohos-vsync v0.1.3
[INFO] [stderr]   Downloaded ohos-abilitykit-sys v0.1.6
[INFO] [stderr]   Downloaded napi-build-ohos v1.2.0
[INFO] [stderr]   Downloaded inotify v0.11.2
[INFO] [stderr]   Downloaded ecolor v0.34.3
[INFO] [stderr]   Downloaded zbus_xml v5.1.1
[INFO] [stderr]   Downloaded bpaf v0.9.26
[INFO] [stderr]   Downloaded hitrace-sys v0.1.10
[INFO] [stderr]   Downloaded egui_glow v0.34.3
[INFO] [stderr]   Downloaded epaint v0.34.3
[INFO] [stderr]   Downloaded bpaf_derive v0.5.26
[INFO] [stderr]   Downloaded egui-file-dialog v0.13.0
[INFO] [stderr]   Downloaded emath v0.34.3
[INFO] [stderr]   Downloaded egui-winit v0.34.3
[INFO] [stderr]   Downloaded egui v0.34.3
[INFO] [stderr]   Downloaded mozjs_sys v140.12.0-1
[INFO] [stderr]   Downloaded epaint_default_fonts v0.34.3
[INFO] running `Command { std: "docker" "create" "-v" "/var/lib/crater-agent-workspace/builds/worker-7-tc2/source:/opt/rustwide/workdir:ro,Z" "-v" "/var/lib/crater-agent-workspace/builds/worker-7-tc2/target:/opt/rustwide/target:rw,Z" "-v" "/var/lib/crater-agent-workspace/cargo-home:/opt/rustwide/cargo-home:ro,Z" "-v" "/var/lib/crater-agent-workspace/rustup-home:/opt/rustwide/rustup-home:ro,Z" "-m" "1610612736" "--network" "none" "ghcr.io/rust-lang/crates-build-env/linux@sha256:77db811e55d90add9212f6832c23229e3de5f1c1f9905e8cb07319ea15df73ac" "sleep" "infinity", kill_on_drop: false }`
[INFO] [stdout] 4750ccd4e027cb5ecddd32b8b13a62b3c878cec29b3f57471409737ca4a85c9f
[INFO] running `Command { std: "docker" "start" "4750ccd4e027cb5ecddd32b8b13a62b3c878cec29b3f57471409737ca4a85c9f", kill_on_drop: false }`
[INFO] running `Command { std: "docker" "inspect" "4750ccd4e027cb5ecddd32b8b13a62b3c878cec29b3f57471409737ca4a85c9f", kill_on_drop: false }`
[INFO] running `Command { std: "docker" "exec" "-e" "SOURCE_DIR=/opt/rustwide/workdir" "-e" "CARGO_HOME=/opt/rustwide/cargo-home" "-e" "RUSTUP_HOME=/opt/rustwide/rustup-home" "-e" "CARGO_TARGET_DIR=/opt/rustwide/target" "-w" "/opt/rustwide/workdir" "--user" "0:0" "4750ccd4e027cb5ecddd32b8b13a62b3c878cec29b3f57471409737ca4a85c9f" "/opt/rustwide/cargo-home/bin/cargo" "+c60b92c03ca8a3b101eb9d57f51e2232690638c7" "metadata" "--no-deps" "--format-version=1", kill_on_drop: false }`
[INFO] running `Command { std: "docker" "inspect" "4750ccd4e027cb5ecddd32b8b13a62b3c878cec29b3f57471409737ca4a85c9f", kill_on_drop: false }`
[INFO] running `Command { std: "docker" "exec" "-e" "SOURCE_DIR=/opt/rustwide/workdir" "-e" "CARGO_HOME=/opt/rustwide/cargo-home" "-e" "RUSTUP_HOME=/opt/rustwide/rustup-home" "-e" "CARGO_TARGET_DIR=/opt/rustwide/target" "-e" "CARGO_INCREMENTAL=0" "-e" "RUST_BACKTRACE=full" "-e" "RUSTFLAGS=--cap-lints=forbid" "-e" "RUSTDOCFLAGS=--cap-lints=forbid" "-w" "/opt/rustwide/workdir" "--user" "0:0" "4750ccd4e027cb5ecddd32b8b13a62b3c878cec29b3f57471409737ca4a85c9f" "/opt/rustwide/cargo-home/bin/cargo" "+c60b92c03ca8a3b101eb9d57f51e2232690638c7" "check" "--frozen" "--all" "--all-targets" "--message-format=json", kill_on_drop: false }`
[INFO] [stderr]    Compiling proc-macro2 v1.0.106
[INFO] [stderr]    Compiling quote v1.0.46
[INFO] [stderr]    Compiling serde_core v1.0.228
[INFO] [stderr]    Compiling serde v1.0.228
[INFO] [stderr]     Checking log v0.4.33
[INFO] [stderr]    Compiling libc v0.2.186
[INFO] [stderr]    Compiling getrandom v0.4.1
[INFO] [stderr]     Checking memchr v2.8.2
[INFO] [stderr]    Compiling toml_writer v1.1.1+spec-1.1.0
[INFO] [stderr]    Compiling fastrand v2.4.1
[INFO] [stderr]     Checking hashbrown v0.17.1
[INFO] [stderr]     Checking bytes v1.12.0
[INFO] [stderr]     Checking writeable v0.5.5
[INFO] [stderr]     Checking litemap v0.7.5
[INFO] [stderr]    Compiling icu_locid_transform_data v1.5.1
[INFO] [stderr]     Checking sha1_smol v1.0.1
[INFO] [stderr]    Compiling phf_generator v0.13.1
[INFO] [stderr]     Checking getrandom v0.3.4
[INFO] [stderr]    Compiling icu_properties_data v1.5.1
[INFO] [stderr]     Checking rayon v1.12.0
[INFO] [stderr]    Compiling bitflags v2.13.0
[INFO] [stderr]    Compiling icu_normalizer_data v1.5.1
[INFO] [stderr]    Compiling phf_codegen v0.13.1
[INFO] [stderr]     Checking crypto-common v0.1.7
[INFO] [stderr]     Checking float-cmp v0.9.0
[INFO] [stderr]     Checking ttf-parser v0.25.1
[INFO] [stderr]     Checking write16 v1.0.0
[INFO] [stderr]     Checking digest v0.10.7
[INFO] [stderr]     Checking utf16_iter v1.0.5
[INFO] [stderr]     Checking strict-num v0.1.1
[INFO] [stderr]     Checking memmap2 v0.9.11
[INFO] [stderr]     Checking atomic_refcell v0.1.14
[INFO] [stderr]     Checking indexmap v2.14.0
[INFO] [stderr]    Compiling icu_segmenter_data v1.5.1
[INFO] [stderr]    Compiling lazy_static v1.5.0
[INFO] [stderr]    Compiling time-macros v0.2.31
[INFO] [stderr]    Compiling stylo v0.19.0 (https://github.com/servo/stylo?rev=5b71023cc809a1ac0147ca88f02f2a774dd8f9d6#5b71023c)
[INFO] [stderr]    Compiling selectors v0.39.0 (https://github.com/servo/stylo?rev=5b71023cc809a1ac0147ca88f02f2a774dd8f9d6#5b71023c)
[INFO] [stderr]     Checking aho-corasick v1.1.4
[INFO] [stderr]     Checking thin-vec v0.2.18
[INFO] [stderr]     Checking smallbitvec v2.6.1
[INFO] [stderr]     Checking http v1.4.2
[INFO] [stderr]    Compiling xml-rs v0.8.28
[INFO] [stderr]    Compiling syn v2.0.118
[INFO] [stderr]    Compiling string_cache_codegen v0.6.1
[INFO] [stderr]     Checking crossbeam-channel v0.5.15
[INFO] [stderr]     Checking quick-error v2.0.1
[INFO] [stderr]     Checking weezl v0.1.12
[INFO] [stderr]     Checking zune-core v0.5.1
[INFO] [stderr]     Checking image-webp v0.2.4
[INFO] [stderr]     Checking zune-jpeg v0.5.15
[INFO] [stderr]     Checking gif v0.14.2
[INFO] [stderr]    Compiling web_atoms v0.2.5
[INFO] [stderr]    Compiling jobserver v0.1.34
[INFO] [stderr]    Compiling stylo_atoms v0.19.0 (https://github.com/servo/stylo?rev=5b71023cc809a1ac0147ca88f02f2a774dd8f9d6#5b71023c)
[INFO] [stderr]    Compiling gl_generator v0.14.0
[INFO] [stderr]     Checking regex-automata v0.4.13
[INFO] [stderr]    Compiling cc v1.2.62
[INFO] [stderr]    Compiling slotmap v1.1.1
[INFO] [stderr]    Compiling num_cpus v1.17.0
[INFO] [stderr]    Compiling crossbeam-utils v0.8.21
[INFO] [stderr]    Compiling webrender_build v0.69.0
[INFO] [stderr]     Checking zeitstempel v0.2.2
[INFO] [stderr]     Checking unicode-bidi-mirroring v0.4.0
[INFO] [stderr]     Checking uuid v1.23.4
[INFO] [stderr]     Checking deranged v0.5.8
[INFO] [stderr]     Checking serde_bytes v0.11.19
[INFO] [stderr]     Checking rustix v1.1.4
[INFO] [stderr]     Checking png v0.18.1
[INFO] [stderr]     Checking unicode-ccc v0.4.0
[INFO] [stderr]     Checking roxmltree v0.21.1
[INFO] [stderr]     Checking simplecss v0.2.2
[INFO] [stderr]     Checking unicode-vo v0.1.0
[INFO] [stderr]    Compiling gleam v0.15.1
[INFO] [stderr]     Checking xmlwriter v0.1.0
[INFO] [stderr]     Checking pico-args v0.5.0
[INFO] [stderr]     Checking imagesize v0.14.0
[INFO] [stderr]     Checking fontdb v0.23.0
[INFO] [stderr]    Compiling build-parallel v0.1.2
[INFO] [stderr]     Checking data-url v0.3.2
[INFO] [stderr]    Compiling toml_datetime v1.1.1+spec-1.1.0
[INFO] [stderr]    Compiling serde_spanned v1.1.1
[INFO] [stderr]     Checking tracy-rs v0.1.2
[INFO] [stderr]     Checking unic-ucd-ident v0.9.0
[INFO] [stderr]     Checking sha2 v0.10.9
[INFO] [stderr]     Checking topological-sort v0.1.0
[INFO] [stderr]     Checking grid v1.0.1
[INFO] [stderr]    Compiling serde_json v1.0.150
[INFO] [stderr]    Compiling toml v1.1.2+spec-1.1.0
[INFO] [stderr]    Compiling toml_edit v0.25.12+spec-1.1.0
[INFO] [stderr]     Checking subtle v2.6.1
[INFO] [stderr]     Checking ctutils v0.4.2
[INFO] [stderr]     Checking num-bigint v0.4.7
[INFO] [stderr]    Compiling smallvec v1.15.2
[INFO] [stderr]     Checking time v0.3.53
[INFO] [stderr]    Compiling anyhow v1.0.103
[INFO] [stderr]     Checking nom v8.0.0
[INFO] [stderr]     Checking as-slice v0.2.1
[INFO] [stderr]    Compiling av-scenechange v0.14.1
[INFO] [stderr]    Compiling built v0.8.1
[INFO] [stderr]     Checking aligned v0.4.3
[INFO] [stderr]     Checking no_std_io2 v0.9.4
[INFO] [stderr]    Compiling pastey v0.1.1
[INFO] [stderr]     Checking y4m v0.8.0
[INFO] [stderr]    Compiling proc-macro-crate v3.5.0
[INFO] [stderr]     Checking bitstream-io v4.10.0
[INFO] [stderr]     Checking regex v1.12.4
[INFO] [stderr]    Compiling freetype-sys v0.20.1
[INFO] [stderr]    Compiling glslopt v0.1.14
[INFO] [stderr]    Compiling tikv-jemalloc-sys v0.6.1+5.3.0-1-ge13ca993e8ccb9ba9847cc330696e02839f328f7
[INFO] [stderr]    Compiling rav1e v0.8.1
[INFO] [stderr]     Checking maybe-rayon v0.1.1
[INFO] [stderr]    Compiling simd_helpers v0.1.0
[INFO] [stderr]    Compiling noop_proc_macro v0.3.0
[INFO] [stderr]     Checking imgref v1.12.2
[INFO] [stderr]     Checking pxfm v0.1.29
[INFO] [stderr]     Checking http-body v1.0.1
[INFO] [stderr]     Checking sha1 v0.10.6
[INFO] [stderr]     Checking freetype v0.7.2
[INFO] [stderr]     Checking headers-core v0.3.0
[INFO] [stderr]    Compiling cookie v0.18.1
[INFO] [stderr]    Compiling stylo_static_prefs v0.19.0 (https://github.com/servo/stylo?rev=5b71023cc809a1ac0147ca88f02f2a774dd8f9d6#5b71023c)
[INFO] [stderr]    Compiling wayland-sys v0.31.11
[INFO] [stderr]    Compiling cookie v0.16.2
[INFO] [stderr]     Checking headers v0.4.1
[INFO] [stderr]     Checking loop9 v0.1.5
[INFO] [stderr]     Checking http v0.2.12
[INFO] [stderr]    Compiling servo-embedder-traits v0.4.0 (/opt/rustwide/workdir/components/shared/embedder)
[INFO] [stderr]     Checking inventory v0.3.24
[INFO] [stderr]     Checking itertools v0.15.0
[INFO] [stderr]     Checking glow v0.17.0
[INFO] [stderr]    Compiling cfg-expr v0.20.8
[INFO] [stderr]    Compiling x11-dl v2.21.0
[INFO] [stderr]    Compiling zerocopy v0.8.52
[INFO] [stderr]     Checking num-rational v0.4.2
[INFO] [stderr]    Compiling synstructure v0.13.2
[INFO] [stderr]    Compiling darling_core v0.20.11
[INFO] [stderr]    Compiling surfman v0.13.0
[INFO] [stderr]     Checking fixedbitset v0.5.7
[INFO] [stderr]    Compiling system-deps v7.0.8
[INFO] [stderr]     Checking petgraph v0.8.3
[INFO] [stderr]     Checking speexdsp-resampler v0.1.0
[INFO] [stderr]     Checking byte-slice-cast v1.2.3
[INFO] [stderr] error: could not compile `syn` (lib)
[INFO] [stderr] 
[INFO] [stderr] Caused by:
[INFO] [stderr]   process didn't exit successfully: `/opt/rustwide/rustup-home/toolchains/c60b92c03ca8a3b101eb9d57f51e2232690638c7/bin/rustc --crate-name syn --edition=2021 /opt/rustwide/cargo-home/registry/src/index.crates.io-1949cf8c6b5b557f/syn-2.0.118/src/lib.rs --error-format=json --json=diagnostic-rendered-ansi,artifacts,future-incompat,unused-externs-silent --crate-type lib --emit=dep-info,metadata,link -Z embed-metadata=no -C embed-bitcode=no --cfg 'feature="clone-impls"' --cfg 'feature="default"' --cfg 'feature="derive"' --cfg 'feature="extra-traits"' --cfg 'feature="fold"' --cfg 'feature="full"' --cfg 'feature="parsing"' --cfg 'feature="printing"' --cfg 'feature="proc-macro"' --cfg 'feature="visit"' --cfg 'feature="visit-mut"' --check-cfg 'cfg(docsrs,test)' --check-cfg 'cfg(feature, values("clone-impls", "default", "derive", "extra-traits", "fold", "full", "parsing", "printing", "proc-macro", "test", "visit", "visit-mut"))' -C metadata=da1412eccc61d3d5 -C extra-filename=-10135fea3e5e3491 --out-dir /opt/rustwide/target/debug/build/syn/10135fea3e5e3491/out -L dependency=/opt/rustwide/target/debug/build/proc-macro2/4e65ba962a324510/out -L dependency=/opt/rustwide/target/debug/build/unicode-ident/8c98a1a0e58216a9/out --extern proc_macro2=/opt/rustwide/target/debug/build/proc-macro2/4e65ba962a324510/out/libproc_macro2-4e65ba962a324510.rmeta --extern quote=/opt/rustwide/target/debug/build/quote/99d23a7b301381c7/out/libquote-99d23a7b301381c7.rmeta --extern unicode_ident=/opt/rustwide/target/debug/build/unicode-ident/8c98a1a0e58216a9/out/libunicode_ident-8c98a1a0e58216a9.rmeta --cap-lints allow --cap-lints=forbid --force-warn=unused_crate_dependencies` (signal: 9, SIGKILL: kill)
[INFO] [stderr] warning: build failed, waiting for other jobs to finish...
[INFO] [stderr] error: could not compile `time` (lib)
[INFO] [stderr] 
[INFO] [stderr] Caused by:
[INFO] [stderr]   process didn't exit successfully: `/opt/rustwide/rustup-home/toolchains/c60b92c03ca8a3b101eb9d57f51e2232690638c7/bin/rustc --crate-name time --edition=2024 /opt/rustwide/cargo-home/registry/src/index.crates.io-1949cf8c6b5b557f/time-0.3.53/src/lib.rs --error-format=json --json=diagnostic-rendered-ansi,artifacts,future-incompat,unused-externs-silent --crate-type lib --emit=dep-info,metadata -C embed-bitcode=no -C debuginfo=2 --cfg 'feature="alloc"' --cfg 'feature="default"' --cfg 'feature="formatting"' --cfg 'feature="large-dates"' --cfg 'feature="local-offset"' --cfg 'feature="macros"' --cfg 'feature="parsing"' --cfg 'feature="serde"' --cfg 'feature="std"' --check-cfg 'cfg(docsrs,test)' --check-cfg 'cfg(feature, values("alloc", "default", "formatting", "large-dates", "local-offset", "macros", "parsing", "quickcheck", "rand", "rand010", "rand08", "rand09", "serde", "serde-human-readable", "serde-well-known", "std", "wasm-bindgen"))' -C metadata=d9722b14a03cfe49 -C extra-filename=-8c656665ec3f8e6c --out-dir /opt/rustwide/target/debug/build/time/8c656665ec3f8e6c/out -L dependency=/opt/rustwide/target/debug/build/serde_core/30ac4ed9a0a88344/out --extern deranged=/opt/rustwide/target/debug/build/deranged/5340676b9ef2f469/out/libderanged-5340676b9ef2f469.rmeta --extern libc=/opt/rustwide/target/debug/build/libc/16836f44866b8b3d/out/liblibc-16836f44866b8b3d.rmeta --extern num_conv=/opt/rustwide/target/debug/build/num-conv/d4153d9e45ce082d/out/libnum_conv-d4153d9e45ce082d.rmeta --extern num_threads=/opt/rustwide/target/debug/build/num_threads/9096be315f6e7597/out/libnum_threads-9096be315f6e7597.rmeta --extern powerfmt=/opt/rustwide/target/debug/build/powerfmt/6244fffd86cf9c21/out/libpowerfmt-6244fffd86cf9c21.rmeta --extern serde_core=/opt/rustwide/target/debug/build/serde_core/30ac4ed9a0a88344/out/libserde_core-30ac4ed9a0a88344.rmeta --extern time_core=/opt/rustwide/target/debug/build/time-core/21c0a2ac1350be16/out/libtime_core-21c0a2ac1350be16.rmeta --extern time_macros=/opt/rustwide/target/debug/build/time-macros/b77fa477c8204361/out/libtime_macros-b77fa477c8204361.so --cap-lints allow --cap-lints=forbid --force-warn=unused_crate_dependencies` (signal: 9, SIGKILL: kill)
[INFO] [stderr] error: could not compile `rustix` (lib)
[INFO] [stderr] 
[INFO] [stderr] Caused by:
[INFO] [stderr]   process didn't exit successfully: `/opt/rustwide/rustup-home/toolchains/c60b92c03ca8a3b101eb9d57f51e2232690638c7/bin/rustc --crate-name rustix --edition=2021 /opt/rustwide/cargo-home/registry/src/index.crates.io-1949cf8c6b5b557f/rustix-1.1.4/src/lib.rs --error-format=json --json=diagnostic-rendered-ansi,artifacts,future-incompat,unused-externs-silent --crate-type lib --emit=dep-info,metadata -C embed-bitcode=no -C debuginfo=2 --cfg 'feature="alloc"' --cfg 'feature="default"' --cfg 'feature="event"' --cfg 'feature="fs"' --cfg 'feature="net"' --cfg 'feature="pipe"' --cfg 'feature="process"' --cfg 'feature="shm"' --cfg 'feature="std"' --cfg 'feature="system"' --cfg 'feature="time"' --check-cfg 'cfg(docsrs,test)' --check-cfg 'cfg(feature, values("all-apis", "alloc", "core", "default", "event", "fs", "io_uring", "libc", "libc_errno", "linux_4_11", "linux_5_1", "linux_5_11", "linux_latest", "mm", "mount", "net", "param", "pipe", "process", "pty", "rand", "runtime", "rustc-dep-of-std", "rustc-std-workspace-alloc", "shm", "std", "stdio", "system", "termios", "thread", "time", "try_close", "use-explicitly-provided-auxv", "use-libc", "use-libc-auxv"))' -C metadata=6c8c211ddf55cc1a -C extra-filename=-6d2059a5c66561f1 --out-dir /opt/rustwide/target/debug/build/rustix/6d2059a5c66561f1/out -L dependency=/opt/rustwide/target/debug/build/serde_core/30ac4ed9a0a88344/out --extern bitflags=/opt/rustwide/target/debug/build/bitflags/21b5a87af2e2d142/out/libbitflags-21b5a87af2e2d142.rmeta --extern linux_raw_sys=/opt/rustwide/target/debug/build/linux-raw-sys/ff271329eb221e3a/out/liblinux_raw_sys-ff271329eb221e3a.rmeta --cap-lints allow --cap-lints=forbid --force-warn=unused_crate_dependencies --cfg static_assertions --cfg lower_upper_exp_for_non_zero --cfg rustc_diagnostics --cfg linux_raw_dep --cfg linux_raw --cfg linux_like --cfg linux_kernel` (signal: 9, SIGKILL: kill)
[INFO] running `Command { std: "docker" "inspect" "4750ccd4e027cb5ecddd32b8b13a62b3c878cec29b3f57471409737ca4a85c9f", kill_on_drop: false }`
[INFO] running `Command { std: "docker" "rm" "-f" "4750ccd4e027cb5ecddd32b8b13a62b3c878cec29b3f57471409737ca4a85c9f", kill_on_drop: false }`
[INFO] [stdout] 4750ccd4e027cb5ecddd32b8b13a62b3c878cec29b3f57471409737ca4a85c9f
