[INFO] cloning repository https://github.com/InversionSpaces/fluence-deploy-test
[INFO] running `Command { std: "git" "-c" "credential.helper=" "-c" "credential.helper=/workspace/cargo-home/bin/git-credential-null" "clone" "--bare" "https://github.com/InversionSpaces/fluence-deploy-test" "/workspace/cache/git-repos/https%3A%2F%2Fgithub.com%2FInversionSpaces%2Ffluence-deploy-test", kill_on_drop: false }`
[INFO] [stderr] Cloning into bare repository '/workspace/cache/git-repos/https%3A%2F%2Fgithub.com%2FInversionSpaces%2Ffluence-deploy-test'...
[INFO] running `Command { std: "git" "rev-parse" "HEAD", kill_on_drop: false }`
[INFO] [stdout] d9067352b6e44ce8f3a318653ac5734d6ac30f2b
[INFO] checking InversionSpaces/fluence-deploy-test against c60b92c03ca8a3b101eb9d57f51e2232690638c7 for pr-164148-crater-rollup
[INFO] running `Command { std: "git" "clone" "/workspace/cache/git-repos/https%3A%2F%2Fgithub.com%2FInversionSpaces%2Ffluence-deploy-test" "/workspace/builds/worker-4-tc2/source", kill_on_drop: false }`
[INFO] [stderr] Cloning into '/workspace/builds/worker-4-tc2/source'...
[INFO] [stderr] done.
[INFO] started tweaking git repo https://github.com/InversionSpaces/fluence-deploy-test
[INFO] finished tweaking git repo https://github.com/InversionSpaces/fluence-deploy-test
[INFO] tweaked toml for git repo https://github.com/InversionSpaces/fluence-deploy-test written to /workspace/builds/worker-4-tc2/source/Cargo.toml
[INFO] validating manifest of git repo https://github.com/InversionSpaces/fluence-deploy-test on toolchain c60b92c03ca8a3b101eb9d57f51e2232690638c7
[INFO] running `Command { std: CARGO_HOME="/workspace/cargo-home" RUSTUP_HOME="/workspace/rustup-home" "/workspace/cargo-home/bin/cargo" "+c60b92c03ca8a3b101eb9d57f51e2232690638c7" "metadata" "--manifest-path" "Cargo.toml" "--no-deps", kill_on_drop: false }`
[INFO] crate git repo https://github.com/InversionSpaces/fluence-deploy-test already has a lockfile, it will not be regenerated
[INFO] running `Command { std: CARGO_HOME="/workspace/cargo-home" RUSTUP_HOME="/workspace/rustup-home" "/workspace/cargo-home/bin/cargo" "+c60b92c03ca8a3b101eb9d57f51e2232690638c7" "fetch" "--manifest-path" "Cargo.toml", kill_on_drop: false }`
[INFO] [stderr]     Blocking waiting for file lock on package cache
[INFO] [stderr]     Updating crates.io index
[INFO] [stderr]     Blocking waiting for file lock on package cache
[ERROR] error running command: no output for 300 seconds
[INFO] checking InversionSpaces/fluence-deploy-test against c60b92c03ca8a3b101eb9d57f51e2232690638c7 for pr-164148-crater-rollup
[INFO] running `Command { std: "git" "clone" "/workspace/cache/git-repos/https%3A%2F%2Fgithub.com%2FInversionSpaces%2Ffluence-deploy-test" "/workspace/builds/worker-4-tc2/source", kill_on_drop: false }`
[INFO] [stderr] Cloning into '/workspace/builds/worker-4-tc2/source'...
[INFO] [stderr] done.
[INFO] started tweaking git repo https://github.com/InversionSpaces/fluence-deploy-test
[INFO] finished tweaking git repo https://github.com/InversionSpaces/fluence-deploy-test
[INFO] tweaked toml for git repo https://github.com/InversionSpaces/fluence-deploy-test written to /workspace/builds/worker-4-tc2/source/Cargo.toml
[INFO] validating manifest of git repo https://github.com/InversionSpaces/fluence-deploy-test on toolchain c60b92c03ca8a3b101eb9d57f51e2232690638c7
[INFO] running `Command { std: CARGO_HOME="/workspace/cargo-home" RUSTUP_HOME="/workspace/rustup-home" "/workspace/cargo-home/bin/cargo" "+c60b92c03ca8a3b101eb9d57f51e2232690638c7" "metadata" "--manifest-path" "Cargo.toml" "--no-deps", kill_on_drop: false }`
[INFO] crate git repo https://github.com/InversionSpaces/fluence-deploy-test already has a lockfile, it will not be regenerated
[INFO] running `Command { std: CARGO_HOME="/workspace/cargo-home" RUSTUP_HOME="/workspace/rustup-home" "/workspace/cargo-home/bin/cargo" "+c60b92c03ca8a3b101eb9d57f51e2232690638c7" "fetch" "--manifest-path" "Cargo.toml", kill_on_drop: false }`
[INFO] [stderr]     Blocking waiting for file lock on package cache
[INFO] [stderr]     Blocking waiting for file lock on package cache
[INFO] [stderr]  Downloading crates ...
[INFO] [stderr]   Downloaded serde_derive v1.0.162
[INFO] [stderr]   Downloaded serde v1.0.162
[INFO] [stderr]   Downloaded fluence-it-types v0.4.1
[INFO] [stderr]   Downloaded variant_count v1.1.0
[INFO] [stderr]   Downloaded marine-wasmtime-backend v0.2.2
[INFO] [stderr]   Downloaded marine-it-parser v0.12.1
[INFO] [stderr]   Downloaded wasmtime-jit-debug v6.0.2
[INFO] [stderr]   Downloaded it-lilo v0.5.1
[INFO] [stderr]   Downloaded wasmtime-jit-icache-coherence v6.0.2
[INFO] [stderr]   Downloaded wasmtime-asm-macros v6.0.2
[INFO] [stderr]   Downloaded wiggle-macro v6.0.2
[INFO] [stderr]   Downloaded winx v0.35.1
[INFO] [stderr]   Downloaded wasmtime-wasi v6.0.2
[INFO] [stderr]   Downloaded cranelift-codegen-shared v0.93.2
[INFO] [stderr]   Downloaded safe-transmute v0.11.2
[INFO] [stderr]   Downloaded target-lexicon v0.12.7
[INFO] [stderr]   Downloaded fs-set-times v0.19.1
[INFO] [stderr]   Downloaded walrus-macro v0.19.0
[INFO] [stderr]   Downloaded ambient-authority v0.0.2
[INFO] [stderr]   Downloaded fs-set-times v0.18.1
[INFO] [stderr]   Downloaded ittapi v0.3.3
[INFO] [stderr]   Downloaded marine-it-interfaces v0.8.1
[INFO] [stderr]   Downloaded cap-fs-ext v1.0.14
[INFO] [stderr]   Downloaded marine-wasm-backend-traits v0.2.1
[INFO] [stderr]   Downloaded cap-rand v1.0.14
[INFO] [stderr]   Downloaded id-arena v2.2.1
[INFO] [stderr]   Downloaded cranelift-native v0.93.2
[INFO] [stderr]   Downloaded fd-lock v3.0.12
[INFO] [stderr]   Downloaded quote v1.0.27
[INFO] [stderr]   Downloaded marine-module-interface v0.7.1
[INFO] [stderr]   Downloaded wiggle v6.0.2
[INFO] [stderr]   Downloaded cranelift-entity v0.93.2
[INFO] [stderr]   Downloaded wasmtime-types v6.0.2
[INFO] [stderr]   Downloaded uuid v1.3.2
[INFO] [stderr]   Downloaded it-to-bytes v0.1.0
[INFO] [stderr]   Downloaded wat v1.0.63
[INFO] [stderr]   Downloaded memfd v0.6.3
[INFO] [stderr]   Downloaded file-per-thread-logger v0.1.6
[INFO] [stderr]   Downloaded maybe-owned v0.3.4
[INFO] [stderr]   Downloaded wasi-cap-std-sync v6.0.2
[INFO] [stderr]   Downloaded darling v0.20.1
[INFO] [stderr]   Downloaded wasmer-interface-types-fl v0.26.1
[INFO] [stderr]   Downloaded wiggle-generate v6.0.2
[INFO] [stderr]   Downloaded shellexpand v2.1.2
[INFO] [stderr]   Downloaded io-lifetimes v1.0.10
[INFO] [stderr]   Downloaded io-extras v0.17.4
[INFO] [stderr]   Downloaded cranelift-bforest v0.93.2
[INFO] [stderr]   Downloaded darling_macro v0.20.1
[INFO] [stderr]   Downloaded cap-time-ext v1.0.14
[INFO] [stderr]   Downloaded wasmtime-jit v6.0.2
[INFO] [stderr]   Downloaded system-interface v0.25.7
[INFO] [stderr]   Downloaded time-macros v0.2.9
[INFO] [stderr]   Downloaded proc-macro2 v1.0.56
[INFO] [stderr]   Downloaded cranelift-isle v0.93.2
[INFO] [stderr]   Downloaded darling_core v0.20.1
[INFO] [stderr]   Downloaded cap-std v1.0.14
[INFO] [stderr]   Downloaded witx v0.9.1
[INFO] [stderr]   Downloaded it-memory-traits v0.4.0
[INFO] [stderr]   Downloaded serde_with_macros v2.3.3
[INFO] [stderr]   Downloaded slice-group-by v0.3.1
[INFO] [stderr]   Downloaded wasmtime-cranelift v6.0.2
[INFO] [stderr]   Downloaded cranelift-codegen-meta v0.93.2
[INFO] [stderr]   Downloaded wasm-bindgen-shared v0.2.85
[INFO] [stderr]   Downloaded wast v8.0.0
[INFO] [stderr]   Downloaded wasm-encoder v0.26.0
[INFO] [stderr]   Downloaded cpp_demangle v0.3.5
[INFO] [stderr]   Downloaded wasm-bindgen-macro-support v0.2.85
[INFO] [stderr]   Downloaded cap-primitives v1.0.14
[INFO] [stderr]   Downloaded js-sys v0.3.62
[INFO] [stderr]   Downloaded marine-min-it-version v0.3.0
[INFO] [stderr]   Downloaded it-json-serde v0.4.1
[INFO] [stderr]   Downloaded wasm-bindgen-macro v0.2.85
[INFO] [stderr]   Downloaded marine-rs-sdk v0.7.1
[INFO] [stderr]   Downloaded wasm-bindgen-backend v0.2.85
[INFO] [stderr]   Downloaded marine-runtime v0.26.3
[INFO] [stderr]   Downloaded wast v57.0.0
[INFO] [stderr]   Downloaded wasmparser v0.100.0
[INFO] [stderr]   Downloaded regalloc2 v0.5.1
[INFO] [stderr]   Downloaded wasi-common v6.0.2
[INFO] [stderr]   Downloaded serde_json v1.0.96
[INFO] [stderr]   Downloaded wasmparser v0.101.1
[INFO] [stderr]   Downloaded wast v35.0.2
[INFO] [stderr]   Downloaded wasmtime-runtime v6.0.2
[INFO] [stderr]   Downloaded wasmtime-environ v6.0.2
[INFO] [stderr]   Downloaded serde_with v2.3.3
[INFO] [stderr]   Downloaded time v0.3.21
[INFO] [stderr]   Downloaded wasm-bindgen v0.2.85
[INFO] [stderr]   Downloaded walrus v0.19.0
[INFO] [stderr]   Downloaded cranelift-wasm v0.93.2
[INFO] [stderr]   Downloaded chrono v0.4.24
[INFO] [stderr]   Downloaded wasmtime v6.0.2
[INFO] [stderr]   Downloaded rustix v0.36.13
[INFO] [stderr]   Downloaded object v0.29.0
[INFO] [stderr]   Downloaded regex v1.8.1
[INFO] [stderr]   Downloaded syn v2.0.15
[INFO] [stderr]   Downloaded regex-syntax v0.7.1
[INFO] [stderr]   Downloaded cxx-build v1.0.94
[INFO] [stderr]   Downloaded scratch v1.0.5
[INFO] [stderr]   Downloaded marine-timestamp-macro v0.7.1
[INFO] [stderr]   Downloaded marine-module-info-parser v0.6.1
[INFO] [stderr]   Downloaded marine-it-generator v0.10.1
[INFO] [stderr]   Downloaded cxxbridge-flags v1.0.94
[INFO] [stderr]   Downloaded marine-utils v0.5.0
[INFO] [stderr]   Downloaded marine-rs-sdk-main v0.7.1
[INFO] [stderr]   Downloaded polyplets v0.3.2
[INFO] [stderr]   Downloaded bytesize v1.2.0
[INFO] [stderr]   Downloaded marine-macro v0.7.1
[INFO] [stderr]   Downloaded marine-macro-impl v0.7.1
[INFO] [stderr]   Downloaded marine-core v0.20.3
[INFO] [stderr]   Downloaded cxxbridge-macro v1.0.94
[INFO] [stderr]   Downloaded zstd-sys v2.0.8+zstd.1.5.5
[INFO] [stderr]   Downloaded gimli v0.26.2
[INFO] [stderr]   Downloaded cranelift-codegen v0.93.2
[INFO] [stderr]   Downloaded linux-raw-sys v0.3.7
[INFO] [stderr]   Downloaded ittapi-sys v0.3.3
[INFO] [stderr]   Downloaded marine-rs-sdk-test v0.10.0
[INFO] [stderr]   Downloaded wasmtime-cache v6.0.2
[INFO] [stderr]   Downloaded marine-test-macro-impl v0.10.0
[INFO] [stderr]   Downloaded wasmparser v0.77.1
[INFO] [stderr]   Downloaded marine-test-macro v0.10.0
[INFO] [stderr]   Downloaded cranelift-frontend v0.93.2
[INFO] [stderr]   Downloaded fluence-app-service v0.25.3
[INFO] [stderr]   Downloaded marine-build-rs-generator v0.10.0
[INFO] [stderr]   Downloaded cxx v1.0.94
[INFO] running `Command { std: "docker" "create" "-v" "/var/lib/crater-agent-workspace/builds/worker-4-tc2/source:/opt/rustwide/workdir:ro,Z" "-v" "/var/lib/crater-agent-workspace/builds/worker-4-tc2/target:/opt/rustwide/target:rw,Z" "-v" "/var/lib/crater-agent-workspace/cargo-home:/opt/rustwide/cargo-home:ro,Z" "-v" "/var/lib/crater-agent-workspace/rustup-home:/opt/rustwide/rustup-home:ro,Z" "-m" "1610612736" "--network" "none" "ghcr.io/rust-lang/crates-build-env/linux@sha256:77db811e55d90add9212f6832c23229e3de5f1c1f9905e8cb07319ea15df73ac" "sleep" "infinity", kill_on_drop: false }`
[INFO] [stdout] 2e884ae7cb4c86c7702ec58a252f1cc4274c15987b7ee8a5c6f9ca9abde6e2a5
[INFO] running `Command { std: "docker" "start" "2e884ae7cb4c86c7702ec58a252f1cc4274c15987b7ee8a5c6f9ca9abde6e2a5", kill_on_drop: false }`
[INFO] running `Command { std: "docker" "inspect" "2e884ae7cb4c86c7702ec58a252f1cc4274c15987b7ee8a5c6f9ca9abde6e2a5", kill_on_drop: false }`
[INFO] running `Command { std: "docker" "exec" "-e" "SOURCE_DIR=/opt/rustwide/workdir" "-e" "CARGO_HOME=/opt/rustwide/cargo-home" "-e" "RUSTUP_HOME=/opt/rustwide/rustup-home" "-e" "CARGO_TARGET_DIR=/opt/rustwide/target" "-w" "/opt/rustwide/workdir" "--user" "0:0" "2e884ae7cb4c86c7702ec58a252f1cc4274c15987b7ee8a5c6f9ca9abde6e2a5" "/opt/rustwide/cargo-home/bin/cargo" "+c60b92c03ca8a3b101eb9d57f51e2232690638c7" "metadata" "--no-deps" "--format-version=1", kill_on_drop: false }`
[INFO] running `Command { std: "docker" "inspect" "2e884ae7cb4c86c7702ec58a252f1cc4274c15987b7ee8a5c6f9ca9abde6e2a5", kill_on_drop: false }`
[INFO] running `Command { std: "docker" "exec" "-e" "SOURCE_DIR=/opt/rustwide/workdir" "-e" "CARGO_HOME=/opt/rustwide/cargo-home" "-e" "RUSTUP_HOME=/opt/rustwide/rustup-home" "-e" "CARGO_TARGET_DIR=/opt/rustwide/target" "-e" "CARGO_INCREMENTAL=0" "-e" "RUST_BACKTRACE=full" "-e" "RUSTFLAGS=--cap-lints=forbid" "-e" "RUSTDOCFLAGS=--cap-lints=forbid" "-w" "/opt/rustwide/workdir" "--user" "0:0" "2e884ae7cb4c86c7702ec58a252f1cc4274c15987b7ee8a5c6f9ca9abde6e2a5" "/opt/rustwide/cargo-home/bin/cargo" "+c60b92c03ca8a3b101eb9d57f51e2232690638c7" "check" "--frozen" "--all" "--all-targets" "--message-format=json", kill_on_drop: false }`
[INFO] [stderr]    Compiling libc v0.2.144
[INFO] [stderr]    Compiling proc-macro2 v1.0.56
[INFO] [stderr]    Compiling quote v1.0.27
[INFO] [stderr]    Compiling serde_derive v1.0.162
[INFO] [stderr]    Compiling serde v1.0.162
[INFO] [stderr]    Compiling io-lifetimes v1.0.10
[INFO] [stderr]    Compiling syn v1.0.109
[INFO] [stderr]    Compiling thiserror v1.0.40
[INFO] [stderr]    Compiling anyhow v1.0.71
[INFO] [stderr]    Compiling memchr v2.5.0
[INFO] [stderr]    Compiling ahash v0.7.6
[INFO] [stderr]    Compiling indexmap v1.9.3
[INFO] [stderr]    Compiling rustix v0.37.19
[INFO] [stderr]    Compiling once_cell v1.17.1
[INFO] [stderr]    Compiling itoa v1.0.6
[INFO] [stderr]    Compiling log v0.4.17
[INFO] [stderr]    Compiling paste v1.0.12
[INFO] [stderr]    Compiling serde_json v1.0.96
[INFO] [stderr]    Compiling target-lexicon v0.12.7
[INFO] [stderr]    Compiling leb128 v0.2.5
[INFO] [stderr]    Compiling typenum v1.16.0
[INFO] [stderr]    Compiling crc32fast v1.3.2
[INFO] [stderr]    Compiling cranelift-isle v0.93.2
[INFO] [stderr]    Compiling cranelift-codegen-shared v0.93.2
[INFO] [stdout] error[E0422]: cannot find struct, variant or union type `LineColumn` in crate `proc_macro`
[INFO] [stdout]    --> /opt/rustwide/cargo-home/registry/src/index.crates.io-1949cf8c6b5b557f/proc-macro2-1.0.56/src/wrapper.rs:475:33
[INFO] [stdout]     |
[INFO] [stdout] 475 |                 let proc_macro::LineColumn { line, column } = s.start();
[INFO] [stdout]     |                                 ^^^^^^^^^^ not found in `proc_macro`
[INFO] [stdout]     |
[INFO] [stdout] help: consider importing this struct through its public re-export
[INFO] [stdout]     |
[INFO] [stdout]   1 + use crate::LineColumn;
[INFO] [stdout]     |
[INFO] [stdout] help: if you import `LineColumn`, refer to it directly
[INFO] [stdout]     |
[INFO] [stdout] 475 -                 let proc_macro::LineColumn { line, column } = s.start();
[INFO] [stdout] 475 +                 let LineColumn { line, column } = s.start();
[INFO] [stdout]     |
[INFO] [stdout] 
[INFO] [stdout] 
[INFO] [stdout] error[E0422]: cannot find struct, variant or union type `LineColumn` in crate `proc_macro`
[INFO] [stdout]    --> /opt/rustwide/cargo-home/registry/src/index.crates.io-1949cf8c6b5b557f/proc-macro2-1.0.56/src/wrapper.rs:489:33
[INFO] [stdout]     |
[INFO] [stdout] 489 |                 let proc_macro::LineColumn { line, column } = s.end();
[INFO] [stdout]     |                                 ^^^^^^^^^^ not found in `proc_macro`
[INFO] [stdout]     |
[INFO] [stdout] help: consider importing this struct through its public re-export
[INFO] [stdout]     |
[INFO] [stdout]   1 + use crate::LineColumn;
[INFO] [stdout]     |
[INFO] [stdout] help: if you import `LineColumn`, refer to it directly
[INFO] [stdout]     |
[INFO] [stdout] 489 -                 let proc_macro::LineColumn { line, column } = s.end();
[INFO] [stdout] 489 +                 let LineColumn { line, column } = s.end();
[INFO] [stdout]     |
[INFO] [stdout] 
[INFO] [stdout] 
[INFO] [stdout] error[E0635]: unknown feature `proc_macro_span_shrink`
[INFO] [stdout]   --> /opt/rustwide/cargo-home/registry/src/index.crates.io-1949cf8c6b5b557f/proc-macro2-1.0.56/src/lib.rs:92:30
[INFO] [stdout]    |
[INFO] [stdout] 92 |     feature(proc_macro_span, proc_macro_span_shrink)
[INFO] [stdout]    |                              ^^^^^^^^^^^^^^^^^^^^^^
[INFO] [stdout]    |
[INFO] [stdout] help: there is a feature with a similar name: `proc_macro_span_file`
[INFO] [stdout]    |
[INFO] [stdout] 92 -     feature(proc_macro_span, proc_macro_span_shrink)
[INFO] [stdout] 92 +     feature(proc_macro_span, proc_macro_span_file)
[INFO] [stdout]    |
[INFO] [stdout] 
[INFO] [stdout] 
[INFO] [stderr]    Compiling rustix v0.36.13
[INFO] [stderr]    Compiling cranelift-codegen-meta v0.93.2
[INFO] [stderr]    Compiling generic-array v0.14.7
[INFO] [stderr]    Compiling semver v1.0.17
[INFO] [stderr]    Compiling pkg-config v0.3.27
[INFO] [stderr]    Compiling io-extras v0.17.4
[INFO] [stderr]    Compiling memoffset v0.6.5
[INFO] [stdout] Some errors have detailed explanations: E0422, E0635.
[INFO] [stdout] 
[INFO] [stdout] For more information about an error, try `rustc --explain E0422`.
[INFO] [stdout] 
[INFO] [stderr] error: could not compile `proc-macro2` (lib) due to 3 previous errors
[INFO] [stderr] warning: build failed, waiting for other jobs to finish...
[INFO] running `Command { std: "docker" "inspect" "2e884ae7cb4c86c7702ec58a252f1cc4274c15987b7ee8a5c6f9ca9abde6e2a5", kill_on_drop: false }`
[INFO] running `Command { std: "docker" "rm" "-f" "2e884ae7cb4c86c7702ec58a252f1cc4274c15987b7ee8a5c6f9ca9abde6e2a5", kill_on_drop: false }`
[INFO] [stdout] 2e884ae7cb4c86c7702ec58a252f1cc4274c15987b7ee8a5c6f9ca9abde6e2a5
