[INFO] fetching crate async-session-types 0.1.2...
[INFO] checking async-session-types-0.1.2 against 7211ea594cbf137ef6118b1752b959dea7cb9088 for pr-164148-crater-rollup
[INFO] extracting crate async-session-types 0.1.2 into /workspace/builds/worker-6-tc1/source
[INFO] started tweaking crates.io crate async-session-types 0.1.2
[INFO] finished tweaking crates.io crate async-session-types 0.1.2
[INFO] tweaked toml for crates.io crate async-session-types 0.1.2 written to /workspace/builds/worker-6-tc1/source/Cargo.toml
[INFO] validating manifest of crates.io crate async-session-types 0.1.2 on toolchain 7211ea594cbf137ef6118b1752b959dea7cb9088
[INFO] running `Command { std: CARGO_HOME="/workspace/cargo-home" RUSTUP_HOME="/workspace/rustup-home" "/workspace/cargo-home/bin/cargo" "+7211ea594cbf137ef6118b1752b959dea7cb9088" "metadata" "--manifest-path" "Cargo.toml" "--no-deps", kill_on_drop: false }`
[INFO] running `Command { std: CARGO_HOME="/workspace/cargo-home" RUSTUP_HOME="/workspace/rustup-home" "/workspace/cargo-home/bin/cargo" "+7211ea594cbf137ef6118b1752b959dea7cb9088" "generate-lockfile" "--manifest-path" "Cargo.toml", kill_on_drop: false }`
[INFO] [stderr]     Updating crates.io index
[INFO] [stderr]      Locking 18 packages to highest compatible versions
[INFO] running `Command { std: CARGO_HOME="/workspace/cargo-home" RUSTUP_HOME="/workspace/rustup-home" "/workspace/cargo-home/bin/cargo" "+7211ea594cbf137ef6118b1752b959dea7cb9088" "fetch" "--manifest-path" "Cargo.toml", kill_on_drop: false }`
[INFO] [stderr]     Blocking waiting for file lock on package cache
[INFO] [stderr]     Blocking waiting for file lock on package cache
[INFO] running `Command { std: "docker" "create" "-v" "/var/lib/crater-agent-workspace/builds/worker-6-tc1/source:/opt/rustwide/workdir:ro,Z" "-v" "/var/lib/crater-agent-workspace/builds/worker-6-tc1/target:/opt/rustwide/target:rw,Z" "-v" "/var/lib/crater-agent-workspace/cargo-home:/opt/rustwide/cargo-home:ro,Z" "-v" "/var/lib/crater-agent-workspace/rustup-home:/opt/rustwide/rustup-home:ro,Z" "-m" "1610612736" "--network" "none" "ghcr.io/rust-lang/crates-build-env/linux@sha256:77db811e55d90add9212f6832c23229e3de5f1c1f9905e8cb07319ea15df73ac" "sleep" "infinity", kill_on_drop: false }`
[INFO] [stdout] 0edbbf28b0dca1e8c4a57c322d8da11d41fec1e3981149f51b8eb1c6a843bb72
[INFO] running `Command { std: "docker" "start" "0edbbf28b0dca1e8c4a57c322d8da11d41fec1e3981149f51b8eb1c6a843bb72", kill_on_drop: false }`
[INFO] running `Command { std: "docker" "inspect" "0edbbf28b0dca1e8c4a57c322d8da11d41fec1e3981149f51b8eb1c6a843bb72", kill_on_drop: false }`
[INFO] running `Command { std: "docker" "exec" "-e" "SOURCE_DIR=/opt/rustwide/workdir" "-e" "CARGO_HOME=/opt/rustwide/cargo-home" "-e" "RUSTUP_HOME=/opt/rustwide/rustup-home" "-e" "CARGO_TARGET_DIR=/opt/rustwide/target" "-w" "/opt/rustwide/workdir" "--user" "0:0" "0edbbf28b0dca1e8c4a57c322d8da11d41fec1e3981149f51b8eb1c6a843bb72" "/opt/rustwide/cargo-home/bin/cargo" "+7211ea594cbf137ef6118b1752b959dea7cb9088" "metadata" "--no-deps" "--format-version=1", kill_on_drop: false }`
[INFO] running `Command { std: "docker" "inspect" "0edbbf28b0dca1e8c4a57c322d8da11d41fec1e3981149f51b8eb1c6a843bb72", kill_on_drop: false }`
[INFO] running `Command { std: "docker" "exec" "-e" "SOURCE_DIR=/opt/rustwide/workdir" "-e" "CARGO_HOME=/opt/rustwide/cargo-home" "-e" "RUSTUP_HOME=/opt/rustwide/rustup-home" "-e" "CARGO_TARGET_DIR=/opt/rustwide/target" "-e" "CARGO_INCREMENTAL=0" "-e" "RUST_BACKTRACE=full" "-e" "RUSTFLAGS=--cap-lints=forbid" "-e" "RUSTDOCFLAGS=--cap-lints=forbid" "-w" "/opt/rustwide/workdir" "--user" "0:0" "0edbbf28b0dca1e8c4a57c322d8da11d41fec1e3981149f51b8eb1c6a843bb72" "/opt/rustwide/cargo-home/bin/cargo" "+7211ea594cbf137ef6118b1752b959dea7cb9088" "check" "--frozen" "--all" "--all-targets" "--message-format=json", kill_on_drop: false }`
[INFO] [stderr]     Checking futures-channel v0.3.34
[INFO] [stderr]     Checking tokio v1.53.3
[INFO] [stderr]     Checking futures-util v0.3.34
[INFO] [stderr]     Checking futures-executor v0.3.34
[INFO] [stderr]     Checking futures v0.3.34
[INFO] [stderr]     Checking async-session-types v0.1.2 (/opt/rustwide/workdir)
[INFO] [stdout] warning: the feature `async_closure` has been stable since 1.85.0 and no longer requires an attribute to enable
[INFO] [stdout]  --> src/lib.rs:3:12
[INFO] [stdout]   |
[INFO] [stdout] 3 | #![feature(async_closure)]
[INFO] [stdout]   |            ^^^^^^^^^^^^^
[INFO] [stdout]   |
[INFO] [stdout]   = note: `#[warn(stable_features)]` on by default
[INFO] [stdout] 
[INFO] [stdout] 
[INFO] [stdout] warning: the feature `async_closure` has been stable since 1.85.0 and no longer requires an attribute to enable
[INFO] [stdout]  --> src/lib.rs:3:12
[INFO] [stdout]   |
[INFO] [stdout] 3 | #![feature(async_closure)]
[INFO] [stdout]   |            ^^^^^^^^^^^^^
[INFO] [stdout]   |
[INFO] [stdout]   = note: `#[warn(stable_features)]` on by default
[INFO] [stdout] 
[INFO] [stdout] 
[INFO] [stdout] warning: feature `trait_alias` is declared but not used
[INFO] [stdout]  --> src/lib.rs:2:12
[INFO] [stdout]   |
[INFO] [stdout] 2 | #![feature(trait_alias)]
[INFO] [stdout]   |            ^^^^^^^^^^^
[INFO] [stdout]   |
[INFO] [stdout]   = note: `#[warn(unused_features)]` (part of `#[warn(unused)]`) on by default
[INFO] [stdout] 
[INFO] [stdout] 
[INFO] [stdout] error[E0597]: `srv` does not live long enough
[INFO] [stdout]    --> src/test.rs:57:30
[INFO] [stdout]     |
[INFO] [stdout]  44 |     let srv = async move |c: Chan<Server, (), DynMessage>| {
[INFO] [stdout]     |         --- binding `srv` declared here
[INFO] [stdout] ...
[INFO] [stdout]  57 |     let srv_t = tokio::spawn(srv(server_chan));
[INFO] [stdout]     |                 -------------^^^--------------
[INFO] [stdout]     |                 |            |
[INFO] [stdout]     |                 |            borrowed value does not live long enough
[INFO] [stdout]     |                 argument requires that `srv` is borrowed for `'static`
[INFO] [stdout] ...
[INFO] [stdout]  62 | }
[INFO] [stdout]     | - `srv` dropped here while still borrowed
[INFO] [stdout]     |
[INFO] [stdout] note: requirement that the value outlives `'static` introduced here
[INFO] [stdout]    --> /opt/rustwide/cargo-home/registry/src/index.crates.io-1949cf8c6b5b557f/tokio-1.53.3/src/task/spawn.rs:176:28
[INFO] [stdout]     |
[INFO] [stdout] 176 |         F: Future + Send + 'static,
[INFO] [stdout]     |                            ^^^^^^^
[INFO] [stdout] 
[INFO] [stdout] 
[INFO] [stdout] error[E0597]: `cli` does not live long enough
[INFO] [stdout]    --> src/test.rs:58:30
[INFO] [stdout]     |
[INFO] [stdout]  49 |     let cli = async move |c: Chan<Client, (), DynMessage>| {
[INFO] [stdout]     |         --- binding `cli` declared here
[INFO] [stdout] ...
[INFO] [stdout]  58 |     let cli_t = tokio::spawn(cli(client_chan));
[INFO] [stdout]     |                 -------------^^^--------------
[INFO] [stdout]     |                 |            |
[INFO] [stdout]     |                 |            borrowed value does not live long enough
[INFO] [stdout]     |                 argument requires that `cli` is borrowed for `'static`
[INFO] [stdout] ...
[INFO] [stdout]  62 | }
[INFO] [stdout]     | - `cli` dropped here while still borrowed
[INFO] [stdout]     |
[INFO] [stdout] note: requirement that the value outlives `'static` introduced here
[INFO] [stdout]    --> /opt/rustwide/cargo-home/registry/src/index.crates.io-1949cf8c6b5b557f/tokio-1.53.3/src/task/spawn.rs:176:28
[INFO] [stdout]     |
[INFO] [stdout] 176 |         F: Future + Send + 'static,
[INFO] [stdout]     |                            ^^^^^^^
[INFO] [stdout] 
[INFO] [stdout] 
[INFO] [stdout] error[E0597]: `srv` does not live long enough
[INFO] [stdout]    --> src/test.rs:85:30
[INFO] [stdout]     |
[INFO] [stdout]  71 |     let srv = async move |c: Chan<Server, (), DynMessage>| {
[INFO] [stdout]     |         --- binding `srv` declared here
[INFO] [stdout] ...
[INFO] [stdout]  85 |     let srv_t = tokio::spawn(srv(server_chan));
[INFO] [stdout]     |                 -------------^^^--------------
[INFO] [stdout]     |                 |            |
[INFO] [stdout]     |                 |            borrowed value does not live long enough
[INFO] [stdout]     |                 argument requires that `srv` is borrowed for `'static`
[INFO] [stdout] ...
[INFO] [stdout]  93 | }
[INFO] [stdout]     | - `srv` dropped here while still borrowed
[INFO] [stdout]     |
[INFO] [stdout] note: requirement that the value outlives `'static` introduced here
[INFO] [stdout]    --> /opt/rustwide/cargo-home/registry/src/index.crates.io-1949cf8c6b5b557f/tokio-1.53.3/src/task/spawn.rs:176:28
[INFO] [stdout]     |
[INFO] [stdout] 176 |         F: Future + Send + 'static,
[INFO] [stdout]     |                            ^^^^^^^
[INFO] [stdout] 
[INFO] [stdout] 
[INFO] [stdout] error[E0597]: `cli` does not live long enough
[INFO] [stdout]    --> src/test.rs:86:30
[INFO] [stdout]     |
[INFO] [stdout]  76 |     let cli = async move |c: Chan<WrongClient, (), DynMessage>| {
[INFO] [stdout]     |         --- binding `cli` declared here
[INFO] [stdout] ...
[INFO] [stdout]  86 |     let cli_t = tokio::spawn(cli(wrong_client_chan));
[INFO] [stdout]     |                 -------------^^^--------------------
[INFO] [stdout]     |                 |            |
[INFO] [stdout]     |                 |            borrowed value does not live long enough
[INFO] [stdout]     |                 argument requires that `cli` is borrowed for `'static`
[INFO] [stdout] ...
[INFO] [stdout]  93 | }
[INFO] [stdout]     | - `cli` dropped here while still borrowed
[INFO] [stdout]     |
[INFO] [stdout] note: requirement that the value outlives `'static` introduced here
[INFO] [stdout]    --> /opt/rustwide/cargo-home/registry/src/index.crates.io-1949cf8c6b5b557f/tokio-1.53.3/src/task/spawn.rs:176:28
[INFO] [stdout]     |
[INFO] [stdout] 176 |         F: Future + Send + 'static,
[INFO] [stdout]     |                            ^^^^^^^
[INFO] [stdout] 
[INFO] [stdout] 
[INFO] [stdout] For more information about this error, try `rustc --explain E0597`.
[INFO] [stdout] 
[INFO] [stderr] error: could not compile `async-session-types` (lib test) due to 4 previous errors; 1 warning emitted
[INFO] running `Command { std: "docker" "inspect" "0edbbf28b0dca1e8c4a57c322d8da11d41fec1e3981149f51b8eb1c6a843bb72", kill_on_drop: false }`
[INFO] running `Command { std: "docker" "rm" "-f" "0edbbf28b0dca1e8c4a57c322d8da11d41fec1e3981149f51b8eb1c6a843bb72", kill_on_drop: false }`
[INFO] [stdout] 0edbbf28b0dca1e8c4a57c322d8da11d41fec1e3981149f51b8eb1c6a843bb72
