[INFO] fetching crate rmqttd 0.24.0...
[INFO] checking rmqttd-0.24.0 against c60b92c03ca8a3b101eb9d57f51e2232690638c7 for pr-164148-crater-rollup
[INFO] extracting crate rmqttd 0.24.0 into /workspace/builds/worker-5-tc2/source
[INFO] started tweaking crates.io crate rmqttd 0.24.0
[INFO] finished tweaking crates.io crate rmqttd 0.24.0
[INFO] tweaked toml for crates.io crate rmqttd 0.24.0 written to /workspace/builds/worker-5-tc2/source/Cargo.toml
[INFO] validating manifest of crates.io crate rmqttd 0.24.0 on toolchain c60b92c03ca8a3b101eb9d57f51e2232690638c7
[INFO] running `Command { std: CARGO_HOME="/workspace/cargo-home" RUSTUP_HOME="/workspace/rustup-home" "/workspace/cargo-home/bin/cargo" "+c60b92c03ca8a3b101eb9d57f51e2232690638c7" "metadata" "--manifest-path" "Cargo.toml" "--no-deps", kill_on_drop: false }`
[INFO] crate crates.io crate rmqttd 0.24.0 already has a lockfile, it will not be regenerated
[INFO] running `Command { std: CARGO_HOME="/workspace/cargo-home" RUSTUP_HOME="/workspace/rustup-home" "/workspace/cargo-home/bin/cargo" "+c60b92c03ca8a3b101eb9d57f51e2232690638c7" "fetch" "--manifest-path" "Cargo.toml", kill_on_drop: false }`
[INFO] running `Command { std: "docker" "create" "-v" "/var/lib/crater-agent-workspace/builds/worker-5-tc2/source:/opt/rustwide/workdir:ro,Z" "-v" "/var/lib/crater-agent-workspace/builds/worker-5-tc2/target:/opt/rustwide/target:rw,Z" "-v" "/var/lib/crater-agent-workspace/cargo-home:/opt/rustwide/cargo-home:ro,Z" "-v" "/var/lib/crater-agent-workspace/rustup-home:/opt/rustwide/rustup-home:ro,Z" "-m" "1610612736" "--network" "none" "ghcr.io/rust-lang/crates-build-env/linux@sha256:77db811e55d90add9212f6832c23229e3de5f1c1f9905e8cb07319ea15df73ac" "sleep" "infinity", kill_on_drop: false }`
[INFO] [stdout] c054814be9fc246e73fcbeed1984d5119b7bc731c24b1b63dba812ebf9d5775a
[INFO] running `Command { std: "docker" "start" "c054814be9fc246e73fcbeed1984d5119b7bc731c24b1b63dba812ebf9d5775a", kill_on_drop: false }`
[INFO] running `Command { std: "docker" "inspect" "c054814be9fc246e73fcbeed1984d5119b7bc731c24b1b63dba812ebf9d5775a", kill_on_drop: false }`
[INFO] running `Command { std: "docker" "exec" "-e" "SOURCE_DIR=/opt/rustwide/workdir" "-e" "CARGO_HOME=/opt/rustwide/cargo-home" "-e" "RUSTUP_HOME=/opt/rustwide/rustup-home" "-e" "CARGO_TARGET_DIR=/opt/rustwide/target" "-w" "/opt/rustwide/workdir" "--user" "0:0" "c054814be9fc246e73fcbeed1984d5119b7bc731c24b1b63dba812ebf9d5775a" "/opt/rustwide/cargo-home/bin/cargo" "+c60b92c03ca8a3b101eb9d57f51e2232690638c7" "metadata" "--no-deps" "--format-version=1", kill_on_drop: false }`
[INFO] running `Command { std: "docker" "inspect" "c054814be9fc246e73fcbeed1984d5119b7bc731c24b1b63dba812ebf9d5775a", kill_on_drop: false }`
[INFO] running `Command { std: "docker" "exec" "-e" "SOURCE_DIR=/opt/rustwide/workdir" "-e" "CARGO_HOME=/opt/rustwide/cargo-home" "-e" "RUSTUP_HOME=/opt/rustwide/rustup-home" "-e" "CARGO_TARGET_DIR=/opt/rustwide/target" "-e" "CARGO_INCREMENTAL=0" "-e" "RUST_BACKTRACE=full" "-e" "RUSTFLAGS=--cap-lints=forbid" "-e" "RUSTDOCFLAGS=--cap-lints=forbid" "-w" "/opt/rustwide/workdir" "--user" "0:0" "c054814be9fc246e73fcbeed1984d5119b7bc731c24b1b63dba812ebf9d5775a" "/opt/rustwide/cargo-home/bin/cargo" "+c60b92c03ca8a3b101eb9d57f51e2232690638c7" "check" "--frozen" "--all" "--all-targets" "--message-format=json", kill_on_drop: false }`
[INFO] [stderr]    Compiling serde_core v1.0.229
[INFO] [stderr]    Compiling serde v1.0.229
[INFO] [stderr]     Checking futures-core v0.3.33
[INFO] [stderr]    Compiling libc v0.2.189
[INFO] [stderr]    Compiling find-msvc-tools v0.1.10
[INFO] [stderr]     Checking value-bag v1.13.2
[INFO] [stderr]    Compiling syn v2.0.119
[INFO] [stderr]    Compiling syn v3.0.3
[INFO] [stderr]     Checking getrandom v0.2.17
[INFO] [stderr]     Checking errno v0.3.14
[INFO] [stderr]     Checking rand_core v0.6.4
[INFO] [stderr]     Checking log v0.4.33
[INFO] [stderr]     Checking typenum v1.20.1
[INFO] [stderr]     Checking signal-hook-registry v1.4.8
[INFO] [stderr]     Checking subtle v2.6.1
[INFO] [stderr]     Checking socket2 v0.6.5
[INFO] [stderr]     Checking mio v1.2.2
[INFO] [stderr]     Checking foldhash v0.2.0
[INFO] [stderr]    Compiling generic-array v0.14.7
[INFO] [stderr]     Checking futures-io v0.3.33
[INFO] [stderr]    Compiling zerocopy v0.8.56
[INFO] [stderr]     Checking futures-sink v0.3.33
[INFO] [stderr]    Compiling thiserror v2.0.20
[INFO] [stderr]     Checking const-oid v0.9.6
[INFO] [stderr]     Checking futures-channel v0.3.33
[INFO] [stderr]     Checking futures-task v0.3.33
[INFO] [stderr]     Checking scopeguard v1.2.0
[INFO] [stderr]     Checking hashbrown v0.17.1
[INFO] [stderr]     Checking lock_api v0.4.14
[INFO] [stderr]    Compiling libm v0.2.16
[INFO] [stderr]    Compiling jobserver v0.1.35
[INFO] [stderr]    Compiling getrandom v0.3.4
[INFO] [stderr]    Compiling cc v1.4.2
[INFO] [stderr]     Checking indexmap v2.14.0
[INFO] [stderr]     Checking crypto-common v0.1.7
[INFO] [stderr]     Checking block-buffer v0.10.4
[INFO] [stderr]     Checking digest v0.10.7
[INFO] [stderr]    Compiling num-traits v0.2.19
[INFO] [stderr]    Compiling cmake v0.1.58
[INFO] [stderr]     Checking rustls-pki-types v1.15.1
[INFO] [stderr]    Compiling num-conv v0.2.2
[INFO] [stderr]    Compiling aws-lc-rs v1.18.0
[INFO] [stderr]    Compiling memchr v2.8.3
[INFO] [stderr]    Compiling time-core v0.1.9
[INFO] [stderr]    Compiling time-macros v0.2.32
[INFO] [stderr]    Compiling aws-lc-sys v0.44.0
[INFO] [stderr]    Compiling ring v0.17.14
[INFO] [stderr]    Compiling synstructure v0.13.2
[INFO] [stderr]    Compiling serde_derive v1.0.229
[INFO] [stderr]    Compiling tokio-macros v2.7.2
[INFO] [stderr]    Compiling thiserror-impl v2.0.20
[INFO] [stderr]    Compiling displaydoc v0.2.7
[INFO] [stderr]    Compiling futures-macro v0.3.33
[INFO] [stderr]    Compiling tracing-attributes v0.1.31
[INFO] [stderr]    Compiling zerofrom-derive v0.1.7
[INFO] [stderr]    Compiling yoke-derive v0.8.2
[INFO] [stderr]     Checking futures-util v0.3.33
[INFO] [stderr]     Checking ppv-lite86 v0.2.21
[INFO] [stderr]    Compiling zerovec-derive v0.11.3
[INFO] [stderr]     Checking rand_chacha v0.3.1
[INFO] [stderr]     Checking tracing v0.1.44
[INFO] [stderr]     Checking zerofrom v0.1.8
[INFO] [stderr]     Checking rand v0.8.7
[INFO] [stderr]     Checking yoke v0.8.3
[INFO] [stderr]    Compiling aho-corasick v1.1.5
[INFO] [stderr]     Checking deranged v0.5.8
[INFO] [stderr]     Checking spin v0.9.9
[INFO] [stderr]    Compiling regex-syntax v0.8.11
[INFO] [stderr]     Checking zerovec v0.11.6
[INFO] [stderr]     Checking bytes v1.12.1
[INFO] [stderr]    Compiling zmij v1.0.23
[INFO] [stderr]     Checking tinystr v0.8.3
[INFO] [stderr]     Checking num_threads v0.1.7
[INFO] [stderr]     Checking tokio v1.53.1
[INFO] [stderr]     Checking http v1.5.0
[INFO] [stderr]     Checking time v0.3.55
[INFO] [stderr]     Checking icu_locale_core v2.2.0
[INFO] [stderr]     Checking potential_utf v0.1.5
[INFO] [stderr]     Checking zerotrie v0.2.4
[INFO] [stderr]    Compiling regex-automata v0.4.18
[INFO] [stderr]    Compiling serde_json v1.0.151
[INFO] [stderr]    Compiling either v1.17.0
[INFO] [stderr]     Checking icu_collections v2.2.0
[INFO] [stderr]    Compiling itertools v0.14.0
[INFO] [stderr]     Checking icu_provider v2.2.0
[INFO] [stderr]     Checking http-body v1.1.0
[INFO] [stderr]    Compiling anyhow v1.0.104
[INFO] [stderr]    Compiling rustls v0.23.43
[INFO] [stderr]     Checking icu_properties v2.2.0
[INFO] [stderr]     Checking icu_normalizer v2.2.0
[INFO] [stderr]    Compiling semver v1.0.28
[INFO] [stderr]    Compiling rustix v1.1.4
[INFO] [stderr]    Compiling rustc_version v0.4.1
[INFO] [stderr]    Compiling getrandom v0.4.3
[INFO] [stderr]     Checking sync_wrapper v1.0.2
[INFO] [stderr]    Compiling prettyplease v0.2.37
[INFO] [stderr]    Compiling linux-raw-sys v0.12.1
[INFO] [stderr]    Compiling bitflags v2.13.1
[INFO] [stderr]     Checking ahash v0.8.12
[INFO] [stderr]    Compiling prost-derive v0.13.5
[INFO] [stderr]     Checking idna_adapter v1.2.2
[INFO] [stderr]     Checking idna v1.1.0
[INFO] [stderr]    Compiling fixedbitset v0.5.7
[INFO] [stderr]    Compiling fastrand v2.5.0
[INFO] [stderr]    Compiling regex v1.13.1
[INFO] [stderr]    Compiling syn v1.0.109
[INFO] [stderr]    Compiling petgraph v0.7.1
[INFO] [stderr]    Compiling prost v0.13.5
[INFO] [stderr]    Compiling prost-types v0.13.5
[INFO] [stderr]     Checking lazy_static v1.5.0
[INFO] [stderr]    Compiling thiserror-impl v1.0.69
[INFO] [stderr]     Checking ipnet v2.12.1
[INFO] [stderr]    Compiling multimap v0.10.1
[INFO] [stderr]     Checking parking_lot_core v0.9.12
[INFO] [stderr]    Compiling tempfile v3.27.0
[INFO] [stderr]     Checking url v2.5.8
[INFO] [stderr]     Checking http-body-util v0.1.4
[INFO] [stderr]     Checking thiserror v1.0.69
[INFO] [stderr]    Compiling prost-build v0.13.5
[INFO] [stderr]     Checking cpufeatures v0.3.0
[INFO] [stderr]     Checking rand_core v0.10.1
[INFO] [stderr]     Checking futures-executor v0.3.33
[INFO] [stderr]     Checking num-integer v0.1.46
[INFO] [stderr]     Checking tokio-util v0.7.19
[INFO] [stderr]     Checking futures v0.3.33
[INFO] [stderr]     Checking parking_lot v0.12.5
[INFO] [stderr]    Compiling pin-project-internal v1.1.13
[INFO] [stderr]     Checking chrono v0.4.45
[INFO] [stderr]     Checking chacha20 v0.10.1
[INFO] [stderr]     Checking rand_core v0.9.5
[INFO] [stderr]     Checking rand_chacha v0.9.0
[INFO] [stderr]     Checking rand v0.10.2
[INFO] [stderr]     Checking h2 v0.4.15
[INFO] [stderr]     Checking tower v0.5.3
[INFO] [stderr]     Checking pin-project v1.1.13
[INFO] [stderr]     Checking futures-timer v3.0.4
[INFO] [stderr]     Checking rand v0.9.5
[INFO] [stderr]    Compiling async-trait v0.1.92
[INFO] [stderr]     Checking sha1 v0.10.7
[INFO] [stderr]     Checking nom v7.1.3
[INFO] [stderr]    Compiling portable-atomic v1.15.0
[INFO] [stderr]    Compiling smallvec v1.15.2
[INFO] [stderr]     Checking data-encoding v2.11.1
[INFO] [stderr]    Compiling proc-macro-utils v0.10.0
[INFO] [stderr]     Checking num-bigint v0.4.8
[INFO] [stderr]    Compiling heapless v0.7.17
[INFO] [stderr]     Checking socket2 v0.5.10
[INFO] [stderr]    Compiling cfg_aliases v0.2.2
[INFO] [stderr]     Checking hashbrown v0.15.5
[INFO] [stderr]     Checking dashmap v6.2.1
[INFO] [stderr]     Checking hash32 v0.2.1
[INFO] [stderr]    Compiling tonic-build v0.13.1
[INFO] [stderr]     Checking dequemap v0.3.0
[INFO] [stderr]     Checking rustls-native-certs v0.8.4
[INFO] [stderr]     Checking cobs v0.3.0
[INFO] [stderr]    Compiling asn1-rs-impl v0.2.0
[INFO] [stderr]    Compiling asn1-rs-derive v0.6.0
[INFO] [stderr]    Compiling protobuf v3.7.2
[INFO] [stderr]    Compiling doc-comment v0.3.4
[INFO] [stderr]     Checking std-ext v0.4.0
[INFO] [stderr]    Compiling manyhow-macros v0.11.4
[INFO] [stderr]     Checking rusticata-macros v4.1.0
[INFO] [stderr]    Compiling quote-use-macros v0.8.4
[INFO] [stderr]    Compiling quinn-udp v0.5.15
[INFO] [stderr]     Checking postcard v1.1.3
[INFO] [stderr]     Checking asn1-rs v0.7.2
[INFO] [stderr]     Checking tungstenite v0.29.0
[INFO] [stderr]     Checking tokio-stream v0.1.19
[INFO] [stderr]     Checking axum-core v0.5.6
[INFO] [stderr]     Checking protobuf-support v3.7.2
[INFO] [stderr]     Checking bytestring v1.5.1
[INFO] [stderr]     Checking siphasher v1.0.3
[INFO] [stderr]    Compiling oid-registry v0.8.1
[INFO] [stderr]     Checking winnow v1.0.4
[INFO] [stderr]     Checking matchit v0.8.4
[INFO] [stderr]     Checking tinyvec v1.12.0
[INFO] [stderr]     Checking hyper v1.11.0
[INFO] [stderr]     Checking tokio-tungstenite v0.29.0
[INFO] [stderr]     Checking fastbloom v0.17.0
[INFO] [stderr]    Compiling manyhow v0.11.4
[INFO] [stderr]    Compiling quote-use v0.8.4
[INFO] [stderr]     Checking box-collections v0.3.0
[INFO] [stderr]    Compiling snafu-derive v0.6.10
[INFO] [stderr]    Compiling quinn v0.11.11
[INFO] [stderr]     Checking queue-ext v0.4.2
[INFO] [stderr]     Checking rand_pcg v0.10.2
[INFO] [stderr]     Checking serde_spanned v1.1.1
[INFO] [stderr]     Checking crossbeam-queue v0.3.13
[INFO] [stderr]     Checking lru-slab v0.1.2
[INFO] [stderr]     Checking rustc-hash v2.1.3
[INFO] [stderr]    Compiling interpolator v0.5.0
[INFO] [stderr]    Compiling collection_literals v1.0.3
[INFO] [stderr]     Checking nonzero_ext v0.3.0
[INFO] [stderr]     Checking mpsc v0.3.0
[INFO] [stderr]     Checking der-parser v10.0.0
[INFO] [stderr]     Checking toml_parser v1.1.3+spec-1.1.0
[INFO] [stderr]     Checking axum v0.8.9
[INFO] [stderr]    Compiling attribute-derive-macro v0.10.5
[INFO] [stderr]     Checking hyper-util v0.1.20
[INFO] [stderr]     Checking snafu v0.6.10
[INFO] [stderr]     Checking rmqtt-utils v0.1.6
[INFO] [stderr]     Checking box-counter v0.4.0
[INFO] [stderr]    Compiling handy-grpc v0.8.0
[INFO] [stderr]    Compiling derive-where v1.6.1
[INFO] [stderr]     Checking toml_datetime v1.1.1+spec-1.1.0
[INFO] [stderr]     Checking waker-fn v1.2.0
[INFO] [stderr]     Checking fastrand v1.9.0
[INFO] [stderr]     Checking futures-lite v1.13.0
[INFO] [stderr]     Checking toml v1.1.4+spec-1.1.0
[INFO] [stderr]     Checking hyper-timeout v0.5.2
[INFO] [stderr]     Checking rmqtt-codec v0.3.1
[INFO] [stderr]     Checking proxy-protocol v0.5.0
[INFO] [stderr]     Checking x509-parser v0.18.1
[INFO] [stderr]    Compiling attribute-derive v0.10.5
[INFO] [stderr]     Checking tower-resilience-core v0.10.1
[INFO] [stderr]     Checking raw-cpuid v11.6.0
[INFO] [stderr]    Compiling prometheus v0.14.0
[INFO] [stderr]     Checking config v0.15.25
[INFO] [stderr]     Checking tower-resilience-circuitbreaker v0.10.1
[INFO] [stderr]    Compiling get-size-derive2 v0.9.0
[INFO] [stderr]     Checking task-exec-queue v0.10.1
[INFO] [stderr]     Checking uuid v1.24.0
[INFO] [stderr]    Compiling strum_macros v0.26.4
[INFO] [stderr]     Checking spinning_top v0.3.0
[INFO] [stderr]    Compiling rmqtt v0.24.0
[INFO] [stderr]     Checking concurrent-queue v2.5.0
[INFO] [stderr]     Checking hashbrown v0.16.1
[INFO] [stderr]     Checking bytesize v1.3.3
[INFO] [stderr]     Checking web-time v1.1.0
[INFO] [stderr]     Checking systemstat v0.2.7
[INFO] [stderr]     Checking get-size2 v0.9.0
[INFO] [stderr]     Checking leaky-bucket v1.1.2
[INFO] [stderr]     Checking quanta v0.12.6
[INFO] [stderr]    Compiling rmqtt-macros v0.1.2
[INFO] [stderr]     Checking event-listener v5.4.2
[INFO] [stderr]     Checking sha2 v0.10.9
[INFO] [stderr]     Checking governor v0.10.4
[INFO] [stderr]     Checking hmac v0.12.1
[INFO] [stderr]     Checking event-listener-strategy v0.5.4
[INFO] [stderr]     Checking pem-rfc7468 v0.7.0
[INFO] [stderr]     Checking async-channel v2.5.0
[INFO] [stderr]     Checking der v0.7.10
[INFO] [stderr]     Checking inout v0.1.4
[INFO] [stderr]     Checking universal-hash v0.5.1
[INFO] [stderr]     Checking opaque-debug v0.3.1
[INFO] [stderr]    Compiling openssl-sys v0.9.117
[INFO] [stderr]     Checking cipher v0.4.4
[INFO] [stderr]     Checking polyval v0.6.2
[INFO] [stderr]     Checking webpki-roots v1.0.9
[INFO] [stderr]     Checking ghash v0.5.1
[INFO] [stderr]     Checking aes v0.8.4
[INFO] [stderr]     Checking ctr v0.9.2
[INFO] [stderr]     Checking serde_urlencoded v0.7.1
[INFO] [stderr]     Checking aead v0.5.2
[INFO] [stderr]    Compiling cookie v0.18.2
[INFO] [stderr]    Compiling crc32fast v1.5.0
[INFO] [stderr]    Compiling openssl v0.10.81
[INFO] [stderr]     Checking strum v0.26.3
[INFO] [stderr]     Checking aes-gcm v0.10.3
[INFO] [stderr]    Compiling openssl-macros v0.1.1
[INFO] [stderr]     Checking signature v2.2.0
[INFO] [stderr]    Compiling native-tls v0.2.18
[INFO] [stderr]     Checking spki v0.7.3
[INFO] [stderr]     Checking pkcs8 v0.10.2
[INFO] [stderr]     Checking ntex-bytes v0.1.31
[INFO] [stderr]    Compiling zstd-sys v2.0.16+zstd.1.5.7
[INFO] [stderr]     Checking futures-lite v2.6.1
[INFO] [stderr]    Compiling ntex-rt v0.4.33
[INFO] [stderr]    Compiling async-io v2.6.0
[INFO] [stderr]    Compiling crossbeam-epoch v0.9.20
[INFO] [stderr]     Checking oneshot v0.1.13
[INFO] [stderr]     Checking publicsuffix v2.3.0
[INFO] [stderr]    Compiling curve25519-dalek v4.1.3
[INFO] [stderr]     Checking ntex-service v3.8.0
[INFO] [stderr]     Checking instant v0.1.13
[INFO] [stderr]     Checking adler2 v2.0.1
[INFO] [stderr]     Checking simd-adler32 v0.3.10
[INFO] [stderr]     Checking miniz_oxide v0.8.9
[INFO] [stderr]     Checking ntex-util v2.16.0
[INFO] [stderr]     Checking cookie_store v0.22.1
[INFO] [stderr]    Compiling toml_edit v0.25.13+spec-1.1.0
[INFO] [stderr]    Compiling hybrid-array v0.4.14
[INFO] [stderr]     Checking ntex-codec v0.6.2
[INFO] [stderr]     Checking tower-http v0.6.11
[INFO] [stderr]    Compiling proc-macro-crate v3.5.0
[INFO] [stderr]    Compiling curve25519-dalek-derive v0.1.1
[INFO] [stderr]    Compiling autotools v0.2.7
[INFO] [stderr]     Checking ff v0.13.1
[INFO] [stderr]     Checking base16ct v0.2.0
[INFO] [stderr]     Checking group v0.13.0
[INFO] [stderr]     Checking sec1 v0.7.3
[INFO] [stderr]     Checking ntex-io v2.15.1
[INFO] [stderr]    Compiling protobuf-src v1.1.0+21.5
[INFO] [stderr]     Checking flate2 v1.1.9
[INFO] [stderr]     Checking ed25519 v2.2.3
[INFO] [stderr]     Checking hkdf v0.12.4
[INFO] [stderr]     Checking arc-swap v1.9.2
[INFO] [stderr]     Checking crypto-bigint v0.5.5
[INFO] [stderr]     Checking tokio-native-tls v0.3.1
[INFO] [stderr]     Checking hyper-tls v0.6.0
[INFO] [stderr]    Compiling parking_lot_core v0.8.6
[INFO] [stderr]    Compiling darling_core v0.23.0
[INFO] [stderr]     Checking ntex-tokio v0.5.4
[INFO] [stderr]    Compiling block-buffer v0.12.1
[INFO] [stderr]     Checking ed25519-dalek v2.2.0
[INFO] [stderr]    Compiling crypto-common v0.2.2
[INFO] [stderr]     Checking ntex-http v0.1.15
[INFO] [stderr]    Compiling slog v2.8.2
[INFO] [stderr]     Checking alloc-no-stdlib v2.0.4
[INFO] [stderr]    Compiling const-oid v0.10.2
[INFO] [stderr]     Checking elliptic-curve v0.13.8
[INFO] [stderr]     Checking async-task v4.7.1
[INFO] [stderr]     Checking event-listener v2.5.3
[INFO] [stderr]    Compiling crc16 v0.4.0
[INFO] [stderr]     Checking async-channel v1.9.0
[INFO] [stderr]     Checking alloc-stdlib v0.2.4
[INFO] [stderr]     Checking ntex-net v2.9.0
[INFO] [stderr]    Compiling digest v0.11.3
[INFO] [stderr]    Compiling mime-infer v4.0.1
[INFO] [stderr]     Checking rfc6979 v0.4.0
[INFO] [stderr]    Compiling libz-sys v1.1.29
[INFO] [stderr]     Checking erased-serde v0.3.31
[INFO] [stderr]     Checking polling v3.11.0
[INFO] [stderr]    Compiling lz4-sys v1.11.1+lz4-1.10.0
[INFO] [stderr]    Compiling bitflags v1.3.2
[INFO] [stderr]    Compiling redb v4.1.0
[INFO] [stderr]    Compiling num-bigint-dig v0.8.6
[INFO] [stderr]    Compiling sha2 v0.11.0
[INFO] [stderr]     Checking ecdsa v0.16.9
[INFO] [stderr]    Compiling darling_macro v0.23.0
[INFO] [stderr]    Compiling mime_guess v2.0.5
[INFO] [stderr]     Checking parking_lot v0.11.2
[INFO] [stderr]    Compiling darling v0.23.0
[INFO] [stderr]     Checking brotli-decompressor v5.0.3
[INFO] [stderr]     Checking primeorder v0.13.6
[INFO] [stderr]     Checking webpki-roots v0.26.11
[INFO] [stderr]     Checking async-lock v3.4.2
[INFO] [stderr]     Checking piper v0.2.5
[INFO] [stderr]     Checking backon v1.6.0
[INFO] [stderr]     Checking fxhash v0.2.1
[INFO] [stderr]     Checking combine v4.6.7
[INFO] [stderr]     Checking num-iter v0.1.46
[INFO] [stderr]     Checking headers-core v0.3.0
[INFO] [stderr]    Compiling enumflags2_derive v0.7.12
[INFO] [stderr]    Compiling salvo-serde-util v0.90.1
[INFO] [stderr]     Checking fs2 v0.4.3
[INFO] [stderr]    Compiling proc-macro2-diagnostics v0.10.1
[INFO] [stderr]     Checking xml v1.4.0
[INFO] [stderr]    Compiling mime v0.3.17
[INFO] [stderr]     Checking sha1_smol v1.0.1
[INFO] [stderr]    Compiling snap v1.1.2
[INFO] [stderr]    Compiling salvo_macros v0.90.1
[INFO] [stderr]     Checking serde-xml-rs v0.8.2
[INFO] [stderr]     Checking enumflags2 v0.7.12
[INFO] [stderr]     Checking sled v0.34.7
[INFO] [stderr]     Checking brotli v8.0.4
[INFO] [stderr]     Checking headers v0.4.1
[INFO] [stderr]     Checking blocking v1.6.2
[INFO] [stderr]    Compiling rust-embed-utils v8.12.0
[INFO] [stderr]    Compiling serde_with_macros v3.22.0
[INFO] [stderr]     Checking async-signal v0.2.14
[INFO] [stderr]     Checking async-executor v1.14.0
[INFO] [stderr]    Compiling num_enum_derive v0.7.6
[INFO] [stderr]     Checking redis v0.32.6
[INFO] [stderr]     Checking pkcs1 v0.7.5
[INFO] [stderr]    Compiling zstd-safe v7.2.4
[INFO] [stderr]     Checking chardetng v1.0.0
[INFO] [stderr]     Checking zstd v0.13.3
[INFO] [stderr]     Checking multra v1.1.0
[INFO] [stderr]     Checking box-convert v0.1.2
[INFO] [stderr]     Checking ordered-float v2.10.1
[INFO] [stderr]    Compiling rdkafka-sys v4.9.0+2.10.0
[INFO] [stderr]     Checking serde_path_to_error v0.1.20
[INFO] [stderr]     Checking content_inspector v0.2.4
[INFO] [stderr]     Checking num_cpus v1.17.0
[INFO] [stderr]     Checking event-notify v0.1.2
[INFO] [stderr]     Checking core_affinity v0.8.3
[INFO] [stderr]     Checking salvo_core v0.90.1
[INFO] [stderr]     Checking serde-value v0.7.0
[INFO] [stderr]     Checking rsa v0.9.10
[INFO] [stderr]     Checking num_enum v0.7.6
[INFO] [stderr]     Checking async-global-executor v2.4.1
[INFO] [stderr]     Checking serde_with v3.22.0
[INFO] [stderr]     Checking async-process v2.5.0
[INFO] [stderr]    Compiling rust-embed-impl v8.12.0
[INFO] [stderr]     Checking signal-hook v0.3.18
[INFO] [stderr]     Checking p256 v0.13.2
[INFO] [stderr]     Checking p384 v0.13.1
[INFO] [stderr]     Checking ntex-router v0.5.3
[INFO] [stderr]     Checking signatory v0.27.1
[INFO] [stderr]     Checking itertools v0.10.5
[INFO] [stderr]    Compiling async-attributes v1.1.2
[INFO] [stderr]    Compiling pulsar v6.9.0
[INFO] [stderr]     Checking serde_plain v1.0.2
[INFO] [stderr]     Checking env_filter v2.0.0
[INFO] [stderr]     Checking kv-log-macro v1.0.7
[INFO] [stderr]     Checking thread_local v1.1.10
[INFO] [stderr]     Checking dyn-clone v1.0.20
[INFO] [stderr]     Checking xxhash-rust v0.8.18
[INFO] [stderr]     Checking crc-catalog v2.5.0
[INFO] [stderr]     Checking nanorand v0.8.0
[INFO] [stderr]     Checking str-buf v3.0.3
[INFO] [stderr]     Checking ntex-h2 v1.14.2
[INFO] [stderr]     Checking etag v4.0.0
[INFO] [stderr]     Checking async-std v1.13.2
[INFO] [stderr]     Checking crc v3.4.0
[INFO] [stderr]     Checking env_logger v0.11.11
[INFO] [stderr]     Checking nkeys v0.4.5
[INFO] [stderr]     Checking ntex-server v2.8.1
[INFO] [stderr]    Compiling int-enum v1.2.0
[INFO] [stderr]     Checking rust-embed v8.12.0
[INFO] [stderr]    Compiling toml_datetime v0.7.5+spec-1.1.0
[INFO] [stderr]     Checking crossbeam-deque v0.8.7
[INFO] [stderr]     Checking async-native-tls v0.5.0
[INFO] [stderr]    Compiling rmqtt-raft v0.7.2
[INFO] [stderr]    Compiling ntex-macros v0.1.4
[INFO] [stderr]     Checking ulid v1.2.1
[INFO] [stderr]     Checking tryhard v0.5.2
[INFO] [stderr]     Checking asynchronous-codec v0.7.0
[INFO] [stderr]     Checking serde_nanos v0.1.4
[INFO] [stderr]     Checking nuid v0.5.0
[INFO] [stderr]    Compiling getset v0.1.7
[INFO] [stderr]    Compiling variadics_please v1.1.0
[INFO] [stderr]    Compiling async-stream-impl v0.3.6
[INFO] [stderr]    Compiling serde_repr v0.1.21
[INFO] [stderr]    Compiling tikv-jemalloc-sys v0.6.1+5.3.0-1-ge13ca993e8ccb9ba9847cc330696e02839f328f7
[INFO] [stderr]     Checking thread-id v5.1.0
[INFO] [stderr]     Checking path-slash v0.2.1
[INFO] [stderr]     Checking data-url v0.3.2
[INFO] [stderr]     Checking toml_writer v1.1.2+spec-1.1.0
[INFO] [stderr]     Checking murmur3 v0.5.2
[INFO] [stderr]     Checking winnow v0.7.15
[INFO] [stderr]     Checking clap_builder v4.6.6
[INFO] [stderr]     Checking rmqtt-storage v0.11.1
[INFO] [stderr]    Compiling toml v0.9.12+spec-1.1.0
[INFO] [stderr]     Checking salvo-serve-static v0.90.1
[INFO] [stderr]     Checking lz4 v1.28.1
[INFO] [stderr]     Checking reduct-base v1.18.3
[INFO] [stderr]     Checking async-stream v0.3.6
[INFO] [stderr]     Checking salvo_extra v0.90.1
[INFO] [stderr]     Checking rayon-core v1.13.0
[INFO] [stderr]     Checking ntex-mqtt v4.6.1
[INFO] [stderr]     Checking slog-scope v4.4.1
[INFO] [stderr]     Checking futures-time v3.1.0
[INFO] [stderr]     Checking backoff v0.4.0
[INFO] [stderr]     Checking simple_asn1 v0.6.4
[INFO] [stderr]     Checking matchers v0.2.0
[INFO] [stderr]     Checking sharded-slab v0.1.7
[INFO] [stderr]    Compiling clap_derive v4.6.4
[INFO] [stderr] error: could not compile `ntex-mqtt` (lib)
[INFO] [stderr] 
[INFO] [stderr] Caused by:
[INFO] [stderr]   process didn't exit successfully: `/opt/rustwide/rustup-home/toolchains/c60b92c03ca8a3b101eb9d57f51e2232690638c7/bin/rustc --crate-name ntex_mqtt --edition=2021 /opt/rustwide/cargo-home/registry/src/index.crates.io-1949cf8c6b5b557f/ntex-mqtt-4.6.1/src/lib.rs --error-format=json --json=diagnostic-rendered-ansi,artifacts,future-incompat,unused-externs-silent --crate-type lib --emit=dep-info,metadata -C embed-bitcode=no -C debuginfo=2 --check-cfg 'cfg(docsrs,test)' --check-cfg 'cfg(feature, values())' -C metadata=8f18bf86f2bd3af6 -C extra-filename=-f34d91dc533d6ae3 --out-dir /opt/rustwide/target/debug/build/ntex-mqtt/f34d91dc533d6ae3/out -L dependency=/opt/rustwide/target/debug/build/ahash/4e5e3b16b445dfa7/out -L dependency=/opt/rustwide/target/debug/build/aho-corasick/e5eb68f430059ec7/out -L dependency=/opt/rustwide/target/debug/build/allocator-api2/34319c28828d46c3/out -L dependency=/opt/rustwide/target/debug/build/async-channel/6311d2afdbde5a51/out -L dependency=/opt/rustwide/target/debug/build/bitflags/12164dedcc9c97c0/out -L dependency=/opt/rustwide/target/debug/build/bytes/0649209b833482db/out -L dependency=/opt/rustwide/target/debug/build/cfg-if/190c9021fd162845/out -L dependency=/opt/rustwide/target/debug/build/concurrent-queue/2007248d506d127e/out -L dependency=/opt/rustwide/target/debug/build/crossbeam-utils/438f252b9b1e5e6c/out -L dependency=/opt/rustwide/target/debug/build/equivalent/d23b026399a51038/out -L dependency=/opt/rustwide/target/debug/build/errno/0f735279c0a5cb88/out -L dependency=/opt/rustwide/target/debug/build/event-listener-strategy/924791aae62c8528/out -L dependency=/opt/rustwide/target/debug/build/event-listener/89985501854d033c/out -L dependency=/opt/rustwide/target/debug/build/foldhash/bb459e9acec7bfc2/out -L dependency=/opt/rustwide/target/debug/build/futures-core/66c6c11339e0b249/out -L dependency=/opt/rustwide/target/debug/build/futures-timer/53e16c63dd1c26da/out -L dependency=/opt/rustwide/target/debug/build/getrandom/4a48229377e6ef4e/out -L dependency=/opt/rustwide/target/debug/build/hashbrown/911649ce90200d8f/out -L dependency=/opt/rustwide/target/debug/build/http/4dcf11717303b1d3/out -L dependency=/opt/rustwide/target/debug/build/indexmap/1172311d9426c5d6/out -L dependency=/opt/rustwide/target/debug/build/itoa/488dcf4f13423b18/out -L dependency=/opt/rustwide/target/debug/build/libc/5b122225efee376b/out -L dependency=/opt/rustwide/target/debug/build/log/a6b69ee64e4596b6/out -L dependency=/opt/rustwide/target/debug/build/memchr/b924193483665774/out -L dependency=/opt/rustwide/target/debug/build/mio/acbf03d6753a552b/out -L dependency=/opt/rustwide/target/debug/build/ntex-bytes/91c9e5b0c2f6e704/out -L dependency=/opt/rustwide/target/debug/build/ntex-codec/3ab1270b9f0d49bc/out -L dependency=/opt/rustwide/target/debug/build/ntex-http/860f692de24c126b/out -L dependency=/opt/rustwide/target/debug/build/ntex-io/fbd49368176492aa/out -L dependency=/opt/rustwide/target/debug/build/ntex-rt/3cebc6285988e8d2/out -L dependency=/opt/rustwide/target/debug/build/ntex-service/42e8d63c1b9f9f3b/out -L dependency=/opt/rustwide/target/debug/build/ntex-tokio/c5e02f6ca7868550/out -L dependency=/opt/rustwide/target/debug/build/ntex-util/06e8e6221eb5fb3e/out -L dependency=/opt/rustwide/target/debug/build/once_cell/6f8123b0c2eed634/out -L dependency=/opt/rustwide/target/debug/build/oneshot/5b3cf01e9e3a60ad/out -L dependency=/opt/rustwide/target/debug/build/parking/fbbb0e1f7c7ebc3f/out -L dependency=/opt/rustwide/target/debug/build/pin-project-lite/7176d3be2b7ee2e1/out -L dependency=/opt/rustwide/target/debug/build/regex-automata/84283bd0c43e5277/out -L dependency=/opt/rustwide/target/debug/build/regex-syntax/aa2c0ef21912879c/out -L dependency=/opt/rustwide/target/debug/build/regex/d0a903706de57f23/out -L dependency=/opt/rustwide/target/debug/build/serde/cb03b6ca250133e5/out -L dependency=/opt/rustwide/target/debug/build/serde_core/0a1ba5c7e6f8457f/out -L dependency=/opt/rustwide/target/debug/build/serde_derive/e8922fb61883911e/out -L dependency=/opt/rustwide/target/debug/build/signal-hook-registry/e631dbe7df418f4f/out -L dependency=/opt/rustwide/target/debug/build/slab/101f873bca723251/out -L dependency=/opt/rustwide/target/debug/build/socket2/081bf329e7bc52a9/out -L dependency=/opt/rustwide/target/debug/build/thiserror-impl/2f3fcdc62161f92e/out -L dependency=/opt/rustwide/target/debug/build/thiserror-impl/c0d4011842f1de9b/out -L dependency=/opt/rustwide/target/debug/build/thiserror/a3be97716218ce92/out -L dependency=/opt/rustwide/target/debug/build/tokio-macros/e0466a1c6de12fa5/out -L dependency=/opt/rustwide/target/debug/build/tokio/71c1fe4570917813/out -L dependency=/opt/rustwide/target/debug/build/value-bag/38347ce32e224674/out -L dependency=/opt/rustwide/target/debug/build/zerocopy/6a56c99072cf491d/out -L dependency=/opt/rustwide/target/debug/build/zmij/93cb3e10a525d438/out --extern bitflags=/opt/rustwide/target/debug/build/bitflags/12164dedcc9c97c0/out/libbitflags-12164dedcc9c97c0.rmeta --extern log=/opt/rustwide/target/debug/build/log/a6b69ee64e4596b6/out/liblog-a6b69ee64e4596b6.rmeta --extern ntex_bytes=/opt/rustwide/target/debug/build/ntex-bytes/91c9e5b0c2f6e704/out/libntex_bytes-91c9e5b0c2f6e704.rmeta --extern ntex_codec=/opt/rustwide/target/debug/build/ntex-codec/3ab1270b9f0d49bc/out/libntex_codec-3ab1270b9f0d49bc.rmeta --extern ntex_io=/opt/rustwide/target/debug/build/ntex-io/fbd49368176492aa/out/libntex_io-fbd49368176492aa.rmeta --extern ntex_net=/opt/rustwide/target/debug/build/ntex-net/918bb4f3314857ff/out/libntex_net-918bb4f3314857ff.rmeta --extern ntex_router=/opt/rustwide/target/debug/build/ntex-router/8b551506298d23fc/out/libntex_router-8b551506298d23fc.rmeta --extern ntex_rt=/opt/rustwide/target/debug/build/ntex-rt/3cebc6285988e8d2/out/libntex_rt-3cebc6285988e8d2.rmeta --extern ntex_service=/opt/rustwide/target/debug/build/ntex-service/42e8d63c1b9f9f3b/out/libntex_service-42e8d63c1b9f9f3b.rmeta --extern ntex_util=/opt/rustwide/target/debug/build/ntex-util/06e8e6221eb5fb3e/out/libntex_util-06e8e6221eb5fb3e.rmeta --extern pin_project_lite=/opt/rustwide/target/debug/build/pin-project-lite/7176d3be2b7ee2e1/out/libpin_project_lite-7176d3be2b7ee2e1.rmeta --extern serde=/opt/rustwide/target/debug/build/serde/cb03b6ca250133e5/out/libserde-cb03b6ca250133e5.rmeta --extern serde_json=/opt/rustwide/target/debug/build/serde_json/4d2542196edcfc3a/out/libserde_json-4d2542196edcfc3a.rmeta --extern thiserror=/opt/rustwide/target/debug/build/thiserror/ccf58de2aeffd899/out/libthiserror-ccf58de2aeffd899.rmeta --cap-lints allow --cap-lints=forbid --force-warn=unused_crate_dependencies` (signal: 9, SIGKILL: kill)
[INFO] [stderr] warning: build failed, waiting for other jobs to finish...
[INFO] [stderr] error: could not compile `rmqtt-storage` (lib)
[INFO] [stderr] 
[INFO] [stderr] Caused by:
[INFO] [stderr]   process didn't exit successfully: `/opt/rustwide/rustup-home/toolchains/c60b92c03ca8a3b101eb9d57f51e2232690638c7/bin/rustc --crate-name rmqtt_storage --edition=2021 /opt/rustwide/cargo-home/registry/src/index.crates.io-1949cf8c6b5b557f/rmqtt-storage-0.11.1/src/lib.rs --error-format=json --json=diagnostic-rendered-ansi,artifacts,future-incompat,unused-externs-silent --crate-type lib --emit=dep-info,metadata -C embed-bitcode=no -C debuginfo=2 --cfg 'feature="circuit-breaker"' --cfg 'feature="len"' --cfg 'feature="redb"' --cfg 'feature="redis"' --cfg 'feature="redis-cluster"' --cfg 'feature="sled"' --cfg 'feature="ttl"' --check-cfg 'cfg(docsrs,test)' --check-cfg 'cfg(feature, values("circuit-breaker", "default", "len", "map_len", "redb", "redis", "redis-cluster", "sled", "ttl"))' -C metadata=d25de7a57dbbda04 -C extra-filename=-0f44a90b90fbf44a --out-dir /opt/rustwide/target/debug/build/rmqtt-storage/0f44a90b90fbf44a/out -L dependency=/opt/rustwide/target/debug/build/allocator-api2/34319c28828d46c3/out -L dependency=/opt/rustwide/target/debug/build/arc-swap/8a3fb7143ac71502/out -L dependency=/opt/rustwide/target/debug/build/backon/841b571782d4982e/out -L dependency=/opt/rustwide/target/debug/build/byteorder/d92705dd1d5353b1/out -L dependency=/opt/rustwide/target/debug/build/bytes/0649209b833482db/out -L dependency=/opt/rustwide/target/debug/build/cfg-if/190c9021fd162845/out -L dependency=/opt/rustwide/target/debug/build/cobs/98f969375b0d87bd/out -L dependency=/opt/rustwide/target/debug/build/combine/239d2976933296a6/out -L dependency=/opt/rustwide/target/debug/build/crc16/435330ba2a1c12f4/out -L dependency=/opt/rustwide/target/debug/build/crc32fast/31ecd786fe404797/out -L dependency=/opt/rustwide/target/debug/build/crossbeam-epoch/a5b2785e834ab3cb/out -L dependency=/opt/rustwide/target/debug/build/crossbeam-utils/438f252b9b1e5e6c/out -L dependency=/opt/rustwide/target/debug/build/displaydoc/04afaa642bd97965/out -L dependency=/opt/rustwide/target/debug/build/equivalent/d23b026399a51038/out -L dependency=/opt/rustwide/target/debug/build/errno/0f735279c0a5cb88/out -L dependency=/opt/rustwide/target/debug/build/fastrand/f97ae5f035b5782d/out -L dependency=/opt/rustwide/target/debug/build/foldhash/bb459e9acec7bfc2/out -L dependency=/opt/rustwide/target/debug/build/form_urlencoded/a0709cb2f4e6749a/out -L dependency=/opt/rustwide/target/debug/build/fs2/bed9eff531e2d3a5/out -L dependency=/opt/rustwide/target/debug/build/futures-channel/dfe92fecf9204724/out -L dependency=/opt/rustwide/target/debug/build/futures-core/66c6c11339e0b249/out -L dependency=/opt/rustwide/target/debug/build/futures-executor/9b1e123f283ed469/out -L dependency=/opt/rustwide/target/debug/build/futures-io/ec825954e5f24f03/out -L dependency=/opt/rustwide/target/debug/build/futures-macro/2e0febc4b55f49d2/out -L dependency=/opt/rustwide/target/debug/build/futures-sink/cdd1669e988ddca7/out -L dependency=/opt/rustwide/target/debug/build/futures-task/7018d05962e87907/out -L dependency=/opt/rustwide/target/debug/build/futures-util/07bdd19b146f3112/out -L dependency=/opt/rustwide/target/debug/build/futures/eed80a735a6fabd0/out -L dependency=/opt/rustwide/target/debug/build/fxhash/4d5fdce21e0796ac/out -L dependency=/opt/rustwide/target/debug/build/getrandom/4a48229377e6ef4e/out -L dependency=/opt/rustwide/target/debug/build/hash32/e9b56fece4f8a35b/out -L dependency=/opt/rustwide/target/debug/build/hashbrown/69d59772af06122b/out -L dependency=/opt/rustwide/target/debug/build/hashbrown/911649ce90200d8f/out -L dependency=/opt/rustwide/target/debug/build/heapless/d23fd447d98d5a9e/out -L dependency=/opt/rustwide/target/debug/build/iana-time-zone/4c741fc3ef3881f8/out -L dependency=/opt/rustwide/target/debug/build/icu_collections/7e9b6bd2cf3a5bf4/out -L dependency=/opt/rustwide/target/debug/build/icu_locale_core/148cfe08db79eb33/out -L dependency=/opt/rustwide/target/debug/build/icu_normalizer/d4b42624345d710a/out -L dependency=/opt/rustwide/target/debug/build/icu_normalizer_data/9df594966f451c5b/out -L dependency=/opt/rustwide/target/debug/build/icu_properties/5172ece1ba6b3b5f/out -L dependency=/opt/rustwide/target/debug/build/icu_properties_data/335803bac80265ac/out -L dependency=/opt/rustwide/target/debug/build/icu_provider/a9da2d53571cb30c/out -L dependency=/opt/rustwide/target/debug/build/idna/c5a06fa39eb7bd50/out -L dependency=/opt/rustwide/target/debug/build/idna_adapter/bb0b4a30d5728596/out -L dependency=/opt/rustwide/target/debug/build/indexmap/1172311d9426c5d6/out -L dependency=/opt/rustwide/target/debug/build/instant/15bbac729489ab13/out -L dependency=/opt/rustwide/target/debug/build/itoa/488dcf4f13423b18/out -L dependency=/opt/rustwide/target/debug/build/libc/5b122225efee376b/out -L dependency=/opt/rustwide/target/debug/build/libm/89e5b3015da8f563/out -L dependency=/opt/rustwide/target/debug/build/litemap/6390bd0b5dbf5657/out -L dependency=/opt/rustwide/target/debug/build/lock_api/e6c23ade763455d0/out -L dependency=/opt/rustwide/target/debug/build/log/a6b69ee64e4596b6/out -L dependency=/opt/rustwide/target/debug/build/memchr/b924193483665774/out -L dependency=/opt/rustwide/target/debug/build/mio/acbf03d6753a552b/out -L dependency=/opt/rustwide/target/debug/build/num-bigint/30436c13a363ec40/out -L dependency=/opt/rustwide/target/debug/build/num-integer/3be96c2f7ef241cd/out -L dependency=/opt/rustwide/target/debug/build/num-traits/db5824db52a73596/out -L dependency=/opt/rustwide/target/debug/build/once_cell/6f8123b0c2eed634/out -L dependency=/opt/rustwide/target/debug/build/parking_lot/a544d67cf7ef9337/out -L dependency=/opt/rustwide/target/debug/build/parking_lot_core/e1a619b48c889fab/out -L dependency=/opt/rustwide/target/debug/build/parking_lot_core/ebadc74fbb8e56a7/out -L dependency=/opt/rustwide/target/debug/build/percent-encoding/f0f3780066f274e0/out -L dependency=/opt/rustwide/target/debug/build/pin-project-lite/7176d3be2b7ee2e1/out -L dependency=/opt/rustwide/target/debug/build/potential_utf/b5e9f130d71ab2cb/out -L dependency=/opt/rustwide/target/debug/build/ppv-lite86/71a2bd4a37db52fe/out -L dependency=/opt/rustwide/target/debug/build/rand/f1fd6b6f61c94ac4/out -L dependency=/opt/rustwide/target/debug/build/rand_chacha/ef453f76dd16ab6a/out -L dependency=/opt/rustwide/target/debug/build/rand_core/5b553cef85f36b86/out -L dependency=/opt/rustwide/target/debug/build/rustversion/5cea38e78999152b/out -L dependency=/opt/rustwide/target/debug/build/ryu/3da2ab8eb39d89f2/out -L dependency=/opt/rustwide/target/debug/build/scopeguard/47bdf33716285740/out -L dependency=/opt/rustwide/target/debug/build/serde/cb03b6ca250133e5/out -L dependency=/opt/rustwide/target/debug/build/serde_core/0a1ba5c7e6f8457f/out -L dependency=/opt/rustwide/target/debug/build/serde_derive/e8922fb61883911e/out -L dependency=/opt/rustwide/target/debug/build/sha1_smol/4e2b7f6914ec1690/out -L dependency=/opt/rustwide/target/debug/build/signal-hook-registry/e631dbe7df418f4f/out -L dependency=/opt/rustwide/target/debug/build/slab/101f873bca723251/out -L dependency=/opt/rustwide/target/debug/build/smallvec/3fa8e7f1993d4002/out -L dependency=/opt/rustwide/target/debug/build/socket2/081bf329e7bc52a9/out -L dependency=/opt/rustwide/target/debug/build/spin/a1c791f46fa80a0b/out -L dependency=/opt/rustwide/target/debug/build/stable_deref_trait/a4bd0afb694af506/out -L dependency=/opt/rustwide/target/debug/build/sync_wrapper/277f414c4c1cc118/out -L dependency=/opt/rustwide/target/debug/build/thiserror-impl/c0d4011842f1de9b/out -L dependency=/opt/rustwide/target/debug/build/thiserror/a3be97716218ce92/out -L dependency=/opt/rustwide/target/debug/build/tinystr/bdba6f2d7fd6fae2/out -L dependency=/opt/rustwide/target/debug/build/tokio-macros/e0466a1c6de12fa5/out -L dependency=/opt/rustwide/target/debug/build/tokio-util/7a27d0d55ee7c8bd/out -L dependency=/opt/rustwide/target/debug/build/tokio/71c1fe4570917813/out -L dependency=/opt/rustwide/target/debug/build/tower-layer/f6d5cc7b185cf351/out -L dependency=/opt/rustwide/target/debug/build/tower-resilience-core/051465280af63185/out -L dependency=/opt/rustwide/target/debug/build/tower-service/e69ac8dcc8243395/out -L dependency=/opt/rustwide/target/debug/build/tower/5f81de9320781a52/out -L dependency=/opt/rustwide/target/debug/build/tracing-attributes/bce7024c6f388e42/out -L dependency=/opt/rustwide/target/debug/build/tracing-core/924ceb6a991dbdfe/out -L dependency=/opt/rustwide/target/debug/build/tracing/6bf121cc66bc38c0/out -L dependency=/opt/rustwide/target/debug/build/url/f63566cb7bc12f29/out -L dependency=/opt/rustwide/target/debug/build/utf8_iter/88f5a358869389d3/out -L dependency=/opt/rustwide/target/debug/build/value-bag/38347ce32e224674/out -L dependency=/opt/rustwide/target/debug/build/writeable/b7e8e2724ee161de/out -L dependency=/opt/rustwide/target/debug/build/yoke-derive/09d8a5e970f34c46/out -L dependency=/opt/rustwide/target/debug/build/yoke/efb6b5d684f0fbb9/out -L dependency=/opt/rustwide/target/debug/build/zerocopy/6a56c99072cf491d/out -L dependency=/opt/rustwide/target/debug/build/zerofrom-derive/2b366f6106c6e48c/out -L dependency=/opt/rustwide/target/debug/build/zerofrom/bf92bca5ab8b049f/out -L dependency=/opt/rustwide/target/debug/build/zerotrie/1173ad53df014a45/out -L dependency=/opt/rustwide/target/debug/build/zerovec-derive/91231cbc9ae51bdc/out -L dependency=/opt/rustwide/target/debug/build/zerovec/a496ec60248e0f2d/out -L dependency=/opt/rustwide/target/debug/build/zmij/93cb3e10a525d438/out --extern ahash=/opt/rustwide/target/debug/build/ahash/4e5e3b16b445dfa7/out/libahash-4e5e3b16b445dfa7.rmeta --extern anyhow=/opt/rustwide/target/debug/build/anyhow/d5f04c2d9d0d7bf2/out/libanyhow-d5f04c2d9d0d7bf2.rmeta --extern async_trait=/opt/rustwide/target/debug/build/async-trait/789d290f46e351cd/out/libasync_trait-789d290f46e351cd.so --extern convert=/opt/rustwide/target/debug/build/box-convert/4736465e34928967/out/libbox_convert-4736465e34928967.rmeta --extern chrono=/opt/rustwide/target/debug/build/chrono/678bb269436860d2/out/libchrono-678bb269436860d2.rmeta --extern dashmap=/opt/rustwide/target/debug/build/dashmap/373f4f1abd1dc911/out/libdashmap-373f4f1abd1dc911.rmeta --extern futures=/opt/rustwide/target/debug/build/futures/eed80a735a6fabd0/out/libfutures-eed80a735a6fabd0.rmeta --extern log=/opt/rustwide/target/debug/build/log/a6b69ee64e4596b6/out/liblog-a6b69ee64e4596b6.rmeta --extern postcard=/opt/rustwide/target/debug/build/postcard/5e71ccd6f5655d50/out/libpostcard-5e71ccd6f5655d50.rmeta --extern redb=/opt/rustwide/target/debug/build/redb/5c59e647b7284afa/out/libredb-5c59e647b7284afa.rmeta --extern redis=/opt/rustwide/target/debug/build/redis/47bd771fdf211cb4/out/libredis-47bd771fdf211cb4.rmeta --extern serde=/opt/rustwide/target/debug/build/serde/cb03b6ca250133e5/out/libserde-cb03b6ca250133e5.rmeta --extern serde_json=/opt/rustwide/target/debug/build/serde_json/4d2542196edcfc3a/out/libserde_json-4d2542196edcfc3a.rmeta --extern sled=/opt/rustwide/target/debug/build/sled/b2a99f83b47a2aad/out/libsled-b2a99f83b47a2aad.rmeta --extern tokio=/opt/rustwide/target/debug/build/tokio/71c1fe4570917813/out/libtokio-71c1fe4570917813.rmeta --extern tower=/opt/rustwide/target/debug/build/tower/5f81de9320781a52/out/libtower-5f81de9320781a52.rmeta --extern tower_resilience_circuitbreaker=/opt/rustwide/target/debug/build/tower-resilience-circuitbreaker/ac1bf51aa6cda41e/out/libtower_resilience_circuitbreaker-ac1bf51aa6cda41e.rmeta --cap-lints allow --cap-lints=forbid --force-warn=unused_crate_dependencies` (signal: 9, SIGKILL: kill)
[INFO] [stderr] error: failed to run custom build command for `protobuf-src v1.1.0+21.5`
[INFO] [stderr] note: To improve backtraces for build dependencies, set the CARGO_PROFILE_DEV_BUILD_OVERRIDE_DEBUG=true environment variable to enable debug information generation.
[INFO] [stderr] 
[INFO] [stderr] Caused by:
[INFO] [stderr]   process didn't exit successfully: `/opt/rustwide/target/debug/build/protobuf-src/9b1011a19c8cad94/out/build_script_build` (exit status: 101)
[INFO] [stderr]   --- stdout
[INFO] [stderr]   running: cd "/opt/rustwide/target/debug/build/protobuf-src/0e54cc1ecb27cda7/out/install/build" && CC="cc" CFLAGS="-O0 -ffunction-sections -fdata-sections -fPIC -m64 -w" CXX="c++" CXXFLAGS="-O0 -ffunction-sections -fdata-sections -fPIC -m64 -w" LC_ALL="C" "sh" "-c" "exec \"$0\" \"$@\"" "/opt/rustwide/cargo-home/registry/src/index.crates.io-1949cf8c6b5b557f/protobuf-src-1.1.0+21.5/protobuf/configure" "--prefix=/opt/rustwide/target/debug/build/protobuf-src/0e54cc1ecb27cda7/out/install" "--disable-shared" "--enable-static" "--disable-maintainer-mode"
[INFO] [stderr]   checking whether to enable maintainer-specific portions of Makefiles... no
[INFO] [stderr]   checking build system type... x86_64-pc-linux-gnu
[INFO] [stderr]   checking host system type... x86_64-pc-linux-gnu
[INFO] [stderr]   checking target system type... x86_64-pc-linux-gnu
[INFO] [stderr]   checking for a BSD-compatible install... /usr/bin/install -c
[INFO] [stderr]   checking whether build environment is sane... yes
[INFO] [stderr]   checking for a race-free mkdir -p... /usr/bin/mkdir -p
[INFO] [stderr]   checking for gawk... no
[INFO] [stderr]   checking for mawk... mawk
[INFO] [stderr]   checking whether make sets $(MAKE)... yes
[INFO] [stderr]   checking whether make supports nested variables... yes
[INFO] [stderr]   checking whether UID '0' is supported by ustar format... yes
[INFO] [stderr]   checking whether GID '0' is supported by ustar format... yes
[INFO] [stderr]   checking how to create a ustar tar archive... gnutar
[INFO] [stderr]   checking whether make supports nested variables... (cached) yes
[INFO] [stderr]   checking for gcc... cc
[INFO] [stderr]   checking whether the C compiler works... yes
[INFO] [stderr]   checking for C compiler default output file name... a.out
[INFO] [stderr]   checking for suffix of executables... 
[INFO] [stderr]   checking whether we are cross compiling... no
[INFO] [stderr]   checking for suffix of object files... o
[INFO] [stderr]   checking whether the compiler supports GNU C... yes
[INFO] [stderr]   checking whether cc accepts -g... yes
[INFO] [stderr]   checking for cc option to enable C11 features... none needed
[INFO] [stderr]   checking whether cc understands -c and -o together... yes
[INFO] [stderr]   checking whether make supports the include directive... yes (GNU style)
[INFO] [stderr]   checking dependency style of cc... gcc3
[INFO] [stderr]   checking whether the compiler supports GNU C++... yes
[INFO] [stderr]   checking whether c++ accepts -g... yes
[INFO] [stderr]   checking for c++ option to enable C++11 features... none needed
[INFO] [stderr]   checking dependency style of c++... gcc3
[INFO] [stderr]   checking how to run the C preprocessor... cc -E
[INFO] [stderr]   checking for gcc... gcc
[INFO] [stderr]   checking whether the compiler supports GNU C... (cached) yes
[INFO] [stderr]   checking whether gcc accepts -g... yes
[INFO] [stderr]   checking for gcc option to enable C11 features... (cached) none needed
[INFO] [stderr]   checking whether gcc understands -c and -o together... (cached) yes
[INFO] [stderr]   checking dependency style of gcc... (cached) gcc3
[INFO] [stderr]   checking how to run the C preprocessor... gcc -E
[INFO] [stderr]   checking how to run the C++ preprocessor... c++ -E
[INFO] [stderr]   checking for g++... g++
[INFO] [stderr]   checking whether the compiler supports GNU C++... (cached) yes
[INFO] [stderr]   checking whether g++ accepts -g... yes
[INFO] [stderr]   checking for g++ option to enable C++11 features... (cached) none needed
[INFO] [stderr]   checking dependency style of g++... (cached) gcc3
[INFO] [stderr]   checking how to run the C++ preprocessor... g++ -E
[INFO] [stderr]   checking for stdio.h... yes
[INFO] [stderr]   checking for stdlib.h... yes
[INFO] [stderr]   checking for string.h... yes
[INFO] [stderr]   checking for inttypes.h... yes
[INFO] [stderr]   checking for stdint.h... yes
[INFO] [stderr]   checking for strings.h... yes
[INFO] [stderr]   checking for sys/stat.h... yes
[INFO] [stderr]   checking for sys/types.h... yes
[INFO] [stderr]   checking for unistd.h... yes
[INFO] [stderr]   checking for wchar.h... yes
[INFO] [stderr]   checking for minix/config.h... no
[INFO] [stderr]   checking whether it is safe to define __EXTENSIONS__... yes
[INFO] [stderr]   checking whether _XOPEN_SOURCE should be defined... no
[INFO] [stderr]   checking for ar... ar
[INFO] [stderr]   checking the archiver (ar) interface... ar
[INFO] [stderr]   checking C++ compiler flags...... use user-supplied: -O0 -ffunction-sections -fdata-sections -fPIC -m64 -w
[INFO] [stderr]   checking for c++ options needed to detect all undeclared functions... none needed
[INFO] [stderr]   checking whether __SUNPRO_CC is declared... no
[INFO] [stderr]   checking how to print strings... printf
[INFO] [stderr]   checking for a sed that does not truncate output... /usr/bin/sed
[INFO] [stderr]   checking for grep that handles long lines and -e... /usr/bin/grep
[INFO] [stderr]   checking for egrep... /usr/bin/grep -E
[INFO] [stderr]   checking for fgrep... /usr/bin/grep -F
[INFO] [stderr]   checking for ld used by cc... /usr/bin/x86_64-linux-gnu-ld
[INFO] [stderr]   checking if the linker (/usr/bin/x86_64-linux-gnu-ld) is GNU ld... yes
[INFO] [stderr]   checking for BSD- or MS-compatible name lister (nm)... /usr/bin/nm -B
[INFO] [stderr]   checking the name lister (/usr/bin/nm -B) interface... BSD nm
[INFO] [stderr]   checking whether ln -s works... yes
[INFO] [stderr]   checking the maximum length of command line arguments... 1572864
[INFO] [stderr]   checking how to convert x86_64-pc-linux-gnu file names to x86_64-pc-linux-gnu format... func_convert_file_noop
[INFO] [stderr]   checking how to convert x86_64-pc-linux-gnu file names to toolchain format... func_convert_file_noop
[INFO] [stderr]   checking for /usr/bin/x86_64-linux-gnu-ld option to reload object files... -r
[INFO] [stderr]   checking for file... file
[INFO] [stderr]   checking for objdump... objdump
[INFO] [stderr]   checking how to recognize dependent libraries... pass_all
[INFO] [stderr]   checking for dlltool... no
[INFO] [stderr]   checking how to associate runtime and link libraries... printf %s\n
[INFO] [stderr]   checking for archiver @FILE support... @
[INFO] [stderr]   checking for strip... strip
[INFO] [stderr]   checking for ranlib... ranlib
[INFO] [stderr]   checking command to parse /usr/bin/nm -B output from cc object... ok
[INFO] [stderr]   checking for sysroot... no
[INFO] [stderr]   checking for a working dd... /usr/bin/dd
[INFO] [stderr]   checking how to truncate binary pipes... /usr/bin/dd bs=4096 count=1
[INFO] [stderr]   checking for mt... no
[INFO] [stderr]   checking if : is a manifest tool... no
[INFO] [stderr]   checking for dlfcn.h... yes
[INFO] [stderr]   checking for objdir... .libs
[INFO] [stderr]   checking if cc supports -fno-rtti -fno-exceptions... yes
[INFO] [stderr]   checking for cc option to produce PIC... -fPIC -DPIC
[INFO] [stderr]   checking if cc PIC flag -fPIC -DPIC works... yes
[INFO] [stderr]   checking if cc static flag -static works... yes
[INFO] [stderr]   checking if cc supports -c -o file.o... yes
[INFO] [stderr]   checking if cc supports -c -o file.o... (cached) yes
[INFO] [stderr]   checking whether the cc linker (/usr/bin/x86_64-linux-gnu-ld -m elf_x86_64) supports shared libraries... yes
[INFO] [stderr]   checking dynamic linker characteristics... GNU/Linux ld.so
[INFO] [stderr]   checking how to hardcode library paths into programs... immediate
[INFO] [stderr]   checking whether stripping libraries is possible... yes
[INFO] [stderr]   checking if libtool supports shared libraries... yes
[INFO] [stderr]   checking whether to build shared libraries... no
[INFO] [stderr]   checking whether to build static libraries... yes
[INFO] [stderr]   checking how to run the C++ preprocessor... c++ -E
[INFO] [stderr]   checking for ld used by c++... /usr/bin/x86_64-linux-gnu-ld -m elf_x86_64
[INFO] [stderr]   checking if the linker (/usr/bin/x86_64-linux-gnu-ld -m elf_x86_64) is GNU ld... yes
[INFO] [stderr]   checking whether the c++ linker (/usr/bin/x86_64-linux-gnu-ld -m elf_x86_64) supports shared libraries... yes
[INFO] [stderr]   checking for c++ option to produce PIC... -fPIC -DPIC
[INFO] [stderr]   checking if c++ PIC flag -fPIC -DPIC works... yes
[INFO] [stderr]   checking if c++ static flag -static works... yes
[INFO] [stderr]   checking if c++ supports -c -o file.o... yes
[INFO] [stderr]   checking if c++ supports -c -o file.o... (cached) yes
[INFO] [stderr]   checking whether the c++ linker (/usr/bin/x86_64-linux-gnu-ld -m elf_x86_64) supports shared libraries... yes
[INFO] [stderr]   checking dynamic linker characteristics... (cached) GNU/Linux ld.so
[INFO] [stderr]   checking how to hardcode library paths into programs... immediate
[INFO] [stderr]   checking whether the linker supports version scripts... yes
[INFO] [stderr]   checking for egrep... (cached) /usr/bin/grep -E
[INFO] [stderr]   checking for fcntl.h... yes
[INFO] [stderr]   checking for inttypes.h... (cached) yes
[INFO] [stderr]   checking for limits.h... yes
[INFO] [stderr]   checking for stdlib.h... (cached) yes
[INFO] [stderr]   checking for unistd.h... (cached) yes
[INFO] [stderr]   checking for working memcmp... yes
[INFO] [stderr]   checking for working strtod... yes
[INFO] [stderr]   checking for ftruncate... yes
[INFO] [stderr]   checking for memset... yes
[INFO] [stderr]   checking for mkdir... yes
[INFO] [stderr]   checking for strchr... yes
[INFO] [stderr]   checking for strerror... yes
[INFO] [stderr]   checking for strtol... yes
[INFO] [stderr]   checking zlib version... ok (1.2.0.4 or later)
[INFO] [stderr]   checking for library containing zlibVersion... -lz
[INFO] [stderr]   checking whether c++ supports C++11 features by default... yes
[INFO] [stderr]   checking whether -latomic is needed... no
[INFO] [stderr]   checking whether cc is Clang... no
[INFO] [stderr]   checking whether pthreads work with "-pthread" and "-lpthread"... yes
[INFO] [stderr]   checking for joinable pthread attribute... PTHREAD_CREATE_JOINABLE
[INFO] [stderr]   checking whether more special flags are required for pthreads... no
[INFO] [stderr]   checking for PTHREAD_PRIO_INHERIT... yes
[INFO] [stderr]   checking the location of hash_map... <unordered_map>
[INFO] [stderr]   checking whether -llog is needed... no
[INFO] [stderr]   checking that generated files are newer than configure... done
[INFO] [stderr]   configure: creating ./config.status
[INFO] [stderr]   config.status: creating Makefile
[INFO] [stderr]   config.status: creating src/Makefile
[INFO] [stderr]   config.status: creating benchmarks/Makefile
[INFO] [stderr]   config.status: creating conformance/Makefile
[INFO] [stderr]   config.status: creating protobuf.pc
[INFO] [stderr]   config.status: creating protobuf-lite.pc
[INFO] [stderr]   config.status: creating config.h
[INFO] [stderr]   config.status: executing depfiles commands
[INFO] [stderr]   config.status: executing libtool commands
[INFO] [stderr]   === configuring in third_party/googletest (/opt/rustwide/target/debug/build/protobuf-src/0e54cc1ecb27cda7/out/install/build/third_party/googletest)
[INFO] [stderr]   configure: running /bin/bash /opt/rustwide/cargo-home/registry/src/index.crates.io-1949cf8c6b5b557f/protobuf-src-1.1.0+21.5/protobuf/third_party/googletest/configure --disable-option-checking '--prefix=/opt/rustwide/target/debug/build/protobuf-src/0e54cc1ecb27cda7/out/install'  '--disable-shared' '--enable-static' '--disable-maintainer-mode' 'CC=cc' 'CFLAGS=-O0 -ffunction-sections -fdata-sections -fPIC -m64 -w' 'CXX=c++' 'CXXFLAGS=-O0 -ffunction-sections -fdata-sections -fPIC -m64 -w' --cache-file=/dev/null --srcdir=/opt/rustwide/cargo-home/registry/src/index.crates.io-1949cf8c6b5b557f/protobuf-src-1.1.0+21.5/protobuf/third_party/googletest
[INFO] [stderr]   checking for a BSD-compatible install... /usr/bin/install -c
[INFO] [stderr]   checking whether build environment is sane... yes
[INFO] [stderr]   checking for a race-free mkdir -p... /usr/bin/mkdir -p
[INFO] [stderr]   checking for gawk... no
[INFO] [stderr]   checking for mawk... mawk
[INFO] [stderr]   checking whether make sets $(MAKE)... yes
[INFO] [stderr]   checking whether make supports nested variables... yes
[INFO] [stderr]   checking that generated files are newer than configure... done
[INFO] [stderr]   configure: creating ./config.status
[INFO] [stderr]   config.status: creating Makefile
[INFO] [stderr]   === configuring in googletest (/opt/rustwide/target/debug/build/protobuf-src/0e54cc1ecb27cda7/out/install/build/third_party/googletest/googletest)
[INFO] [stderr]   configure: running /bin/bash /opt/rustwide/cargo-home/registry/src/index.crates.io-1949cf8c6b5b557f/protobuf-src-1.1.0+21.5/protobuf/third_party/googletest/googletest/configure --disable-option-checking '--prefix=/opt/rustwide/target/debug/build/protobuf-src/0e54cc1ecb27cda7/out/install'  '--disable-shared' '--enable-static' '--disable-maintainer-mode' 'CC=cc' 'CFLAGS=-O0 -ffunction-sections -fdata-sections -fPIC -m64 -w' 'CXX=c++' 'CXXFLAGS=-O0 -ffunction-sections -fdata-sections -fPIC -m64 -w' --cache-file=/dev/null --srcdir=/opt/rustwide/cargo-home/registry/src/index.crates.io-1949cf8c6b5b557f/protobuf-src-1.1.0+21.5/protobuf/third_party/googletest/googletest
[INFO] [stderr]   checking for a BSD-compatible install... /usr/bin/install -c
[INFO] [stderr]   checking whether build environment is sane... yes
[INFO] [stderr]   checking for a race-free mkdir -p... /usr/bin/mkdir -p
[INFO] [stderr]   checking for gawk... no
[INFO] [stderr]   checking for mawk... mawk
[INFO] [stderr]   checking whether make sets $(MAKE)... yes
[INFO] [stderr]   checking whether make supports nested variables... yes
[INFO] [stderr]   checking for gcc... cc
[INFO] [stderr]   checking whether the C compiler works... yes
[INFO] [stderr]   checking for C compiler default output file name... a.out
[INFO] [stderr]   checking for suffix of executables... 
[INFO] [stderr]   checking whether we are cross compiling... no
[INFO] [stderr]   checking for suffix of object files... o
[INFO] [stderr]   checking whether the compiler supports GNU C... yes
[INFO] [stderr]   checking whether cc accepts -g... yes
[INFO] [stderr]   checking for cc option to enable C11 features... none needed
[INFO] [stderr]   checking whether cc understands -c and -o together... yes
[INFO] [stderr]   checking whether make supports the include directive... yes (GNU style)
[INFO] [stderr]   checking dependency style of cc... gcc3
[INFO] [stderr]   checking whether the compiler supports GNU C++... yes
[INFO] [stderr]   checking whether c++ accepts -g... yes
[INFO] [stderr]   checking for c++ option to enable C++11 features... none needed
[INFO] [stderr]   checking dependency style of c++... gcc3
[INFO] [stderr]   checking build system type... x86_64-pc-linux-gnu
[INFO] [stderr]   checking host system type... x86_64-pc-linux-gnu
[INFO] [stderr]   checking how to print strings... printf
[INFO] [stderr]   checking for a sed that does not truncate output... /usr/bin/sed
[INFO] [stderr]   checking for grep that handles long lines and -e... /usr/bin/grep
[INFO] [stderr]   checking for egrep... /usr/bin/grep -E
[INFO] [stderr]   checking for fgrep... /usr/bin/grep -F
[INFO] [stderr]   checking for ld used by cc... /usr/bin/x86_64-linux-gnu-ld
[INFO] [stderr]   checking if the linker (/usr/bin/x86_64-linux-gnu-ld) is GNU ld... yes
[INFO] [stderr]   checking for BSD- or MS-compatible name lister (nm)... /usr/bin/nm -B
[INFO] [stderr]   checking the name lister (/usr/bin/nm -B) interface... BSD nm
[INFO] [stderr]   checking whether ln -s works... yes
[INFO] [stderr]   checking the maximum length of command line arguments... 1572864
[INFO] [stderr]   checking how to convert x86_64-pc-linux-gnu file names to x86_64-pc-linux-gnu format... func_convert_file_noop
[INFO] [stderr]   checking how to convert x86_64-pc-linux-gnu file names to toolchain format... func_convert_file_noop
[INFO] [stderr]   checking for /usr/bin/x86_64-linux-gnu-ld option to reload object files... -r
[INFO] [stderr]   checking for file... file
[INFO] [stderr]   checking for objdump... objdump
[INFO] [stderr]   checking how to recognize dependent libraries... pass_all
[INFO] [stderr]   checking for dlltool... no
[INFO] [stderr]   checking how to associate runtime and link libraries... printf %s\n
[INFO] [stderr]   checking for ar... ar
[INFO] [stderr]   checking for archiver @FILE support... @
[INFO] [stderr]   checking for strip... strip
[INFO] [stderr]   checking for ranlib... ranlib
[INFO] [stderr]   checking command to parse /usr/bin/nm -B output from cc object... ok
[INFO] [stderr]   checking for sysroot... no
[INFO] [stderr]   checking for a working dd... /usr/bin/dd
[INFO] [stderr]   checking how to truncate binary pipes... /usr/bin/dd bs=4096 count=1
[INFO] [stderr]   checking for mt... no
[INFO] [stderr]   checking if : is a manifest tool... no
[INFO] [stderr]   checking for stdio.h... yes
[INFO] [stderr]   checking for stdlib.h... yes
[INFO] [stderr]   checking for string.h... yes
[INFO] [stderr]   checking for inttypes.h... yes
[INFO] [stderr]   checking for stdint.h... yes
[INFO] [stderr]   checking for strings.h... yes
[INFO] [stderr]   checking for sys/stat.h... yes
[INFO] [stderr]   checking for sys/types.h... yes
[INFO] [stderr]   checking for unistd.h... yes
[INFO] [stderr]   checking for dlfcn.h... yes
[INFO] [stderr]   checking for objdir... .libs
[INFO] [stderr]   checking if cc supports -fno-rtti -fno-exceptions... yes
[INFO] [stderr]   checking for cc option to produce PIC... -fPIC -DPIC
[INFO] [stderr]   checking if cc PIC flag -fPIC -DPIC works... yes
[INFO] [stderr]   checking if cc static flag -static works... yes
[INFO] [stderr]   checking if cc supports -c -o file.o... yes
[INFO] [stderr]   checking if cc supports -c -o file.o... (cached) yes
[INFO] [stderr]   checking whether the cc linker (/usr/bin/x86_64-linux-gnu-ld -m elf_x86_64) supports shared libraries... yes
[INFO] [stderr]   checking dynamic linker characteristics... GNU/Linux ld.so
[INFO] [stderr]   checking how to hardcode library paths into programs... immediate
[INFO] [stderr]   checking whether stripping libraries is possible... yes
[INFO] [stderr]   checking if libtool supports shared libraries... yes
[INFO] [stderr]   checking whether to build shared libraries... no
[INFO] [stderr]   checking whether to build static libraries... yes
[INFO] [stderr]   checking how to run the C++ preprocessor... c++ -E
[INFO] [stderr]   checking for ld used by c++... /usr/bin/x86_64-linux-gnu-ld -m elf_x86_64
[INFO] [stderr]   checking if the linker (/usr/bin/x86_64-linux-gnu-ld -m elf_x86_64) is GNU ld... yes
[INFO] [stderr]   checking whether the c++ linker (/usr/bin/x86_64-linux-gnu-ld -m elf_x86_64) supports shared libraries... yes
[INFO] [stderr]   checking for c++ option to produce PIC... -fPIC -DPIC
[INFO] [stderr]   checking if c++ PIC flag -fPIC -DPIC works... yes
[INFO] [stderr]   checking if c++ static flag -static works... yes
[INFO] [stderr]   checking if c++ supports -c -o file.o... yes
[INFO] [stderr]   checking if c++ supports -c -o file.o... (cached) yes
[INFO] [stderr]   checking whether the c++ linker (/usr/bin/x86_64-linux-gnu-ld -m elf_x86_64) supports shared libraries... yes
[INFO] [stderr]   checking dynamic linker characteristics... (cached) GNU/Linux ld.so
[INFO] [stderr]   checking how to hardcode library paths into programs... immediate
[INFO] [stderr]   checking for python... :
[INFO] [stderr]   checking for the pthreads library -lpthreads... no
[INFO] [stderr]   checking whether pthreads work without any flags... yes
[INFO] [stderr]   checking for joinable pthread attribute... PTHREAD_CREATE_JOINABLE
[INFO] [stderr]   checking if more special flags are required for pthreads... no
[INFO] [stderr]   checking whether to check for GCC pthread/shared inconsistencies... yes
[INFO] [stderr]   checking whether -pthread is sufficient with -shared... yes
[INFO] [stderr]   checking that generated files are newer than configure... done
[INFO] [stderr]   configure: creating ./config.status
[INFO] [stderr]   config.status: creating Makefile
[INFO] [stderr]   config.status: creating scripts/gtest-config
[INFO] [stderr]   config.status: creating build-aux/config.h
[INFO] [stderr]   config.status: executing depfiles commands
[INFO] [stderr]   config.status: executing libtool commands
[INFO] [stderr]   === configuring in googlemock (/opt/rustwide/target/debug/build/protobuf-src/0e54cc1ecb27cda7/out/install/build/third_party/googletest/googlemock)
[INFO] [stderr]   configure: running /bin/bash /opt/rustwide/cargo-home/registry/src/index.crates.io-1949cf8c6b5b557f/protobuf-src-1.1.0+21.5/protobuf/third_party/googletest/googlemock/configure --disable-option-checking '--prefix=/opt/rustwide/target/debug/build/protobuf-src/0e54cc1ecb27cda7/out/install'  '--disable-shared' '--enable-static' '--disable-maintainer-mode' 'CC=cc' 'CFLAGS=-O0 -ffunction-sections -fdata-sections -fPIC -m64 -w' 'CXX=c++' 'CXXFLAGS=-O0 -ffunction-sections -fdata-sections -fPIC -m64 -w' --cache-file=/dev/null --srcdir=/opt/rustwide/cargo-home/registry/src/index.crates.io-1949cf8c6b5b557f/protobuf-src-1.1.0+21.5/protobuf/third_party/googletest/googlemock
[INFO] [stderr]   checking for a BSD-compatible install... /usr/bin/install -c
[INFO] [stderr]   checking whether build environment is sane... yes
[INFO] [stderr]   checking for a race-free mkdir -p... /usr/bin/mkdir -p
[INFO] [stderr]   checking for gawk... no
[INFO] [stderr]   checking for mawk... mawk
[INFO] [stderr]   checking whether make sets $(MAKE)... yes
[INFO] [stderr]   checking whether make supports nested variables... yes
[INFO] [stderr]   checking for gcc... cc
[INFO] [stderr]   checking whether the C compiler works... yes
[INFO] [stderr]   checking for C compiler default output file name... a.out
[INFO] [stderr]   checking for suffix of executables... 
[INFO] [stderr]   checking whether we are cross compiling... no
[INFO] [stderr]   checking for suffix of object files... o
[INFO] [stderr]   checking whether the compiler supports GNU C... yes
[INFO] [stderr]   checking whether cc accepts -g... yes
[INFO] [stderr]   checking for cc option to enable C11 features... none needed
[INFO] [stderr]   checking whether cc understands -c and -o together... yes
[INFO] [stderr]   checking whether make supports the include directive... yes (GNU style)
[INFO] [stderr]   checking dependency style of cc... gcc3
[INFO] [stderr]   checking whether the compiler supports GNU C++... yes
[INFO] [stderr]   checking whether c++ accepts -g... yes
[INFO] [stderr]   checking for c++ option to enable C++11 features... none needed
[INFO] [stderr]   checking dependency style of c++... gcc3
[INFO] [stderr]   checking build system type... x86_64-pc-linux-gnu
[INFO] [stderr]   checking host system type... x86_64-pc-linux-gnu
[INFO] [stderr]   checking how to print strings... printf
[INFO] [stderr]   checking for a sed that does not truncate output... /usr/bin/sed
[INFO] [stderr]   checking for grep that handles long lines and -e... /usr/bin/grep
[INFO] [stderr]   checking for egrep... /usr/bin/grep -E
[INFO] [stderr]   checking for fgrep... /usr/bin/grep -F
[INFO] [stderr]   checking for ld used by cc... /usr/bin/x86_64-linux-gnu-ld
[INFO] [stderr]   checking if the linker (/usr/bin/x86_64-linux-gnu-ld) is GNU ld... yes
[INFO] [stderr]   checking for BSD- or MS-compatible name lister (nm)... /usr/bin/nm -B
[INFO] [stderr]   checking the name lister (/usr/bin/nm -B) interface... BSD nm
[INFO] [stderr]   checking whether ln -s works... yes
[INFO] [stderr]   checking the maximum length of command line arguments... 1572864
[INFO] [stderr]   checking how to convert x86_64-pc-linux-gnu file names to x86_64-pc-linux-gnu format... func_convert_file_noop
[INFO] [stderr]   checking how to convert x86_64-pc-linux-gnu file names to toolchain format... func_convert_file_noop
[INFO] [stderr]   checking for /usr/bin/x86_64-linux-gnu-ld option to reload object files... -r
[INFO] [stderr]   checking for file... file
[INFO] [stderr]   checking for objdump... objdump
[INFO] [stderr]   checking how to recognize dependent libraries... pass_all
[INFO] [stderr]   checking for dlltool... no
[INFO] [stderr]   checking how to associate runtime and link libraries... printf %s\n
[INFO] [stderr]   checking for ar... ar
[INFO] [stderr]   checking for archiver @FILE support... @
[INFO] [stderr]   checking for strip... strip
[INFO] [stderr]   checking for ranlib... ranlib
[INFO] [stderr]   checking command to parse /usr/bin/nm -B output from cc object... ok
[INFO] [stderr]   checking for sysroot... no
[INFO] [stderr]   checking for a working dd... /usr/bin/dd
[INFO] [stderr]   checking how to truncate binary pipes... /usr/bin/dd bs=4096 count=1
[INFO] [stderr]   checking for mt... no
[INFO] [stderr]   checking if : is a manifest tool... no
[INFO] [stderr]   checking for stdio.h... yes
[INFO] [stderr]   checking for stdlib.h... yes
[INFO] [stderr]   checking for string.h... yes
[INFO] [stderr]   checking for inttypes.h... yes
[INFO] [stderr]   checking for stdint.h... yes
[INFO] [stderr]   checking for strings.h... yes
[INFO] [stderr]   checking for sys/stat.h... yes
[INFO] [stderr]   checking for sys/types.h... yes
[INFO] [stderr]   checking for unistd.h... yes
[INFO] [stderr]   checking for dlfcn.h... yes
[INFO] [stderr]   checking for objdir... .libs
[INFO] [stderr]   checking if cc supports -fno-rtti -fno-exceptions... yes
[INFO] [stderr]   checking for cc option to produce PIC... -fPIC -DPIC
[INFO] [stderr]   checking if cc PIC flag -fPIC -DPIC works... yes
[INFO] [stderr]   checking if cc static flag -static works... yes
[INFO] [stderr]   checking if cc supports -c -o file.o... yes
[INFO] [stderr]   checking if cc supports -c -o file.o... (cached) yes
[INFO] [stderr]   checking whether the cc linker (/usr/bin/x86_64-linux-gnu-ld -m elf_x86_64) supports shared libraries... yes
[INFO] [stderr]   checking dynamic linker characteristics... GNU/Linux ld.so
[INFO] [stderr]   checking how to hardcode library paths into programs... immediate
[INFO] [stderr]   checking whether stripping libraries is possible... yes
[INFO] [stderr]   checking if libtool supports shared libraries... yes
[INFO] [stderr]   checking whether to build shared libraries... no
[INFO] [stderr]   checking whether to build static libraries... yes
[INFO] [stderr]   checking how to run the C++ preprocessor... c++ -E
[INFO] [stderr]   checking for ld used by c++... /usr/bin/x86_64-linux-gnu-ld -m elf_x86_64
[INFO] [stderr]   checking if the linker (/usr/bin/x86_64-linux-gnu-ld -m elf_x86_64) is GNU ld... yes
[INFO] [stderr]   checking whether the c++ linker (/usr/bin/x86_64-linux-gnu-ld -m elf_x86_64) supports shared libraries... yes
[INFO] [stderr]   checking for c++ option to produce PIC... -fPIC -DPIC
[INFO] [stderr]   checking if c++ PIC flag -fPIC -DPIC works... yes
[INFO] [stderr]   checking if c++ static flag -static works... yes
[INFO] [stderr]   checking if c++ supports -c -o file.o... yes
[INFO] [stderr]   checking if c++ supports -c -o file.o... (cached) yes
[INFO] [stderr]   checking whether the c++ linker (/usr/bin/x86_64-linux-gnu-ld -m elf_x86_64) supports shared libraries... yes
[INFO] [stderr]   checking dynamic linker characteristics... (cached) GNU/Linux ld.so
[INFO] [stderr]   checking how to hardcode library paths into programs... immediate
[INFO] [stderr]   checking for python... :
[INFO] [stderr]   checking for the pthreads library -lpthreads... no
[INFO] [stderr]   checking whether pthreads work without any flags... yes
[INFO] [stderr]   checking for joinable pthread attribute... PTHREAD_CREATE_JOINABLE
[INFO] [stderr]   checking if more special flags are required for pthreads... no
[INFO] [stderr]   checking whether to check for GCC pthread/shared inconsistencies... yes
[INFO] [stderr]   checking whether -pthread is sufficient with -shared... yes
[INFO] [stderr]   checking for gtest-config... no
[INFO] [stderr]   checking that generated files are newer than configure... done
[INFO] [stderr]   configure: creating ./config.status
[INFO] [stderr]   config.status: creating Makefile
[INFO] [stderr]   config.status: creating scripts/gmock-config
[INFO] [stderr]   config.status: creating build-aux/config.h
[INFO] [stderr]   config.status: executing depfiles commands
[INFO] [stderr]   config.status: executing libtool commands
[INFO] [stderr]   running: cd "/opt/rustwide/target/debug/build/protobuf-src/0e54cc1ecb27cda7/out/install/build" && MAKEFLAGS="-j --jobserver-fds=4,5 --jobserver-auth=4,5" "sh" "-c" "exec \"$0\" \"$@\"" "make" "install" "-j8"
[INFO] [stderr]   Making install in .
[INFO] [stderr]   make[1]: Entering directory '/opt/rustwide/target/debug/build/protobuf-src/0e54cc1ecb27cda7/out/install/build'
[INFO] [stderr]   make[2]: Entering directory '/opt/rustwide/target/debug/build/protobuf-src/0e54cc1ecb27cda7/out/install/build'
[INFO] [stderr]   make[2]: Nothing to be done for 'install-exec-am'.
[INFO] [stderr]    /usr/bin/mkdir -p '/opt/rustwide/target/debug/build/protobuf-src/0e54cc1ecb27cda7/out/install/lib/pkgconfig'
[INFO] [stderr]    /usr/bin/install -c -m 644 protobuf.pc protobuf-lite.pc '/opt/rustwide/target/debug/build/protobuf-src/0e54cc1ecb27cda7/out/install/lib/pkgconfig'
[INFO] [stderr]   make[2]: Leaving directory '/opt/rustwide/target/debug/build/protobuf-src/0e54cc1ecb27cda7/out/install/build'
[INFO] [stderr]   make[1]: Leaving directory '/opt/rustwide/target/debug/build/protobuf-src/0e54cc1ecb27cda7/out/install/build'
[INFO] [stderr]   Making install in src
[INFO] [stderr]   make[1]: Entering directory '/opt/rustwide/target/debug/build/protobuf-src/0e54cc1ecb27cda7/out/install/build/src'
[INFO] [stderr]     CXX      google/protobuf/compiler/importer.lo
[INFO] [stderr]     CXX      google/protobuf/compiler/parser.lo
[INFO] [stderr]     CXX      google/protobuf/wire_format.lo
[INFO] [stderr]     CXX      google/protobuf/wrappers.pb.lo
[INFO] [stderr]     CXX      google/protobuf/compiler/code_generator.lo
[INFO] [stderr]     CXX      google/protobuf/compiler/command_line_interface.lo
[INFO] [stderr]     CXX      google/protobuf/compiler/plugin.lo
[INFO] [stderr]     CXX      google/protobuf/compiler/plugin.pb.lo
[INFO] [stderr]     CXX      google/protobuf/compiler/subprocess.lo
[INFO] [stderr]     CXX      google/protobuf/compiler/zip_writer.lo
[INFO] [stderr]     CXX      google/protobuf/compiler/main.o
[INFO] [stderr]     CXX      google/protobuf/any_lite.lo
[INFO] [stderr]     CXX      google/protobuf/arena.lo
[INFO] [stderr]     CXX      google/protobuf/arenastring.lo
[INFO] [stderr]     CXX      google/protobuf/arenaz_sampler.lo
[INFO] [stderr]     CXX      google/protobuf/extension_set.lo
[INFO] [stderr]     CXX      google/protobuf/generated_enum_util.lo
[INFO] [stderr]     CXX      google/protobuf/generated_message_tctable_lite.lo
[INFO] [stderr]     CXX      google/protobuf/generated_message_util.lo
[INFO] [stderr]     CXX      google/protobuf/implicit_weak_message.lo
[INFO] [stderr]     CXX      google/protobuf/inlined_string_field.lo
[INFO] [stderr]     CXX      google/protobuf/io/coded_stream.lo
[INFO] [stderr]     CXX      google/protobuf/io/io_win32.lo
[INFO] [stderr]     CXX      google/protobuf/io/strtod.lo
[INFO] [stderr]     CXX      google/protobuf/io/zero_copy_stream.lo
[INFO] [stderr]     CXX      google/protobuf/io/zero_copy_stream_impl.lo
[INFO] [stderr]     CXX      google/protobuf/io/zero_copy_stream_impl_lite.lo
[INFO] [stderr]     CXX      google/protobuf/map.lo
[INFO] [stderr]     CXX      google/protobuf/message_lite.lo
[INFO] [stderr]     CXX      google/protobuf/parse_context.lo
[INFO] [stderr]     CXX      google/protobuf/repeated_field.lo
[INFO] [stderr]     CXX      google/protobuf/repeated_ptr_field.lo
[INFO] [stderr]     CXX      google/protobuf/stubs/bytestream.lo
[INFO] [stderr]     CXX      google/protobuf/stubs/common.lo
[INFO] [stderr]     CXX      google/protobuf/stubs/int128.lo
[INFO] [stderr]     CXX      google/protobuf/stubs/status.lo
[INFO] [stderr]     CXX      google/protobuf/stubs/statusor.lo
[INFO] [stderr]     CXX      google/protobuf/stubs/stringpiece.lo
[INFO] [stderr]     CXX      google/protobuf/stubs/stringprintf.lo
[INFO] [stderr]     CXX      google/protobuf/stubs/structurally_valid.lo
[INFO] [stderr]     CXX      google/protobuf/stubs/strutil.lo
[INFO] [stderr]     CXX      google/protobuf/stubs/time.lo
[INFO] [stderr]     CXX      google/protobuf/wire_format_lite.lo
[INFO] [stderr]     CXX      google/protobuf/any.lo
[INFO] [stderr]     CXX      google/protobuf/any.pb.lo
[INFO] [stderr]     CXX      google/protobuf/api.pb.lo
[INFO] [stderr]     CXX      google/protobuf/descriptor.lo
[INFO] [stderr]     CXX      google/protobuf/descriptor.pb.lo
[INFO] [stderr]     CXX      google/protobuf/descriptor_database.lo
[INFO] [stderr]     CXX      google/protobuf/duration.pb.lo
[INFO] [stderr]     CXX      google/protobuf/dynamic_message.lo
[INFO] [stderr]     CXX      google/protobuf/empty.pb.lo
[INFO] [stderr]     CXX      google/protobuf/extension_set_heavy.lo
[INFO] [stderr]     CXX      google/protobuf/field_mask.pb.lo
[INFO] [stderr]     CXX      google/protobuf/generated_message_bases.lo
[INFO] [stderr]     CXX      google/protobuf/generated_message_reflection.lo
[INFO] [stderr]     CXX      google/protobuf/generated_message_tctable_full.lo
[INFO] [stderr]   make[1]: Leaving directory '/opt/rustwide/target/debug/build/protobuf-src/0e54cc1ecb27cda7/out/install/build/src'
[INFO] [stderr] 
[INFO] [stderr]   --- stderr
[INFO] [stderr]   make: warning: -j8 forced in submake: resetting jobserver mode.
[INFO] [stderr]   c++: fatal error: Killed signal terminated program cc1plus
[INFO] [stderr]   compilation terminated.
[INFO] [stderr]   make[1]: *** [Makefile:4514: google/protobuf/descriptor_database.lo] Error 1
[INFO] [stderr]   make[1]: *** Waiting for unfinished jobs....
[INFO] [stderr]   c++: fatal error: Killed signal terminated program cc1plus
[INFO] [stderr]   compilation terminated.
[INFO] [stderr]   make[1]: *** [Makefile:4514: google/protobuf/descriptor.lo] Error 1
[INFO] [stderr]   make: *** [Makefile:1757: install-recursive] Error 1
[INFO] [stderr] 
[INFO] [stderr]   thread 'main' (3953) panicked at /opt/rustwide/cargo-home/registry/src/index.crates.io-1949cf8c6b5b557f/autotools-0.2.7/src/lib.rs:790:5:
[INFO] [stderr] 
[INFO] [stderr]   command did not execute successfully, got: exit status: 2
[INFO] [stderr] 
[INFO] [stderr]   build script failed, must exit now
[INFO] [stderr]   stack backtrace:
[INFO] [stderr]      0:     0x566246f74ec1 - std[a664a428715ef049]::backtrace_rs::backtrace::libunwind::trace
[INFO] [stderr]                                  at /rustc/c60b92c03ca8a3b101eb9d57f51e2232690638c7/library/std/src/../../backtrace/src/backtrace/libunwind.rs:117:9
[INFO] [stderr]      1:     0x566246f74ec1 - std[a664a428715ef049]::backtrace_rs::backtrace::trace_unsynchronized::<std[a664a428715ef049]::sys::backtrace::_print_fmt::{closure#1}>
[INFO] [stderr]                                  at /rustc/c60b92c03ca8a3b101eb9d57f51e2232690638c7/library/std/src/../../backtrace/src/backtrace/mod.rs:66:14
[INFO] [stderr]      2:     0x566246f74ec1 - std[a664a428715ef049]::sys::backtrace::_print_fmt
[INFO] [stderr]                                  at /rustc/c60b92c03ca8a3b101eb9d57f51e2232690638c7/library/std/src/sys/backtrace.rs:74:9
[INFO] [stderr]      3:     0x566246f74ec1 - <<std[a664a428715ef049]::sys::backtrace::BacktraceLock>::print::DisplayBacktrace as core[72be084901f51118]::fmt::Display>::fmt
[INFO] [stderr]                                  at /rustc/c60b92c03ca8a3b101eb9d57f51e2232690638c7/library/std/src/sys/backtrace.rs:44:26
[INFO] [stderr]      4:     0x566246f8878a - <core[72be084901f51118]::fmt::rt::Argument>::fmt
[INFO] [stderr]                                  at /rustc/c60b92c03ca8a3b101eb9d57f51e2232690638c7/library/core/src/fmt/rt.rs:152:76
[INFO] [stderr]      5:     0x566246f8878a - core[72be084901f51118]::fmt::write
[INFO] [stderr]      6:     0x566246f7a80c - core[72be084901f51118]::io::write::default_write_fmt::<std[a664a428715ef049]::sys::stdio::unix::Stderr>
[INFO] [stderr]                                  at /rustc/c60b92c03ca8a3b101eb9d57f51e2232690638c7/library/core/src/io/write.rs:402:11
[INFO] [stderr]      7:     0x566246f7a80c - <std[a664a428715ef049]::sys::stdio::unix::Stderr as core[72be084901f51118]::io::write::Write>::write_fmt
[INFO] [stderr]                                  at /rustc/c60b92c03ca8a3b101eb9d57f51e2232690638c7/library/core/src/io/write.rs:335:13
[INFO] [stderr]      8:     0x566246f5463c - <std[a664a428715ef049]::sys::backtrace::BacktraceLock>::print
[INFO] [stderr]                                  at /rustc/c60b92c03ca8a3b101eb9d57f51e2232690638c7/library/std/src/sys/backtrace.rs:47:9
[INFO] [stderr]      9:     0x566246f5463c - std[a664a428715ef049]::panicking::default_hook::{closure#0}
[INFO] [stderr]                                  at /rustc/c60b92c03ca8a3b101eb9d57f51e2232690638c7/library/std/src/panicking.rs:289:27
[INFO] [stderr]     10:     0x566246f6faa1 - std[a664a428715ef049]::panicking::default_hook
[INFO] [stderr]                                  at /rustc/c60b92c03ca8a3b101eb9d57f51e2232690638c7/library/std/src/panicking.rs:316:9
[INFO] [stderr]     11:     0x566246f6fc5b - std[a664a428715ef049]::panicking::panic_with_hook
[INFO] [stderr]                                  at /rustc/c60b92c03ca8a3b101eb9d57f51e2232690638c7/library/std/src/panicking.rs:811:13
[INFO] [stderr]     12:     0x566246f546f2 - std[a664a428715ef049]::panicking::panic_handler::{closure#0}
[INFO] [stderr]                                  at /rustc/c60b92c03ca8a3b101eb9d57f51e2232690638c7/library/std/src/panicking.rs:685:13
[INFO] [stderr]     13:     0x566246f4d389 - std[a664a428715ef049]::sys::backtrace::__rust_end_short_backtrace::<std[a664a428715ef049]::panicking::panic_handler::{closure#0}, !>
[INFO] [stderr]                                  at /rustc/c60b92c03ca8a3b101eb9d57f51e2232690638c7/library/std/src/sys/backtrace.rs:182:18
[INFO] [stderr]     14:     0x566246f54fcd - __rustc[12a7e04b5f77a1a9]::rust_begin_unwind
[INFO] [stderr]                                  at /rustc/c60b92c03ca8a3b101eb9d57f51e2232690638c7/library/std/src/panicking.rs:676:5
[INFO] [stderr]     15:     0x566246f88f7c - core[72be084901f51118]::panicking::panic_fmt
[INFO] [stderr]                                  at /rustc/c60b92c03ca8a3b101eb9d57f51e2232690638c7/library/core/src/panicking.rs:80:14
[INFO] [stderr]     16:     0x566246edc227 - autotools[11d24893305cd36e]::fail
[INFO] [stderr]     17:     0x566246edf9f8 - <autotools[11d24893305cd36e]::Config>::build
[INFO] [stderr]     18:     0x566246ed9109 - build_script_build[647802f589dfc317]::main
[INFO] [stderr]     19:     0x566246eda603 - <fn() -> core[72be084901f51118]::result::Result<(), alloc[7e126751b56287a4]::boxed::Box<dyn core[72be084901f51118]::error::Error>> as core[72be084901f51118]::ops::function::FnOnce<()>>::call_once
[INFO] [stderr]     20:     0x566246ed8d8e - std[a664a428715ef049]::sys::backtrace::__rust_begin_short_backtrace::<fn() -> core[72be084901f51118]::result::Result<(), alloc[7e126751b56287a4]::boxed::Box<dyn core[72be084901f51118]::error::Error>>, core[72be084901f51118]::result::Result<(), alloc[7e126751b56287a4]::boxed::Box<dyn core[72be084901f51118]::error::Error>>>
[INFO] [stderr]     21:     0x566246ed8dd9 - std[a664a428715ef049]::rt::lang_start::<core[72be084901f51118]::result::Result<(), alloc[7e126751b56287a4]::boxed::Box<dyn core[72be084901f51118]::error::Error>>>::{closure#0}
[INFO] [stderr]     22:     0x566246f6edb8 - <&dyn core[72be084901f51118]::ops::function::Fn<(), Output = i32> + core[72be084901f51118]::marker::Sync + core[72be084901f51118]::panic::unwind_safe::RefUnwindSafe as core[72be084901f51118]::ops::function::FnOnce<()>>::call_once
[INFO] [stderr]                                  at /rustc/c60b92c03ca8a3b101eb9d57f51e2232690638c7/library/core/src/ops/function.rs:287:21
[INFO] [stderr]     23:     0x566246f6edb8 - std[a664a428715ef049]::panicking::catch_unwind::do_call::<&dyn core[72be084901f51118]::ops::function::Fn<(), Output = i32> + core[72be084901f51118]::marker::Sync + core[72be084901f51118]::panic::unwind_safe::RefUnwindSafe, i32>
[INFO] [stderr]                                  at /rustc/c60b92c03ca8a3b101eb9d57f51e2232690638c7/library/std/src/panicking.rs:573:43
[INFO] [stderr]     24:     0x566246f6edb8 - std[a664a428715ef049]::panicking::catch_unwind::<i32, &dyn core[72be084901f51118]::ops::function::Fn<(), Output = i32> + core[72be084901f51118]::marker::Sync + core[72be084901f51118]::panic::unwind_safe::RefUnwindSafe>
[INFO] [stderr]                                  at /rustc/c60b92c03ca8a3b101eb9d57f51e2232690638c7/library/std/src/panicking.rs:541:19
[INFO] [stderr]     25:     0x566246f6edb8 - std[a664a428715ef049]::panic::catch_unwind::<&dyn core[72be084901f51118]::ops::function::Fn<(), Output = i32> + core[72be084901f51118]::marker::Sync + core[72be084901f51118]::panic::unwind_safe::RefUnwindSafe, i32>
[INFO] [stderr]                                  at /rustc/c60b92c03ca8a3b101eb9d57f51e2232690638c7/library/std/src/panic.rs:359:14
[INFO] [stderr]     26:     0x566246f6edb8 - std[a664a428715ef049]::rt::lang_start_internal::{closure#0}
[INFO] [stderr]                                  at /rustc/c60b92c03ca8a3b101eb9d57f51e2232690638c7/library/std/src/rt.rs:175:24
[INFO] [stderr]     27:     0x566246f6edb8 - std[a664a428715ef049]::panicking::catch_unwind::do_call::<std[a664a428715ef049]::rt::lang_start_internal::{closure#0}, isize>
[INFO] [stderr]                                  at /rustc/c60b92c03ca8a3b101eb9d57f51e2232690638c7/library/std/src/panicking.rs:573:43
[INFO] [stderr]     28:     0x566246f6edb8 - std[a664a428715ef049]::panicking::catch_unwind::<isize, std[a664a428715ef049]::rt::lang_start_internal::{closure#0}>
[INFO] [stderr]                                  at /rustc/c60b92c03ca8a3b101eb9d57f51e2232690638c7/library/std/src/panicking.rs:541:19
[INFO] [stderr]     29:     0x566246f6edb8 - std[a664a428715ef049]::panic::catch_unwind::<std[a664a428715ef049]::rt::lang_start_internal::{closure#0}, isize>
[INFO] [stderr]                                  at /rustc/c60b92c03ca8a3b101eb9d57f51e2232690638c7/library/std/src/panic.rs:359:14
[INFO] [stderr]     30:     0x566246f6edb8 - std[a664a428715ef049]::rt::lang_start_internal
[INFO] [stderr]                                  at /rustc/c60b92c03ca8a3b101eb9d57f51e2232690638c7/library/std/src/rt.rs:171:5
[INFO] [stderr]     31:     0x566246ed8d81 - std[a664a428715ef049]::rt::lang_start::<core[72be084901f51118]::result::Result<(), alloc[7e126751b56287a4]::boxed::Box<dyn core[72be084901f51118]::error::Error>>>
[INFO] [stderr]     32:     0x566246eda6c5 - main
[INFO] [stderr]     33:     0x7f04ad63a601 - <unknown>
[INFO] [stderr]     34:     0x7f04ad63a718 - __libc_start_main
[INFO] [stderr]     35:     0x566246ed7345 - _start
[INFO] [stderr]     36:                0x0 - <unknown>
[INFO] running `Command { std: "docker" "inspect" "c054814be9fc246e73fcbeed1984d5119b7bc731c24b1b63dba812ebf9d5775a", kill_on_drop: false }`
[INFO] running `Command { std: "docker" "rm" "-f" "c054814be9fc246e73fcbeed1984d5119b7bc731c24b1b63dba812ebf9d5775a", kill_on_drop: false }`
[INFO] [stdout] c054814be9fc246e73fcbeed1984d5119b7bc731c24b1b63dba812ebf9d5775a
