[INFO] cloning repository https://github.com/sednalabs/keycloak-admin-mcp
[INFO] running `Command { std: "git" "-c" "credential.helper=" "-c" "credential.helper=/workspace/cargo-home/bin/git-credential-null" "clone" "--bare" "https://github.com/sednalabs/keycloak-admin-mcp" "/workspace/cache/git-repos/https%3A%2F%2Fgithub.com%2Fsednalabs%2Fkeycloak-admin-mcp", kill_on_drop: false }`
[INFO] [stderr] Cloning into bare repository '/workspace/cache/git-repos/https%3A%2F%2Fgithub.com%2Fsednalabs%2Fkeycloak-admin-mcp'...
[INFO] running `Command { std: "git" "rev-parse" "HEAD", kill_on_drop: false }`
[INFO] [stdout] 3bcb078df00bf3f797cf22e92c5344264595750d
[INFO] checking sednalabs/keycloak-admin-mcp against 34f4a807e2d84184fff4e42d4539092569b6fcd6 for pr-164081
[INFO] running `Command { std: "git" "clone" "/workspace/cache/git-repos/https%3A%2F%2Fgithub.com%2Fsednalabs%2Fkeycloak-admin-mcp" "/workspace/builds/worker-7-tc1/source", kill_on_drop: false }`
[INFO] [stderr] Cloning into '/workspace/builds/worker-7-tc1/source'...
[INFO] [stderr] done.
[INFO] started tweaking git repo https://github.com/sednalabs/keycloak-admin-mcp
[INFO] finished tweaking git repo https://github.com/sednalabs/keycloak-admin-mcp
[INFO] tweaked toml for git repo https://github.com/sednalabs/keycloak-admin-mcp written to /workspace/builds/worker-7-tc1/source/Cargo.toml
[INFO] validating manifest of git repo https://github.com/sednalabs/keycloak-admin-mcp on toolchain 34f4a807e2d84184fff4e42d4539092569b6fcd6
[INFO] running `Command { std: CARGO_HOME="/workspace/cargo-home" RUSTUP_HOME="/workspace/rustup-home" "/workspace/cargo-home/bin/cargo" "+34f4a807e2d84184fff4e42d4539092569b6fcd6" "metadata" "--manifest-path" "Cargo.toml" "--no-deps", kill_on_drop: false }`
[INFO] crate git repo https://github.com/sednalabs/keycloak-admin-mcp already has a lockfile, it will not be regenerated
[INFO] running `Command { std: CARGO_HOME="/workspace/cargo-home" RUSTUP_HOME="/workspace/rustup-home" "/workspace/cargo-home/bin/cargo" "+34f4a807e2d84184fff4e42d4539092569b6fcd6" "fetch" "--manifest-path" "Cargo.toml", kill_on_drop: false }`
[INFO] [stderr]     Updating git repository `https://github.com/sednalabs/mcp-toolkit-rs`
[INFO] [stderr]     Updating crates.io index
[INFO] [stderr]  Downloading crates ...
[INFO] [stderr]   Downloaded rmcp-macros v2.1.0
[INFO] [stderr]   Downloaded jsonwebtoken v10.4.0
[INFO] [stderr]   Downloaded fs-err v3.2.2
[INFO] [stderr]   Downloaded rmcp v2.1.0
[INFO] [stderr]   Downloaded oauth2-reqwest v0.1.0-alpha.3
[INFO] running `Command { std: "docker" "create" "-v" "/var/lib/crater-agent-workspace/builds/worker-7-tc1/source:/opt/rustwide/workdir:ro,Z" "-v" "/var/lib/crater-agent-workspace/builds/worker-7-tc1/target:/opt/rustwide/target:rw,Z" "-v" "/var/lib/crater-agent-workspace/cargo-home:/opt/rustwide/cargo-home:ro,Z" "-v" "/var/lib/crater-agent-workspace/rustup-home:/opt/rustwide/rustup-home:ro,Z" "-m" "1610612736" "--network" "none" "ghcr.io/rust-lang/crates-build-env/linux@sha256:77db811e55d90add9212f6832c23229e3de5f1c1f9905e8cb07319ea15df73ac" "sleep" "infinity", kill_on_drop: false }`
[INFO] [stdout] 447e345760278c4d899ef57f208ea3c588301ca39d1c0cb7af68346b0d9f85ce
[INFO] running `Command { std: "docker" "start" "447e345760278c4d899ef57f208ea3c588301ca39d1c0cb7af68346b0d9f85ce", kill_on_drop: false }`
[INFO] running `Command { std: "docker" "inspect" "447e345760278c4d899ef57f208ea3c588301ca39d1c0cb7af68346b0d9f85ce", kill_on_drop: false }`
[INFO] running `Command { std: "docker" "exec" "-e" "SOURCE_DIR=/opt/rustwide/workdir" "-e" "CARGO_HOME=/opt/rustwide/cargo-home" "-e" "RUSTUP_HOME=/opt/rustwide/rustup-home" "-e" "CARGO_TARGET_DIR=/opt/rustwide/target" "-w" "/opt/rustwide/workdir" "--user" "0:0" "447e345760278c4d899ef57f208ea3c588301ca39d1c0cb7af68346b0d9f85ce" "/opt/rustwide/cargo-home/bin/cargo" "+34f4a807e2d84184fff4e42d4539092569b6fcd6" "metadata" "--no-deps" "--format-version=1", kill_on_drop: false }`
[INFO] running `Command { std: "docker" "inspect" "447e345760278c4d899ef57f208ea3c588301ca39d1c0cb7af68346b0d9f85ce", kill_on_drop: false }`
[INFO] running `Command { std: "docker" "exec" "-e" "SOURCE_DIR=/opt/rustwide/workdir" "-e" "CARGO_HOME=/opt/rustwide/cargo-home" "-e" "RUSTUP_HOME=/opt/rustwide/rustup-home" "-e" "CARGO_TARGET_DIR=/opt/rustwide/target" "-e" "CARGO_INCREMENTAL=0" "-e" "RUST_BACKTRACE=full" "-e" "RUSTFLAGS=--cap-lints=forbid" "-e" "RUSTDOCFLAGS=--cap-lints=forbid" "-w" "/opt/rustwide/workdir" "--user" "0:0" "447e345760278c4d899ef57f208ea3c588301ca39d1c0cb7af68346b0d9f85ce" "/opt/rustwide/cargo-home/bin/cargo" "+34f4a807e2d84184fff4e42d4539092569b6fcd6" "check" "--frozen" "--all" "--all-targets" "--message-format=json", kill_on_drop: false }`
[INFO] [stderr]    Compiling proc-macro2 v1.0.105
[INFO] [stderr]    Compiling quote v1.0.43
[INFO] [stderr]    Compiling find-msvc-tools v0.1.8
[INFO] [stderr]    Compiling zmij v1.0.16
[INFO] [stderr]     Checking http v1.4.2
[INFO] [stderr]    Compiling zerocopy v0.8.33
[INFO] [stderr]    Compiling serde_json v1.0.150
[INFO] [stderr]    Compiling jobserver v0.1.34
[INFO] [stderr]     Checking mio v1.1.1
[INFO] [stderr]     Checking socket2 v0.6.1
[INFO] [stderr]     Checking crypto-common v0.1.7
[INFO] [stderr]    Compiling aws-lc-rs v1.17.0
[INFO] [stderr]    Compiling rustls v0.23.41
[INFO] [stderr]     Checking getrandom v0.4.2
[INFO] [stderr]     Checking inout v0.1.4
[INFO] [stderr]    Compiling memchr v2.7.6
[INFO] [stderr]     Checking bitflags v2.10.0
[INFO] [stderr]     Checking regex-automata v0.4.13
[INFO] [stderr]     Checking universal-hash v0.5.1
[INFO] [stderr]     Checking cipher v0.4.4
[INFO] [stderr]     Checking chacha20 v0.10.0
[INFO] [stderr]    Compiling rmcp v2.1.0
[INFO] [stderr]    Compiling cc v1.2.53
[INFO] [stderr]     Checking polyval v0.6.2
[INFO] [stderr]    Compiling time-macros v0.2.31
[INFO] [stderr]     Checking uuid v1.23.4
[INFO] [stderr]    Compiling pastey v0.2.1
[INFO] [stderr]     Checking aes v0.8.4
[INFO] [stderr]     Checking ctr v0.9.2
[INFO] [stderr]     Checking digest v0.10.7
[INFO] [stderr]     Checking ghash v0.5.1
[INFO] [stderr]     Checking rand v0.10.1
[INFO] [stderr]     Checking getrandom v0.3.4
[INFO] [stderr]     Checking aead v0.5.2
[INFO] [stderr]     Checking hybrid-array v0.4.13
[INFO] [stderr]    Compiling fs-err v3.2.2
[INFO] [stderr]     Checking rand_core v0.9.5
[INFO] [stderr]    Compiling mcp-toolkit-policy-core v0.1.0 (https://github.com/sednalabs/mcp-toolkit-rs?rev=946edc60b0039f9342dbf0dcf03650f1066ebb2f#946edc60)
[INFO] [stderr]     Checking sha2 v0.10.9
[INFO] [stderr]    Compiling kc-admin-mcp v0.1.0 (/opt/rustwide/workdir/kc-admin-mcp)
[INFO] [stderr]     Checking http-body v1.0.1
[INFO] [stderr]    Compiling syn v2.0.114
[INFO] [stderr]     Checking aes-gcm v0.10.3
[INFO] [stderr]     Checking http-body-util v0.1.3
[INFO] [stderr]     Checking crypto-common v0.2.2
[INFO] [stderr]     Checking block-buffer v0.12.1
[INFO] [stderr]     Checking time v0.3.53
[INFO] [stderr]    Compiling cmake v0.1.57
[INFO] [stderr]    Compiling libsqlite3-sys v0.28.0
[INFO] [stderr]     Checking digest v0.11.3
[INFO] [stderr]    Compiling aws-lc-sys v0.41.0
[INFO] [stderr]     Checking sha2 v0.11.0
[INFO] [stderr]     Checking ppv-lite86 v0.2.21
[INFO] [stderr]     Checking ahash v0.8.12
[INFO] [stderr]     Checking hashbrown v0.14.5
[INFO] [stderr]     Checking rand_chacha v0.3.1
[INFO] [stderr]     Checking rand_chacha v0.9.0
[INFO] [stderr]     Checking rand v0.9.4
[INFO] [stderr]     Checking rand v0.8.6
[INFO] [stderr]     Checking hashlink v0.9.1
[INFO] [stderr]     Checking regex v1.12.4
[INFO] [stderr]     Checking matchers v0.2.0
[INFO] [stderr]    Compiling synstructure v0.13.2
[INFO] [stderr]    Compiling darling_core v0.23.0
[INFO] [stderr]    Compiling serde_derive_internals v0.29.1
[INFO] [stderr]    Compiling tokio-macros v2.6.0
[INFO] [stderr]    Compiling zerofrom-derive v0.1.6
[INFO] [stderr]    Compiling tracing-attributes v0.1.31
[INFO] [stderr]    Compiling yoke-derive v0.8.1
[INFO] [stderr]    Compiling serde_derive v1.0.228
[INFO] [stderr]    Compiling futures-macro v0.3.32
[INFO] [stderr]    Compiling zerovec-derive v0.11.2
[INFO] [stderr]    Compiling displaydoc v0.2.5
[INFO] [stderr]    Compiling zeroize_derive v1.4.3
[INFO] [stderr]    Compiling thiserror-impl v2.0.18
[INFO] [stderr]    Compiling ref-cast-impl v1.0.25
[INFO] [stderr]    Compiling schemars_derive v1.2.1
[INFO] [stderr]     Checking zeroize v1.8.2
[INFO] [stderr]     Checking rustls-pki-types v1.14.0
[INFO] [stderr]    Compiling async-trait v0.1.89
[INFO] [stderr]     Checking ref-cast v1.0.25
[INFO] [stderr]    Compiling thiserror-impl v1.0.69
[INFO] [stderr]     Checking tokio v1.50.0
[INFO] [stderr]     Checking rustls-native-certs v0.8.3
[INFO] [stderr]     Checking futures-util v0.3.32
[INFO] [stderr] error: could not compile `darling_core` (lib)
[INFO] [stderr] 
[INFO] [stderr] Caused by:
[INFO] [stderr]   process didn't exit successfully: `/opt/rustwide/rustup-home/toolchains/34f4a807e2d84184fff4e42d4539092569b6fcd6/bin/rustc --crate-name darling_core --edition=2021 /opt/rustwide/cargo-home/registry/src/index.crates.io-1949cf8c6b5b557f/darling_core-0.23.0/src/lib.rs --error-format=json --json=diagnostic-rendered-ansi,artifacts,future-incompat,unused-externs-silent --crate-type lib --emit=dep-info,metadata,link -Z embed-metadata=no -C embed-bitcode=no --cfg 'feature="strsim"' --cfg 'feature="suggestions"' --check-cfg 'cfg(docsrs,test)' --check-cfg 'cfg(feature, values("diagnostics", "serde", "strsim", "suggestions"))' -C metadata=9dc5825fd53d8b58 -C extra-filename=-3d3367a44fede256 --out-dir /opt/rustwide/target/debug/build/darling_core/3d3367a44fede256/out -L dependency=/opt/rustwide/target/debug/build/proc-macro2/fce1a70fd2c3744d/out -L dependency=/opt/rustwide/target/debug/build/quote/e054a971070e2c6a/out -L dependency=/opt/rustwide/target/debug/build/unicode-ident/9533002ac35f5809/out --extern ident_case=/opt/rustwide/target/debug/build/ident_case/ecc112105bc5215b/out/libident_case-ecc112105bc5215b.rmeta --extern proc_macro2=/opt/rustwide/target/debug/build/proc-macro2/fce1a70fd2c3744d/out/libproc_macro2-fce1a70fd2c3744d.rmeta --extern quote=/opt/rustwide/target/debug/build/quote/e054a971070e2c6a/out/libquote-e054a971070e2c6a.rmeta --extern strsim=/opt/rustwide/target/debug/build/strsim/9754e702f19a9357/out/libstrsim-9754e702f19a9357.rmeta --extern syn=/opt/rustwide/target/debug/build/syn/c4e637ee218314b7/out/libsyn-c4e637ee218314b7.rmeta --cap-lints allow --cap-lints=forbid --force-warn=unused_crate_dependencies` (signal: 9, SIGKILL: kill)
[INFO] [stderr] warning: build failed, waiting for other jobs to finish...
[INFO] [stderr] warning: libsqlite3-sys@0.28.0: cc: fatal error: Killed signal terminated program cc1
[INFO] [stderr] warning: libsqlite3-sys@0.28.0: compilation terminated.
[INFO] [stderr] error: failed to run custom build command for `libsqlite3-sys v0.28.0`
[INFO] [stderr] note: To improve backtraces for build dependencies, set the CARGO_PROFILE_DEV_BUILD_OVERRIDE_DEBUG=true environment variable to enable debug information generation.
[INFO] [stderr] 
[INFO] [stderr] Caused by:
[INFO] [stderr]   process didn't exit successfully: `/opt/rustwide/target/debug/build/libsqlite3-sys/8a10d21fa43447a8/out/build_script_build` (exit status: 1)
[INFO] [stderr]   --- stdout
[INFO] [stderr]   cargo:rerun-if-env-changed=LIBSQLITE3_SYS_USE_PKG_CONFIG
[INFO] [stderr]   cargo:include=/opt/rustwide/cargo-home/registry/src/index.crates.io-1949cf8c6b5b557f/libsqlite3-sys-0.28.0/sqlite3
[INFO] [stderr]   cargo:rerun-if-changed=sqlite3/sqlite3.c
[INFO] [stderr]   cargo:rerun-if-changed=sqlite3/wasm32-wasi-vfs.c
[INFO] [stderr]   cargo:rerun-if-env-changed=SQLITE_MAX_VARIABLE_NUMBER
[INFO] [stderr]   cargo:rerun-if-env-changed=SQLITE_MAX_EXPR_DEPTH
[INFO] [stderr]   cargo:rerun-if-env-changed=SQLITE_MAX_COLUMN
[INFO] [stderr]   cargo:rerun-if-env-changed=LIBSQLITE3_FLAGS
[INFO] [stderr]   OUT_DIR = Some(/opt/rustwide/target/debug/build/libsqlite3-sys/7203581b5ffb1dc1/out)
[INFO] [stderr]   OPT_LEVEL = Some(0)
[INFO] [stderr]   TARGET = Some(x86_64-unknown-linux-gnu)
[INFO] [stderr]   CARGO_ENCODED_RUSTFLAGS = Some(--cap-lints=forbid)
[INFO] [stderr]   HOST = Some(x86_64-unknown-linux-gnu)
[INFO] [stderr]   cargo:rerun-if-env-changed=CC_x86_64-unknown-linux-gnu
[INFO] [stderr]   CC_x86_64-unknown-linux-gnu = None
[INFO] [stderr]   cargo:rerun-if-env-changed=CC_x86_64_unknown_linux_gnu
[INFO] [stderr]   CC_x86_64_unknown_linux_gnu = None
[INFO] [stderr]   cargo:rerun-if-env-changed=HOST_CC
[INFO] [stderr]   HOST_CC = None
[INFO] [stderr]   cargo:rerun-if-env-changed=CC
[INFO] [stderr]   CC = None
[INFO] [stderr]   cargo:rerun-if-env-changed=CC_ENABLE_DEBUG_OUTPUT
[INFO] [stderr]   RUSTC_WRAPPER = None
[INFO] [stderr]   cargo:rerun-if-env-changed=CRATE_CC_NO_DEFAULTS
[INFO] [stderr]   CRATE_CC_NO_DEFAULTS = None
[INFO] [stderr]   DEBUG = Some(true)
[INFO] [stderr]   CARGO_CFG_TARGET_FEATURE = Some(fxsr,sse,sse2,x87)
[INFO] [stderr]   cargo:rerun-if-env-changed=CFLAGS
[INFO] [stderr]   CFLAGS = None
[INFO] [stderr]   cargo:rerun-if-env-changed=HOST_CFLAGS
[INFO] [stderr]   HOST_CFLAGS = None
[INFO] [stderr]   cargo:rerun-if-env-changed=CFLAGS_x86_64_unknown_linux_gnu
[INFO] [stderr]   CFLAGS_x86_64_unknown_linux_gnu = None
[INFO] [stderr]   cargo:rerun-if-env-changed=CFLAGS_x86_64-unknown-linux-gnu
[INFO] [stderr]   CFLAGS_x86_64-unknown-linux-gnu = None
[INFO] [stderr]   cargo:warning=cc: fatal error: Killed signal terminated program cc1
[INFO] [stderr]   cargo:warning=compilation terminated.
[INFO] [stderr] 
[INFO] [stderr]   --- stderr
[INFO] [stderr] 
[INFO] [stderr] 
[INFO] [stderr]   error occurred in cc-rs: command did not execute successfully (status code exit status: 1): LC_ALL="C" "cc" "-O0" "-ffunction-sections" "-fdata-sections" "-fPIC" "-g" "-gdwarf-4" "-fno-omit-frame-pointer" "-m64" "-w" "-DSQLITE_CORE" "-DSQLITE_DEFAULT_FOREIGN_KEYS=1" "-DSQLITE_ENABLE_API_ARMOR" "-DSQLITE_ENABLE_COLUMN_METADATA" "-DSQLITE_ENABLE_DBSTAT_VTAB" "-DSQLITE_ENABLE_FTS3" "-DSQLITE_ENABLE_FTS3_PARENTHESIS" "-DSQLITE_ENABLE_FTS5" "-DSQLITE_ENABLE_JSON1" "-DSQLITE_ENABLE_LOAD_EXTENSION=1" "-DSQLITE_ENABLE_MEMORY_MANAGEMENT" "-DSQLITE_ENABLE_RTREE" "-DSQLITE_ENABLE_STAT2" "-DSQLITE_ENABLE_STAT4" "-DSQLITE_SOUNDEX" "-DSQLITE_THREADSAFE=1" "-DSQLITE_USE_URI" "-DHAVE_USLEEP=1" "-D_POSIX_THREAD_SAFE_FUNCTIONS" "-DHAVE_ISNAN" "-DHAVE_LOCALTIME_R" "-o" "/opt/rustwide/target/debug/build/libsqlite3-sys/7203581b5ffb1dc1/out/c877a2978823c39d-sqlite3.o" "-c" "sqlite3/sqlite3.c"
[INFO] [stderr] 
[INFO] [stderr] 
[INFO] [stderr] warning: aws-lc-sys@0.41.0: Environment Variable found 'CARGO_ENCODED_RUSTFLAGS': '--cap-lints=forbid'
[INFO] [stderr] warning: aws-lc-sys@0.41.0: Emitting configuration: cargo:rustc-cfg=universal
[INFO] [stderr] warning: aws-lc-sys@0.41.0: Building with: CC
[INFO] [stderr] warning: aws-lc-sys@0.41.0: Symbol Prefix: Some("aws_lc_0_41_0")
[INFO] [stderr] warning: aws-lc-sys@0.41.0: Target platform: 'x86_64-unknown-linux-gnu'
[INFO] [stderr] warning: aws-lc-sys@0.41.0: Compilation of 'c11.c' succeeded - Ok(["/opt/rustwide/target/debug/build/aws-lc-sys/416441071bc95c1d/out/out-c11/7dfda64fdf5a526c-c11.o"]).
[INFO] [stderr] warning: aws-lc-sys@0.41.0: Compilation of 'stdalign_check.c' succeeded - Ok(["/opt/rustwide/target/debug/build/aws-lc-sys/416441071bc95c1d/out/out-stdalign_check/7dfda64fdf5a526c-stdalign_check.o"]).
[INFO] [stderr] warning: aws-lc-sys@0.41.0: Compilation of 'builtin_swap_check.c' succeeded - Ok(["/opt/rustwide/target/debug/build/aws-lc-sys/416441071bc95c1d/out/out-builtin_swap_check/7dfda64fdf5a526c-builtin_swap_check.o"]).
[INFO] [stderr] warning: aws-lc-sys@0.41.0: Compilation of 'linux_random_h.c' succeeded - Ok(["/opt/rustwide/target/debug/build/aws-lc-sys/416441071bc95c1d/out/out-linux_random_h/7dfda64fdf5a526c-linux_random_h.o"]).
[INFO] [stderr] warning: aws-lc-sys@0.41.0: cc: fatal error: Killed signal terminated program cc1
[INFO] [stderr] warning: aws-lc-sys@0.41.0: compilation terminated.
[INFO] [stderr] warning: aws-lc-sys@0.41.0: ToolExecError: command did not execute successfully (status code exit status: 1): LC_ALL="C" "cc" "-O0" "-ffunction-sections" "-fdata-sections" "-fPIC" "-g" "-gdwarf-4" "-fno-omit-frame-pointer" "-m64" "-std=c11" "-I" "/opt/rustwide/cargo-home/registry/src/index.crates.io-1949cf8c6b5b557f/aws-lc-sys-0.41.0/generated-include" "-I" "/opt/rustwide/cargo-home/registry/src/index.crates.io-1949cf8c6b5b557f/aws-lc-sys-0.41.0/include" "-I" "/opt/rustwide/cargo-home/registry/src/index.crates.io-1949cf8c6b5b557f/aws-lc-sys-0.41.0/aws-lc/include" "-I" "/opt/rustwide/cargo-home/registry/src/index.crates.io-1949cf8c6b5b557f/aws-lc-sys-0.41.0/aws-lc/third_party/s2n-bignum/include" "-I" "/opt/rustwide/cargo-home/registry/src/index.crates.io-1949cf8c6b5b557f/aws-lc-sys-0.41.0/aws-lc/third_party/s2n-bignum/s2n-bignum-imported/include" "-I" "/opt/rustwide/cargo-home/registry/src/index.crates.io-1949cf8c6b5b557f/aws-lc-sys-0.41.0/aws-lc/third_party/jitterentropy/jitterentropy-library" "-I" "/opt/rustwide/cargo-home/registry/src/index.crates.io-1949cf8c6b5b557f/aws-lc-sys-0.41.0/aws-lc/third_party/jitterentropy/jitterentropy-library/src" "-Wall" "-Wextra" "-Wno-unused-parameter" "-pthread" "-D_XOPEN_SOURCE=700" "-DBORINGSSL_IMPLEMENTATION=1" "-DBORINGSSL_PREFIX=aws_lc_0_41_0" "-DAWS_LC_STDALIGN_AVAILABLE=1" "-DAWS_LC_BUILTIN_SWAP_SUPPORTED=1" "-DHAVE_LINUX_RANDOM_H=1" "-o" "/opt/rustwide/target/debug/build/aws-lc-sys/416441071bc95c1d/out/f8e4fd781484bd36-bcm.o" "-c" "/opt/rustwide/cargo-home/registry/src/index.crates.io-1949cf8c6b5b557f/aws-lc-sys-0.41.0/aws-lc/crypto/fipsmodule/bcm.c"
[INFO] [stderr] error: failed to run custom build command for `aws-lc-sys v0.41.0`
[INFO] [stderr] note: To improve backtraces for build dependencies, set the CARGO_PROFILE_DEV_BUILD_OVERRIDE_DEBUG=true environment variable to enable debug information generation.
[INFO] [stderr] 
[INFO] [stderr] Caused by:
[INFO] [stderr]   process didn't exit successfully: `/opt/rustwide/target/debug/build/aws-lc-sys/2934f3b265d758b3/out/build_script_main` (exit status: 1)
[INFO] [stderr]   --- stdout
[INFO] [stderr]   cargo:rerun-if-env-changed=AWS_LC_SYS_NO_PREFIX_x86_64_unknown_linux_gnu
[INFO] [stderr]   cargo:rerun-if-env-changed=AWS_LC_SYS_NO_PREFIX
[INFO] [stderr]   cargo:rerun-if-env-changed=AWS_LC_SYS_PREGENERATING_BINDINGS_x86_64_unknown_linux_gnu
[INFO] [stderr]   cargo:rerun-if-env-changed=AWS_LC_SYS_PREGENERATING_BINDINGS
[INFO] [stderr]   cargo:rerun-if-env-changed=AWS_LC_SYS_EXTERNAL_BINDGEN_x86_64_unknown_linux_gnu
[INFO] [stderr]   cargo:rerun-if-env-changed=AWS_LC_SYS_EXTERNAL_BINDGEN
[INFO] [stderr]   cargo:rerun-if-env-changed=AWS_LC_SYS_NO_ASM_x86_64_unknown_linux_gnu
[INFO] [stderr]   cargo:rerun-if-env-changed=AWS_LC_SYS_NO_ASM
[INFO] [stderr]   cargo:rerun-if-env-changed=AWS_LC_SYS_PREBUILT_NASM_x86_64_unknown_linux_gnu
[INFO] [stderr]   cargo:rerun-if-env-changed=AWS_LC_SYS_PREBUILT_NASM
[INFO] [stderr]   cargo:rerun-if-env-changed=AWS_LC_SYS_C_STD_x86_64_unknown_linux_gnu
[INFO] [stderr]   cargo:rerun-if-env-changed=AWS_LC_SYS_C_STD
[INFO] [stderr]   cargo:rerun-if-env-changed=AWS_LC_SYS_CMAKE_BUILDER_x86_64_unknown_linux_gnu
[INFO] [stderr]   cargo:rerun-if-env-changed=AWS_LC_SYS_CMAKE_BUILDER
[INFO] [stderr]   cargo:rerun-if-env-changed=AWS_LC_SYS_NO_PREGENERATED_SRC_x86_64_unknown_linux_gnu
[INFO] [stderr]   cargo:rerun-if-env-changed=AWS_LC_SYS_NO_PREGENERATED_SRC
[INFO] [stderr]   cargo:rerun-if-env-changed=AWS_LC_SYS_EFFECTIVE_TARGET_x86_64_unknown_linux_gnu
[INFO] [stderr]   cargo:rerun-if-env-changed=AWS_LC_SYS_EFFECTIVE_TARGET
[INFO] [stderr]   cargo:rerun-if-env-changed=AWS_LC_SYS_NO_JITTER_ENTROPY_x86_64_unknown_linux_gnu
[INFO] [stderr]   cargo:rerun-if-env-changed=AWS_LC_SYS_NO_JITTER_ENTROPY
[INFO] [stderr]   cargo:rerun-if-env-changed=AWS_LC_SYS_NO_U1_BINDINGS_x86_64_unknown_linux_gnu
[INFO] [stderr]   cargo:rerun-if-env-changed=AWS_LC_SYS_NO_U1_BINDINGS
[INFO] [stderr]   cargo:rerun-if-env-changed=AWS_LC_SYS_INCLUDES_x86_64_unknown_linux_gnu
[INFO] [stderr]   cargo:rerun-if-env-changed=AWS_LC_SYS_INCLUDES
[INFO] [stderr]   cargo:rerun-if-env-changed=AWS_LC_SYS_SANITIZER_x86_64_unknown_linux_gnu
[INFO] [stderr]   cargo:rerun-if-env-changed=AWS_LC_SYS_SANITIZER
[INFO] [stderr]   cargo:rerun-if-env-changed=CARGO_ENCODED_RUSTFLAGS
[INFO] [stderr]   cargo:warning=Environment Variable found 'CARGO_ENCODED_RUSTFLAGS': '--cap-lints=forbid'
[INFO] [stderr]   cargo:warning=Emitting configuration: cargo:rustc-cfg=universal
[INFO] [stderr]   cargo:rustc-cfg=universal
[INFO] [stderr]   cargo:rerun-if-env-changed=AWS_LC_SYS_STATIC_x86_64_unknown_linux_gnu
[INFO] [stderr]   cargo:rerun-if-env-changed=AWS_LC_SYS_STATIC
[INFO] [stderr]   cargo:rerun-if-env-changed=CARGO_FEATURE_SSL
[INFO] [stderr]   cargo:warning=Building with: CC
[INFO] [stderr]   cargo:warning=Symbol Prefix: Some("aws_lc_0_41_0")
[INFO] [stderr]   cargo:rerun-if-env-changed=CARGO_FEATURE_SSL
[INFO] [stderr]   cargo:warning=Target platform: 'x86_64-unknown-linux-gnu'
[INFO] [stderr]   cargo:root=/opt/rustwide/target/debug/build/aws-lc-sys/416441071bc95c1d/out
[INFO] [stderr]   cargo:rerun-if-env-changed=AWS_LC_SYS_TARGET_CFLAGS_x86_64_unknown_linux_gnu
[INFO] [stderr]   cargo:rerun-if-env-changed=AWS_LC_SYS_TARGET_CFLAGS
[INFO] [stderr]   cargo:rerun-if-env-changed=TARGET_CFLAGS_x86_64_unknown_linux_gnu
[INFO] [stderr]   cargo:rerun-if-env-changed=TARGET_CFLAGS
[INFO] [stderr]   cargo:rerun-if-env-changed=AWS_LC_SYS_CFLAGS_x86_64_unknown_linux_gnu
[INFO] [stderr]   cargo:rerun-if-env-changed=AWS_LC_SYS_CFLAGS
[INFO] [stderr]   cargo:rerun-if-env-changed=CFLAGS_x86_64_unknown_linux_gnu
[INFO] [stderr]   cargo:rerun-if-env-changed=CFLAGS
[INFO] [stderr]   OPT_LEVEL = Some(0)
[INFO] [stderr]   OUT_DIR = Some(/opt/rustwide/target/debug/build/aws-lc-sys/416441071bc95c1d/out)
[INFO] [stderr]   TARGET = Some(x86_64-unknown-linux-gnu)
[INFO] [stderr]   CARGO_ENCODED_RUSTFLAGS = Some(--cap-lints=forbid)
[INFO] [stderr]   HOST = Some(x86_64-unknown-linux-gnu)
[INFO] [stderr]   cargo:rerun-if-env-changed=CC_x86_64-unknown-linux-gnu
[INFO] [stderr]   CC_x86_64-unknown-linux-gnu = None
[INFO] [stderr]   cargo:rerun-if-env-changed=CC_x86_64_unknown_linux_gnu
[INFO] [stderr]   CC_x86_64_unknown_linux_gnu = None
[INFO] [stderr]   cargo:rerun-if-env-changed=HOST_CC
[INFO] [stderr]   HOST_CC = None
[INFO] [stderr]   cargo:rerun-if-env-changed=CC
[INFO] [stderr]   CC = None
[INFO] [stderr]   cargo:rerun-if-env-changed=CC_ENABLE_DEBUG_OUTPUT
[INFO] [stderr]   RUSTC_WRAPPER = None
[INFO] [stderr]   cargo:rerun-if-env-changed=CRATE_CC_NO_DEFAULTS
[INFO] [stderr]   CRATE_CC_NO_DEFAULTS = None
[INFO] [stderr]   DEBUG = Some(true)
[INFO] [stderr]   CARGO_CFG_TARGET_FEATURE = Some(fxsr,sse,sse2,x87)
[INFO] [stderr]   cargo:rerun-if-env-changed=CFLAGS
[INFO] [stderr]   CFLAGS = None
[INFO] [stderr]   cargo:rerun-if-env-changed=HOST_CFLAGS
[INFO] [stderr]   HOST_CFLAGS = None
[INFO] [stderr]   cargo:rerun-if-env-changed=CFLAGS_x86_64_unknown_linux_gnu
[INFO] [stderr]   CFLAGS_x86_64_unknown_linux_gnu = None
[INFO] [stderr]   cargo:rerun-if-env-changed=CFLAGS_x86_64-unknown-linux-gnu
[INFO] [stderr]   CFLAGS_x86_64-unknown-linux-gnu = None
[INFO] [stderr]   OPT_LEVEL = Some(0)
[INFO] [stderr]   TARGET = Some(x86_64-unknown-linux-gnu)
[INFO] [stderr]   CARGO_ENCODED_RUSTFLAGS = Some(--cap-lints=forbid)
[INFO] [stderr]   HOST = Some(x86_64-unknown-linux-gnu)
[INFO] [stderr]   cargo:rerun-if-env-changed=CC_x86_64-unknown-linux-gnu
[INFO] [stderr]   CC_x86_64-unknown-linux-gnu = None
[INFO] [stderr]   cargo:rerun-if-env-changed=CC_x86_64_unknown_linux_gnu
[INFO] [stderr]   CC_x86_64_unknown_linux_gnu = None
[INFO] [stderr]   cargo:rerun-if-env-changed=HOST_CC
[INFO] [stderr]   HOST_CC = None
[INFO] [stderr]   cargo:rerun-if-env-changed=CC
[INFO] [stderr]   CC = None
[INFO] [stderr]   cargo:rerun-if-env-changed=CC_ENABLE_DEBUG_OUTPUT
[INFO] [stderr]   RUSTC_WRAPPER = None
[INFO] [stderr]   cargo:rerun-if-env-changed=CRATE_CC_NO_DEFAULTS
[INFO] [stderr]   CRATE_CC_NO_DEFAULTS = None
[INFO] [stderr]   DEBUG = Some(true)
[INFO] [stderr]   CARGO_CFG_TARGET_FEATURE = Some(fxsr,sse,sse2,x87)
[INFO] [stderr]   cargo:rerun-if-env-changed=CFLAGS
[INFO] [stderr]   CFLAGS = None
[INFO] [stderr]   cargo:rerun-if-env-changed=HOST_CFLAGS
[INFO] [stderr]   HOST_CFLAGS = None
[INFO] [stderr]   cargo:rerun-if-env-changed=CFLAGS_x86_64_unknown_linux_gnu
[INFO] [stderr]   CFLAGS_x86_64_unknown_linux_gnu = None
[INFO] [stderr]   cargo:rerun-if-env-changed=CFLAGS_x86_64-unknown-linux-gnu
[INFO] [stderr]   CFLAGS_x86_64-unknown-linux-gnu = None
[INFO] [stderr]   cargo:warning=Compilation of 'c11.c' succeeded - Ok(["/opt/rustwide/target/debug/build/aws-lc-sys/416441071bc95c1d/out/out-c11/7dfda64fdf5a526c-c11.o"]).
[INFO] [stderr]   cargo:rerun-if-env-changed=AWS_LC_SYS_TARGET_CC_x86_64_unknown_linux_gnu
[INFO] [stderr]   cargo:rerun-if-env-changed=AWS_LC_SYS_TARGET_CC
[INFO] [stderr]   cargo:rerun-if-env-changed=TARGET_CC_x86_64_unknown_linux_gnu
[INFO] [stderr]   cargo:rerun-if-env-changed=TARGET_CC
[INFO] [stderr]   cargo:rerun-if-env-changed=AWS_LC_SYS_CC_x86_64_unknown_linux_gnu
[INFO] [stderr]   cargo:rerun-if-env-changed=AWS_LC_SYS_CC
[INFO] [stderr]   cargo:rerun-if-env-changed=CC_x86_64_unknown_linux_gnu
[INFO] [stderr]   cargo:rerun-if-env-changed=CC
[INFO] [stderr]   cargo:rerun-if-env-changed=AWS_LC_SYS_TARGET_CXX_x86_64_unknown_linux_gnu
[INFO] [stderr]   cargo:rerun-if-env-changed=AWS_LC_SYS_TARGET_CXX
[INFO] [stderr]   cargo:rerun-if-env-changed=TARGET_CXX_x86_64_unknown_linux_gnu
[INFO] [stderr]   cargo:rerun-if-env-changed=TARGET_CXX
[INFO] [stderr]   cargo:rerun-if-env-changed=AWS_LC_SYS_CXX_x86_64_unknown_linux_gnu
[INFO] [stderr]   cargo:rerun-if-env-changed=AWS_LC_SYS_CXX
[INFO] [stderr]   cargo:rerun-if-env-changed=CXX_x86_64_unknown_linux_gnu
[INFO] [stderr]   cargo:rerun-if-env-changed=CXX
[INFO] [stderr]   OPT_LEVEL = Some(0)
[INFO] [stderr]   TARGET = Some(x86_64-unknown-linux-gnu)
[INFO] [stderr]   CARGO_ENCODED_RUSTFLAGS = Some(--cap-lints=forbid)
[INFO] [stderr]   HOST = Some(x86_64-unknown-linux-gnu)
[INFO] [stderr]   cargo:rerun-if-env-changed=CC_x86_64-unknown-linux-gnu
[INFO] [stderr]   CC_x86_64-unknown-linux-gnu = None
[INFO] [stderr]   cargo:rerun-if-env-changed=CC_x86_64_unknown_linux_gnu
[INFO] [stderr]   CC_x86_64_unknown_linux_gnu = None
[INFO] [stderr]   cargo:rerun-if-env-changed=HOST_CC
[INFO] [stderr]   HOST_CC = None
[INFO] [stderr]   cargo:rerun-if-env-changed=CC
[INFO] [stderr]   CC = None
[INFO] [stderr]   cargo:rerun-if-env-changed=CC_ENABLE_DEBUG_OUTPUT
[INFO] [stderr]   RUSTC_WRAPPER = None
[INFO] [stderr]   cargo:rerun-if-env-changed=CRATE_CC_NO_DEFAULTS
[INFO] [stderr]   CRATE_CC_NO_DEFAULTS = None
[INFO] [stderr]   DEBUG = Some(true)
[INFO] [stderr]   CARGO_CFG_TARGET_FEATURE = Some(fxsr,sse,sse2,x87)
[INFO] [stderr]   cargo:rerun-if-env-changed=CFLAGS
[INFO] [stderr]   CFLAGS = None
[INFO] [stderr]   cargo:rerun-if-env-changed=HOST_CFLAGS
[INFO] [stderr]   HOST_CFLAGS = None
[INFO] [stderr]   cargo:rerun-if-env-changed=CFLAGS_x86_64_unknown_linux_gnu
[INFO] [stderr]   CFLAGS_x86_64_unknown_linux_gnu = None
[INFO] [stderr]   cargo:rerun-if-env-changed=CFLAGS_x86_64-unknown-linux-gnu
[INFO] [stderr]   CFLAGS_x86_64-unknown-linux-gnu = None
[INFO] [stderr]   cargo:warning=Compilation of 'stdalign_check.c' succeeded - Ok(["/opt/rustwide/target/debug/build/aws-lc-sys/416441071bc95c1d/out/out-stdalign_check/7dfda64fdf5a526c-stdalign_check.o"]).
[INFO] [stderr]   OPT_LEVEL = Some(0)
[INFO] [stderr]   TARGET = Some(x86_64-unknown-linux-gnu)
[INFO] [stderr]   CARGO_ENCODED_RUSTFLAGS = Some(--cap-lints=forbid)
[INFO] [stderr]   HOST = Some(x86_64-unknown-linux-gnu)
[INFO] [stderr]   cargo:rerun-if-env-changed=CC_x86_64-unknown-linux-gnu
[INFO] [stderr]   CC_x86_64-unknown-linux-gnu = None
[INFO] [stderr]   cargo:rerun-if-env-changed=CC_x86_64_unknown_linux_gnu
[INFO] [stderr]   CC_x86_64_unknown_linux_gnu = None
[INFO] [stderr]   cargo:rerun-if-env-changed=HOST_CC
[INFO] [stderr]   HOST_CC = None
[INFO] [stderr]   cargo:rerun-if-env-changed=CC
[INFO] [stderr]   CC = None
[INFO] [stderr]   cargo:rerun-if-env-changed=CC_ENABLE_DEBUG_OUTPUT
[INFO] [stderr]   RUSTC_WRAPPER = None
[INFO] [stderr]   cargo:rerun-if-env-changed=CRATE_CC_NO_DEFAULTS
[INFO] [stderr]   CRATE_CC_NO_DEFAULTS = None
[INFO] [stderr]   DEBUG = Some(true)
[INFO] [stderr]   CARGO_CFG_TARGET_FEATURE = Some(fxsr,sse,sse2,x87)
[INFO] [stderr]   cargo:rerun-if-env-changed=CFLAGS
[INFO] [stderr]   CFLAGS = None
[INFO] [stderr]   cargo:rerun-if-env-changed=HOST_CFLAGS
[INFO] [stderr]   HOST_CFLAGS = None
[INFO] [stderr]   cargo:rerun-if-env-changed=CFLAGS_x86_64_unknown_linux_gnu
[INFO] [stderr]   CFLAGS_x86_64_unknown_linux_gnu = None
[INFO] [stderr]   cargo:rerun-if-env-changed=CFLAGS_x86_64-unknown-linux-gnu
[INFO] [stderr]   CFLAGS_x86_64-unknown-linux-gnu = None
[INFO] [stderr]   cargo:warning=Compilation of 'builtin_swap_check.c' succeeded - Ok(["/opt/rustwide/target/debug/build/aws-lc-sys/416441071bc95c1d/out/out-builtin_swap_check/7dfda64fdf5a526c-builtin_swap_check.o"]).
[INFO] [stderr]   OPT_LEVEL = Some(0)
[INFO] [stderr]   TARGET = Some(x86_64-unknown-linux-gnu)
[INFO] [stderr]   CARGO_ENCODED_RUSTFLAGS = Some(--cap-lints=forbid)
[INFO] [stderr]   HOST = Some(x86_64-unknown-linux-gnu)
[INFO] [stderr]   cargo:rerun-if-env-changed=CC_x86_64-unknown-linux-gnu
[INFO] [stderr]   CC_x86_64-unknown-linux-gnu = None
[INFO] [stderr]   cargo:rerun-if-env-changed=CC_x86_64_unknown_linux_gnu
[INFO] [stderr]   CC_x86_64_unknown_linux_gnu = None
[INFO] [stderr]   cargo:rerun-if-env-changed=HOST_CC
[INFO] [stderr]   HOST_CC = None
[INFO] [stderr]   cargo:rerun-if-env-changed=CC
[INFO] [stderr]   CC = None
[INFO] [stderr]   cargo:rerun-if-env-changed=CC_ENABLE_DEBUG_OUTPUT
[INFO] [stderr]   RUSTC_WRAPPER = None
[INFO] [stderr]   cargo:rerun-if-env-changed=CRATE_CC_NO_DEFAULTS
[INFO] [stderr]   CRATE_CC_NO_DEFAULTS = None
[INFO] [stderr]   DEBUG = Some(true)
[INFO] [stderr]   CARGO_CFG_TARGET_FEATURE = Some(fxsr,sse,sse2,x87)
[INFO] [stderr]   cargo:rerun-if-env-changed=CFLAGS
[INFO] [stderr]   CFLAGS = None
[INFO] [stderr]   cargo:rerun-if-env-changed=HOST_CFLAGS
[INFO] [stderr]   HOST_CFLAGS = None
[INFO] [stderr]   cargo:rerun-if-env-changed=CFLAGS_x86_64_unknown_linux_gnu
[INFO] [stderr]   CFLAGS_x86_64_unknown_linux_gnu = None
[INFO] [stderr]   cargo:rerun-if-env-changed=CFLAGS_x86_64-unknown-linux-gnu
[INFO] [stderr]   CFLAGS_x86_64-unknown-linux-gnu = None
[INFO] [stderr]   cargo:warning=Compilation of 'linux_random_h.c' succeeded - Ok(["/opt/rustwide/target/debug/build/aws-lc-sys/416441071bc95c1d/out/out-linux_random_h/7dfda64fdf5a526c-linux_random_h.o"]).
[INFO] [stderr]   OPT_LEVEL = Some(0)
[INFO] [stderr]   OUT_DIR = Some(/opt/rustwide/target/debug/build/aws-lc-sys/416441071bc95c1d/out)
[INFO] [stderr]   TARGET = Some(x86_64-unknown-linux-gnu)
[INFO] [stderr]   CARGO_ENCODED_RUSTFLAGS = Some(--cap-lints=forbid)
[INFO] [stderr]   HOST = Some(x86_64-unknown-linux-gnu)
[INFO] [stderr]   cargo:rerun-if-env-changed=CC_x86_64-unknown-linux-gnu
[INFO] [stderr]   CC_x86_64-unknown-linux-gnu = None
[INFO] [stderr]   cargo:rerun-if-env-changed=CC_x86_64_unknown_linux_gnu
[INFO] [stderr]   CC_x86_64_unknown_linux_gnu = None
[INFO] [stderr]   cargo:rerun-if-env-changed=HOST_CC
[INFO] [stderr]   HOST_CC = None
[INFO] [stderr]   cargo:rerun-if-env-changed=CC
[INFO] [stderr]   CC = None
[INFO] [stderr]   cargo:rerun-if-env-changed=CC_ENABLE_DEBUG_OUTPUT
[INFO] [stderr]   RUSTC_WRAPPER = None
[INFO] [stderr]   cargo:rerun-if-env-changed=CRATE_CC_NO_DEFAULTS
[INFO] [stderr]   CRATE_CC_NO_DEFAULTS = None
[INFO] [stderr]   DEBUG = Some(true)
[INFO] [stderr]   CARGO_CFG_TARGET_FEATURE = Some(fxsr,sse,sse2,x87)
[INFO] [stderr]   cargo:rerun-if-env-changed=CFLAGS
[INFO] [stderr]   CFLAGS = None
[INFO] [stderr]   cargo:rerun-if-env-changed=HOST_CFLAGS
[INFO] [stderr]   HOST_CFLAGS = None
[INFO] [stderr]   cargo:rerun-if-env-changed=CFLAGS_x86_64_unknown_linux_gnu
[INFO] [stderr]   CFLAGS_x86_64_unknown_linux_gnu = None
[INFO] [stderr]   cargo:rerun-if-env-changed=CFLAGS_x86_64-unknown-linux-gnu
[INFO] [stderr]   CFLAGS_x86_64-unknown-linux-gnu = None
[INFO] [stderr]   exit status: 0
[INFO] [stderr]   exit status: 0
[INFO] [stderr]   exit status: 0
[INFO] [stderr]   exit status: 0
[INFO] [stderr]   exit status: 0
[INFO] [stderr]   exit status: 0
[INFO] [stderr]   exit status: 0
[INFO] [stderr]   exit status: 0
[INFO] [stderr]   exit status: 0
[INFO] [stderr]   exit status: 0
[INFO] [stderr]   exit status: 0
[INFO] [stderr]   exit status: 0
[INFO] [stderr]   exit status: 0
[INFO] [stderr]   exit status: 0
[INFO] [stderr]   exit status: 0
[INFO] [stderr]   exit status: 0
[INFO] [stderr]   exit status: 0
[INFO] [stderr]   exit status: 0
[INFO] [stderr]   exit status: 0
[INFO] [stderr]   exit status: 0
[INFO] [stderr]   exit status: 0
[INFO] [stderr]   exit status: 0
[INFO] [stderr]   exit status: 0
[INFO] [stderr]   exit status: 0
[INFO] [stderr]   exit status: 0
[INFO] [stderr]   exit status: 0
[INFO] [stderr]   exit status: 0
[INFO] [stderr]   exit status: 0
[INFO] [stderr]   exit status: 0
[INFO] [stderr]   exit status: 0
[INFO] [stderr]   exit status: 0
[INFO] [stderr]   exit status: 0
[INFO] [stderr]   exit status: 0
[INFO] [stderr]   exit status: 0
[INFO] [stderr]   exit status: 0
[INFO] [stderr]   exit status: 0
[INFO] [stderr]   exit status: 0
[INFO] [stderr]   exit status: 0
[INFO] [stderr]   exit status: 0
[INFO] [stderr]   exit status: 0
[INFO] [stderr]   exit status: 0
[INFO] [stderr]   exit status: 0
[INFO] [stderr]   exit status: 0
[INFO] [stderr]   exit status: 0
[INFO] [stderr]   exit status: 0
[INFO] [stderr]   exit status: 0
[INFO] [stderr]   exit status: 0
[INFO] [stderr]   exit status: 0
[INFO] [stderr]   exit status: 0
[INFO] [stderr]   exit status: 0
[INFO] [stderr]   exit status: 0
[INFO] [stderr]   exit status: 0
[INFO] [stderr]   exit status: 0
[INFO] [stderr]   exit status: 0
[INFO] [stderr]   exit status: 0
[INFO] [stderr]   exit status: 0
[INFO] [stderr]   OUT_DIR = Some(/opt/rustwide/target/debug/build/aws-lc-sys/416441071bc95c1d/out)
[INFO] [stderr]   OPT_LEVEL = Some(0)
[INFO] [stderr]   TARGET = Some(x86_64-unknown-linux-gnu)
[INFO] [stderr]   CARGO_ENCODED_RUSTFLAGS = Some(--cap-lints=forbid)
[INFO] [stderr]   HOST = Some(x86_64-unknown-linux-gnu)
[INFO] [stderr]   cargo:rerun-if-env-changed=CC_x86_64-unknown-linux-gnu
[INFO] [stderr]   CC_x86_64-unknown-linux-gnu = None
[INFO] [stderr]   cargo:rerun-if-env-changed=CC_x86_64_unknown_linux_gnu
[INFO] [stderr]   CC_x86_64_unknown_linux_gnu = None
[INFO] [stderr]   cargo:rerun-if-env-changed=HOST_CC
[INFO] [stderr]   HOST_CC = None
[INFO] [stderr]   cargo:rerun-if-env-changed=CC
[INFO] [stderr]   CC = None
[INFO] [stderr]   cargo:rerun-if-env-changed=CC_ENABLE_DEBUG_OUTPUT
[INFO] [stderr]   RUSTC_WRAPPER = None
[INFO] [stderr]   cargo:rerun-if-env-changed=CRATE_CC_NO_DEFAULTS
[INFO] [stderr]   CRATE_CC_NO_DEFAULTS = None
[INFO] [stderr]   DEBUG = Some(true)
[INFO] [stderr]   CARGO_CFG_TARGET_FEATURE = Some(fxsr,sse,sse2,x87)
[INFO] [stderr]   cargo:rerun-if-env-changed=CFLAGS
[INFO] [stderr]   CFLAGS = None
[INFO] [stderr]   cargo:rerun-if-env-changed=HOST_CFLAGS
[INFO] [stderr]   HOST_CFLAGS = None
[INFO] [stderr]   cargo:rerun-if-env-changed=CFLAGS_x86_64_unknown_linux_gnu
[INFO] [stderr]   CFLAGS_x86_64_unknown_linux_gnu = None
[INFO] [stderr]   cargo:rerun-if-env-changed=CFLAGS_x86_64-unknown-linux-gnu
[INFO] [stderr]   CFLAGS_x86_64-unknown-linux-gnu = None
[INFO] [stderr]   exit status: 0
[INFO] [stderr]   exit status: 0
[INFO] [stderr]   exit status: 0
[INFO] [stderr]   exit status: 0
[INFO] [stderr]   exit status: 0
[INFO] [stderr]   exit status: 0
[INFO] [stderr]   exit status: 0
[INFO] [stderr]   exit status: 0
[INFO] [stderr]   exit status: 0
[INFO] [stderr]   exit status: 0
[INFO] [stderr]   exit status: 0
[INFO] [stderr]   exit status: 0
[INFO] [stderr]   exit status: 0
[INFO] [stderr]   exit status: 0
[INFO] [stderr]   exit status: 0
[INFO] [stderr]   exit status: 0
[INFO] [stderr]   exit status: 0
[INFO] [stderr]   exit status: 0
[INFO] [stderr]   exit status: 0
[INFO] [stderr]   exit status: 0
[INFO] [stderr]   exit status: 0
[INFO] [stderr]   exit status: 0
[INFO] [stderr]   exit status: 0
[INFO] [stderr]   exit status: 0
[INFO] [stderr]   exit status: 0
[INFO] [stderr]   exit status: 0
[INFO] [stderr]   exit status: 0
[INFO] [stderr]   exit status: 0
[INFO] [stderr]   exit status: 0
[INFO] [stderr]   exit status: 0
[INFO] [stderr]   exit status: 0
[INFO] [stderr]   exit status: 0
[INFO] [stderr]   exit status: 0
[INFO] [stderr]   exit status: 0
[INFO] [stderr]   exit status: 0
[INFO] [stderr]   exit status: 0
[INFO] [stderr]   exit status: 0
[INFO] [stderr]   exit status: 0
[INFO] [stderr]   exit status: 0
[INFO] [stderr]   exit status: 0
[INFO] [stderr]   exit status: 0
[INFO] [stderr]   exit status: 0
[INFO] [stderr]   exit status: 0
[INFO] [stderr]   exit status: 0
[INFO] [stderr]   exit status: 0
[INFO] [stderr]   exit status: 0
[INFO] [stderr]   exit status: 0
[INFO] [stderr]   exit status: 0
[INFO] [stderr]   exit status: 0
[INFO] [stderr]   exit status: 0
[INFO] [stderr]   exit status: 0
[INFO] [stderr]   exit status: 0
[INFO] [stderr]   exit status: 0
[INFO] [stderr]   exit status: 0
[INFO] [stderr]   exit status: 0
[INFO] [stderr]   exit status: 0
[INFO] [stderr]   exit status: 0
[INFO] [stderr]   exit status: 0
[INFO] [stderr]   exit status: 0
[INFO] [stderr]   exit status: 0
[INFO] [stderr]   exit status: 0
[INFO] [stderr]   exit status: 0
[INFO] [stderr]   exit status: 0
[INFO] [stderr]   exit status: 0
[INFO] [stderr]   exit status: 0
[INFO] [stderr]   exit status: 0
[INFO] [stderr]   exit status: 0
[INFO] [stderr]   exit status: 0
[INFO] [stderr]   exit status: 0
[INFO] [stderr]   exit status: 0
[INFO] [stderr]   exit status: 0
[INFO] [stderr]   exit status: 0
[INFO] [stderr]   exit status: 0
[INFO] [stderr]   exit status: 0
[INFO] [stderr]   exit status: 0
[INFO] [stderr]   exit status: 0
[INFO] [stderr]   exit status: 0
[INFO] [stderr]   exit status: 0
[INFO] [stderr]   exit status: 0
[INFO] [stderr]   exit status: 0
[INFO] [stderr]   exit status: 0
[INFO] [stderr]   exit status: 0
[INFO] [stderr]   exit status: 0
[INFO] [stderr]   exit status: 0
[INFO] [stderr]   exit status: 0
[INFO] [stderr]   exit status: 0
[INFO] [stderr]   exit status: 0
[INFO] [stderr]   exit status: 0
[INFO] [stderr]   exit status: 0
[INFO] [stderr]   exit status: 0
[INFO] [stderr]   exit status: 0
[INFO] [stderr]   exit status: 0
[INFO] [stderr]   exit status: 0
[INFO] [stderr]   exit status: 0
[INFO] [stderr]   exit status: 0
[INFO] [stderr]   exit status: 0
[INFO] [stderr]   exit status: 0
[INFO] [stderr]   exit status: 0
[INFO] [stderr]   exit status: 0
[INFO] [stderr]   exit status: 0
[INFO] [stderr]   exit status: 0
[INFO] [stderr]   exit status: 0
[INFO] [stderr]   exit status: 0
[INFO] [stderr]   exit status: 0
[INFO] [stderr]   exit status: 0
[INFO] [stderr]   exit status: 0
[INFO] [stderr]   exit status: 0
[INFO] [stderr]   exit status: 0
[INFO] [stderr]   exit status: 0
[INFO] [stderr]   exit status: 0
[INFO] [stderr]   exit status: 0
[INFO] [stderr]   exit status: 0
[INFO] [stderr]   exit status: 0
[INFO] [stderr]   exit status: 0
[INFO] [stderr]   exit status: 0
[INFO] [stderr]   exit status: 0
[INFO] [stderr]   exit status: 0
[INFO] [stderr]   exit status: 0
[INFO] [stderr]   exit status: 0
[INFO] [stderr]   exit status: 0
[INFO] [stderr]   exit status: 0
[INFO] [stderr]   exit status: 0
[INFO] [stderr]   exit status: 0
[INFO] [stderr]   exit status: 0
[INFO] [stderr]   exit status: 0
[INFO] [stderr]   exit status: 0
[INFO] [stderr]   exit status: 0
[INFO] [stderr]   exit status: 0
[INFO] [stderr]   exit status: 0
[INFO] [stderr]   exit status: 0
[INFO] [stderr]   exit status: 0
[INFO] [stderr]   exit status: 0
[INFO] [stderr]   exit status: 0
[INFO] [stderr]   exit status: 0
[INFO] [stderr]   exit status: 0
[INFO] [stderr]   exit status: 0
[INFO] [stderr]   exit status: 0
[INFO] [stderr]   exit status: 0
[INFO] [stderr]   exit status: 0
[INFO] [stderr]   exit status: 0
[INFO] [stderr]   exit status: 0
[INFO] [stderr]   exit status: 0
[INFO] [stderr]   exit status: 0
[INFO] [stderr]   exit status: 0
[INFO] [stderr]   exit status: 0
[INFO] [stderr]   exit status: 0
[INFO] [stderr]   exit status: 0
[INFO] [stderr]   exit status: 0
[INFO] [stderr]   exit status: 0
[INFO] [stderr]   exit status: 0
[INFO] [stderr]   exit status: 0
[INFO] [stderr]   exit status: 0
[INFO] [stderr]   exit status: 0
[INFO] [stderr]   exit status: 0
[INFO] [stderr]   exit status: 0
[INFO] [stderr]   exit status: 0
[INFO] [stderr]   exit status: 0
[INFO] [stderr]   exit status: 0
[INFO] [stderr]   exit status: 0
[INFO] [stderr]   exit status: 0
[INFO] [stderr]   exit status: 0
[INFO] [stderr]   exit status: 0
[INFO] [stderr]   exit status: 0
[INFO] [stderr]   exit status: 0
[INFO] [stderr]   exit status: 0
[INFO] [stderr]   exit status: 0
[INFO] [stderr]   exit status: 0
[INFO] [stderr]   exit status: 0
[INFO] [stderr]   exit status: 0
[INFO] [stderr]   exit status: 0
[INFO] [stderr]   exit status: 0
[INFO] [stderr]   exit status: 0
[INFO] [stderr]   exit status: 0
[INFO] [stderr]   exit status: 0
[INFO] [stderr]   exit status: 0
[INFO] [stderr]   exit status: 0
[INFO] [stderr]   exit status: 0
[INFO] [stderr]   exit status: 0
[INFO] [stderr]   exit status: 0
[INFO] [stderr]   exit status: 0
[INFO] [stderr]   exit status: 0
[INFO] [stderr]   exit status: 0
[INFO] [stderr]   exit status: 0
[INFO] [stderr]   exit status: 0
[INFO] [stderr]   exit status: 0
[INFO] [stderr]   exit status: 0
[INFO] [stderr]   exit status: 0
[INFO] [stderr]   exit status: 0
[INFO] [stderr]   exit status: 0
[INFO] [stderr]   exit status: 0
[INFO] [stderr]   exit status: 0
[INFO] [stderr]   exit status: 0
[INFO] [stderr]   exit status: 0
[INFO] [stderr]   exit status: 0
[INFO] [stderr]   exit status: 0
[INFO] [stderr]   exit status: 0
[INFO] [stderr]   exit status: 0
[INFO] [stderr]   exit status: 0
[INFO] [stderr]   exit status: 0
[INFO] [stderr]   exit status: 0
[INFO] [stderr]   exit status: 0
[INFO] [stderr]   exit status: 0
[INFO] [stderr]   exit status: 0
[INFO] [stderr]   exit status: 0
[INFO] [stderr]   exit status: 0
[INFO] [stderr]   exit status: 0
[INFO] [stderr]   exit status: 0
[INFO] [stderr]   exit status: 0
[INFO] [stderr]   exit status: 0
[INFO] [stderr]   exit status: 0
[INFO] [stderr]   exit status: 0
[INFO] [stderr]   exit status: 0
[INFO] [stderr]   exit status: 0
[INFO] [stderr]   exit status: 0
[INFO] [stderr]   exit status: 0
[INFO] [stderr]   exit status: 0
[INFO] [stderr]   exit status: 0
[INFO] [stderr]   exit status: 0
[INFO] [stderr]   exit status: 0
[INFO] [stderr]   exit status: 0
[INFO] [stderr]   exit status: 0
[INFO] [stderr]   exit status: 0
[INFO] [stderr]   exit status: 0
[INFO] [stderr]   exit status: 0
[INFO] [stderr]   exit status: 0
[INFO] [stderr]   exit status: 0
[INFO] [stderr]   exit status: 0
[INFO] [stderr]   exit status: 0
[INFO] [stderr]   exit status: 0
[INFO] [stderr]   exit status: 0
[INFO] [stderr]   exit status: 0
[INFO] [stderr]   exit status: 0
[INFO] [stderr]   exit status: 0
[INFO] [stderr]   exit status: 0
[INFO] [stderr]   exit status: 0
[INFO] [stderr]   exit status: 0
[INFO] [stderr]   exit status: 0
[INFO] [stderr]   exit status: 0
[INFO] [stderr]   exit status: 0
[INFO] [stderr]   exit status: 0
[INFO] [stderr]   exit status: 0
[INFO] [stderr]   exit status: 0
[INFO] [stderr]   exit status: 0
[INFO] [stderr]   exit status: 0
[INFO] [stderr]   exit status: 0
[INFO] [stderr]   exit status: 0
[INFO] [stderr]   exit status: 0
[INFO] [stderr]   exit status: 0
[INFO] [stderr]   exit status: 0
[INFO] [stderr]   exit status: 0
[INFO] [stderr]   exit status: 0
[INFO] [stderr]   exit status: 0
[INFO] [stderr]   exit status: 0
[INFO] [stderr]   exit status: 0
[INFO] [stderr]   exit status: 0
[INFO] [stderr]   exit status: 0
[INFO] [stderr]   exit status: 0
[INFO] [stderr]   exit status: 0
[INFO] [stderr]   exit status: 0
[INFO] [stderr]   exit status: 0
[INFO] [stderr]   exit status: 0
[INFO] [stderr]   exit status: 0
[INFO] [stderr]   exit status: 0
[INFO] [stderr]   exit status: 0
[INFO] [stderr]   exit status: 0
[INFO] [stderr]   exit status: 0
[INFO] [stderr]   exit status: 0
[INFO] [stderr]   exit status: 0
[INFO] [stderr]   exit status: 0
[INFO] [stderr]   exit status: 0
[INFO] [stderr]   exit status: 0
[INFO] [stderr]   exit status: 0
[INFO] [stderr]   exit status: 0
[INFO] [stderr]   exit status: 0
[INFO] [stderr]   exit status: 0
[INFO] [stderr]   exit status: 0
[INFO] [stderr]   exit status: 0
[INFO] [stderr]   exit status: 0
[INFO] [stderr]   exit status: 0
[INFO] [stderr]   exit status: 0
[INFO] [stderr]   exit status: 0
[INFO] [stderr]   exit status: 0
[INFO] [stderr]   exit status: 0
[INFO] [stderr]   exit status: 0
[INFO] [stderr]   exit status: 0
[INFO] [stderr]   exit status: 0
[INFO] [stderr]   exit status: 0
[INFO] [stderr]   exit status: 0
[INFO] [stderr]   exit status: 0
[INFO] [stderr]   exit status: 0
[INFO] [stderr]   exit status: 0
[INFO] [stderr]   exit status: 0
[INFO] [stderr]   exit status: 0
[INFO] [stderr]   exit status: 0
[INFO] [stderr]   cargo:warning=cc: fatal error: Killed signal terminated program cc1
[INFO] [stderr]   cargo:warning=compilation terminated.
[INFO] [stderr]   exit status: 0
[INFO] [stderr]   exit status: 0
[INFO] [stderr]   exit status: 0
[INFO] [stderr]   exit status: 0
[INFO] [stderr]   exit status: 1
[INFO] [stderr]   cargo:warning=ToolExecError: command did not execute successfully (status code exit status: 1): LC_ALL="C" "cc" "-O0" "-ffunction-sections" "-fdata-sections" "-fPIC" "-g" "-gdwarf-4" "-fno-omit-frame-pointer" "-m64" "-std=c11" "-I" "/opt/rustwide/cargo-home/registry/src/index.crates.io-1949cf8c6b5b557f/aws-lc-sys-0.41.0/generated-include" "-I" "/opt/rustwide/cargo-home/registry/src/index.crates.io-1949cf8c6b5b557f/aws-lc-sys-0.41.0/include" "-I" "/opt/rustwide/cargo-home/registry/src/index.crates.io-1949cf8c6b5b557f/aws-lc-sys-0.41.0/aws-lc/include" "-I" "/opt/rustwide/cargo-home/registry/src/index.crates.io-1949cf8c6b5b557f/aws-lc-sys-0.41.0/aws-lc/third_party/s2n-bignum/include" "-I" "/opt/rustwide/cargo-home/registry/src/index.crates.io-1949cf8c6b5b557f/aws-lc-sys-0.41.0/aws-lc/third_party/s2n-bignum/s2n-bignum-imported/include" "-I" "/opt/rustwide/cargo-home/registry/src/index.crates.io-1949cf8c6b5b557f/aws-lc-sys-0.41.0/aws-lc/third_party/jitterentropy/jitterentropy-library" "-I" "/opt/rustwide/cargo-home/registry/src/index.crates.io-1949cf8c6b5b557f/aws-lc-sys-0.41.0/aws-lc/third_party/jitterentropy/jitterentropy-library/src" "-Wall" "-Wextra" "-Wno-unused-parameter" "-pthread" "-D_XOPEN_SOURCE=700" "-DBORINGSSL_IMPLEMENTATION=1" "-DBORINGSSL_PREFIX=aws_lc_0_41_0" "-DAWS_LC_STDALIGN_AVAILABLE=1" "-DAWS_LC_BUILTIN_SWAP_SUPPORTED=1" "-DHAVE_LINUX_RANDOM_H=1" "-o" "/opt/rustwide/target/debug/build/aws-lc-sys/416441071bc95c1d/out/f8e4fd781484bd36-bcm.o" "-c" "/opt/rustwide/cargo-home/registry/src/index.crates.io-1949cf8c6b5b557f/aws-lc-sys-0.41.0/aws-lc/crypto/fipsmodule/bcm.c"
[INFO] [stderr] 
[INFO] [stderr]   --- stderr
[INFO] [stderr] 
[INFO] [stderr] 
[INFO] [stderr]   error occurred in cc-rs: command did not execute successfully (status code exit status: 1): LC_ALL="C" "cc" "-O0" "-ffunction-sections" "-fdata-sections" "-fPIC" "-g" "-gdwarf-4" "-fno-omit-frame-pointer" "-m64" "-std=c11" "-I" "/opt/rustwide/cargo-home/registry/src/index.crates.io-1949cf8c6b5b557f/aws-lc-sys-0.41.0/generated-include" "-I" "/opt/rustwide/cargo-home/registry/src/index.crates.io-1949cf8c6b5b557f/aws-lc-sys-0.41.0/include" "-I" "/opt/rustwide/cargo-home/registry/src/index.crates.io-1949cf8c6b5b557f/aws-lc-sys-0.41.0/aws-lc/include" "-I" "/opt/rustwide/cargo-home/registry/src/index.crates.io-1949cf8c6b5b557f/aws-lc-sys-0.41.0/aws-lc/third_party/s2n-bignum/include" "-I" "/opt/rustwide/cargo-home/registry/src/index.crates.io-1949cf8c6b5b557f/aws-lc-sys-0.41.0/aws-lc/third_party/s2n-bignum/s2n-bignum-imported/include" "-I" "/opt/rustwide/cargo-home/registry/src/index.crates.io-1949cf8c6b5b557f/aws-lc-sys-0.41.0/aws-lc/third_party/jitterentropy/jitterentropy-library" "-I" "/opt/rustwide/cargo-home/registry/src/index.crates.io-1949cf8c6b5b557f/aws-lc-sys-0.41.0/aws-lc/third_party/jitterentropy/jitterentropy-library/src" "-Wall" "-Wextra" "-Wno-unused-parameter" "-pthread" "-D_XOPEN_SOURCE=700" "-DBORINGSSL_IMPLEMENTATION=1" "-DBORINGSSL_PREFIX=aws_lc_0_41_0" "-DAWS_LC_STDALIGN_AVAILABLE=1" "-DAWS_LC_BUILTIN_SWAP_SUPPORTED=1" "-DHAVE_LINUX_RANDOM_H=1" "-o" "/opt/rustwide/target/debug/build/aws-lc-sys/416441071bc95c1d/out/f8e4fd781484bd36-bcm.o" "-c" "/opt/rustwide/cargo-home/registry/src/index.crates.io-1949cf8c6b5b557f/aws-lc-sys-0.41.0/aws-lc/crypto/fipsmodule/bcm.c"
[INFO] [stderr] 
[INFO] [stderr] 
[INFO] running `Command { std: "docker" "inspect" "447e345760278c4d899ef57f208ea3c588301ca39d1c0cb7af68346b0d9f85ce", kill_on_drop: false }`
[INFO] running `Command { std: "docker" "rm" "-f" "447e345760278c4d899ef57f208ea3c588301ca39d1c0cb7af68346b0d9f85ce", kill_on_drop: false }`
[INFO] [stdout] 447e345760278c4d899ef57f208ea3c588301ca39d1c0cb7af68346b0d9f85ce
