[INFO] fetching crate zoi-plugins 1.28.0...
[INFO] checking zoi-plugins-1.28.0 against c79f6bc4fc2389852aeff667626cb3e58adfe71c for pr-164081
[INFO] extracting crate zoi-plugins 1.28.0 into /workspace/builds/worker-0-tc2/source
[INFO] started tweaking crates.io crate zoi-plugins 1.28.0
[INFO] finished tweaking crates.io crate zoi-plugins 1.28.0
[INFO] tweaked toml for crates.io crate zoi-plugins 1.28.0 written to /workspace/builds/worker-0-tc2/source/Cargo.toml
[INFO] validating manifest of crates.io crate zoi-plugins 1.28.0 on toolchain c79f6bc4fc2389852aeff667626cb3e58adfe71c
[INFO] running `Command { std: CARGO_HOME="/workspace/cargo-home" RUSTUP_HOME="/workspace/rustup-home" "/workspace/cargo-home/bin/cargo" "+c79f6bc4fc2389852aeff667626cb3e58adfe71c" "metadata" "--manifest-path" "Cargo.toml" "--no-deps", kill_on_drop: false }`
[INFO] crate crates.io crate zoi-plugins 1.28.0 already has a lockfile, it will not be regenerated
[INFO] running `Command { std: CARGO_HOME="/workspace/cargo-home" RUSTUP_HOME="/workspace/rustup-home" "/workspace/cargo-home/bin/cargo" "+c79f6bc4fc2389852aeff667626cb3e58adfe71c" "fetch" "--manifest-path" "Cargo.toml", kill_on_drop: false }`
[INFO] running `Command { std: "docker" "create" "-v" "/var/lib/crater-agent-workspace/builds/worker-0-tc2/source:/opt/rustwide/workdir:ro,Z" "-v" "/var/lib/crater-agent-workspace/builds/worker-0-tc2/target:/opt/rustwide/target:rw,Z" "-v" "/var/lib/crater-agent-workspace/cargo-home:/opt/rustwide/cargo-home:ro,Z" "-v" "/var/lib/crater-agent-workspace/rustup-home:/opt/rustwide/rustup-home:ro,Z" "-m" "1610612736" "--network" "none" "ghcr.io/rust-lang/crates-build-env/linux@sha256:77db811e55d90add9212f6832c23229e3de5f1c1f9905e8cb07319ea15df73ac" "sleep" "infinity", kill_on_drop: false }`
[INFO] [stdout] 255f6bc8802c6e90b252be6f2244a0097248b76dedc78ffcc7e47cd4a537ccf6
[INFO] running `Command { std: "docker" "start" "255f6bc8802c6e90b252be6f2244a0097248b76dedc78ffcc7e47cd4a537ccf6", kill_on_drop: false }`
[INFO] running `Command { std: "docker" "inspect" "255f6bc8802c6e90b252be6f2244a0097248b76dedc78ffcc7e47cd4a537ccf6", kill_on_drop: false }`
[INFO] running `Command { std: "docker" "exec" "-e" "SOURCE_DIR=/opt/rustwide/workdir" "-e" "CARGO_HOME=/opt/rustwide/cargo-home" "-e" "RUSTUP_HOME=/opt/rustwide/rustup-home" "-e" "CARGO_TARGET_DIR=/opt/rustwide/target" "-w" "/opt/rustwide/workdir" "--user" "0:0" "255f6bc8802c6e90b252be6f2244a0097248b76dedc78ffcc7e47cd4a537ccf6" "/opt/rustwide/cargo-home/bin/cargo" "+c79f6bc4fc2389852aeff667626cb3e58adfe71c" "metadata" "--no-deps" "--format-version=1", kill_on_drop: false }`
[INFO] running `Command { std: "docker" "inspect" "255f6bc8802c6e90b252be6f2244a0097248b76dedc78ffcc7e47cd4a537ccf6", kill_on_drop: false }`
[INFO] running `Command { std: "docker" "exec" "-e" "SOURCE_DIR=/opt/rustwide/workdir" "-e" "CARGO_HOME=/opt/rustwide/cargo-home" "-e" "RUSTUP_HOME=/opt/rustwide/rustup-home" "-e" "CARGO_TARGET_DIR=/opt/rustwide/target" "-e" "CARGO_INCREMENTAL=0" "-e" "RUST_BACKTRACE=full" "-e" "RUSTFLAGS=--cap-lints=forbid" "-e" "RUSTDOCFLAGS=--cap-lints=forbid" "-w" "/opt/rustwide/workdir" "--user" "0:0" "255f6bc8802c6e90b252be6f2244a0097248b76dedc78ffcc7e47cd4a537ccf6" "/opt/rustwide/cargo-home/bin/cargo" "+c79f6bc4fc2389852aeff667626cb3e58adfe71c" "check" "--frozen" "--all" "--all-targets" "--message-format=json", kill_on_drop: false }`
[INFO] [stderr]    Compiling libc v0.2.189
[INFO] [stderr]    Compiling find-msvc-tools v0.1.12
[INFO] [stderr]    Compiling either v1.18.0
[INFO] [stderr]     Checking smallvec v1.16.1
[INFO] [stderr]    Compiling prettyplease v0.2.37
[INFO] [stderr]    Compiling log v0.4.34
[INFO] [stderr]    Compiling regex v1.13.1
[INFO] [stderr]    Compiling anstyle v1.0.14
[INFO] [stderr]    Compiling bindgen v0.72.1
[INFO] [stderr]    Compiling cexpr v0.6.0
[INFO] [stderr]    Compiling syn v3.0.5
[INFO] [stderr]    Compiling syn v2.0.119
[INFO] [stderr]    Compiling rustc-hash v2.1.3
[INFO] [stderr]    Compiling bitflags v2.13.2
[INFO] [stderr]    Compiling rustix v1.1.4
[INFO] [stderr]    Compiling generic-array v0.14.7
[INFO] [stderr]     Checking futures-sink v0.3.34
[INFO] [stderr]    Compiling annotate-snippets v0.11.5
[INFO] [stderr]    Compiling lalrpop-util v0.23.1
[INFO] [stderr]    Compiling itertools v0.13.0
[INFO] [stderr]    Compiling rustls v0.23.45
[INFO] [stderr]     Checking futures-util v0.3.34
[INFO] [stderr]    Compiling indexmap v2.14.2
[INFO] [stderr]    Compiling convert_case v0.10.0
[INFO] [stderr]     Checking lock_api v0.4.14
[INFO] [stderr]     Checking futures-channel v0.3.34
[INFO] [stderr]    Compiling itertools v0.14.0
[INFO] [stderr]     Checking crypto-common v0.1.7
[INFO] [stderr]    Compiling ena v0.14.4
[INFO] [stderr]    Compiling zstd-safe v8.0.0
[INFO] [stderr]     Checking simd-adler32 v0.3.10
[INFO] [stderr]    Compiling thiserror v2.0.20
[INFO] [stderr]    Compiling block-buffer v0.10.4
[INFO] [stderr]     Checking regex-automata v0.4.18
[INFO] [stderr]     Checking digest v0.10.7
[INFO] [stderr]     Checking sacabase v2.0.0
[INFO] [stderr]     Checking sync_wrapper v1.0.2
[INFO] [stderr]     Checking rand_core v0.6.4
[INFO] [stderr]    Compiling sha1collisiondetection v0.3.4
[INFO] [stderr]     Checking libbz2-rs-sys v0.2.5
[INFO] [stderr]    Compiling sha3 v0.10.9
[INFO] [stderr]     Checking clap_lex v1.1.1
[INFO] [stderr]    Compiling cfg_aliases v0.2.2
[INFO] [stderr]    Compiling portable-atomic v1.15.0
[INFO] [stderr]    Compiling petgraph v0.8.3
[INFO] [stderr]     Checking clap_builder v4.6.7
[INFO] [stderr]    Compiling jobserver v0.1.35
[INFO] [stderr]    Compiling clang-sys v1.9.1
[INFO] [stderr]    Compiling parking_lot_core v0.9.12
[INFO] [stderr]     Checking password-hash v0.5.0
[INFO] [stderr]    Compiling cc v1.4.6
[INFO] [stderr]    Compiling parking_lot v0.12.5
[INFO] [stderr]     Checking bzip2 v0.6.1
[INFO] [stderr]    Compiling nix v0.31.3
[INFO] [stderr]     Checking miniz_oxide v0.9.1
[INFO] [stderr]     Checking blake2 v0.10.6
[INFO] [stderr]     Checking digest v0.11.3
[INFO] [stderr]    Compiling string_cache v0.9.0
[INFO] [stderr]     Checking serde_json v1.0.151
[INFO] [stderr]     Checking generic-array v1.4.5
[INFO] [stderr]     Checking zlib-rs v0.6.8
[INFO] [stderr]    Compiling linktime-proc-macro v0.2.3
[INFO] [stderr]     Checking link-section v0.19.3
[INFO] [stderr]     Checking mio v1.2.3
[INFO] [stdout] error[E0493]: destructor of `ArrayBuilder<T, N>` cannot be evaluated at compile-time
[INFO] [stdout]    --> /opt/rustwide/cargo-home/registry/src/index.crates.io-1949cf8c6b5b557f/generic-array-1.4.5/src/internal.rs:103:31
[INFO] [stdout]     |
[INFO] [stdout] 103 |     pub unsafe fn assume_init(self) -> GenericArray<T, N> {
[INFO] [stdout]     |                               ^^^^ the destructor for this type cannot be evaluated in constant functions
[INFO] [stdout] ...
[INFO] [stdout] 109 |     }
[INFO] [stdout]     |     - value is dropped here
[INFO] [stdout] 
[INFO] [stdout] 
[INFO] [stdout] error[E0493]: destructor of `GenericArray<core::mem::MaybeUninit<*const T>, N>` cannot be evaluated at compile-time
[INFO] [stdout]    --> /opt/rustwide/cargo-home/registry/src/index.crates.io-1949cf8c6b5b557f/generic-array-1.4.5/src/lib.rs:983:13
[INFO] [stdout]     |
[INFO] [stdout] 983 |         let mut out: GenericArray<MaybeUninit<*const T>, N> = GenericArray::uninit();
[INFO] [stdout]     |             ^^^^^^^ the destructor for this type cannot be evaluated in constant functions
[INFO] [stdout] ...
[INFO] [stdout] 998 |     }
[INFO] [stdout]     |     - value is dropped here
[INFO] [stdout] 
[INFO] [stdout] 
[INFO] [stdout] error[E0493]: destructor of `GenericArray<core::mem::MaybeUninit<*mut T>, N>` cannot be evaluated at compile-time
[INFO] [stdout]     --> /opt/rustwide/cargo-home/registry/src/index.crates.io-1949cf8c6b5b557f/generic-array-1.4.5/src/lib.rs:1018:13
[INFO] [stdout]      |
[INFO] [stdout] 1018 |         let mut out: GenericArray<MaybeUninit<*mut T>, N> = GenericArray::uninit();
[INFO] [stdout]      |             ^^^^^^^ the destructor for this type cannot be evaluated in constant functions
[INFO] [stdout] ...
[INFO] [stdout] 1033 |     }
[INFO] [stdout]      |     - value is dropped here
[INFO] [stdout] 
[INFO] [stdout] 
[INFO] [stdout] For more information about this error, try `rustc --explain E0493`.
[INFO] [stdout] 
[INFO] [stderr]     Checking socket2 v0.6.5
[INFO] [stderr] error: could not compile `generic-array` (lib) due to 3 previous errors
[INFO] [stderr] warning: build failed, waiting for other jobs to finish...
[INFO] running `Command { std: "docker" "inspect" "255f6bc8802c6e90b252be6f2244a0097248b76dedc78ffcc7e47cd4a537ccf6", kill_on_drop: false }`
[INFO] running `Command { std: "docker" "rm" "-f" "255f6bc8802c6e90b252be6f2244a0097248b76dedc78ffcc7e47cd4a537ccf6", kill_on_drop: false }`
[INFO] [stdout] 255f6bc8802c6e90b252be6f2244a0097248b76dedc78ffcc7e47cd4a537ccf6
