[INFO] fetching crate yas-client 0.5.0...
[INFO] checking yas-client-0.5.0 against c79f6bc4fc2389852aeff667626cb3e58adfe71c for pr-164081
[INFO] extracting crate yas-client 0.5.0 into /workspace/builds/worker-5-tc2/source
[INFO] started tweaking crates.io crate yas-client 0.5.0
[INFO] removed 0 missing examples
[INFO] finished tweaking crates.io crate yas-client 0.5.0
[INFO] tweaked toml for crates.io crate yas-client 0.5.0 written to /workspace/builds/worker-5-tc2/source/Cargo.toml
[INFO] validating manifest of crates.io crate yas-client 0.5.0 on toolchain c79f6bc4fc2389852aeff667626cb3e58adfe71c
[INFO] running `Command { std: CARGO_HOME="/workspace/cargo-home" RUSTUP_HOME="/workspace/rustup-home" "/workspace/cargo-home/bin/cargo" "+c79f6bc4fc2389852aeff667626cb3e58adfe71c" "metadata" "--manifest-path" "Cargo.toml" "--no-deps", kill_on_drop: false }`
[INFO] crate crates.io crate yas-client 0.5.0 already has a lockfile, it will not be regenerated
[INFO] running `Command { std: CARGO_HOME="/workspace/cargo-home" RUSTUP_HOME="/workspace/rustup-home" "/workspace/cargo-home/bin/cargo" "+c79f6bc4fc2389852aeff667626cb3e58adfe71c" "fetch" "--manifest-path" "Cargo.toml", kill_on_drop: false }`
[INFO] running `Command { std: "docker" "create" "-v" "/var/lib/crater-agent-workspace/builds/worker-5-tc2/source:/opt/rustwide/workdir:ro,Z" "-v" "/var/lib/crater-agent-workspace/builds/worker-5-tc2/target:/opt/rustwide/target:rw,Z" "-v" "/var/lib/crater-agent-workspace/cargo-home:/opt/rustwide/cargo-home:ro,Z" "-v" "/var/lib/crater-agent-workspace/rustup-home:/opt/rustwide/rustup-home:ro,Z" "-m" "1610612736" "--network" "none" "ghcr.io/rust-lang/crates-build-env/linux@sha256:77db811e55d90add9212f6832c23229e3de5f1c1f9905e8cb07319ea15df73ac" "sleep" "infinity", kill_on_drop: false }`
[INFO] [stdout] 6969fe9a3318550c4ccf0a7ab2128343c2700d11393bd3133e59ffc417e632bf
[INFO] running `Command { std: "docker" "start" "6969fe9a3318550c4ccf0a7ab2128343c2700d11393bd3133e59ffc417e632bf", kill_on_drop: false }`
[INFO] running `Command { std: "docker" "inspect" "6969fe9a3318550c4ccf0a7ab2128343c2700d11393bd3133e59ffc417e632bf", kill_on_drop: false }`
[INFO] running `Command { std: "docker" "exec" "-e" "SOURCE_DIR=/opt/rustwide/workdir" "-e" "CARGO_HOME=/opt/rustwide/cargo-home" "-e" "RUSTUP_HOME=/opt/rustwide/rustup-home" "-e" "CARGO_TARGET_DIR=/opt/rustwide/target" "-w" "/opt/rustwide/workdir" "--user" "0:0" "6969fe9a3318550c4ccf0a7ab2128343c2700d11393bd3133e59ffc417e632bf" "/opt/rustwide/cargo-home/bin/cargo" "+c79f6bc4fc2389852aeff667626cb3e58adfe71c" "metadata" "--no-deps" "--format-version=1", kill_on_drop: false }`
[INFO] running `Command { std: "docker" "inspect" "6969fe9a3318550c4ccf0a7ab2128343c2700d11393bd3133e59ffc417e632bf", kill_on_drop: false }`
[INFO] running `Command { std: "docker" "exec" "-e" "SOURCE_DIR=/opt/rustwide/workdir" "-e" "CARGO_HOME=/opt/rustwide/cargo-home" "-e" "RUSTUP_HOME=/opt/rustwide/rustup-home" "-e" "CARGO_TARGET_DIR=/opt/rustwide/target" "-e" "CARGO_INCREMENTAL=0" "-e" "RUST_BACKTRACE=full" "-e" "RUSTFLAGS=--cap-lints=forbid" "-e" "RUSTDOCFLAGS=--cap-lints=forbid" "-w" "/opt/rustwide/workdir" "--user" "0:0" "6969fe9a3318550c4ccf0a7ab2128343c2700d11393bd3133e59ffc417e632bf" "/opt/rustwide/cargo-home/bin/cargo" "+c79f6bc4fc2389852aeff667626cb3e58adfe71c" "check" "--frozen" "--all" "--all-targets" "--message-format=json", kill_on_drop: false }`
[INFO] [stderr]    Compiling libc v0.2.189
[INFO] [stderr]     Checking zeroize v1.9.0
[INFO] [stderr]     Checking smallvec v1.16.1
[INFO] [stderr]    Compiling aws-lc-rs v1.18.1
[INFO] [stderr]    Compiling syn v3.0.5
[INFO] [stderr]     Checking futures-channel v0.3.34
[INFO] [stderr]    Compiling serde_core v1.0.229
[INFO] [stderr]     Checking tracing v0.1.44
[INFO] [stderr]    Compiling cfg_aliases v0.2.2
[INFO] [stderr]    Compiling rustls v0.23.45
[INFO] [stderr]    Compiling der_derive v0.7.3
[INFO] [stderr]     Checking flagset v0.4.7
[INFO] [stderr]     Checking const-oid v0.9.6
[INFO] [stderr]    Compiling curve25519-dalek v5.0.0
[INFO] [stderr]     Checking data-encoding v2.11.1
[INFO] [stderr]     Checking hybrid-array v0.4.15
[INFO] [stderr]     Checking generic-array v0.14.7
[INFO] [stderr]     Checking rustls-pki-types v1.15.1
[INFO] [stderr]     Checking der v0.8.2
[INFO] [stderr]     Checking yasna v0.6.0
[INFO] [stderr]    Compiling serde_json v1.0.151
[INFO] [stderr]    Compiling curve25519-dalek v4.1.3
[INFO] [stderr]    Compiling portable-atomic v1.15.0
[INFO] [stderr]    Compiling inotify-sys v0.1.8
[INFO] [stderr]     Checking signature v2.2.0
[INFO] [stderr]    Compiling nix v0.31.3
[INFO] [stderr]     Checking http-body-util v0.1.5
[INFO] [stderr]     Checking inout v0.1.4
[INFO] [stderr]     Checking block-buffer v0.10.4
[INFO] [stderr]     Checking alloc-no-stdlib v3.0.0
[INFO] [stderr]     Checking alloc-stdlib v0.3.0
[INFO] [stderr]     Checking rustls-native-certs v0.8.4
[INFO] [stderr]    Compiling quinn-udp v0.5.15
[INFO] [stderr]     Checking siphasher v1.0.3
[INFO] [stderr]     Checking brotli-decompressor v6.0.0
[INFO] [stderr]     Checking crc32fast v1.5.2
[INFO] [stderr]    Compiling quinn v0.11.12
[INFO] [stderr]     Checking axum-core v0.5.6
[INFO] [stderr]     Checking notify-types v2.1.0
[INFO] [stderr]     Checking num-integer v0.1.47
[INFO] [stderr]    Compiling snow v0.10.0
[INFO] [stderr]     Checking rand_pcg v0.10.2
[INFO] [stderr]     Checking sponge-cursor v0.1.0
[INFO] [stderr]     Checking fastbloom v0.17.0
[INFO] [stderr]     Checking lru-slab v0.1.3
[INFO] [stderr]     Checking lz4_flex v0.14.0
[INFO] [stderr]     Checking matchit v0.8.4
[INFO] [stderr]    Compiling enum_dispatch v0.3.13
[INFO] [stderr]     Checking clap_builder v4.6.7
[INFO] [stderr]     Checking flate2 v1.1.10
[INFO] [stderr]     Checking generic-array v1.4.5
[INFO] [stderr]    Compiling delegate v0.13.5
[INFO] [stderr]     Checking brotli v9.0.0
[INFO] [stderr]     Checking der v0.7.10
[INFO] [stderr]     Checking combine v4.6.8
[INFO] [stderr]     Checking block-buffer v0.12.1
[INFO] [stderr]    Compiling jobserver v0.1.35
[INFO] [stderr]     Checking block-padding v0.4.2
[INFO] [stdout] error[E0493]: destructor of `ArrayBuilder<T, N>` cannot be evaluated at compile-time
[INFO] [stdout]    --> /opt/rustwide/cargo-home/registry/src/index.crates.io-1949cf8c6b5b557f/generic-array-1.4.5/src/internal.rs:103:31
[INFO] [stdout]     |
[INFO] [stdout] 103 |     pub unsafe fn assume_init(self) -> GenericArray<T, N> {
[INFO] [stdout]     |                               ^^^^ the destructor for this type cannot be evaluated in constant functions
[INFO] [stdout] ...
[INFO] [stdout] 109 |     }
[INFO] [stdout]     |     - value is dropped here
[INFO] [stdout] 
[INFO] [stdout] 
[INFO] [stdout] error[E0493]: destructor of `GenericArray<core::mem::MaybeUninit<*const T>, N>` cannot be evaluated at compile-time
[INFO] [stdout]    --> /opt/rustwide/cargo-home/registry/src/index.crates.io-1949cf8c6b5b557f/generic-array-1.4.5/src/lib.rs:983:13
[INFO] [stdout]     |
[INFO] [stdout] 983 |         let mut out: GenericArray<MaybeUninit<*const T>, N> = GenericArray::uninit();
[INFO] [stdout]     |             ^^^^^^^ the destructor for this type cannot be evaluated in constant functions
[INFO] [stdout] ...
[INFO] [stdout] 998 |     }
[INFO] [stdout]     |     - value is dropped here
[INFO] [stdout] 
[INFO] [stdout] 
[INFO] [stdout] error[E0493]: destructor of `GenericArray<core::mem::MaybeUninit<*mut T>, N>` cannot be evaluated at compile-time
[INFO] [stdout]     --> /opt/rustwide/cargo-home/registry/src/index.crates.io-1949cf8c6b5b557f/generic-array-1.4.5/src/lib.rs:1018:13
[INFO] [stdout]      |
[INFO] [stdout] 1018 |         let mut out: GenericArray<MaybeUninit<*mut T>, N> = GenericArray::uninit();
[INFO] [stdout]      |             ^^^^^^^ the destructor for this type cannot be evaluated in constant functions
[INFO] [stdout] ...
[INFO] [stdout] 1033 |     }
[INFO] [stdout]      |     - value is dropped here
[INFO] [stdout] 
[INFO] [stdout] 
[INFO] [stdout] For more information about this error, try `rustc --explain E0493`.
[INFO] [stdout] 
[INFO] [stderr] error: could not compile `generic-array` (lib) due to 3 previous errors
[INFO] [stderr] warning: build failed, waiting for other jobs to finish...
[INFO] running `Command { std: "docker" "inspect" "6969fe9a3318550c4ccf0a7ab2128343c2700d11393bd3133e59ffc417e632bf", kill_on_drop: false }`
[INFO] running `Command { std: "docker" "rm" "-f" "6969fe9a3318550c4ccf0a7ab2128343c2700d11393bd3133e59ffc417e632bf", kill_on_drop: false }`
[INFO] [stdout] 6969fe9a3318550c4ccf0a7ab2128343c2700d11393bd3133e59ffc417e632bf
