[INFO] fetching crate xshellz 0.2.0...
[INFO] checking xshellz-0.2.0 against c79f6bc4fc2389852aeff667626cb3e58adfe71c for pr-164081
[INFO] extracting crate xshellz 0.2.0 into /workspace/builds/worker-6-tc2/source
[INFO] started tweaking crates.io crate xshellz 0.2.0
[INFO] removed 0 missing examples
[INFO] removed 0 missing tests
[INFO] finished tweaking crates.io crate xshellz 0.2.0
[INFO] tweaked toml for crates.io crate xshellz 0.2.0 written to /workspace/builds/worker-6-tc2/source/Cargo.toml
[INFO] validating manifest of crates.io crate xshellz 0.2.0 on toolchain c79f6bc4fc2389852aeff667626cb3e58adfe71c
[INFO] running `Command { std: CARGO_HOME="/workspace/cargo-home" RUSTUP_HOME="/workspace/rustup-home" "/workspace/cargo-home/bin/cargo" "+c79f6bc4fc2389852aeff667626cb3e58adfe71c" "metadata" "--manifest-path" "Cargo.toml" "--no-deps", kill_on_drop: false }`
[INFO] crate crates.io crate xshellz 0.2.0 already has a lockfile, it will not be regenerated
[INFO] running `Command { std: CARGO_HOME="/workspace/cargo-home" RUSTUP_HOME="/workspace/rustup-home" "/workspace/cargo-home/bin/cargo" "+c79f6bc4fc2389852aeff667626cb3e58adfe71c" "fetch" "--manifest-path" "Cargo.toml", kill_on_drop: false }`
[INFO] running `Command { std: "docker" "create" "-v" "/var/lib/crater-agent-workspace/builds/worker-6-tc2/source:/opt/rustwide/workdir:ro,Z" "-v" "/var/lib/crater-agent-workspace/builds/worker-6-tc2/target:/opt/rustwide/target:rw,Z" "-v" "/var/lib/crater-agent-workspace/cargo-home:/opt/rustwide/cargo-home:ro,Z" "-v" "/var/lib/crater-agent-workspace/rustup-home:/opt/rustwide/rustup-home:ro,Z" "-m" "1610612736" "--network" "none" "ghcr.io/rust-lang/crates-build-env/linux@sha256:77db811e55d90add9212f6832c23229e3de5f1c1f9905e8cb07319ea15df73ac" "sleep" "infinity", kill_on_drop: false }`
[INFO] [stdout] 4b3372022b3a8bde791cb38d7a43628a523ef5b5b0fb0ff3ecdf13c7079f0f5c
[INFO] running `Command { std: "docker" "start" "4b3372022b3a8bde791cb38d7a43628a523ef5b5b0fb0ff3ecdf13c7079f0f5c", kill_on_drop: false }`
[INFO] running `Command { std: "docker" "inspect" "4b3372022b3a8bde791cb38d7a43628a523ef5b5b0fb0ff3ecdf13c7079f0f5c", kill_on_drop: false }`
[INFO] running `Command { std: "docker" "exec" "-e" "SOURCE_DIR=/opt/rustwide/workdir" "-e" "CARGO_HOME=/opt/rustwide/cargo-home" "-e" "RUSTUP_HOME=/opt/rustwide/rustup-home" "-e" "CARGO_TARGET_DIR=/opt/rustwide/target" "-w" "/opt/rustwide/workdir" "--user" "0:0" "4b3372022b3a8bde791cb38d7a43628a523ef5b5b0fb0ff3ecdf13c7079f0f5c" "/opt/rustwide/cargo-home/bin/cargo" "+c79f6bc4fc2389852aeff667626cb3e58adfe71c" "metadata" "--no-deps" "--format-version=1", kill_on_drop: false }`
[INFO] running `Command { std: "docker" "inspect" "4b3372022b3a8bde791cb38d7a43628a523ef5b5b0fb0ff3ecdf13c7079f0f5c", kill_on_drop: false }`
[INFO] running `Command { std: "docker" "exec" "-e" "SOURCE_DIR=/opt/rustwide/workdir" "-e" "CARGO_HOME=/opt/rustwide/cargo-home" "-e" "RUSTUP_HOME=/opt/rustwide/rustup-home" "-e" "CARGO_TARGET_DIR=/opt/rustwide/target" "-e" "CARGO_INCREMENTAL=0" "-e" "RUST_BACKTRACE=full" "-e" "RUSTFLAGS=--cap-lints=forbid" "-e" "RUSTDOCFLAGS=--cap-lints=forbid" "-w" "/opt/rustwide/workdir" "--user" "0:0" "4b3372022b3a8bde791cb38d7a43628a523ef5b5b0fb0ff3ecdf13c7079f0f5c" "/opt/rustwide/cargo-home/bin/cargo" "+c79f6bc4fc2389852aeff667626cb3e58adfe71c" "check" "--frozen" "--all" "--all-targets" "--message-format=json", kill_on_drop: false }`
[INFO] [stderr]    Compiling libc v0.2.186
[INFO] [stderr]     Checking zeroize v1.9.0
[INFO] [stderr]     Checking subtle v2.6.1
[INFO] [stderr]    Compiling getrandom v0.4.3
[INFO] [stderr]     Checking cpubits v0.1.1
[INFO] [stderr]     Checking base64ct v1.8.3
[INFO] [stderr]     Checking futures-core v0.3.32
[INFO] [stderr]     Checking futures-sink v0.3.32
[INFO] [stderr]     Checking futures-io v0.3.32
[INFO] [stderr]    Compiling syn v2.0.119
[INFO] [stderr]     Checking base16ct v1.0.0
[INFO] [stderr]    Compiling curve25519-dalek v5.0.0-rc.1
[INFO] [stderr]    Compiling rustls v0.23.42
[INFO] [stderr]    Compiling generic-array v0.14.7
[INFO] [stderr]    Compiling nix v0.31.3
[INFO] [stderr]     Checking log v0.4.33
[INFO] [stderr]     Checking sync_wrapper v1.0.2
[INFO] [stderr]     Checking serde_json v1.0.150
[INFO] [stderr]     Checking ctutils v0.4.2
[INFO] [stderr]     Checking pem-rfc7468 v1.0.0
[INFO] [stderr]     Checking ff v0.14.0
[INFO] [stderr]     Checking futures-channel v0.3.32
[INFO] [stderr]     Checking num-integer v0.1.46
[INFO] [stderr]     Checking keccak v0.2.0
[INFO] [stderr]    Compiling aws-lc-rs v1.17.1
[INFO] [stderr]     Checking miniz_oxide v0.8.9
[INFO] [stderr]     Checking group v0.14.0
[INFO] [stderr]     Checking rustls-pki-types v1.15.0
[INFO] [stderr]     Checking http-body-util v0.1.4
[INFO] [stderr]     Checking aho-corasick v1.1.4
[INFO] [stderr]     Checking hybrid-array v0.4.13
[INFO] [stderr]     Checking hex v0.4.3
[INFO] [stderr]     Checking untrusted v0.7.1
[INFO] [stderr]     Checking der v0.8.1
[INFO] [stderr]     Checking deadpool-runtime v0.1.4
[INFO] [stderr]     Checking data-encoding v2.11.0
[INFO] [stderr]     Checking hex-literal v1.1.0
[INFO] [stderr]     Checking md5 v0.8.1
[INFO] [stderr]     Checking generic-array v1.4.4
[INFO] [stderr]     Checking fastrand v2.4.1
[INFO] [stderr]     Checking webpki-roots v1.0.8
[INFO] [stderr]     Checking flate2 v1.1.9
[INFO] [stderr]     Checking num-bigint v0.4.8
[INFO] [stdout] error[E0493]: destructor of `ArrayBuilder<T, N>` cannot be evaluated at compile-time
[INFO] [stdout]    --> /opt/rustwide/cargo-home/registry/src/index.crates.io-1949cf8c6b5b557f/generic-array-1.4.4/src/internal.rs:103:31
[INFO] [stdout]     |
[INFO] [stdout] 103 |     pub unsafe fn assume_init(self) -> GenericArray<T, N> {
[INFO] [stdout]     |                               ^^^^ the destructor for this type cannot be evaluated in constant functions
[INFO] [stdout] ...
[INFO] [stdout] 109 |     }
[INFO] [stdout]     |     - value is dropped here
[INFO] [stdout] 
[INFO] [stdout] 
[INFO] [stdout] error[E0493]: destructor of `GenericArray<core::mem::MaybeUninit<*const T>, N>` cannot be evaluated at compile-time
[INFO] [stdout]    --> /opt/rustwide/cargo-home/registry/src/index.crates.io-1949cf8c6b5b557f/generic-array-1.4.4/src/lib.rs:981:13
[INFO] [stdout]     |
[INFO] [stdout] 981 |         let mut out: GenericArray<MaybeUninit<*const T>, N> = GenericArray::uninit();
[INFO] [stdout]     |             ^^^^^^^ the destructor for this type cannot be evaluated in constant functions
[INFO] [stdout] ...
[INFO] [stdout] 996 |     }
[INFO] [stdout]     |     - value is dropped here
[INFO] [stdout] 
[INFO] [stdout] 
[INFO] [stdout] error[E0493]: destructor of `GenericArray<core::mem::MaybeUninit<*mut T>, N>` cannot be evaluated at compile-time
[INFO] [stdout]     --> /opt/rustwide/cargo-home/registry/src/index.crates.io-1949cf8c6b5b557f/generic-array-1.4.4/src/lib.rs:1016:13
[INFO] [stdout]      |
[INFO] [stdout] 1016 |         let mut out: GenericArray<MaybeUninit<*mut T>, N> = GenericArray::uninit();
[INFO] [stdout]      |             ^^^^^^^ the destructor for this type cannot be evaluated in constant functions
[INFO] [stdout] ...
[INFO] [stdout] 1031 |     }
[INFO] [stdout]      |     - value is dropped here
[INFO] [stdout] 
[INFO] [stdout] 
[INFO] [stdout] For more information about this error, try `rustc --explain E0493`.
[INFO] [stdout] 
[INFO] [stderr] error: could not compile `generic-array` (lib) due to 3 previous errors
[INFO] [stderr] warning: build failed, waiting for other jobs to finish...
[INFO] running `Command { std: "docker" "inspect" "4b3372022b3a8bde791cb38d7a43628a523ef5b5b0fb0ff3ecdf13c7079f0f5c", kill_on_drop: false }`
[INFO] running `Command { std: "docker" "rm" "-f" "4b3372022b3a8bde791cb38d7a43628a523ef5b5b0fb0ff3ecdf13c7079f0f5c", kill_on_drop: false }`
[INFO] [stdout] 4b3372022b3a8bde791cb38d7a43628a523ef5b5b0fb0ff3ecdf13c7079f0f5c
