[INFO] fetching crate xet-runtime 1.7.0...
[INFO] checking xet-runtime-1.7.0 against c79f6bc4fc2389852aeff667626cb3e58adfe71c for pr-164081
[INFO] extracting crate xet-runtime 1.7.0 into /workspace/builds/worker-5-tc2/source
[INFO] started tweaking crates.io crate xet-runtime 1.7.0
[INFO] removed 0 missing tests
[INFO] finished tweaking crates.io crate xet-runtime 1.7.0
[INFO] tweaked toml for crates.io crate xet-runtime 1.7.0 written to /workspace/builds/worker-5-tc2/source/Cargo.toml
[INFO] validating manifest of crates.io crate xet-runtime 1.7.0 on toolchain c79f6bc4fc2389852aeff667626cb3e58adfe71c
[INFO] running `Command { std: CARGO_HOME="/workspace/cargo-home" RUSTUP_HOME="/workspace/rustup-home" "/workspace/cargo-home/bin/cargo" "+c79f6bc4fc2389852aeff667626cb3e58adfe71c" "metadata" "--manifest-path" "Cargo.toml" "--no-deps", kill_on_drop: false }`
[INFO] crate crates.io crate xet-runtime 1.7.0 already has a lockfile, it will not be regenerated
[INFO] running `Command { std: CARGO_HOME="/workspace/cargo-home" RUSTUP_HOME="/workspace/rustup-home" "/workspace/cargo-home/bin/cargo" "+c79f6bc4fc2389852aeff667626cb3e58adfe71c" "fetch" "--manifest-path" "Cargo.toml", kill_on_drop: false }`
[INFO] [stderr] warning: `package.homepage` is redundant with `package.repository`
[INFO] [stderr]    --> Cargo.toml:127:12
[INFO] [stderr]     |
[INFO] [stderr] 127 | homepage = "https://github.com/huggingface/xet-core"
[INFO] [stderr]     |            ^^^^^^^^^^^^^^^^^^^^^^^^^^^^^^^^^^^^^^^^^
[INFO] [stderr] ...
[INFO] [stderr] 132 | repository = "https://github.com/huggingface/xet-core"
[INFO] [stderr]     |              -----------------------------------------
[INFO] [stderr]     |
[INFO] [stderr]     = note: `cargo::redundant_homepage` is set to `warn` by default
[INFO] [stderr] help: consider removing `package.homepage`
[INFO] [stderr] warning: `xet-runtime` (manifest) generated 1 warning
[INFO] running `Command { std: "docker" "create" "-v" "/var/lib/crater-agent-workspace/builds/worker-5-tc2/source:/opt/rustwide/workdir:ro,Z" "-v" "/var/lib/crater-agent-workspace/builds/worker-5-tc2/target:/opt/rustwide/target:rw,Z" "-v" "/var/lib/crater-agent-workspace/cargo-home:/opt/rustwide/cargo-home:ro,Z" "-v" "/var/lib/crater-agent-workspace/rustup-home:/opt/rustwide/rustup-home:ro,Z" "-m" "1610612736" "--network" "none" "ghcr.io/rust-lang/crates-build-env/linux@sha256:77db811e55d90add9212f6832c23229e3de5f1c1f9905e8cb07319ea15df73ac" "sleep" "infinity", kill_on_drop: false }`
[INFO] [stdout] d56780ce36879d9599b1d63c7fe8f84cff4f077fb80cdb9d3e3d528d2c13d29f
[INFO] running `Command { std: "docker" "start" "d56780ce36879d9599b1d63c7fe8f84cff4f077fb80cdb9d3e3d528d2c13d29f", kill_on_drop: false }`
[INFO] running `Command { std: "docker" "inspect" "d56780ce36879d9599b1d63c7fe8f84cff4f077fb80cdb9d3e3d528d2c13d29f", kill_on_drop: false }`
[INFO] running `Command { std: "docker" "exec" "-e" "SOURCE_DIR=/opt/rustwide/workdir" "-e" "CARGO_HOME=/opt/rustwide/cargo-home" "-e" "RUSTUP_HOME=/opt/rustwide/rustup-home" "-e" "CARGO_TARGET_DIR=/opt/rustwide/target" "-w" "/opt/rustwide/workdir" "--user" "0:0" "d56780ce36879d9599b1d63c7fe8f84cff4f077fb80cdb9d3e3d528d2c13d29f" "/opt/rustwide/cargo-home/bin/cargo" "+c79f6bc4fc2389852aeff667626cb3e58adfe71c" "metadata" "--no-deps" "--format-version=1", kill_on_drop: false }`
[INFO] running `Command { std: "docker" "inspect" "d56780ce36879d9599b1d63c7fe8f84cff4f077fb80cdb9d3e3d528d2c13d29f", kill_on_drop: false }`
[INFO] running `Command { std: "docker" "exec" "-e" "SOURCE_DIR=/opt/rustwide/workdir" "-e" "CARGO_HOME=/opt/rustwide/cargo-home" "-e" "RUSTUP_HOME=/opt/rustwide/rustup-home" "-e" "CARGO_TARGET_DIR=/opt/rustwide/target" "-e" "CARGO_INCREMENTAL=0" "-e" "RUST_BACKTRACE=full" "-e" "RUSTFLAGS=--cap-lints=forbid" "-e" "RUSTDOCFLAGS=--cap-lints=forbid" "-w" "/opt/rustwide/workdir" "--user" "0:0" "d56780ce36879d9599b1d63c7fe8f84cff4f077fb80cdb9d3e3d528d2c13d29f" "/opt/rustwide/cargo-home/bin/cargo" "+c79f6bc4fc2389852aeff667626cb3e58adfe71c" "check" "--frozen" "--all" "--all-targets" "--message-format=json", kill_on_drop: false }`
[INFO] [stderr] warning: `package.homepage` is redundant with `package.repository`
[INFO] [stderr]    --> Cargo.toml:127:12
[INFO] [stderr]     |
[INFO] [stderr] 127 | homepage = "https://github.com/huggingface/xet-core"
[INFO] [stderr]     |            ^^^^^^^^^^^^^^^^^^^^^^^^^^^^^^^^^^^^^^^^^
[INFO] [stderr] ...
[INFO] [stderr] 132 | repository = "https://github.com/huggingface/xet-core"
[INFO] [stderr]     |              -----------------------------------------
[INFO] [stderr]     |
[INFO] [stderr]     = note: `cargo::redundant_homepage` is set to `warn` by default
[INFO] [stderr] help: consider removing `package.homepage`
[INFO] [stderr] warning: `xet-runtime` (manifest) generated 1 warning
[INFO] [stderr]     Checking regex-syntax v0.8.10
[INFO] [stderr]     Checking http v1.4.0
[INFO] [stderr]     Checking mio v1.1.1
[INFO] [stderr]     Checking socket2 v0.6.3
[INFO] [stderr]    Compiling getrandom v0.4.2
[INFO] [stderr]    Compiling crossbeam-utils v0.8.21
[INFO] [stderr]    Compiling num-traits v0.2.19
[INFO] [stderr]     Checking serde_json v1.0.149
[INFO] [stderr]     Checking serde v1.0.228
[INFO] [stderr]     Checking deranged v0.5.8
[INFO] [stderr]     Checking dirs-sys v0.5.0
[INFO] [stderr]     Checking typewit v1.14.2
[INFO] [stderr]     Checking iri-string v0.7.11
[INFO] [stderr]     Checking icu_provider v2.1.1
[INFO] [stderr]     Checking chacha20 v0.10.2
[INFO] [stderr]    Compiling git-version-macro v0.3.9
[INFO] [stderr]     Checking dirs v6.0.0
[INFO] [stderr]     Checking os_str_bytes v6.6.1
[INFO] [stderr]     Checking link-section v0.13.1
[INFO] [stderr]    Compiling linktime-proc-macro v0.1.0
[INFO] [stderr]     Checking icu_normalizer v2.1.1
[INFO] [stderr]     Checking icu_properties v2.1.2
[INFO] [stderr]     Checking crossbeam-channel v0.5.15
[INFO] [stderr]     Checking rand v0.10.1
[INFO] [stderr]     Checking parking_lot_core v0.9.12
[INFO] [stderr]     Checking tokio v1.50.0
[INFO] [stderr]     Checking git-version v0.3.9
[INFO] [stderr]     Checking const_panic v0.2.15
[INFO] [stderr]     Checking sysinfo v0.39.6
[INFO] [stderr]     Checking ctor v1.0.1
[INFO] [stderr]     Checking whoami v2.1.1
[INFO] [stderr]     Checking more-asserts v0.3.1
[INFO] [stderr]     Checking colored v3.1.1
[INFO] [stderr]     Checking oneshot v0.1.13
[INFO] [stderr]     Checking humantime v2.3.0
[INFO] [stderr]     Checking parking_lot v0.12.5
[INFO] [stderr]     Checking tracing-serde v0.2.0
[INFO] [stderr]    Compiling tracing-test-macro v0.2.6
[INFO] [stderr]    Compiling serial_test_derive v3.5.0
[INFO] [stderr]     Checking tempfile v3.27.0
[INFO] [stderr]     Checking http-body v1.0.1
[INFO] [stderr]     Checking konst v0.4.3
[INFO] [stderr]     Checking http-body-util v0.1.3
[INFO] [stderr]     Checking chrono v0.4.44
[INFO] [stderr]     Checking regex-automata v0.4.14
[INFO] [stderr]     Checking serial_test v3.5.0
[INFO] [stderr]     Checking idna_adapter v1.2.1
[INFO] [stderr]     Checking idna v1.1.0
[INFO] [stderr]     Checking time v0.3.47
[INFO] [stderr]     Checking url v2.5.8
[INFO] [stdout] error[E0493]: destructor of `ArrayBuilder<T, N, D>` cannot be evaluated at compile-time
[INFO] [stdout]    --> /opt/rustwide/cargo-home/registry/src/index.crates.io-1949cf8c6b5b557f/konst-0.4.3/src/array/array_builder.rs:421:24
[INFO] [stdout]     |
[INFO] [stdout] 421 |     pub const fn build(self) -> [T; N] {
[INFO] [stdout]     |                        ^^^^ the destructor for this type cannot be evaluated in constant functions
[INFO] [stdout] ...
[INFO] [stdout] 437 |     }
[INFO] [stdout]     |     - value is dropped here
[INFO] [stdout] 
[INFO] [stdout] 
[INFO] [stdout] error[E0493]: destructor of `array_into_iter::IntoIter<T, N, D>` cannot be evaluated at compile-time
[INFO] [stdout]    --> /opt/rustwide/cargo-home/registry/src/index.crates.io-1949cf8c6b5b557f/konst-0.4.3/src/array/array_into_iter.rs:324:34
[INFO] [stdout]     |
[INFO] [stdout] 324 |     pub const fn assert_is_empty(self) {
[INFO] [stdout]     |                                  ^^^^ the destructor for this type cannot be evaluated in constant functions
[INFO] [stdout] ...
[INFO] [stdout] 327 |     }
[INFO] [stdout]     |     - value is dropped here
[INFO] [stdout] 
[INFO] [stdout] 
[INFO] [stdout] error[E0493]: destructor of `Option<(T, U)>` cannot be evaluated at compile-time
[INFO] [stdout]    --> /opt/rustwide/cargo-home/registry/src/index.crates.io-1949cf8c6b5b557f/konst-0.4.3/src/macros/control_flow.rs:83:42
[INFO] [stdout]     |
[INFO] [stdout]  81 |   macro_rules! if_let_Some {
[INFO] [stdout]  82 |       ($some:pat = $e:expr => $then:block $(else $else:block)?) => {
[INFO] [stdout]  83 |           match $crate::option::__opt($e) {opt =>
[INFO] [stdout]     |                                            ^^^ the destructor for this type cannot be evaluated in constant functions
[INFO] [stdout] ...
[INFO] [stdout]  90 |               }
[INFO] [stdout]     |               - value is dropped here
[INFO] [stdout]     |
[INFO] [stdout]    ::: /opt/rustwide/cargo-home/registry/src/index.crates.io-1949cf8c6b5b557f/konst-0.4.3/src/option.rs:635:5
[INFO] [stdout]     |
[INFO] [stdout] 635 | /     crate::if_let_Some! {tuple = opt => {
[INFO] [stdout] 636 | |         crate::destructure!{(l, r) = tuple}
[INFO] [stdout] 637 | |
[INFO] [stdout] 638 | |         (Some(l), Some(r))
[INFO] [stdout] 639 | |     } else {
[INFO] [stdout] 640 | |         (None, None)
[INFO] [stdout] 641 | |     }}
[INFO] [stdout]     | |______- in this macro invocation
[INFO] [stdout] 
[INFO] [stdout] 
[INFO] [stdout] For more information about this error, try `rustc --explain E0493`.
[INFO] [stdout] 
[INFO] [stderr] error: could not compile `konst` (lib) due to 3 previous errors
[INFO] [stderr] warning: build failed, waiting for other jobs to finish...
[INFO] running `Command { std: "docker" "inspect" "d56780ce36879d9599b1d63c7fe8f84cff4f077fb80cdb9d3e3d528d2c13d29f", kill_on_drop: false }`
[INFO] running `Command { std: "docker" "rm" "-f" "d56780ce36879d9599b1d63c7fe8f84cff4f077fb80cdb9d3e3d528d2c13d29f", kill_on_drop: false }`
[INFO] [stdout] d56780ce36879d9599b1d63c7fe8f84cff4f077fb80cdb9d3e3d528d2c13d29f
