[INFO] fetching crate wherry 0.1.1...
[INFO] checking wherry-0.1.1 against c79f6bc4fc2389852aeff667626cb3e58adfe71c for pr-164081
[INFO] extracting crate wherry 0.1.1 into /workspace/builds/worker-5-tc2/source
[INFO] started tweaking crates.io crate wherry 0.1.1
[INFO] finished tweaking crates.io crate wherry 0.1.1
[INFO] tweaked toml for crates.io crate wherry 0.1.1 written to /workspace/builds/worker-5-tc2/source/Cargo.toml
[INFO] validating manifest of crates.io crate wherry 0.1.1 on toolchain c79f6bc4fc2389852aeff667626cb3e58adfe71c
[INFO] running `Command { std: CARGO_HOME="/workspace/cargo-home" RUSTUP_HOME="/workspace/rustup-home" "/workspace/cargo-home/bin/cargo" "+c79f6bc4fc2389852aeff667626cb3e58adfe71c" "metadata" "--manifest-path" "Cargo.toml" "--no-deps", kill_on_drop: false }`
[INFO] crate crates.io crate wherry 0.1.1 already has a lockfile, it will not be regenerated
[INFO] running `Command { std: CARGO_HOME="/workspace/cargo-home" RUSTUP_HOME="/workspace/rustup-home" "/workspace/cargo-home/bin/cargo" "+c79f6bc4fc2389852aeff667626cb3e58adfe71c" "fetch" "--manifest-path" "Cargo.toml", kill_on_drop: false }`
[INFO] running `Command { std: "docker" "create" "-v" "/var/lib/crater-agent-workspace/builds/worker-5-tc2/source:/opt/rustwide/workdir:ro,Z" "-v" "/var/lib/crater-agent-workspace/builds/worker-5-tc2/target:/opt/rustwide/target:rw,Z" "-v" "/var/lib/crater-agent-workspace/cargo-home:/opt/rustwide/cargo-home:ro,Z" "-v" "/var/lib/crater-agent-workspace/rustup-home:/opt/rustwide/rustup-home:ro,Z" "-m" "1610612736" "--network" "none" "ghcr.io/rust-lang/crates-build-env/linux@sha256:77db811e55d90add9212f6832c23229e3de5f1c1f9905e8cb07319ea15df73ac" "sleep" "infinity", kill_on_drop: false }`
[INFO] [stdout] 7a49023d0cf62d83768426b1730ac99c1a9b406c4eac4aa01f0000f77b5adf43
[INFO] running `Command { std: "docker" "start" "7a49023d0cf62d83768426b1730ac99c1a9b406c4eac4aa01f0000f77b5adf43", kill_on_drop: false }`
[INFO] running `Command { std: "docker" "inspect" "7a49023d0cf62d83768426b1730ac99c1a9b406c4eac4aa01f0000f77b5adf43", kill_on_drop: false }`
[INFO] running `Command { std: "docker" "exec" "-e" "SOURCE_DIR=/opt/rustwide/workdir" "-e" "CARGO_HOME=/opt/rustwide/cargo-home" "-e" "RUSTUP_HOME=/opt/rustwide/rustup-home" "-e" "CARGO_TARGET_DIR=/opt/rustwide/target" "-w" "/opt/rustwide/workdir" "--user" "0:0" "7a49023d0cf62d83768426b1730ac99c1a9b406c4eac4aa01f0000f77b5adf43" "/opt/rustwide/cargo-home/bin/cargo" "+c79f6bc4fc2389852aeff667626cb3e58adfe71c" "metadata" "--no-deps" "--format-version=1", kill_on_drop: false }`
[INFO] running `Command { std: "docker" "inspect" "7a49023d0cf62d83768426b1730ac99c1a9b406c4eac4aa01f0000f77b5adf43", kill_on_drop: false }`
[INFO] running `Command { std: "docker" "exec" "-e" "SOURCE_DIR=/opt/rustwide/workdir" "-e" "CARGO_HOME=/opt/rustwide/cargo-home" "-e" "RUSTUP_HOME=/opt/rustwide/rustup-home" "-e" "CARGO_TARGET_DIR=/opt/rustwide/target" "-e" "CARGO_INCREMENTAL=0" "-e" "RUST_BACKTRACE=full" "-e" "RUSTFLAGS=--cap-lints=forbid" "-e" "RUSTDOCFLAGS=--cap-lints=forbid" "-w" "/opt/rustwide/workdir" "--user" "0:0" "7a49023d0cf62d83768426b1730ac99c1a9b406c4eac4aa01f0000f77b5adf43" "/opt/rustwide/cargo-home/bin/cargo" "+c79f6bc4fc2389852aeff667626cb3e58adfe71c" "check" "--frozen" "--all" "--all-targets" "--message-format=json", kill_on_drop: false }`
[INFO] [stderr]    Compiling getrandom v0.4.3
[INFO] [stderr]     Checking hybrid-array v0.4.13
[INFO] [stderr]     Checking http v1.4.2
[INFO] [stderr]     Checking http v0.2.12
[INFO] [stderr]     Checking getrandom v0.2.17
[INFO] [stderr]    Compiling syn v2.0.118
[INFO] [stderr]     Checking num-integer v0.1.46
[INFO] [stderr]     Checking outref v0.5.2
[INFO] [stderr]     Checking vsimd v0.8.0
[INFO] [stderr]    Compiling cc v1.2.65
[INFO] [stderr]     Checking time v0.3.53
[INFO] [stderr]     Checking bytes-utils v0.1.4
[INFO] [stderr]    Compiling aws-lc-rs v1.17.1
[INFO] [stderr]     Checking indexmap v2.14.0
[INFO] [stderr]     Checking pem-rfc7468 v1.0.0
[INFO] [stderr]     Checking rustls-pki-types v1.15.0
[INFO] [stderr]     Checking untrusted v0.7.1
[INFO] [stderr]    Compiling rustls v0.23.41
[INFO] [stderr]    Compiling rustls v0.21.12
[INFO] [stderr]     Checking der v0.8.0
[INFO] [stderr]     Checking socket2 v0.5.10
[INFO] [stderr]     Checking tower v0.5.3
[INFO] [stderr]    Compiling aws-types v1.3.16
[INFO] [stderr]     Checking uuid v1.23.4
[INFO] [stderr]     Checking arc-swap v1.9.2
[INFO] [stderr]     Checking regex-lite v0.1.9
[INFO] [stderr]     Checking urlencoding v2.1.3
[INFO] [stderr]     Checking rustls-native-certs v0.8.4
[INFO] [stderr]     Checking xmlparser v0.13.6
[INFO] [stderr]     Checking rustix v1.1.4
[INFO] [stderr]    Compiling curve25519-dalek v4.1.3
[INFO] [stderr]     Checking base64-simd v0.8.0
[INFO] [stderr]     Checking inout v0.1.4
[INFO] [stderr]     Checking pem-rfc7468 v0.7.0
[INFO] [stderr]     Checking ed25519 v2.2.3
[INFO] [stderr]     Checking cipher v0.4.4
[INFO] [stderr]     Checking nix v0.31.3
[INFO] [stderr]     Checking aws-smithy-xml v0.60.15
[INFO] [stderr]     Checking webpki-roots v1.0.9
[INFO] [stderr]     Checking ssh-encoding v0.2.0
[INFO] [stderr]    Compiling anyhow v1.0.103
[INFO] [stderr]     Checking http-body v0.4.6
[INFO] [stderr]     Checking webpki-roots v0.26.11
[INFO] [stderr]     Checking http-body v1.0.1
[INFO] [stderr]     Checking console v0.15.11
[INFO] [stderr]     Checking sec1 v0.7.3
[INFO] [stderr]     Checking sha1 v0.10.6
[INFO] [stderr]     Checking generic-array v1.4.3
[INFO] [stderr]     Checking num-bigint v0.4.6
[INFO] [stderr]     Checking ssh-cipher v0.2.0
[INFO] [stderr]     Checking http-body-util v0.1.3
[INFO] [stderr]     Checking rand_core v0.6.4
[INFO] [stderr]     Checking shell-words v1.1.1
[INFO] [stderr]     Checking md5 v0.8.0
[INFO] [stderr]     Checking hex-literal v1.1.0
[INFO] [stderr]     Checking daemonize v0.5.0
[INFO] [stderr]    Compiling cmake v0.1.58
[INFO] [stdout] error[E0493]: destructor of `ArrayBuilder<T, N>` cannot be evaluated at compile-time
[INFO] [stdout]    --> /opt/rustwide/cargo-home/registry/src/index.crates.io-1949cf8c6b5b557f/generic-array-1.4.3/src/internal.rs:103:31
[INFO] [stdout]     |
[INFO] [stdout] 103 |     pub unsafe fn assume_init(self) -> GenericArray<T, N> {
[INFO] [stdout]     |                               ^^^^ the destructor for this type cannot be evaluated in constant functions
[INFO] [stdout] ...
[INFO] [stdout] 109 |     }
[INFO] [stdout]     |     - value is dropped here
[INFO] [stdout] 
[INFO] [stdout] 
[INFO] [stdout] error[E0493]: destructor of `GenericArray<core::mem::MaybeUninit<*const T>, N>` cannot be evaluated at compile-time
[INFO] [stdout]    --> /opt/rustwide/cargo-home/registry/src/index.crates.io-1949cf8c6b5b557f/generic-array-1.4.3/src/lib.rs:970:13
[INFO] [stdout]     |
[INFO] [stdout] 970 |         let mut out: GenericArray<MaybeUninit<*const T>, N> = GenericArray::uninit();
[INFO] [stdout]     |             ^^^^^^^ the destructor for this type cannot be evaluated in constant functions
[INFO] [stdout] ...
[INFO] [stdout] 985 |     }
[INFO] [stdout]     |     - value is dropped here
[INFO] [stdout] 
[INFO] [stdout] 
[INFO] [stdout] error[E0493]: destructor of `GenericArray<core::mem::MaybeUninit<*mut T>, N>` cannot be evaluated at compile-time
[INFO] [stdout]     --> /opt/rustwide/cargo-home/registry/src/index.crates.io-1949cf8c6b5b557f/generic-array-1.4.3/src/lib.rs:1005:13
[INFO] [stdout]      |
[INFO] [stdout] 1005 |         let mut out: GenericArray<MaybeUninit<*mut T>, N> = GenericArray::uninit();
[INFO] [stdout]      |             ^^^^^^^ the destructor for this type cannot be evaluated in constant functions
[INFO] [stdout] ...
[INFO] [stdout] 1020 |     }
[INFO] [stdout]      |     - value is dropped here
[INFO] [stdout] 
[INFO] [stdout] 
[INFO] [stdout] For more information about this error, try `rustc --explain E0493`.
[INFO] [stdout] 
[INFO] [stderr]     Checking crypto-common v0.2.2
[INFO] [stderr]     Checking block-buffer v0.12.1
[INFO] [stderr]     Checking block-padding v0.4.2
[INFO] [stderr]     Checking crypto-bigint v0.7.5
[INFO] [stderr]     Checking module-lattice v0.2.3
[INFO] [stderr] error: could not compile `generic-array` (lib) due to 3 previous errors
[INFO] [stderr] warning: build failed, waiting for other jobs to finish...
[INFO] running `Command { std: "docker" "inspect" "7a49023d0cf62d83768426b1730ac99c1a9b406c4eac4aa01f0000f77b5adf43", kill_on_drop: false }`
[INFO] running `Command { std: "docker" "rm" "-f" "7a49023d0cf62d83768426b1730ac99c1a9b406c4eac4aa01f0000f77b5adf43", kill_on_drop: false }`
[INFO] [stdout] 7a49023d0cf62d83768426b1730ac99c1a9b406c4eac4aa01f0000f77b5adf43
