[INFO] fetching crate sys1 0.0.3...
[INFO] checking sys1-0.0.3 against c79f6bc4fc2389852aeff667626cb3e58adfe71c for pr-164081
[INFO] extracting crate sys1 0.0.3 into /workspace/builds/worker-1-tc2/source
[INFO] started tweaking crates.io crate sys1 0.0.3
[INFO] finished tweaking crates.io crate sys1 0.0.3
[INFO] tweaked toml for crates.io crate sys1 0.0.3 written to /workspace/builds/worker-1-tc2/source/Cargo.toml
[INFO] validating manifest of crates.io crate sys1 0.0.3 on toolchain c79f6bc4fc2389852aeff667626cb3e58adfe71c
[INFO] running `Command { std: CARGO_HOME="/workspace/cargo-home" RUSTUP_HOME="/workspace/rustup-home" "/workspace/cargo-home/bin/cargo" "+c79f6bc4fc2389852aeff667626cb3e58adfe71c" "metadata" "--manifest-path" "Cargo.toml" "--no-deps", kill_on_drop: false }`
[INFO] crate crates.io crate sys1 0.0.3 already has a lockfile, it will not be regenerated
[INFO] running `Command { std: CARGO_HOME="/workspace/cargo-home" RUSTUP_HOME="/workspace/rustup-home" "/workspace/cargo-home/bin/cargo" "+c79f6bc4fc2389852aeff667626cb3e58adfe71c" "fetch" "--manifest-path" "Cargo.toml", kill_on_drop: false }`
[INFO] [stderr]     Blocking waiting for file lock on package cache
[INFO] [stderr]     Blocking waiting for file lock on package cache
[INFO] running `Command { std: "docker" "create" "-v" "/var/lib/crater-agent-workspace/builds/worker-1-tc2/source:/opt/rustwide/workdir:ro,Z" "-v" "/var/lib/crater-agent-workspace/builds/worker-1-tc2/target:/opt/rustwide/target:rw,Z" "-v" "/var/lib/crater-agent-workspace/cargo-home:/opt/rustwide/cargo-home:ro,Z" "-v" "/var/lib/crater-agent-workspace/rustup-home:/opt/rustwide/rustup-home:ro,Z" "-m" "1610612736" "--network" "none" "ghcr.io/rust-lang/crates-build-env/linux@sha256:77db811e55d90add9212f6832c23229e3de5f1c1f9905e8cb07319ea15df73ac" "sleep" "infinity", kill_on_drop: false }`
[INFO] [stdout] 35728e35e3887a67598a9b76a0a3da8ef2a36617ce2dc94cfe86e391b1bc09ab
[INFO] running `Command { std: "docker" "start" "35728e35e3887a67598a9b76a0a3da8ef2a36617ce2dc94cfe86e391b1bc09ab", kill_on_drop: false }`
[INFO] running `Command { std: "docker" "inspect" "35728e35e3887a67598a9b76a0a3da8ef2a36617ce2dc94cfe86e391b1bc09ab", kill_on_drop: false }`
[INFO] running `Command { std: "docker" "exec" "-e" "SOURCE_DIR=/opt/rustwide/workdir" "-e" "CARGO_HOME=/opt/rustwide/cargo-home" "-e" "RUSTUP_HOME=/opt/rustwide/rustup-home" "-e" "CARGO_TARGET_DIR=/opt/rustwide/target" "-w" "/opt/rustwide/workdir" "--user" "0:0" "35728e35e3887a67598a9b76a0a3da8ef2a36617ce2dc94cfe86e391b1bc09ab" "/opt/rustwide/cargo-home/bin/cargo" "+c79f6bc4fc2389852aeff667626cb3e58adfe71c" "metadata" "--no-deps" "--format-version=1", kill_on_drop: false }`
[INFO] running `Command { std: "docker" "inspect" "35728e35e3887a67598a9b76a0a3da8ef2a36617ce2dc94cfe86e391b1bc09ab", kill_on_drop: false }`
[INFO] running `Command { std: "docker" "exec" "-e" "SOURCE_DIR=/opt/rustwide/workdir" "-e" "CARGO_HOME=/opt/rustwide/cargo-home" "-e" "RUSTUP_HOME=/opt/rustwide/rustup-home" "-e" "CARGO_TARGET_DIR=/opt/rustwide/target" "-e" "CARGO_INCREMENTAL=0" "-e" "RUST_BACKTRACE=full" "-e" "RUSTFLAGS=--cap-lints=forbid" "-e" "RUSTDOCFLAGS=--cap-lints=forbid" "-w" "/opt/rustwide/workdir" "--user" "0:0" "35728e35e3887a67598a9b76a0a3da8ef2a36617ce2dc94cfe86e391b1bc09ab" "/opt/rustwide/cargo-home/bin/cargo" "+c79f6bc4fc2389852aeff667626cb3e58adfe71c" "check" "--frozen" "--all" "--all-targets" "--message-format=json", kill_on_drop: false }`
[INFO] [stderr]    Compiling serde_core v1.0.229
[INFO] [stderr]     Checking log v0.4.34
[INFO] [stderr]    Compiling zerocopy v0.8.58
[INFO] [stderr]     Checking stable_deref_trait v1.2.1
[INFO] [stderr]     Checking either v1.18.0
[INFO] [stderr]    Compiling syn v3.0.6
[INFO] [stderr]    Compiling num-traits v0.2.19
[INFO] [stderr]    Compiling zerocopy-derive v0.8.58
[INFO] [stderr]    Compiling cc v1.5.0
[INFO] [stderr]    Compiling serde_json v1.0.151
[INFO] [stderr]     Checking getrandom v0.4.3
[INFO] [stderr]     Checking aho-corasick v1.1.5
[INFO] [stderr]    Compiling unicase v2.9.0
[INFO] [stderr]    Compiling rustls v0.23.45
[INFO] [stderr]    Compiling pulp v0.22.3
[INFO] [stderr]    Compiling ahash v0.8.12
[INFO] [stderr]     Checking raw-cpuid v11.6.0
[INFO] [stderr]     Checking tracing v0.1.44
[INFO] [stderr]     Checking tempfile v3.27.0
[INFO] [stderr]     Checking rand v0.10.3
[INFO] [stderr]    Compiling mime_guess v2.0.5
[INFO] [stderr]     Checking colored v3.1.1
[INFO] [stderr]     Checking rayon v1.12.0
[INFO] [stderr]     Checking itertools v0.14.0
[INFO] [stderr]    Compiling dyn-stack-macros v0.1.3
[INFO] [stderr]     Checking reborrow v0.5.5
[INFO] [stderr]     Checking pulp-wasm-simd-flag v0.1.1
[INFO] [stderr]    Compiling seq-macro v0.3.6
[INFO] [stderr]     Checking option-ext v0.2.0
[INFO] [stderr]    Compiling anyhow v1.0.104
[INFO] [stderr]    Compiling darling_core v0.20.11
[INFO] [stderr]    Compiling hybrid-array v0.4.15
[INFO] [stderr]     Checking dirs-sys v0.5.0
[INFO] [stderr]     Checking tracing-log v0.2.0
[INFO] [stderr]     Checking thread_local v1.1.10
[INFO] [stderr]     Checking regex-automata v0.4.18
[INFO] [stderr]     Checking typewit v1.15.2
[INFO] [stderr]     Checking digest v0.11.3
[INFO] [stderr]     Checking time v0.3.55
[INFO] [stderr]     Checking dirs v6.0.0
[INFO] [stderr]    Compiling pin-project-internal v1.1.13
[INFO] [stderr]     Checking crossbeam-channel v0.5.17
[INFO] [stderr]     Checking const_panic v0.2.17
[INFO] [stderr]    Compiling git-version-macro v0.3.9
[INFO] [stderr]     Checking os_str_bytes v6.6.1
[INFO] [stderr]    Compiling smallvec v1.16.2
[INFO] [stderr]     Checking base64 v0.13.1
[INFO] [stderr]     Checking unicode-segmentation v1.13.3
[INFO] [stderr]     Checking symlink v0.1.0
[INFO] [stderr]    Compiling regex-syntax v0.8.11
[INFO] [stderr]    Compiling linktime-proc-macro v0.2.3
[INFO] [stderr]    Compiling radium v0.7.0
[INFO] [stderr]    Compiling konst_proc_macros v0.4.1
[INFO] [stderr]     Checking link-section v0.19.3
[INFO] [stderr]     Checking chrono v0.4.45
[INFO] [stderr]     Checking git-version v0.3.9
[INFO] [stderr]     Checking sha2 v0.11.0
[INFO] [stderr]    Compiling cmake v0.1.58
[INFO] [stderr]     Checking ctor v1.0.13
[INFO] [stderr]     Checking indexmap v2.14.2
[INFO] [stderr]     Checking hashbrown v0.16.1
[INFO] [stderr]     Checking pin-project v1.1.13
[INFO] [stderr]    Compiling crypto-common v0.2.2
[INFO] [stderr]     Checking konst v0.4.3
[INFO] [stderr]    Compiling block-buffer v0.12.1
[INFO] [stderr]     Checking sysinfo v0.38.4
[INFO] [stderr]     Checking whoami v2.1.3
[INFO] [stderr]    Compiling aws-lc-sys v0.45.0
[INFO] [stderr]    Compiling blake3 v1.8.7
[INFO] [stderr]    Compiling onig_sys v69.9.3
[INFO] [stderr]     Checking unicode-normalization-alignments v0.1.12
[INFO] [stderr]     Checking more-asserts v0.3.1
[INFO] [stderr]     Checking tap v1.0.1
[INFO] [stderr]     Checking twox-hash v2.1.4
[INFO] [stderr]    Compiling redb v3.1.3
[INFO] [stderr]     Checking constant_time_eq v0.4.2
[INFO] [stderr]     Checking humantime v2.4.0
[INFO] [stderr]     Checking oneshot v0.1.13
[INFO] [stderr]     Checking arrayvec v0.7.8
[INFO] [stderr]    Compiling const-oid v0.10.2
[INFO] [stderr]     Checking const-str v1.1.0
[INFO] [stderr]     Checking rayon-cond v0.4.0
[INFO] [stderr]     Checking console v0.16.6
[INFO] [stdout] error[E0493]: destructor of `ArrayBuilder<T, N, D>` cannot be evaluated at compile-time
[INFO] [stdout]    --> /opt/rustwide/cargo-home/registry/src/index.crates.io-1949cf8c6b5b557f/konst-0.4.3/src/array/array_builder.rs:421:24
[INFO] [stdout]     |
[INFO] [stdout] 421 |     pub const fn build(self) -> [T; N] {
[INFO] [stdout]     |                        ^^^^ the destructor for this type cannot be evaluated in constant functions
[INFO] [stdout] ...
[INFO] [stdout] 437 |     }
[INFO] [stdout]     |     - value is dropped here
[INFO] [stdout] 
[INFO] [stdout] 
[INFO] [stdout] error[E0493]: destructor of `array_into_iter::IntoIter<T, N, D>` cannot be evaluated at compile-time
[INFO] [stdout]    --> /opt/rustwide/cargo-home/registry/src/index.crates.io-1949cf8c6b5b557f/konst-0.4.3/src/array/array_into_iter.rs:324:34
[INFO] [stdout]     |
[INFO] [stdout] 324 |     pub const fn assert_is_empty(self) {
[INFO] [stdout]     |                                  ^^^^ the destructor for this type cannot be evaluated in constant functions
[INFO] [stdout] ...
[INFO] [stdout] 327 |     }
[INFO] [stdout]     |     - value is dropped here
[INFO] [stdout] 
[INFO] [stdout] 
[INFO] [stderr]     Checking lz4_flex v0.13.1
[INFO] [stderr]    Compiling darling_macro v0.20.11
[INFO] [stdout] error[E0493]: destructor of `Option<(T, U)>` cannot be evaluated at compile-time
[INFO] [stdout]    --> /opt/rustwide/cargo-home/registry/src/index.crates.io-1949cf8c6b5b557f/konst-0.4.3/src/macros/control_flow.rs:83:42
[INFO] [stdout]     |
[INFO] [stdout]  81 |   macro_rules! if_let_Some {
[INFO] [stdout]  82 |       ($some:pat = $e:expr => $then:block $(else $else:block)?) => {
[INFO] [stdout]  83 |           match $crate::option::__opt($e) {opt =>
[INFO] [stdout]     |                                            ^^^ the destructor for this type cannot be evaluated in constant functions
[INFO] [stdout] ...
[INFO] [stdout]  90 |               }
[INFO] [stdout]     |               - value is dropped here
[INFO] [stdout]     |
[INFO] [stdout]    ::: /opt/rustwide/cargo-home/registry/src/index.crates.io-1949cf8c6b5b557f/konst-0.4.3/src/option.rs:635:5
[INFO] [stdout]     |
[INFO] [stdout] 635 | /     crate::if_let_Some! {tuple = opt => {
[INFO] [stdout] 636 | |         crate::destructure!{(l, r) = tuple}
[INFO] [stdout] 637 | |
[INFO] [stdout] 638 | |         (Some(l), Some(r))
[INFO] [stdout] 639 | |     } else {
[INFO] [stdout] 640 | |         (None, None)
[INFO] [stdout] 641 | |     }}
[INFO] [stdout]     | |______- in this macro invocation
[INFO] [stdout] 
[INFO] [stdout] 
[INFO] [stderr]     Checking wyz v0.5.1
[INFO] [stderr]     Checking approx v0.5.1
[INFO] [stderr]    Compiling crc32fast v1.5.2
[INFO] [stderr]     Checking uuid v1.26.1
[INFO] [stderr]    Compiling darling v0.20.11
[INFO] [stderr]    Compiling derive_builder_core v0.20.2
[INFO] [stderr]     Checking countio v0.3.0
[INFO] [stderr]    Compiling mem_dbg-derive v0.3.4
[INFO] [stderr]    Compiling bumpalo v3.20.3
[INFO] [stdout] For more information about this error, try `rustc --explain E0493`.
[INFO] [stdout] 
[INFO] [stderr]     Checking funty v2.0.0
[INFO] [stderr] error: could not compile `konst` (lib) due to 3 previous errors
[INFO] [stderr] warning: build failed, waiting for other jobs to finish...
[INFO] running `Command { std: "docker" "inspect" "35728e35e3887a67598a9b76a0a3da8ef2a36617ce2dc94cfe86e391b1bc09ab", kill_on_drop: false }`
[INFO] running `Command { std: "docker" "rm" "-f" "35728e35e3887a67598a9b76a0a3da8ef2a36617ce2dc94cfe86e391b1bc09ab", kill_on_drop: false }`
[INFO] [stdout] 35728e35e3887a67598a9b76a0a3da8ef2a36617ce2dc94cfe86e391b1bc09ab
