[INFO] fetching crate svod-model 0.2.0...
[INFO] checking svod-model-0.2.0 against c79f6bc4fc2389852aeff667626cb3e58adfe71c for pr-164081
[INFO] extracting crate svod-model 0.2.0 into /workspace/builds/worker-0-tc2/source
[INFO] started tweaking crates.io crate svod-model 0.2.0
[INFO] removed 0 missing examples
[INFO] finished tweaking crates.io crate svod-model 0.2.0
[INFO] tweaked toml for crates.io crate svod-model 0.2.0 written to /workspace/builds/worker-0-tc2/source/Cargo.toml
[INFO] validating manifest of crates.io crate svod-model 0.2.0 on toolchain c79f6bc4fc2389852aeff667626cb3e58adfe71c
[INFO] running `Command { std: CARGO_HOME="/workspace/cargo-home" RUSTUP_HOME="/workspace/rustup-home" "/workspace/cargo-home/bin/cargo" "+c79f6bc4fc2389852aeff667626cb3e58adfe71c" "metadata" "--manifest-path" "Cargo.toml" "--no-deps", kill_on_drop: false }`
[INFO] crate crates.io crate svod-model 0.2.0 already has a lockfile, it will not be regenerated
[INFO] running `Command { std: CARGO_HOME="/workspace/cargo-home" RUSTUP_HOME="/workspace/rustup-home" "/workspace/cargo-home/bin/cargo" "+c79f6bc4fc2389852aeff667626cb3e58adfe71c" "fetch" "--manifest-path" "Cargo.toml", kill_on_drop: false }`
[INFO] running `Command { std: "docker" "create" "-v" "/var/lib/crater-agent-workspace/builds/worker-0-tc2/source:/opt/rustwide/workdir:ro,Z" "-v" "/var/lib/crater-agent-workspace/builds/worker-0-tc2/target:/opt/rustwide/target:rw,Z" "-v" "/var/lib/crater-agent-workspace/cargo-home:/opt/rustwide/cargo-home:ro,Z" "-v" "/var/lib/crater-agent-workspace/rustup-home:/opt/rustwide/rustup-home:ro,Z" "-m" "1610612736" "--network" "none" "ghcr.io/rust-lang/crates-build-env/linux@sha256:77db811e55d90add9212f6832c23229e3de5f1c1f9905e8cb07319ea15df73ac" "sleep" "infinity", kill_on_drop: false }`
[INFO] [stdout] 8e47ba49eb724e8483e86222be98732c960b7aade7d035a3967101fe3b47be94
[INFO] running `Command { std: "docker" "start" "8e47ba49eb724e8483e86222be98732c960b7aade7d035a3967101fe3b47be94", kill_on_drop: false }`
[INFO] running `Command { std: "docker" "inspect" "8e47ba49eb724e8483e86222be98732c960b7aade7d035a3967101fe3b47be94", kill_on_drop: false }`
[INFO] running `Command { std: "docker" "exec" "-e" "SOURCE_DIR=/opt/rustwide/workdir" "-e" "CARGO_HOME=/opt/rustwide/cargo-home" "-e" "RUSTUP_HOME=/opt/rustwide/rustup-home" "-e" "CARGO_TARGET_DIR=/opt/rustwide/target" "-w" "/opt/rustwide/workdir" "--user" "0:0" "8e47ba49eb724e8483e86222be98732c960b7aade7d035a3967101fe3b47be94" "/opt/rustwide/cargo-home/bin/cargo" "+c79f6bc4fc2389852aeff667626cb3e58adfe71c" "metadata" "--no-deps" "--format-version=1", kill_on_drop: false }`
[INFO] running `Command { std: "docker" "inspect" "8e47ba49eb724e8483e86222be98732c960b7aade7d035a3967101fe3b47be94", kill_on_drop: false }`
[INFO] running `Command { std: "docker" "exec" "-e" "SOURCE_DIR=/opt/rustwide/workdir" "-e" "CARGO_HOME=/opt/rustwide/cargo-home" "-e" "RUSTUP_HOME=/opt/rustwide/rustup-home" "-e" "CARGO_TARGET_DIR=/opt/rustwide/target" "-e" "CARGO_INCREMENTAL=0" "-e" "RUST_BACKTRACE=full" "-e" "RUSTFLAGS=--cap-lints=forbid" "-e" "RUSTDOCFLAGS=--cap-lints=forbid" "-w" "/opt/rustwide/workdir" "--user" "0:0" "8e47ba49eb724e8483e86222be98732c960b7aade7d035a3967101fe3b47be94" "/opt/rustwide/cargo-home/bin/cargo" "+c79f6bc4fc2389852aeff667626cb3e58adfe71c" "check" "--frozen" "--all" "--all-targets" "--message-format=json", kill_on_drop: false }`
[INFO] [stderr]    Compiling libc v0.2.190
[INFO] [stderr]    Compiling serde_core v1.0.229
[INFO] [stderr]    Compiling serde v1.0.229
[INFO] [stderr]    Compiling num-traits v0.2.19
[INFO] [stderr]    Compiling serde_derive v1.0.229
[INFO] [stderr]    Compiling zerofrom-derive v0.1.8
[INFO] [stderr]    Compiling serde_json v1.0.151
[INFO] [stderr]     Checking tracing v0.1.44
[INFO] [stderr]    Compiling yoke-derive v0.8.4
[INFO] [stderr]    Compiling zerovec-derive v0.11.6
[INFO] [stderr]    Compiling displaydoc v0.2.7
[INFO] [stderr]    Compiling tokio-macros v2.7.2
[INFO] [stderr]     Checking zerofrom v0.1.8
[INFO] [stderr]    Compiling prettyplease v0.3.0
[INFO] [stderr]    Compiling jobserver v0.1.35
[INFO] [stderr]     Checking futures-io v0.3.34
[INFO] [stderr]    Compiling futures-macro v0.3.34
[INFO] [stderr]     Checking yoke v0.8.3
[INFO] [stderr]     Checking zerovec v0.11.8
[INFO] [stderr]    Compiling cc v1.6.0
[INFO] [stderr]     Checking zerotrie v0.2.5
[INFO] [stderr]     Checking either v1.18.0
[INFO] [stderr]    Compiling glob v0.3.4
[INFO] [stderr]     Checking mio v1.2.4
[INFO] [stderr]     Checking socket2 v0.6.5
[INFO] [stderr]     Checking tinystr v0.8.4
[INFO] [stderr]     Checking icu_locale_core v2.3.0
[INFO] [stderr]     Checking potential_utf v0.1.6
[INFO] [stderr]     Checking dirs-sys v0.5.0
[INFO] [stderr]     Checking tokio v1.53.2
[INFO] [stderr]     Checking icu_collections v2.3.0
[INFO] [stderr]     Checking futures-util v0.3.34
[INFO] [stderr]    Compiling darling_core v0.21.3
[INFO] [stderr]    Compiling clang-sys v1.9.1
[INFO] [stderr]    Compiling cmake v0.1.58
[INFO] [stderr]     Checking icu_provider v2.3.1
[INFO] [stderr]     Checking getrandom v0.4.3
[INFO] [stderr]    Compiling crossbeam-epoch v0.9.21
[INFO] [stderr]    Compiling rustls v0.23.45
[INFO] [stderr]     Checking icu_properties v2.3.0
[INFO] [stderr]    Compiling darling_macro v0.24.1
[INFO] [stderr]     Checking num-integer v0.1.47
[INFO] [stderr]    Compiling regex-syntax v0.8.11
[INFO] [stderr]    Compiling aws-lc-sys v0.45.0
[INFO] [stderr]    Compiling minimal-lexical v0.2.1
[INFO] [stderr]     Checking smallvec v1.16.2
[INFO] [stderr]     Checking digest v0.11.3
[INFO] [stderr]    Compiling nom v7.1.3
[INFO] [stderr]     Checking icu_normalizer v2.3.0
[INFO] [stderr]    Compiling darling v0.24.1
[INFO] [stderr]     Checking idna_adapter v1.2.2
[INFO] [stderr]    Compiling libloading v0.8.9
[INFO] [stderr]    Compiling matrixmultiply v0.3.11
[INFO] [stderr]    Compiling bindgen v0.73.2
[INFO] [stderr]     Checking idna v1.1.0
[INFO] [stderr]    Compiling bon-macros v3.10.2
[INFO] [stderr]    Compiling regex-automata v0.4.18
[INFO] [stderr]     Checking sha2 v0.11.0
[INFO] [stderr]    Compiling darling_macro v0.21.3
[INFO] [stderr]    Compiling darling v0.21.3
[INFO] [stderr]    Compiling enumset_derive v0.15.0
[INFO] [stderr]     Checking tokio-util v0.7.19
[INFO] [stderr]    Compiling cexpr v0.6.0
[INFO] [stderr]     Checking num-complex v0.4.6
[INFO] [stderr]     Checking h2 v0.4.19
[INFO] [stderr]    Compiling rustc-hash v2.1.3
[INFO] [stderr]    Compiling parking_lot_core v0.8.6
[INFO] [stderr]    Compiling derive_more-impl v2.1.1
[INFO] [stderr]     Checking tower v0.5.3
[INFO] [stderr]     Checking enumset v1.1.14
[INFO] [stderr]    Compiling regex v1.13.1
[INFO] [stderr]     Checking time v0.3.55
[INFO] [stderr]    Compiling nix v0.31.3
[INFO] [stderr]     Checking strum v0.28.0
[INFO] [stderr]    Compiling encoding_rs v0.8.42
[INFO] [stderr]     Checking url v2.5.8
[INFO] [stderr]     Checking seize v0.5.1
[INFO] [stderr]     Checking hyper v1.11.1
[INFO] [stderr]    Compiling snafu-derive v0.9.2
[INFO] [stderr]     Checking bstr v1.13.1
[INFO] [stderr]    Compiling thiserror-impl v2.0.21
[INFO] [stderr]     Checking instant v0.1.13
[INFO] [stderr]     Checking hyper-util v0.1.21
[INFO] [stderr]    Compiling crossbeam-deque v0.8.8
[INFO] [stderr]    Compiling multiversion_no_op v1.0.0
[INFO] [stderr]     Checking simdutf8 v0.1.5
[INFO] [stderr]     Checking core_detect v1.0.0
[INFO] [stderr]     Checking bincode v2.0.1
[INFO] [stderr]     Checking bon v3.10.2
[INFO] [stderr]     Checking serde_urlencoded v0.7.1
[INFO] [stderr]     Checking sharded-slab v0.1.7
[INFO] [stderr]     Checking thiserror v2.0.21
[INFO] [stderr]     Checking snafu v0.9.2
[INFO] [stderr]     Checking tower-http v0.6.11
[INFO] [stderr]     Checking papaya v0.2.5
[INFO] [stderr]     Checking derive_more v2.1.1
[INFO] [stderr]     Checking svod-dtype v0.2.0
[INFO] [stderr]     Checking ndarray v0.17.2
[INFO] [stderr]     Checking parking_lot_core v0.9.12
[INFO] [stderr]     Checking tracing-serde v0.2.0
[INFO] [stderr]     Checking matchers v0.2.0
[INFO] [stderr]    Compiling svod-macros v0.2.0
[INFO] [stderr]    Compiling zerocopy v0.8.59
[INFO] [stderr]     Checking xxhash-rust v0.8.19
[INFO] [stderr]     Checking const_panic v0.2.17
[INFO] [stderr]     Checking tracing-subscriber v0.3.23
[INFO] [stderr]     Checking tempfile v3.27.0
[INFO] [stderr]     Checking rand v0.10.3
[INFO] [stderr]     Checking parking_lot v0.12.5
[INFO] [stderr]     Checking parking_lot v0.11.2
[INFO] [stderr]     Checking futures-executor v0.3.34
[INFO] [stderr]    Compiling libffi-sys v4.2.2
[INFO] [stderr]    Compiling blake3 v1.8.7
[INFO] [stderr]    Compiling zstd-sys v2.1.0+zstd.1.5.7
[INFO] [stderr]     Checking dirs v6.0.0
[INFO] [stderr]     Checking fs2 v0.4.3
[INFO] [stderr]     Checking memmap2 v0.9.11
[INFO] [stderr]    Compiling pin-project-internal v1.1.13
[INFO] [stderr]    Compiling zerocopy-derive v0.8.59
[INFO] [stderr]    Compiling git-version-macro v0.3.9
[INFO] [stderr]    Compiling async-trait v0.1.92
[INFO] [stderr]     Checking os_str_bytes v6.6.1
[INFO] [stderr]     Checking object v0.40.0
[INFO] [stderr]     Checking libloading v0.9.0
[INFO] [stderr]     Checking simd-adler32 v0.3.10
[INFO] [stderr]    Compiling linktime-proc-macro v0.2.3
[INFO] [stderr]     Checking link-section v0.19.3
[INFO] [stderr]     Checking konst v0.4.3
[INFO] [stderr]     Checking ctor v1.0.13
[INFO] [stderr]     Checking tracing-appender v0.2.5
[INFO] [stderr]     Checking chrono v0.4.45
[INFO] [stdout] error[E0493]: destructor of `ArrayBuilder<T, N, D>` cannot be evaluated at compile-time
[INFO] [stdout]    --> /opt/rustwide/cargo-home/registry/src/index.crates.io-1949cf8c6b5b557f/konst-0.4.3/src/array/array_builder.rs:421:24
[INFO] [stdout]     |
[INFO] [stdout] 421 |     pub const fn build(self) -> [T; N] {
[INFO] [stdout]     |                        ^^^^ the destructor for this type cannot be evaluated in constant functions
[INFO] [stdout] ...
[INFO] [stdout] 437 |     }
[INFO] [stdout]     |     - value is dropped here
[INFO] [stdout] 
[INFO] [stdout] 
[INFO] [stdout] error[E0493]: destructor of `array_into_iter::IntoIter<T, N, D>` cannot be evaluated at compile-time
[INFO] [stdout]    --> /opt/rustwide/cargo-home/registry/src/index.crates.io-1949cf8c6b5b557f/konst-0.4.3/src/array/array_into_iter.rs:324:34
[INFO] [stdout]     |
[INFO] [stdout] 324 |     pub const fn assert_is_empty(self) {
[INFO] [stdout]     |                                  ^^^^ the destructor for this type cannot be evaluated in constant functions
[INFO] [stdout] ...
[INFO] [stdout] 327 |     }
[INFO] [stdout]     |     - value is dropped here
[INFO] [stdout] 
[INFO] [stdout] 
[INFO] [stdout] error[E0493]: destructor of `Option<(T, U)>` cannot be evaluated at compile-time
[INFO] [stdout]    --> /opt/rustwide/cargo-home/registry/src/index.crates.io-1949cf8c6b5b557f/konst-0.4.3/src/macros/control_flow.rs:83:42
[INFO] [stdout]     |
[INFO] [stdout]  81 |   macro_rules! if_let_Some {
[INFO] [stdout]  82 |       ($some:pat = $e:expr => $then:block $(else $else:block)?) => {
[INFO] [stdout]  83 |           match $crate::option::__opt($e) {opt =>
[INFO] [stdout]     |                                            ^^^ the destructor for this type cannot be evaluated in constant functions
[INFO] [stdout] ...
[INFO] [stdout]  90 |               }
[INFO] [stdout]     |               - value is dropped here
[INFO] [stdout]     |
[INFO] [stdout]    ::: /opt/rustwide/cargo-home/registry/src/index.crates.io-1949cf8c6b5b557f/konst-0.4.3/src/option.rs:635:5
[INFO] [stdout]     |
[INFO] [stdout] 635 | /     crate::if_let_Some! {tuple = opt => {
[INFO] [stdout] 636 | |         crate::destructure!{(l, r) = tuple}
[INFO] [stdout] 637 | |
[INFO] [stdout] 638 | |         (Some(l), Some(r))
[INFO] [stdout] 639 | |     } else {
[INFO] [stdout] 640 | |         (None, None)
[INFO] [stdout] 641 | |     }}
[INFO] [stdout]     | |______- in this macro invocation
[INFO] [stdout] 
[INFO] [stdout] 
[INFO] [stdout] For more information about this error, try `rustc --explain E0493`.
[INFO] [stdout] 
[INFO] [stderr] error: could not compile `konst` (lib) due to 3 previous errors
[INFO] [stderr] warning: build failed, waiting for other jobs to finish...
[INFO] running `Command { std: "docker" "inspect" "8e47ba49eb724e8483e86222be98732c960b7aade7d035a3967101fe3b47be94", kill_on_drop: false }`
[INFO] running `Command { std: "docker" "rm" "-f" "8e47ba49eb724e8483e86222be98732c960b7aade7d035a3967101fe3b47be94", kill_on_drop: false }`
[INFO] [stdout] 8e47ba49eb724e8483e86222be98732c960b7aade7d035a3967101fe3b47be94
