[INFO] fetching crate surrealmx 1.0.0...
[INFO] checking surrealmx-1.0.0 against c79f6bc4fc2389852aeff667626cb3e58adfe71c for pr-164081
[INFO] extracting crate surrealmx 1.0.0 into /workspace/builds/worker-2-tc2/source
[INFO] started tweaking crates.io crate surrealmx 1.0.0
[INFO] removed 0 missing tests
[INFO] finished tweaking crates.io crate surrealmx 1.0.0
[INFO] tweaked toml for crates.io crate surrealmx 1.0.0 written to /workspace/builds/worker-2-tc2/source/Cargo.toml
[INFO] validating manifest of crates.io crate surrealmx 1.0.0 on toolchain c79f6bc4fc2389852aeff667626cb3e58adfe71c
[INFO] running `Command { std: CARGO_HOME="/workspace/cargo-home" RUSTUP_HOME="/workspace/rustup-home" "/workspace/cargo-home/bin/cargo" "+c79f6bc4fc2389852aeff667626cb3e58adfe71c" "metadata" "--manifest-path" "Cargo.toml" "--no-deps", kill_on_drop: false }`
[INFO] crate crates.io crate surrealmx 1.0.0 already has a lockfile, it will not be regenerated
[INFO] running `Command { std: CARGO_HOME="/workspace/cargo-home" RUSTUP_HOME="/workspace/rustup-home" "/workspace/cargo-home/bin/cargo" "+c79f6bc4fc2389852aeff667626cb3e58adfe71c" "fetch" "--manifest-path" "Cargo.toml", kill_on_drop: false }`
[INFO] [stderr] warning: `package.homepage` is redundant with `package.repository`
[INFO] [stderr]    --> Cargo.toml:120:12
[INFO] [stderr]     |
[INFO] [stderr] 120 | homepage = "https://github.com/surrealdb/surrealmx"
[INFO] [stderr]     |            ^^^^^^^^^^^^^^^^^^^^^^^^^^^^^^^^^^^^^^^^
[INFO] [stderr] ...
[INFO] [stderr] 126 | repository = "https://github.com/surrealdb/surrealmx"
[INFO] [stderr]     |              ----------------------------------------
[INFO] [stderr]     |
[INFO] [stderr]     = note: `cargo::redundant_homepage` is set to `warn` by default
[INFO] [stderr] help: consider removing `package.homepage`
[INFO] [stderr] warning: `surrealmx` (manifest) generated 1 warning
[INFO] running `Command { std: "docker" "create" "-v" "/var/lib/crater-agent-workspace/builds/worker-2-tc2/source:/opt/rustwide/workdir:ro,Z" "-v" "/var/lib/crater-agent-workspace/builds/worker-2-tc2/target:/opt/rustwide/target:rw,Z" "-v" "/var/lib/crater-agent-workspace/cargo-home:/opt/rustwide/cargo-home:ro,Z" "-v" "/var/lib/crater-agent-workspace/rustup-home:/opt/rustwide/rustup-home:ro,Z" "-m" "1610612736" "--network" "none" "ghcr.io/rust-lang/crates-build-env/linux@sha256:77db811e55d90add9212f6832c23229e3de5f1c1f9905e8cb07319ea15df73ac" "sleep" "infinity", kill_on_drop: false }`
[INFO] [stdout] a54bfcfb320decfe2c78390f954031ccbd70c1a0e072e3533f744a361c134847
[INFO] running `Command { std: "docker" "start" "a54bfcfb320decfe2c78390f954031ccbd70c1a0e072e3533f744a361c134847", kill_on_drop: false }`
[INFO] running `Command { std: "docker" "inspect" "a54bfcfb320decfe2c78390f954031ccbd70c1a0e072e3533f744a361c134847", kill_on_drop: false }`
[INFO] running `Command { std: "docker" "exec" "-e" "SOURCE_DIR=/opt/rustwide/workdir" "-e" "CARGO_HOME=/opt/rustwide/cargo-home" "-e" "RUSTUP_HOME=/opt/rustwide/rustup-home" "-e" "CARGO_TARGET_DIR=/opt/rustwide/target" "-w" "/opt/rustwide/workdir" "--user" "0:0" "a54bfcfb320decfe2c78390f954031ccbd70c1a0e072e3533f744a361c134847" "/opt/rustwide/cargo-home/bin/cargo" "+c79f6bc4fc2389852aeff667626cb3e58adfe71c" "metadata" "--no-deps" "--format-version=1", kill_on_drop: false }`
[INFO] running `Command { std: "docker" "inspect" "a54bfcfb320decfe2c78390f954031ccbd70c1a0e072e3533f744a361c134847", kill_on_drop: false }`
[INFO] running `Command { std: "docker" "exec" "-e" "SOURCE_DIR=/opt/rustwide/workdir" "-e" "CARGO_HOME=/opt/rustwide/cargo-home" "-e" "RUSTUP_HOME=/opt/rustwide/rustup-home" "-e" "CARGO_TARGET_DIR=/opt/rustwide/target" "-e" "CARGO_INCREMENTAL=0" "-e" "RUST_BACKTRACE=full" "-e" "RUSTFLAGS=--cap-lints=forbid" "-e" "RUSTDOCFLAGS=--cap-lints=forbid" "-w" "/opt/rustwide/workdir" "--user" "0:0" "a54bfcfb320decfe2c78390f954031ccbd70c1a0e072e3533f744a361c134847" "/opt/rustwide/cargo-home/bin/cargo" "+c79f6bc4fc2389852aeff667626cb3e58adfe71c" "check" "--frozen" "--all" "--all-targets" "--message-format=json", kill_on_drop: false }`
[INFO] [stderr] warning: `package.homepage` is redundant with `package.repository`
[INFO] [stderr]    --> Cargo.toml:120:12
[INFO] [stderr]     |
[INFO] [stderr] 120 | homepage = "https://github.com/surrealdb/surrealmx"
[INFO] [stderr]     |            ^^^^^^^^^^^^^^^^^^^^^^^^^^^^^^^^^^^^^^^^
[INFO] [stderr] ...
[INFO] [stderr] 126 | repository = "https://github.com/surrealdb/surrealmx"
[INFO] [stderr]     |              ----------------------------------------
[INFO] [stderr]     |
[INFO] [stderr]     = note: `cargo::redundant_homepage` is set to `warn` by default
[INFO] [stderr] help: consider removing `package.homepage`
[INFO] [stderr] warning: `surrealmx` (manifest) generated 1 warning
[INFO] [stderr]    Compiling serde_core v1.0.229
[INFO] [stderr]    Compiling crossbeam-epoch v0.9.21
[INFO] [stderr]    Compiling cc v1.5.0
[INFO] [stderr]    Compiling syn v3.0.6
[INFO] [stderr]    Compiling zerocopy v0.8.58
[INFO] [stderr]    Compiling zerocopy-derive v0.8.58
[INFO] [stderr]     Checking smallvec v1.16.2
[INFO] [stderr]    Compiling virtue v0.0.18
[INFO] [stderr]     Checking regex-syntax v0.8.11
[INFO] [stderr]     Checking crossbeam-deque v0.8.8
[INFO] [stderr]     Checking memchr v2.8.3
[INFO] [stderr]    Compiling bincode_derive v2.0.1
[INFO] [stderr]     Checking rayon-core v1.13.0
[INFO] [stderr]     Checking parking_lot_core v0.9.12
[INFO] [stderr]     Checking getrandom v0.4.3
[INFO] [stderr]     Checking seize v0.5.1
[INFO] [stderr]     Checking unty v0.0.4
[INFO] [stderr]     Checking parking_lot v0.12.5
[INFO] [stderr]     Checking rayon v1.12.0
[INFO] [stderr]     Checking crossbeam-queue v0.3.14
[INFO] [stderr]     Checking papaya v0.2.5
[INFO] [stderr]     Checking page_size v0.6.0
[INFO] [stderr]     Checking xxhash-rust v0.8.18
[INFO] [stderr]     Checking regex-automata v0.4.18
[INFO] [stderr]    Compiling lz4-sys v1.11.1+lz4-1.10.0
[INFO] [stderr]    Compiling alloca v0.4.0
[INFO] [stderr]     Checking thin-vec v0.2.20
[INFO] [stderr]     Checking tempfile v3.27.0
[INFO] [stderr]     Checking rand v0.10.3
[INFO] [stderr]     Checking serde_json v1.0.151
[INFO] [stderr]    Compiling serde_derive v1.0.229
[INFO] [stderr]    Compiling thiserror-impl v2.0.21
[INFO] [stderr]     Checking regex v1.13.1
[INFO] [stderr]     Checking thiserror v2.0.21
[INFO] [stderr]     Checking serde v1.0.229
[INFO] [stderr]     Checking bytes v1.12.1
[INFO] [stderr]     Checking bincode v2.0.1
[INFO] [stderr]     Checking tinytemplate v1.2.1
[INFO] [stderr]     Checking byteslice v0.2.0
[INFO] [stderr]     Checking artmap v0.6.0
[INFO] [stderr]     Checking half v2.7.1
[INFO] [stderr]     Checking ciborium-ll v0.2.2
[INFO] [stderr]     Checking ciborium v0.2.2
[INFO] [stderr]     Checking criterion v0.8.2
[INFO] [stderr]     Checking lz4 v1.28.1
[INFO] [stderr]     Checking surrealmx v1.0.0 (/opt/rustwide/workdir)
[INFO] [stdout] error[E0493]: destructor of `Transaction` cannot be evaluated at compile-time
[INFO] [stdout]   --> src/tx.rs:94:39
[INFO] [stdout]    |
[INFO] [stdout] 94 |     pub const fn with_snapshot_isolation(mut self) -> Self {
[INFO] [stdout]    |                                          ^^^^^^^^ the destructor for this type cannot be evaluated in constant functions
[INFO] [stdout] ...
[INFO] [stdout] 97 |     }
[INFO] [stdout]    |     - value is dropped here
[INFO] [stdout] 
[INFO] [stdout] 
[INFO] [stdout] error[E0493]: destructor of `Transaction` cannot be evaluated at compile-time
[INFO] [stdout]    --> src/tx.rs:101:52
[INFO] [stdout]     |
[INFO] [stdout] 101 |     pub const fn with_serializable_snapshot_isolation(mut self) -> Self {
[INFO] [stdout]     |                                                       ^^^^^^^^ the destructor for this type cannot be evaluated in constant functions
[INFO] [stdout] ...
[INFO] [stdout] 105 |     }
[INFO] [stdout]     |     - value is dropped here
[INFO] [stdout] 
[INFO] [stdout] 
[INFO] [stdout] For more information about this error, try `rustc --explain E0493`.
[INFO] [stdout] 
[INFO] [stderr] error: could not compile `surrealmx` (lib) due to 2 previous errors
[INFO] [stderr] warning: build failed, waiting for other jobs to finish...
[INFO] [stdout] error[E0493]: destructor of `tx::Transaction` cannot be evaluated at compile-time
[INFO] [stdout]   --> src/tx.rs:94:39
[INFO] [stdout]    |
[INFO] [stdout] 94 |     pub const fn with_snapshot_isolation(mut self) -> Self {
[INFO] [stdout]    |                                          ^^^^^^^^ the destructor for this type cannot be evaluated in constant functions
[INFO] [stdout] ...
[INFO] [stdout] 97 |     }
[INFO] [stdout]    |     - value is dropped here
[INFO] [stdout] 
[INFO] [stdout] 
[INFO] [stdout] error[E0493]: destructor of `tx::Transaction` cannot be evaluated at compile-time
[INFO] [stdout]    --> src/tx.rs:101:52
[INFO] [stdout]     |
[INFO] [stdout] 101 |     pub const fn with_serializable_snapshot_isolation(mut self) -> Self {
[INFO] [stdout]     |                                                       ^^^^^^^^ the destructor for this type cannot be evaluated in constant functions
[INFO] [stdout] ...
[INFO] [stdout] 105 |     }
[INFO] [stdout]     |     - value is dropped here
[INFO] [stdout] 
[INFO] [stdout] 
[INFO] [stdout] For more information about this error, try `rustc --explain E0493`.
[INFO] [stdout] 
[INFO] [stderr] error: could not compile `surrealmx` (lib test) due to 2 previous errors
[INFO] running `Command { std: "docker" "inspect" "a54bfcfb320decfe2c78390f954031ccbd70c1a0e072e3533f744a361c134847", kill_on_drop: false }`
[INFO] running `Command { std: "docker" "rm" "-f" "a54bfcfb320decfe2c78390f954031ccbd70c1a0e072e3533f744a361c134847", kill_on_drop: false }`
[INFO] [stdout] a54bfcfb320decfe2c78390f954031ccbd70c1a0e072e3533f744a361c134847
