[INFO] fetching crate stoich 1.0.0...
[INFO] checking stoich-1.0.0 against c79f6bc4fc2389852aeff667626cb3e58adfe71c for pr-164081
[INFO] extracting crate stoich 1.0.0 into /workspace/builds/worker-1-tc2/source
[INFO] started tweaking crates.io crate stoich 1.0.0
[INFO] removed 0 missing examples
[INFO] removed 0 missing tests
[INFO] finished tweaking crates.io crate stoich 1.0.0
[INFO] tweaked toml for crates.io crate stoich 1.0.0 written to /workspace/builds/worker-1-tc2/source/Cargo.toml
[INFO] validating manifest of crates.io crate stoich 1.0.0 on toolchain c79f6bc4fc2389852aeff667626cb3e58adfe71c
[INFO] running `Command { std: CARGO_HOME="/workspace/cargo-home" RUSTUP_HOME="/workspace/rustup-home" "/workspace/cargo-home/bin/cargo" "+c79f6bc4fc2389852aeff667626cb3e58adfe71c" "metadata" "--manifest-path" "Cargo.toml" "--no-deps", kill_on_drop: false }`
[INFO] crate crates.io crate stoich 1.0.0 already has a lockfile, it will not be regenerated
[INFO] running `Command { std: CARGO_HOME="/workspace/cargo-home" RUSTUP_HOME="/workspace/rustup-home" "/workspace/cargo-home/bin/cargo" "+c79f6bc4fc2389852aeff667626cb3e58adfe71c" "fetch" "--manifest-path" "Cargo.toml", kill_on_drop: false }`
[INFO] [stderr]     Blocking waiting for file lock on package cache
[INFO] [stderr]     Blocking waiting for file lock on package cache
[INFO] running `Command { std: "docker" "create" "-v" "/var/lib/crater-agent-workspace/builds/worker-1-tc2/source:/opt/rustwide/workdir:ro,Z" "-v" "/var/lib/crater-agent-workspace/builds/worker-1-tc2/target:/opt/rustwide/target:rw,Z" "-v" "/var/lib/crater-agent-workspace/cargo-home:/opt/rustwide/cargo-home:ro,Z" "-v" "/var/lib/crater-agent-workspace/rustup-home:/opt/rustwide/rustup-home:ro,Z" "-m" "1610612736" "--network" "none" "ghcr.io/rust-lang/crates-build-env/linux@sha256:77db811e55d90add9212f6832c23229e3de5f1c1f9905e8cb07319ea15df73ac" "sleep" "infinity", kill_on_drop: false }`
[INFO] [stdout] fcbc3a478faada08d76671220a6ebb0419bf2f24cea35314b5a37fd4d8a3d086
[INFO] running `Command { std: "docker" "start" "fcbc3a478faada08d76671220a6ebb0419bf2f24cea35314b5a37fd4d8a3d086", kill_on_drop: false }`
[INFO] running `Command { std: "docker" "inspect" "fcbc3a478faada08d76671220a6ebb0419bf2f24cea35314b5a37fd4d8a3d086", kill_on_drop: false }`
[INFO] running `Command { std: "docker" "exec" "-e" "SOURCE_DIR=/opt/rustwide/workdir" "-e" "CARGO_HOME=/opt/rustwide/cargo-home" "-e" "RUSTUP_HOME=/opt/rustwide/rustup-home" "-e" "CARGO_TARGET_DIR=/opt/rustwide/target" "-w" "/opt/rustwide/workdir" "--user" "0:0" "fcbc3a478faada08d76671220a6ebb0419bf2f24cea35314b5a37fd4d8a3d086" "/opt/rustwide/cargo-home/bin/cargo" "+c79f6bc4fc2389852aeff667626cb3e58adfe71c" "metadata" "--no-deps" "--format-version=1", kill_on_drop: false }`
[INFO] running `Command { std: "docker" "inspect" "fcbc3a478faada08d76671220a6ebb0419bf2f24cea35314b5a37fd4d8a3d086", kill_on_drop: false }`
[INFO] running `Command { std: "docker" "exec" "-e" "SOURCE_DIR=/opt/rustwide/workdir" "-e" "CARGO_HOME=/opt/rustwide/cargo-home" "-e" "RUSTUP_HOME=/opt/rustwide/rustup-home" "-e" "CARGO_TARGET_DIR=/opt/rustwide/target" "-e" "CARGO_INCREMENTAL=0" "-e" "RUST_BACKTRACE=full" "-e" "RUSTFLAGS=--cap-lints=forbid" "-e" "RUSTDOCFLAGS=--cap-lints=forbid" "-w" "/opt/rustwide/workdir" "--user" "0:0" "fcbc3a478faada08d76671220a6ebb0419bf2f24cea35314b5a37fd4d8a3d086" "/opt/rustwide/cargo-home/bin/cargo" "+c79f6bc4fc2389852aeff667626cb3e58adfe71c" "check" "--frozen" "--all" "--all-targets" "--message-format=json", kill_on_drop: false }`
[INFO] [stderr]    Compiling regex-syntax v0.8.10
[INFO] [stderr]    Compiling either v1.15.0
[INFO] [stderr]    Compiling zerocopy v0.8.42
[INFO] [stderr]    Compiling libc v0.2.183
[INFO] [stderr]    Compiling aho-corasick v1.1.4
[INFO] [stderr]    Compiling nom v7.1.3
[INFO] [stderr]    Compiling rustc-hash v2.1.1
[INFO] [stderr]    Compiling zmij v1.0.21
[INFO] [stderr]    Compiling bitflags v2.11.0
[INFO] [stderr]    Compiling cc v1.2.56
[INFO] [stderr]    Compiling gungraun-macros v0.7.2
[INFO] [stderr]    Compiling serde_derive v1.0.228
[INFO] [stderr]    Compiling derive_more-impl v2.1.1
[INFO] [stderr]    Compiling strum_macros v0.27.2
[INFO] [stderr]    Compiling prettyplease v0.2.37
[INFO] [stderr]    Compiling serde_json v1.0.149
[INFO] [stderr]    Compiling gungraun-runner v0.17.2
[INFO] [stderr]    Compiling proc-macro-error2 v2.0.1
[INFO] [stderr]     Checking allocator-api2 v0.4.0
[INFO] [stderr]    Compiling itertools v0.13.0
[INFO] [stderr]     Checking cty v0.2.2
[INFO] [stderr]     Checking num-primitive v0.3.6
[INFO] [stderr]     Checking wref v1.0.2
[INFO] [stderr]     Checking offline v1.1.0
[INFO] [stderr]     Checking test_panic v0.8.0
[INFO] [stderr]    Compiling mutants v0.0.4
[INFO] [stdout] error[E0493]: destructor of `Aligned<T, N>` cannot be evaluated at compile-time
[INFO] [stdout]    --> /opt/rustwide/cargo-home/registry/src/index.crates.io-1949cf8c6b5b557f/offline-1.1.0/src/core.rs:467:29
[INFO] [stdout]     |
[INFO] [stdout] 467 |     pub const fn into_inner(self) -> T {
[INFO] [stdout]     |                             ^^^^ the destructor for this type cannot be evaluated in constant functions
[INFO] [stdout] ...
[INFO] [stdout] 472 |     }
[INFO] [stdout]     |     - value is dropped here
[INFO] [stdout] 
[INFO] [stdout] 
[INFO] [stdout] error[E0493]: destructor of `Misaligned<T, N>` cannot be evaluated at compile-time
[INFO] [stdout]    --> /opt/rustwide/cargo-home/registry/src/index.crates.io-1949cf8c6b5b557f/offline-1.1.0/src/core.rs:595:13
[INFO] [stdout]     |
[INFO] [stdout] 595 |         let mut base: Self = Misaligned {
[INFO] [stdout]     |             ^^^^^^^^ the destructor for this type cannot be evaluated in constant functions
[INFO] [stdout] ...
[INFO] [stdout] 602 |     }
[INFO] [stdout]     |     - value is dropped here
[INFO] [stdout] 
[INFO] [stdout] 
[INFO] [stdout] error[E0493]: destructor of `Misaligned<T, N>` cannot be evaluated at compile-time
[INFO] [stdout]    --> /opt/rustwide/cargo-home/registry/src/index.crates.io-1949cf8c6b5b557f/offline-1.1.0/src/core.rs:628:29
[INFO] [stdout]     |
[INFO] [stdout] 628 |     pub const fn into_inner(self) -> T {
[INFO] [stdout]     |                             ^^^^ the destructor for this type cannot be evaluated in constant functions
[INFO] [stdout] ...
[INFO] [stdout] 633 |     }
[INFO] [stdout]     |     - value is dropped here
[INFO] [stdout] 
[INFO] [stdout] 
[INFO] [stdout] For more information about this error, try `rustc --explain E0493`.
[INFO] [stdout] 
[INFO] [stderr] error: could not compile `offline` (lib) due to 3 previous errors
[INFO] [stderr] warning: build failed, waiting for other jobs to finish...
[INFO] running `Command { std: "docker" "inspect" "fcbc3a478faada08d76671220a6ebb0419bf2f24cea35314b5a37fd4d8a3d086", kill_on_drop: false }`
[INFO] running `Command { std: "docker" "rm" "-f" "fcbc3a478faada08d76671220a6ebb0419bf2f24cea35314b5a37fd4d8a3d086", kill_on_drop: false }`
[INFO] [stdout] fcbc3a478faada08d76671220a6ebb0419bf2f24cea35314b5a37fd4d8a3d086
