[INFO] fetching crate sloosh 0.2.5...
[INFO] checking sloosh-0.2.5 against c79f6bc4fc2389852aeff667626cb3e58adfe71c for pr-164081
[INFO] extracting crate sloosh 0.2.5 into /workspace/builds/worker-5-tc2/source
[INFO] started tweaking crates.io crate sloosh 0.2.5
[INFO] removed 0 missing tests
[INFO] finished tweaking crates.io crate sloosh 0.2.5
[INFO] tweaked toml for crates.io crate sloosh 0.2.5 written to /workspace/builds/worker-5-tc2/source/Cargo.toml
[INFO] validating manifest of crates.io crate sloosh 0.2.5 on toolchain c79f6bc4fc2389852aeff667626cb3e58adfe71c
[INFO] running `Command { std: CARGO_HOME="/workspace/cargo-home" RUSTUP_HOME="/workspace/rustup-home" "/workspace/cargo-home/bin/cargo" "+c79f6bc4fc2389852aeff667626cb3e58adfe71c" "metadata" "--manifest-path" "Cargo.toml" "--no-deps", kill_on_drop: false }`
[INFO] crate crates.io crate sloosh 0.2.5 already has a lockfile, it will not be regenerated
[INFO] running `Command { std: CARGO_HOME="/workspace/cargo-home" RUSTUP_HOME="/workspace/rustup-home" "/workspace/cargo-home/bin/cargo" "+c79f6bc4fc2389852aeff667626cb3e58adfe71c" "fetch" "--manifest-path" "Cargo.toml", kill_on_drop: false }`
[INFO] running `Command { std: "docker" "create" "-v" "/var/lib/crater-agent-workspace/builds/worker-5-tc2/source:/opt/rustwide/workdir:ro,Z" "-v" "/var/lib/crater-agent-workspace/builds/worker-5-tc2/target:/opt/rustwide/target:rw,Z" "-v" "/var/lib/crater-agent-workspace/cargo-home:/opt/rustwide/cargo-home:ro,Z" "-v" "/var/lib/crater-agent-workspace/rustup-home:/opt/rustwide/rustup-home:ro,Z" "-m" "1610612736" "--network" "none" "ghcr.io/rust-lang/crates-build-env/linux@sha256:77db811e55d90add9212f6832c23229e3de5f1c1f9905e8cb07319ea15df73ac" "sleep" "infinity", kill_on_drop: false }`
[INFO] [stdout] cfeabfb0e4041c25d0e8847e120b3e4026d26ab03ca90b8d209c87f1fe0aa128
[INFO] running `Command { std: "docker" "start" "cfeabfb0e4041c25d0e8847e120b3e4026d26ab03ca90b8d209c87f1fe0aa128", kill_on_drop: false }`
[INFO] running `Command { std: "docker" "inspect" "cfeabfb0e4041c25d0e8847e120b3e4026d26ab03ca90b8d209c87f1fe0aa128", kill_on_drop: false }`
[INFO] running `Command { std: "docker" "exec" "-e" "SOURCE_DIR=/opt/rustwide/workdir" "-e" "CARGO_HOME=/opt/rustwide/cargo-home" "-e" "RUSTUP_HOME=/opt/rustwide/rustup-home" "-e" "CARGO_TARGET_DIR=/opt/rustwide/target" "-w" "/opt/rustwide/workdir" "--user" "0:0" "cfeabfb0e4041c25d0e8847e120b3e4026d26ab03ca90b8d209c87f1fe0aa128" "/opt/rustwide/cargo-home/bin/cargo" "+c79f6bc4fc2389852aeff667626cb3e58adfe71c" "metadata" "--no-deps" "--format-version=1", kill_on_drop: false }`
[INFO] running `Command { std: "docker" "inspect" "cfeabfb0e4041c25d0e8847e120b3e4026d26ab03ca90b8d209c87f1fe0aa128", kill_on_drop: false }`
[INFO] running `Command { std: "docker" "exec" "-e" "SOURCE_DIR=/opt/rustwide/workdir" "-e" "CARGO_HOME=/opt/rustwide/cargo-home" "-e" "RUSTUP_HOME=/opt/rustwide/rustup-home" "-e" "CARGO_TARGET_DIR=/opt/rustwide/target" "-e" "CARGO_INCREMENTAL=0" "-e" "RUST_BACKTRACE=full" "-e" "RUSTFLAGS=--cap-lints=forbid" "-e" "RUSTDOCFLAGS=--cap-lints=forbid" "-w" "/opt/rustwide/workdir" "--user" "0:0" "cfeabfb0e4041c25d0e8847e120b3e4026d26ab03ca90b8d209c87f1fe0aa128" "/opt/rustwide/cargo-home/bin/cargo" "+c79f6bc4fc2389852aeff667626cb3e58adfe71c" "check" "--frozen" "--all" "--all-targets" "--message-format=json", kill_on_drop: false }`
[INFO] [stderr]    Compiling quote v1.0.46
[INFO] [stderr]    Compiling libc v0.2.186
[INFO] [stderr]     Checking subtle v2.6.1
[INFO] [stderr]    Compiling getrandom v0.4.3
[INFO] [stderr]     Checking cpubits v0.1.1
[INFO] [stderr]     Checking base64ct v1.8.3
[INFO] [stderr]     Checking base16ct v1.0.0
[INFO] [stderr]     Checking futures-channel v0.3.32
[INFO] [stderr]     Checking slab v0.4.12
[INFO] [stderr]     Checking ctutils v0.4.2
[INFO] [stderr]     Checking ff v0.14.0
[INFO] [stderr]     Checking futures-io v0.3.32
[INFO] [stderr]     Checking pem-rfc7468 v1.0.0
[INFO] [stderr]    Compiling pkg-config v0.3.33
[INFO] [stderr]     Checking group v0.14.0
[INFO] [stderr]    Compiling curve25519-dalek v5.0.0
[INFO] [stderr]     Checking log v0.4.33
[INFO] [stderr]    Compiling zerocopy v0.8.53
[INFO] [stderr]    Compiling nix v0.31.3
[INFO] [stderr]     Checking bitflags v2.13.0
[INFO] [stderr]     Checking keccak v0.2.0
[INFO] [stderr]    Compiling syn v2.0.118
[INFO] [stderr]    Compiling crc32fast v1.5.0
[INFO] [stderr]     Checking smallvec v1.15.2
[INFO] [stderr]    Compiling crossbeam-utils v0.8.22
[INFO] [stderr]     Checking crypto-common v0.1.7
[INFO] [stderr]     Checking num-integer v0.1.46
[INFO] [stderr]     Checking simd-adler32 v0.3.9
[INFO] [stderr]    Compiling aws-lc-rs v1.17.1
[INFO] [stderr]     Checking regex-syntax v0.8.11
[INFO] [stderr]     Checking miniz_oxide v0.8.9
[INFO] [stderr]    Compiling jobserver v0.1.35
[INFO] [stderr]     Checking digest v0.10.7
[INFO] [stderr]    Compiling cc v1.2.66
[INFO] [stderr]     Checking sponge-cursor v0.1.0
[INFO] [stderr]     Checking iana-time-zone v0.1.65
[INFO] [stderr]    Compiling anyhow v1.0.103
[INFO] [stderr]     Checking untrusted v0.7.1
[INFO] [stderr]     Checking hex v0.4.3
[INFO] [stderr]     Checking errno v0.3.14
[INFO] [stderr]     Checking mio v1.2.1
[INFO] [stderr]     Checking signal-hook-registry v1.4.8
[INFO] [stderr]     Checking socket2 v0.6.4
[INFO] [stderr]     Checking getrandom v0.2.17
[INFO] [stderr]     Checking getrandom v0.3.4
[INFO] [stderr]     Checking regex-automata v0.4.14
[INFO] [stderr]     Checking rand_core v0.6.4
[INFO] [stderr]     Checking rand_core v0.9.5
[INFO] [stderr]     Checking parking_lot_core v0.9.12
[INFO] [stderr]     Checking password-hash v0.5.0
[INFO] [stderr]     Checking rtoolbox v0.0.5
[INFO] [stderr]     Checking dashmap v6.2.1
[INFO] [stderr]     Checking clap_builder v4.6.0
[INFO] [stderr]     Checking chrono v0.4.45
[INFO] [stderr]     Checking generic-array v1.4.3
[INFO] [stderr]     Checking flate2 v1.1.9
[INFO] [stderr]     Checking blake2 v0.10.6
[INFO] [stderr]    Compiling cmake v0.1.58
[INFO] [stdout] error[E0493]: destructor of `ArrayBuilder<T, N>` cannot be evaluated at compile-time
[INFO] [stdout]    --> /opt/rustwide/cargo-home/registry/src/index.crates.io-1949cf8c6b5b557f/generic-array-1.4.3/src/internal.rs:103:31
[INFO] [stdout]     |
[INFO] [stdout] 103 |     pub unsafe fn assume_init(self) -> GenericArray<T, N> {
[INFO] [stdout]     |                               ^^^^ the destructor for this type cannot be evaluated in constant functions
[INFO] [stdout] ...
[INFO] [stdout] 109 |     }
[INFO] [stdout]     |     - value is dropped here
[INFO] [stdout] 
[INFO] [stdout] 
[INFO] [stdout] error[E0493]: destructor of `GenericArray<core::mem::MaybeUninit<*const T>, N>` cannot be evaluated at compile-time
[INFO] [stdout]    --> /opt/rustwide/cargo-home/registry/src/index.crates.io-1949cf8c6b5b557f/generic-array-1.4.3/src/lib.rs:970:13
[INFO] [stdout]     |
[INFO] [stdout] 970 |         let mut out: GenericArray<MaybeUninit<*const T>, N> = GenericArray::uninit();
[INFO] [stdout]     |             ^^^^^^^ the destructor for this type cannot be evaluated in constant functions
[INFO] [stdout] ...
[INFO] [stdout] 985 |     }
[INFO] [stdout]     |     - value is dropped here
[INFO] [stdout] 
[INFO] [stdout] 
[INFO] [stdout] error[E0493]: destructor of `GenericArray<core::mem::MaybeUninit<*mut T>, N>` cannot be evaluated at compile-time
[INFO] [stdout]     --> /opt/rustwide/cargo-home/registry/src/index.crates.io-1949cf8c6b5b557f/generic-array-1.4.3/src/lib.rs:1005:13
[INFO] [stdout]      |
[INFO] [stdout] 1005 |         let mut out: GenericArray<MaybeUninit<*mut T>, N> = GenericArray::uninit();
[INFO] [stdout]      |             ^^^^^^^ the destructor for this type cannot be evaluated in constant functions
[INFO] [stdout] ...
[INFO] [stdout] 1020 |     }
[INFO] [stdout]      |     - value is dropped here
[INFO] [stdout] 
[INFO] [stdout] 
[INFO] [stdout] For more information about this error, try `rustc --explain E0493`.
[INFO] [stdout] 
[INFO] [stderr] error: could not compile `generic-array` (lib) due to 3 previous errors
[INFO] [stderr] warning: build failed, waiting for other jobs to finish...
[INFO] running `Command { std: "docker" "inspect" "cfeabfb0e4041c25d0e8847e120b3e4026d26ab03ca90b8d209c87f1fe0aa128", kill_on_drop: false }`
[INFO] running `Command { std: "docker" "rm" "-f" "cfeabfb0e4041c25d0e8847e120b3e4026d26ab03ca90b8d209c87f1fe0aa128", kill_on_drop: false }`
[INFO] [stdout] cfeabfb0e4041c25d0e8847e120b3e4026d26ab03ca90b8d209c87f1fe0aa128
