[INFO] fetching crate shardline-fsck 1.12.0...
[INFO] checking shardline-fsck-1.12.0 against c79f6bc4fc2389852aeff667626cb3e58adfe71c for pr-164081
[INFO] extracting crate shardline-fsck 1.12.0 into /workspace/builds/worker-6-tc2/source
[INFO] started tweaking crates.io crate shardline-fsck 1.12.0
[INFO] removed 0 missing tests
[INFO] finished tweaking crates.io crate shardline-fsck 1.12.0
[INFO] tweaked toml for crates.io crate shardline-fsck 1.12.0 written to /workspace/builds/worker-6-tc2/source/Cargo.toml
[INFO] validating manifest of crates.io crate shardline-fsck 1.12.0 on toolchain c79f6bc4fc2389852aeff667626cb3e58adfe71c
[INFO] running `Command { std: CARGO_HOME="/workspace/cargo-home" RUSTUP_HOME="/workspace/rustup-home" "/workspace/cargo-home/bin/cargo" "+c79f6bc4fc2389852aeff667626cb3e58adfe71c" "metadata" "--manifest-path" "Cargo.toml" "--no-deps", kill_on_drop: false }`
[INFO] crate crates.io crate shardline-fsck 1.12.0 already has a lockfile, it will not be regenerated
[INFO] running `Command { std: CARGO_HOME="/workspace/cargo-home" RUSTUP_HOME="/workspace/rustup-home" "/workspace/cargo-home/bin/cargo" "+c79f6bc4fc2389852aeff667626cb3e58adfe71c" "fetch" "--manifest-path" "Cargo.toml", kill_on_drop: false }`
[INFO] [stderr] warning: `package.homepage` is redundant with `package.repository`
[INFO] [stderr]    --> Cargo.toml:141:12
[INFO] [stderr]     |
[INFO] [stderr] 141 | homepage = "https://github.com/STEXS-Technologies/shardline"
[INFO] [stderr]     |            ^^^^^^^^^^^^^^^^^^^^^^^^^^^^^^^^^^^^^^^^^^^^^^^^^
[INFO] [stderr] ...
[INFO] [stderr] 145 | repository = "https://github.com/STEXS-Technologies/shardline"
[INFO] [stderr]     |              -------------------------------------------------
[INFO] [stderr]     |
[INFO] [stderr]     = note: `cargo::redundant_homepage` is set to `warn` by default
[INFO] [stderr] help: consider removing `package.homepage`
[INFO] [stderr] warning: `shardline-fsck` (manifest) generated 1 warning
[INFO] running `Command { std: "docker" "create" "-v" "/var/lib/crater-agent-workspace/builds/worker-6-tc2/source:/opt/rustwide/workdir:ro,Z" "-v" "/var/lib/crater-agent-workspace/builds/worker-6-tc2/target:/opt/rustwide/target:rw,Z" "-v" "/var/lib/crater-agent-workspace/cargo-home:/opt/rustwide/cargo-home:ro,Z" "-v" "/var/lib/crater-agent-workspace/rustup-home:/opt/rustwide/rustup-home:ro,Z" "-m" "1610612736" "--network" "none" "ghcr.io/rust-lang/crates-build-env/linux@sha256:77db811e55d90add9212f6832c23229e3de5f1c1f9905e8cb07319ea15df73ac" "sleep" "infinity", kill_on_drop: false }`
[INFO] [stdout] 7f73cce5c22036b3847c24b11fbafd6229ab3882f3287319fb605bc4cb1ac7be
[INFO] running `Command { std: "docker" "start" "7f73cce5c22036b3847c24b11fbafd6229ab3882f3287319fb605bc4cb1ac7be", kill_on_drop: false }`
[INFO] running `Command { std: "docker" "inspect" "7f73cce5c22036b3847c24b11fbafd6229ab3882f3287319fb605bc4cb1ac7be", kill_on_drop: false }`
[INFO] running `Command { std: "docker" "exec" "-e" "SOURCE_DIR=/opt/rustwide/workdir" "-e" "CARGO_HOME=/opt/rustwide/cargo-home" "-e" "RUSTUP_HOME=/opt/rustwide/rustup-home" "-e" "CARGO_TARGET_DIR=/opt/rustwide/target" "-w" "/opt/rustwide/workdir" "--user" "0:0" "7f73cce5c22036b3847c24b11fbafd6229ab3882f3287319fb605bc4cb1ac7be" "/opt/rustwide/cargo-home/bin/cargo" "+c79f6bc4fc2389852aeff667626cb3e58adfe71c" "metadata" "--no-deps" "--format-version=1", kill_on_drop: false }`
[INFO] running `Command { std: "docker" "inspect" "7f73cce5c22036b3847c24b11fbafd6229ab3882f3287319fb605bc4cb1ac7be", kill_on_drop: false }`
[INFO] running `Command { std: "docker" "exec" "-e" "SOURCE_DIR=/opt/rustwide/workdir" "-e" "CARGO_HOME=/opt/rustwide/cargo-home" "-e" "RUSTUP_HOME=/opt/rustwide/rustup-home" "-e" "CARGO_TARGET_DIR=/opt/rustwide/target" "-e" "CARGO_INCREMENTAL=0" "-e" "RUST_BACKTRACE=full" "-e" "RUSTFLAGS=--cap-lints=forbid" "-e" "RUSTDOCFLAGS=--cap-lints=forbid" "-w" "/opt/rustwide/workdir" "--user" "0:0" "7f73cce5c22036b3847c24b11fbafd6229ab3882f3287319fb605bc4cb1ac7be" "/opt/rustwide/cargo-home/bin/cargo" "+c79f6bc4fc2389852aeff667626cb3e58adfe71c" "check" "--frozen" "--all" "--all-targets" "--message-format=json", kill_on_drop: false }`
[INFO] [stderr] warning: `package.homepage` is redundant with `package.repository`
[INFO] [stderr]    --> Cargo.toml:141:12
[INFO] [stderr]     |
[INFO] [stderr] 141 | homepage = "https://github.com/STEXS-Technologies/shardline"
[INFO] [stderr]     |            ^^^^^^^^^^^^^^^^^^^^^^^^^^^^^^^^^^^^^^^^^^^^^^^^^
[INFO] [stderr] ...
[INFO] [stderr] 145 | repository = "https://github.com/STEXS-Technologies/shardline"
[INFO] [stderr]     |              -------------------------------------------------
[INFO] [stderr]     |
[INFO] [stderr]     = note: `cargo::redundant_homepage` is set to `warn` by default
[INFO] [stderr] help: consider removing `package.homepage`
[INFO] [stderr] warning: `shardline-fsck` (manifest) generated 1 warning
[INFO] [stderr]    Compiling libc v0.2.186
[INFO] [stderr]     Checking typenum v1.20.0
[INFO] [stderr]     Checking subtle v2.6.1
[INFO] [stderr]    Compiling serde_core v1.0.228
[INFO] [stderr]    Compiling serde v1.0.228
[INFO] [stderr]    Compiling syn v2.0.117
[INFO] [stderr]     Checking cmov v0.5.4
[INFO] [stderr]    Compiling num-traits v0.2.19
[INFO] [stderr]    Compiling pkg-config v0.3.33
[INFO] [stderr]     Checking pem-rfc7468 v1.0.0
[INFO] [stderr]    Compiling syn v3.0.6
[INFO] [stderr]    Compiling curve25519-dalek v5.0.0
[INFO] [stderr]     Checking http v1.4.0
[INFO] [stderr]     Checking hashbrown v0.17.0
[INFO] [stderr]     Checking signature v3.0.0
[INFO] [stderr]    Compiling rustls v0.23.46
[INFO] [stderr]     Checking ctutils v0.4.2
[INFO] [stderr]     Checking bitflags v2.11.1
[INFO] [stderr]     Checking sync_wrapper v1.0.2
[INFO] [stderr]    Compiling crossbeam-utils v0.8.21
[INFO] [stderr]     Checking ipnet v2.12.0
[INFO] [stderr]     Checking either v1.15.0
[INFO] [stderr]     Checking chacha20 v0.10.1
[INFO] [stderr]     Checking statechronicle-profile v0.2.0
[INFO] [stderr]     Checking regex-syntax v0.8.10
[INFO] [stderr]     Checking iri-string v0.7.12
[INFO] [stderr]     Checking hashlink v0.11.1
[INFO] [stderr]     Checking crc v3.4.0
[INFO] [stderr]    Compiling rustix v1.1.4
[INFO] [stderr]     Checking unicode-normalization v0.1.25
[INFO] [stderr]     Checking unicode-properties v0.1.4
[INFO] [stderr]     Checking spin v0.10.1
[INFO] [stderr]    Compiling prometheus v0.14.0
[INFO] [stderr]     Checking stringprep v0.1.5
[INFO] [stderr]     Checking crossbeam-queue v0.3.12
[INFO] [stderr]     Checking deranged v0.5.8
[INFO] [stderr]     Checking itertools v0.15.0
[INFO] [stderr]     Checking tracing-log v0.2.0
[INFO] [stderr]     Checking atoi v2.0.0
[INFO] [stderr]     Checking indexmap v2.14.0
[INFO] [stderr]     Checking typewit v1.15.2
[INFO] [stderr]     Checking num-conv v0.2.1
[INFO] [stderr]    Compiling dtor-proc-macro v0.0.6
[INFO] [stderr]     Checking getrandom v0.2.17
[INFO] [stderr]     Checking getrandom v0.4.2
[INFO] [stderr]     Checking mio v1.2.0
[INFO] [stderr]     Checking socket2 v0.6.3
[INFO] [stderr]     Checking uuid v1.23.1
[INFO] [stderr]     Checking rand_core v0.6.4
[INFO] [stderr]    Compiling jobserver v0.1.34
[INFO] [stderr]     Checking http-body v1.0.1
[INFO] [stderr]     Checking parking_lot_core v0.9.12
[INFO] [stderr]     Checking rand v0.10.1
[INFO] [stderr]     Checking http-body-util v0.1.3
[INFO] [stderr]     Checking whoami v2.1.1
[INFO] [stderr]     Checking dirs-sys v0.5.0
[INFO] [stderr]     Checking penelope-core v0.1.0
[INFO] [stderr]     Checking parking_lot v0.12.5
[INFO] [stderr]     Checking byteorder v1.5.0
[INFO] [stderr]     Checking dotenvy v0.15.7
[INFO] [stderr]    Compiling cc v1.2.60
[INFO] [stderr]     Checking futures-intrusive v0.5.0
[INFO] [stderr]     Checking dirs v6.0.0
[INFO] [stderr]     Checking const_panic v0.2.15
[INFO] [stderr]     Checking dtor v0.1.1
[INFO] [stderr]     Checking crossbeam-channel v0.5.15
[INFO] [stderr]     Checking os_str_bytes v6.6.1
[INFO] [stderr]     Checking time v0.3.47
[INFO] [stderr]     Checking symlink v0.1.0
[INFO] [stderr]    Compiling ctor-proc-macro v0.0.7
[INFO] [stderr]    Compiling konst_proc_macros v0.4.1
[INFO] [stderr]     Checking getrandom v0.3.4
[INFO] [stderr]     Checking sysinfo v0.38.4
[INFO] [stderr]     Checking ctor v0.6.3
[INFO] [stderr]     Checking csv-core v0.1.13
[INFO] [stderr]     Checking more-asserts v0.3.1
[INFO] [stderr]     Checking const-str v1.1.0
[INFO] [stderr]     Checking oneshot v0.1.13
[INFO] [stderr]     Checking lz4_flex v0.13.0
[INFO] [stderr]     Checking itertools v0.14.0
[INFO] [stderr]     Checking countio v0.3.0
[INFO] [stderr]     Checking safe-transmute v0.11.3
[INFO] [stderr]     Checking konst v0.4.3
[INFO] [stderr]     Checking heapify v0.2.0
[INFO] [stderr]     Checking gearhash v0.1.3
[INFO] [stderr]     Checking lz4_flex v0.11.6
[INFO] [stderr]     Checking generic-array v0.14.7
[INFO] [stderr]     Checking hybrid-array v0.4.13
[INFO] [stderr]     Checking regex-automata v0.4.14
[INFO] [stderr]     Checking crypto-common v0.1.7
[INFO] [stderr]     Checking block-buffer v0.10.4
[INFO] [stderr]     Checking inout v0.1.4
[INFO] [stderr]     Checking universal-hash v0.5.1
[INFO] [stderr]     Checking aead v0.5.2
[INFO] [stderr]     Checking digest v0.10.7
[INFO] [stderr]     Checking cipher v0.4.4
[INFO] [stdout] error[E0493]: destructor of `ArrayBuilder<T, N, D>` cannot be evaluated at compile-time
[INFO] [stdout]    --> /opt/rustwide/cargo-home/registry/src/index.crates.io-1949cf8c6b5b557f/konst-0.4.3/src/array/array_builder.rs:421:24
[INFO] [stdout]     |
[INFO] [stdout] 421 |     pub const fn build(self) -> [T; N] {
[INFO] [stdout]     |                        ^^^^ the destructor for this type cannot be evaluated in constant functions
[INFO] [stdout] ...
[INFO] [stdout] 437 |     }
[INFO] [stdout]     |     - value is dropped here
[INFO] [stdout] 
[INFO] [stdout] 
[INFO] [stdout] error[E0493]: destructor of `array_into_iter::IntoIter<T, N, D>` cannot be evaluated at compile-time
[INFO] [stdout]    --> /opt/rustwide/cargo-home/registry/src/index.crates.io-1949cf8c6b5b557f/konst-0.4.3/src/array/array_into_iter.rs:324:34
[INFO] [stdout]     |
[INFO] [stdout] 324 |     pub const fn assert_is_empty(self) {
[INFO] [stdout]     |                                  ^^^^ the destructor for this type cannot be evaluated in constant functions
[INFO] [stdout] ...
[INFO] [stdout] 327 |     }
[INFO] [stdout]     |     - value is dropped here
[INFO] [stdout] 
[INFO] [stdout] 
[INFO] [stdout] error[E0493]: destructor of `Option<(T, U)>` cannot be evaluated at compile-time
[INFO] [stdout]    --> /opt/rustwide/cargo-home/registry/src/index.crates.io-1949cf8c6b5b557f/konst-0.4.3/src/macros/control_flow.rs:83:42
[INFO] [stdout]     |
[INFO] [stdout]  81 |   macro_rules! if_let_Some {
[INFO] [stdout]  82 |       ($some:pat = $e:expr => $then:block $(else $else:block)?) => {
[INFO] [stdout]  83 |           match $crate::option::__opt($e) {opt =>
[INFO] [stdout]     |                                            ^^^ the destructor for this type cannot be evaluated in constant functions
[INFO] [stdout] ...
[INFO] [stdout]  90 |               }
[INFO] [stdout]     |               - value is dropped here
[INFO] [stdout]     |
[INFO] [stdout]    ::: /opt/rustwide/cargo-home/registry/src/index.crates.io-1949cf8c6b5b557f/konst-0.4.3/src/option.rs:635:5
[INFO] [stdout]     |
[INFO] [stdout] 635 | /     crate::if_let_Some! {tuple = opt => {
[INFO] [stdout] 636 | |         crate::destructure!{(l, r) = tuple}
[INFO] [stdout] 637 | |
[INFO] [stdout] 638 | |         (Some(l), Some(r))
[INFO] [stdout] 639 | |     } else {
[INFO] [stdout] 640 | |         (None, None)
[INFO] [stdout] 641 | |     }}
[INFO] [stdout]     | |______- in this macro invocation
[INFO] [stdout] 
[INFO] [stdout] 
[INFO] [stderr]     Checking polyval v0.6.2
[INFO] [stderr]     Checking tempfile v3.27.0
[INFO] [stderr]     Checking aes v0.8.4
[INFO] [stderr]     Checking ctr v0.9.2
[INFO] [stderr]     Checking sha2 v0.10.9
[INFO] [stderr]     Checking hmac v0.12.1
[INFO] [stderr]     Checking crc-fast v1.10.0
[INFO] [stderr]     Checking serde_json v1.0.149
[INFO] [stdout] For more information about this error, try `rustc --explain E0493`.
[INFO] [stdout] 
[INFO] [stderr] error: could not compile `konst` (lib) due to 3 previous errors
[INFO] [stderr] warning: build failed, waiting for other jobs to finish...
[INFO] running `Command { std: "docker" "inspect" "7f73cce5c22036b3847c24b11fbafd6229ab3882f3287319fb605bc4cb1ac7be", kill_on_drop: false }`
[INFO] running `Command { std: "docker" "rm" "-f" "7f73cce5c22036b3847c24b11fbafd6229ab3882f3287319fb605bc4cb1ac7be", kill_on_drop: false }`
[INFO] [stdout] 7f73cce5c22036b3847c24b11fbafd6229ab3882f3287319fb605bc4cb1ac7be
