[INFO] fetching crate serf 0.5.2...
[INFO] checking serf-0.5.2 against c79f6bc4fc2389852aeff667626cb3e58adfe71c for pr-164081
[INFO] extracting crate serf 0.5.2 into /workspace/builds/worker-2-tc2/source
[INFO] started tweaking crates.io crate serf 0.5.2
[INFO] removed 0 missing tests
[INFO] finished tweaking crates.io crate serf 0.5.2
[INFO] tweaked toml for crates.io crate serf 0.5.2 written to /workspace/builds/worker-2-tc2/source/Cargo.toml
[INFO] validating manifest of crates.io crate serf 0.5.2 on toolchain c79f6bc4fc2389852aeff667626cb3e58adfe71c
[INFO] running `Command { std: CARGO_HOME="/workspace/cargo-home" RUSTUP_HOME="/workspace/rustup-home" "/workspace/cargo-home/bin/cargo" "+c79f6bc4fc2389852aeff667626cb3e58adfe71c" "metadata" "--manifest-path" "Cargo.toml" "--no-deps", kill_on_drop: false }`
[INFO] crate crates.io crate serf 0.5.2 already has a lockfile, it will not be regenerated
[INFO] running `Command { std: CARGO_HOME="/workspace/cargo-home" RUSTUP_HOME="/workspace/rustup-home" "/workspace/cargo-home/bin/cargo" "+c79f6bc4fc2389852aeff667626cb3e58adfe71c" "fetch" "--manifest-path" "Cargo.toml", kill_on_drop: false }`
[INFO] [stderr] warning: `package.homepage` is redundant with `package.repository`
[INFO] [stderr]   --> Cargo.toml:61:12
[INFO] [stderr]    |
[INFO] [stderr] 61 | homepage = "https://github.com/al8n/serf"
[INFO] [stderr]    |            ^^^^^^^^^^^^^^^^^^^^^^^^^^^^^^
[INFO] [stderr] ...
[INFO] [stderr] 66 | repository = "https://github.com/al8n/serf"
[INFO] [stderr]    |              ------------------------------
[INFO] [stderr]    |
[INFO] [stderr]    = note: `cargo::redundant_homepage` is set to `warn` by default
[INFO] [stderr] help: consider removing `package.homepage`
[INFO] [stderr] warning: `serf` (manifest) generated 1 warning
[INFO] running `Command { std: "docker" "create" "-v" "/var/lib/crater-agent-workspace/builds/worker-2-tc2/source:/opt/rustwide/workdir:ro,Z" "-v" "/var/lib/crater-agent-workspace/builds/worker-2-tc2/target:/opt/rustwide/target:rw,Z" "-v" "/var/lib/crater-agent-workspace/cargo-home:/opt/rustwide/cargo-home:ro,Z" "-v" "/var/lib/crater-agent-workspace/rustup-home:/opt/rustwide/rustup-home:ro,Z" "-m" "1610612736" "--network" "none" "ghcr.io/rust-lang/crates-build-env/linux@sha256:77db811e55d90add9212f6832c23229e3de5f1c1f9905e8cb07319ea15df73ac" "sleep" "infinity", kill_on_drop: false }`
[INFO] [stdout] eebf34fdd1aa98a0c217e06fa1aac314a188f129524049763d9d7e450eba2765
[INFO] running `Command { std: "docker" "start" "eebf34fdd1aa98a0c217e06fa1aac314a188f129524049763d9d7e450eba2765", kill_on_drop: false }`
[INFO] running `Command { std: "docker" "inspect" "eebf34fdd1aa98a0c217e06fa1aac314a188f129524049763d9d7e450eba2765", kill_on_drop: false }`
[INFO] running `Command { std: "docker" "exec" "-e" "SOURCE_DIR=/opt/rustwide/workdir" "-e" "CARGO_HOME=/opt/rustwide/cargo-home" "-e" "RUSTUP_HOME=/opt/rustwide/rustup-home" "-e" "CARGO_TARGET_DIR=/opt/rustwide/target" "-w" "/opt/rustwide/workdir" "--user" "0:0" "eebf34fdd1aa98a0c217e06fa1aac314a188f129524049763d9d7e450eba2765" "/opt/rustwide/cargo-home/bin/cargo" "+c79f6bc4fc2389852aeff667626cb3e58adfe71c" "metadata" "--no-deps" "--format-version=1", kill_on_drop: false }`
[INFO] running `Command { std: "docker" "inspect" "eebf34fdd1aa98a0c217e06fa1aac314a188f129524049763d9d7e450eba2765", kill_on_drop: false }`
[INFO] running `Command { std: "docker" "exec" "-e" "SOURCE_DIR=/opt/rustwide/workdir" "-e" "CARGO_HOME=/opt/rustwide/cargo-home" "-e" "RUSTUP_HOME=/opt/rustwide/rustup-home" "-e" "CARGO_TARGET_DIR=/opt/rustwide/target" "-e" "CARGO_INCREMENTAL=0" "-e" "RUST_BACKTRACE=full" "-e" "RUSTFLAGS=--cap-lints=forbid" "-e" "RUSTDOCFLAGS=--cap-lints=forbid" "-w" "/opt/rustwide/workdir" "--user" "0:0" "eebf34fdd1aa98a0c217e06fa1aac314a188f129524049763d9d7e450eba2765" "/opt/rustwide/cargo-home/bin/cargo" "+c79f6bc4fc2389852aeff667626cb3e58adfe71c" "check" "--frozen" "--all" "--all-targets" "--message-format=json", kill_on_drop: false }`
[INFO] [stderr] warning: `package.homepage` is redundant with `package.repository`
[INFO] [stderr]   --> Cargo.toml:61:12
[INFO] [stderr]    |
[INFO] [stderr] 61 | homepage = "https://github.com/al8n/serf"
[INFO] [stderr]    |            ^^^^^^^^^^^^^^^^^^^^^^^^^^^^^^
[INFO] [stderr] ...
[INFO] [stderr] 66 | repository = "https://github.com/al8n/serf"
[INFO] [stderr]    |              ------------------------------
[INFO] [stderr]    |
[INFO] [stderr]    = note: `cargo::redundant_homepage` is set to `warn` by default
[INFO] [stderr] help: consider removing `package.homepage`
[INFO] [stderr] warning: `serf` (manifest) generated 1 warning
[INFO] [stderr]    Compiling quote v1.0.46
[INFO] [stderr]    Compiling serde_core v1.0.228
[INFO] [stderr]    Compiling serde v1.0.228
[INFO] [stderr]     Checking memchr v2.8.2
[INFO] [stderr]    Compiling portable-atomic v1.13.1
[INFO] [stderr]     Checking futures-core v0.3.32
[INFO] [stderr]    Compiling crossbeam-utils v0.8.21
[INFO] [stderr]     Checking scopeguard v1.2.0
[INFO] [stderr]     Checking futures-io v0.3.32
[INFO] [stderr]     Checking generic-array v0.14.7
[INFO] [stderr]     Checking futures-task v0.3.32
[INFO] [stderr]     Checking rand_core v0.6.4
[INFO] [stderr]     Checking ppv-lite86 v0.2.21
[INFO] [stderr]     Checking log v0.4.33
[INFO] [stderr]    Compiling syn v1.0.109
[INFO] [stderr]    Compiling rustix v1.1.4
[INFO] [stderr]     Checking lock_api v0.4.14
[INFO] [stderr]     Checking futures-channel v0.3.32
[INFO] [stderr]     Checking tinyvec v1.11.0
[INFO] [stderr]     Checking getrandom v0.4.3
[INFO] [stderr]     Checking linux-raw-sys v0.12.1
[INFO] [stderr]    Compiling quinn-udp v0.5.14
[INFO] [stderr]    Compiling unicode-segmentation v1.13.3
[INFO] [stderr]     Checking uuid v1.23.3
[INFO] [stderr]    Compiling strsim v0.10.0
[INFO] [stderr]     Checking data-encoding v2.11.0
[INFO] [stderr]    Compiling quinn v0.11.11
[INFO] [stderr]     Checking rand_chacha v0.9.0
[INFO] [stderr]     Checking rustc-hash v2.1.2
[INFO] [stderr]    Compiling prettyplease v0.1.25
[INFO] [stderr]    Compiling syn v2.0.118
[INFO] [stderr]     Checking block-padding v0.4.2
[INFO] [stderr]     Checking rand v0.9.4
[INFO] [stderr]    Compiling peekable v0.5.0
[INFO] [stderr]     Checking humantime v2.3.0
[INFO] [stderr]     Checking inout v0.2.2
[INFO] [stderr]     Checking chacha20 v0.10.0
[INFO] [stderr]    Compiling memberlist-proto v0.3.4
[INFO] [stderr]    Compiling memberlist-core v0.8.5
[INFO] [stderr]    Compiling hardware-address v0.3.0
[INFO] [stderr]    Compiling convert_case v0.10.0
[INFO] [stderr]     Checking crossbeam-epoch v0.9.18
[INFO] [stderr]     Checking crossbeam-channel v0.5.15
[INFO] [stderr]     Checking concurrent-queue v2.5.0
[INFO] [stderr]     Checking cipher v0.5.2
[INFO] [stderr]     Checking among v0.1.8
[INFO] [stderr]    Compiling getifs v0.5.0
[INFO] [stderr]     Checking crypto-common v0.1.7
[INFO] [stderr]     Checking block-padding v0.3.3
[INFO] [stderr]     Checking rand v0.10.1
[INFO] [stderr]     Checking generic-array v1.4.3
[INFO] [stderr]     Checking inout v0.1.4
[INFO] [stderr]     Checking crossbeam-skiplist v0.1.3
[INFO] [stderr]     Checking event-listener v5.4.1
[INFO] [stderr]     Checking universal-hash v0.5.1
[INFO] [stderr]     Checking once_cell v1.21.4
[INFO] [stderr]     Checking atomic-time v0.1.5
[INFO] [stderr]     Checking cipher v0.4.4
[INFO] [stderr]     Checking cbc v0.2.1
[INFO] [stderr]     Checking polyval v0.6.2
[INFO] [stderr]     Checking atomic_refcell v0.1.14
[INFO] [stderr]     Checking aho-corasick v1.1.4
[INFO] [stderr]    Compiling serde_json v1.0.150
[INFO] [stderr]    Compiling memberlist v0.8.5
[INFO] [stderr]     Checking ghash v0.5.1
[INFO] [stderr]     Checking crossbeam-queue v0.3.12
[INFO] [stderr]     Checking tracing-core v0.1.36
[INFO] [stderr]     Checking event-listener-strategy v0.5.4
[INFO] [stderr]     Checking aes v0.8.4
[INFO] [stderr]     Checking ctr v0.9.2
[INFO] [stderr]     Checking cbc v0.1.2
[INFO] [stderr]     Checking async-channel v2.5.0
[INFO] [stderr]     Checking async-lock v3.4.2
[INFO] [stdout] error[E0493]: destructor of `ArrayBuilder<T, N>` cannot be evaluated at compile-time
[INFO] [stdout]    --> /opt/rustwide/cargo-home/registry/src/index.crates.io-1949cf8c6b5b557f/generic-array-1.4.3/src/internal.rs:103:31
[INFO] [stdout]     |
[INFO] [stdout] 103 |     pub unsafe fn assume_init(self) -> GenericArray<T, N> {
[INFO] [stdout]     |                               ^^^^ the destructor for this type cannot be evaluated in constant functions
[INFO] [stdout] ...
[INFO] [stdout] 109 |     }
[INFO] [stdout]     |     - value is dropped here
[INFO] [stdout] 
[INFO] [stdout] 
[INFO] [stdout] error[E0493]: destructor of `GenericArray<core::mem::MaybeUninit<*const T>, N>` cannot be evaluated at compile-time
[INFO] [stdout]    --> /opt/rustwide/cargo-home/registry/src/index.crates.io-1949cf8c6b5b557f/generic-array-1.4.3/src/lib.rs:970:13
[INFO] [stdout]     |
[INFO] [stdout] 970 |         let mut out: GenericArray<MaybeUninit<*const T>, N> = GenericArray::uninit();
[INFO] [stdout]     |             ^^^^^^^ the destructor for this type cannot be evaluated in constant functions
[INFO] [stdout] ...
[INFO] [stdout] 985 |     }
[INFO] [stdout]     |     - value is dropped here
[INFO] [stdout] 
[INFO] [stdout] 
[INFO] [stdout] error[E0493]: destructor of `GenericArray<core::mem::MaybeUninit<*mut T>, N>` cannot be evaluated at compile-time
[INFO] [stdout]     --> /opt/rustwide/cargo-home/registry/src/index.crates.io-1949cf8c6b5b557f/generic-array-1.4.3/src/lib.rs:1005:13
[INFO] [stdout]      |
[INFO] [stdout] 1005 |         let mut out: GenericArray<MaybeUninit<*mut T>, N> = GenericArray::uninit();
[INFO] [stdout]      |             ^^^^^^^ the destructor for this type cannot be evaluated in constant functions
[INFO] [stdout] ...
[INFO] [stdout] 1020 |     }
[INFO] [stdout]      |     - value is dropped here
[INFO] [stdout] 
[INFO] [stdout] 
[INFO] [stdout] For more information about this error, try `rustc --explain E0493`.
[INFO] [stdout] 
[INFO] [stderr] error: could not compile `generic-array` (lib) due to 3 previous errors
[INFO] [stderr] warning: build failed, waiting for other jobs to finish...
[INFO] running `Command { std: "docker" "inspect" "eebf34fdd1aa98a0c217e06fa1aac314a188f129524049763d9d7e450eba2765", kill_on_drop: false }`
[INFO] running `Command { std: "docker" "rm" "-f" "eebf34fdd1aa98a0c217e06fa1aac314a188f129524049763d9d7e450eba2765", kill_on_drop: false }`
[INFO] [stdout] eebf34fdd1aa98a0c217e06fa1aac314a188f129524049763d9d7e450eba2765
