[INFO] fetching crate sbom-walker 0.20.0...
[INFO] checking sbom-walker-0.20.0 against c79f6bc4fc2389852aeff667626cb3e58adfe71c for pr-164081
[INFO] extracting crate sbom-walker 0.20.0 into /workspace/builds/worker-6-tc2/source
[INFO] started tweaking crates.io crate sbom-walker 0.20.0
[INFO] removed 0 missing tests
[INFO] finished tweaking crates.io crate sbom-walker 0.20.0
[INFO] tweaked toml for crates.io crate sbom-walker 0.20.0 written to /workspace/builds/worker-6-tc2/source/Cargo.toml
[INFO] validating manifest of crates.io crate sbom-walker 0.20.0 on toolchain c79f6bc4fc2389852aeff667626cb3e58adfe71c
[INFO] running `Command { std: CARGO_HOME="/workspace/cargo-home" RUSTUP_HOME="/workspace/rustup-home" "/workspace/cargo-home/bin/cargo" "+c79f6bc4fc2389852aeff667626cb3e58adfe71c" "metadata" "--manifest-path" "Cargo.toml" "--no-deps", kill_on_drop: false }`
[INFO] crate crates.io crate sbom-walker 0.20.0 already has a lockfile, it will not be regenerated
[INFO] running `Command { std: CARGO_HOME="/workspace/cargo-home" RUSTUP_HOME="/workspace/rustup-home" "/workspace/cargo-home/bin/cargo" "+c79f6bc4fc2389852aeff667626cb3e58adfe71c" "fetch" "--manifest-path" "Cargo.toml", kill_on_drop: false }`
[INFO] [stderr]     Blocking waiting for file lock on package cache
[INFO] [stderr]     Blocking waiting for file lock on package cache
[INFO] running `Command { std: "docker" "create" "-v" "/var/lib/crater-agent-workspace/builds/worker-6-tc2/source:/opt/rustwide/workdir:ro,Z" "-v" "/var/lib/crater-agent-workspace/builds/worker-6-tc2/target:/opt/rustwide/target:rw,Z" "-v" "/var/lib/crater-agent-workspace/cargo-home:/opt/rustwide/cargo-home:ro,Z" "-v" "/var/lib/crater-agent-workspace/rustup-home:/opt/rustwide/rustup-home:ro,Z" "-m" "1610612736" "--network" "none" "ghcr.io/rust-lang/crates-build-env/linux@sha256:77db811e55d90add9212f6832c23229e3de5f1c1f9905e8cb07319ea15df73ac" "sleep" "infinity", kill_on_drop: false }`
[INFO] [stdout] 44c74b5092d28d4c70043e2225cb19c85053277f2911a2a784f15522a61b0940
[INFO] running `Command { std: "docker" "start" "44c74b5092d28d4c70043e2225cb19c85053277f2911a2a784f15522a61b0940", kill_on_drop: false }`
[INFO] running `Command { std: "docker" "inspect" "44c74b5092d28d4c70043e2225cb19c85053277f2911a2a784f15522a61b0940", kill_on_drop: false }`
[INFO] running `Command { std: "docker" "exec" "-e" "SOURCE_DIR=/opt/rustwide/workdir" "-e" "CARGO_HOME=/opt/rustwide/cargo-home" "-e" "RUSTUP_HOME=/opt/rustwide/rustup-home" "-e" "CARGO_TARGET_DIR=/opt/rustwide/target" "-w" "/opt/rustwide/workdir" "--user" "0:0" "44c74b5092d28d4c70043e2225cb19c85053277f2911a2a784f15522a61b0940" "/opt/rustwide/cargo-home/bin/cargo" "+c79f6bc4fc2389852aeff667626cb3e58adfe71c" "metadata" "--no-deps" "--format-version=1", kill_on_drop: false }`
[INFO] running `Command { std: "docker" "inspect" "44c74b5092d28d4c70043e2225cb19c85053277f2911a2a784f15522a61b0940", kill_on_drop: false }`
[INFO] running `Command { std: "docker" "exec" "-e" "SOURCE_DIR=/opt/rustwide/workdir" "-e" "CARGO_HOME=/opt/rustwide/cargo-home" "-e" "RUSTUP_HOME=/opt/rustwide/rustup-home" "-e" "CARGO_TARGET_DIR=/opt/rustwide/target" "-e" "CARGO_INCREMENTAL=0" "-e" "RUST_BACKTRACE=full" "-e" "RUSTFLAGS=--cap-lints=forbid" "-e" "RUSTDOCFLAGS=--cap-lints=forbid" "-w" "/opt/rustwide/workdir" "--user" "0:0" "44c74b5092d28d4c70043e2225cb19c85053277f2911a2a784f15522a61b0940" "/opt/rustwide/cargo-home/bin/cargo" "+c79f6bc4fc2389852aeff667626cb3e58adfe71c" "check" "--frozen" "--all" "--all-targets" "--message-format=json", kill_on_drop: false }`
[INFO] [stderr]    Compiling serde_core v1.0.229
[INFO] [stderr]    Compiling libc v0.2.190
[INFO] [stderr]     Checking smallvec v1.16.3
[INFO] [stderr]     Checking equivalent v1.0.3
[INFO] [stderr]    Compiling syn v3.0.9
[INFO] [stderr]    Compiling either v1.19.0
[INFO] [stderr]    Compiling aws-lc-rs v1.18.2
[INFO] [stderr]     Checking tracing v0.1.44
[INFO] [stderr]    Compiling typenum v1.20.1
[INFO] [stderr]    Compiling clang-sys v1.9.1
[INFO] [stderr]     Checking rustls-pki-types v1.15.1
[INFO] [stderr]    Compiling num-traits v0.2.19
[INFO] [stderr]    Compiling minimal-lexical v0.2.1
[INFO] [stderr]     Checking indexmap v2.14.2
[INFO] [stderr]    Compiling bitflags v2.13.2
[INFO] [stderr]    Compiling rustix v1.1.5
[INFO] [stderr]    Compiling libloading v0.8.9
[INFO] [stderr]    Compiling nom v7.1.3
[INFO] [stderr]    Compiling rustls v0.23.46
[INFO] [stderr]    Compiling getrandom v0.4.3
[INFO] [stderr]    Compiling bindgen v0.72.1
[INFO] [stderr]    Compiling serde_json v1.0.154
[INFO] [stderr]     Checking foreign-types-shared v0.1.1
[INFO] [stderr]    Compiling syn v1.0.109
[INFO] [stderr]    Compiling openssl v0.10.81
[INFO] [stderr]    Compiling itertools v0.13.0
[INFO] [stderr]     Checking foreign-types v0.3.2
[INFO] [stderr]    Compiling openssl-macros v0.1.1
[INFO] [stderr]     Checking aho-corasick v1.1.5
[INFO] [stderr]    Compiling siphasher v1.0.4
[INFO] [stderr]    Compiling rustc-hash v2.1.3
[INFO] [stderr]    Compiling lalrpop-util v0.23.1
[INFO] [stderr]    Compiling native-tls v0.2.18
[INFO] [stderr]    Compiling phf_shared v0.13.1
[INFO] [stderr]    Compiling darling_core v0.20.11
[INFO] [stderr]    Compiling darling_core v0.23.0
[INFO] [stderr]    Compiling log v0.4.34
[INFO] [stderr]    Compiling bit-vec v0.9.1
[INFO] [stderr]    Compiling precomputed-hash v0.1.1
[INFO] [stderr]    Compiling new_debug_unreachable v1.0.6
[INFO] [stderr]    Compiling keccak v0.1.6
[INFO] [stderr]    Compiling same-file v1.0.6
[INFO] [stderr]    Compiling lazy_static v1.5.1
[INFO] [stderr]    Compiling term v1.2.1
[INFO] [stderr]    Compiling walkdir v2.5.0
[INFO] [stderr]     Checking regex-automata v0.4.18
[INFO] [stderr]    Compiling jobserver v0.1.35
[INFO] [stderr]     Checking mio v1.2.4
[INFO] [stderr]     Checking socket2 v0.6.5
[INFO] [stderr]    Compiling cc v1.8.0
[INFO] [stderr]    Compiling generic-array v0.14.7
[INFO] [stderr]    Compiling parking_lot_core v0.9.12
[INFO] [stderr]    Compiling ascii-canvas v4.0.0
[INFO] [stderr]    Compiling petgraph v0.8.3
[INFO] [stderr]    Compiling bit-set v0.9.1
[INFO] [stderr]    Compiling ena v0.14.4
[INFO] [stderr]    Compiling parking_lot v0.12.5
[INFO] [stderr]    Compiling cexpr v0.6.0
[INFO] [stderr]    Compiling crypto-common v0.1.7
[INFO] [stderr]    Compiling block-buffer v0.10.4
[INFO] [stderr]    Compiling string_cache v0.9.0
[INFO] [stderr]    Compiling digest v0.10.7
[INFO] [stderr]    Compiling itertools v0.14.0
[INFO] [stderr]    Compiling encoding_rs v0.8.42
[INFO] [stderr]    Compiling proc-macro-error-attr3 v3.1.1
[INFO] [stderr]    Compiling portable-atomic v1.15.0
[INFO] [stderr]    Compiling sha3 v0.10.9
[INFO] [stderr]    Compiling tempfile v3.27.0
[INFO] [stderr]    Compiling unicode-xid v0.2.6
[INFO] [stderr]     Checking getrandom v0.2.17
[INFO] [stderr]    Compiling uriparse v0.6.4
[INFO] [stderr]    Compiling Inflector v0.11.4
[INFO] [stderr]     Checking num-integer v0.1.47
[INFO] [stderr]     Checking rustls-native-certs v0.8.5
[INFO] [stderr]    Compiling ref-cast v1.0.27
[INFO] [stderr]    Compiling cmake v0.1.58
[INFO] [stderr]    Compiling sha1collisiondetection v0.3.4
[INFO] [stderr]     Checking core_detect v1.0.0
[INFO] [stderr]     Checking simdutf8 v0.1.5
[INFO] [stderr]    Compiling multiversion_no_op v1.0.0
[INFO] [stderr]     Checking rand_core v0.6.4
[INFO] [stderr]    Compiling time-macros v0.2.32
[INFO] [stderr]     Checking password-hash v0.5.0
[INFO] [stderr]     Checking console v0.16.6
[INFO] [stderr]     Checking num-bigint v0.4.8
[INFO] [stderr]     Checking deranged v0.5.9
[INFO] [stderr]     Checking regex v1.13.1
[INFO] [stderr]    Compiling darling_macro v0.20.11
[INFO] [stderr]     Checking blake2 v0.10.6
[INFO] [stderr]    Compiling aws-lc-sys v0.46.0
[INFO] [stderr]    Compiling openssl-sys v0.9.117
[INFO] [stderr]    Compiling ring v0.17.14
[INFO] [stderr]    Compiling darling v0.20.11
[INFO] [stderr]    Compiling darling_macro v0.23.0
[INFO] [stderr]    Compiling derive_builder_core v0.20.2
[INFO] [stderr]    Compiling prettyplease v0.2.37
[INFO] [stderr]    Compiling synstructure v0.14.0
[INFO] [stderr]    Compiling darling v0.23.0
[INFO] [stderr]    Compiling proc-macro-error3 v3.1.1
[INFO] [stderr]    Compiling lalrpop v0.23.1
[INFO] [stderr]    Compiling anyhow v1.0.104
[INFO] [stderr]     Checking generic-array v1.4.5
[INFO] [stdout] error[E0493]: destructor of `ArrayBuilder<T, N>` cannot be evaluated at compile-time
[INFO] [stdout]    --> /opt/rustwide/cargo-home/registry/src/index.crates.io-1949cf8c6b5b557f/generic-array-1.4.5/src/internal.rs:103:31
[INFO] [stdout]     |
[INFO] [stdout] 103 |     pub unsafe fn assume_init(self) -> GenericArray<T, N> {
[INFO] [stdout]     |                               ^^^^ the destructor for this type cannot be evaluated in constant functions
[INFO] [stdout] ...
[INFO] [stdout] 109 |     }
[INFO] [stdout]     |     - value is dropped here
[INFO] [stdout] 
[INFO] [stdout] 
[INFO] [stdout] error[E0493]: destructor of `GenericArray<core::mem::MaybeUninit<*const T>, N>` cannot be evaluated at compile-time
[INFO] [stdout]    --> /opt/rustwide/cargo-home/registry/src/index.crates.io-1949cf8c6b5b557f/generic-array-1.4.5/src/lib.rs:983:13
[INFO] [stdout]     |
[INFO] [stdout] 983 |         let mut out: GenericArray<MaybeUninit<*const T>, N> = GenericArray::uninit();
[INFO] [stdout]     |             ^^^^^^^ the destructor for this type cannot be evaluated in constant functions
[INFO] [stdout] ...
[INFO] [stdout] 998 |     }
[INFO] [stdout]     |     - value is dropped here
[INFO] [stdout] 
[INFO] [stdout] 
[INFO] [stdout] error[E0493]: destructor of `GenericArray<core::mem::MaybeUninit<*mut T>, N>` cannot be evaluated at compile-time
[INFO] [stdout]     --> /opt/rustwide/cargo-home/registry/src/index.crates.io-1949cf8c6b5b557f/generic-array-1.4.5/src/lib.rs:1018:13
[INFO] [stdout]      |
[INFO] [stdout] 1018 |         let mut out: GenericArray<MaybeUninit<*mut T>, N> = GenericArray::uninit();
[INFO] [stdout]      |             ^^^^^^^ the destructor for this type cannot be evaluated in constant functions
[INFO] [stdout] ...
[INFO] [stdout] 1033 |     }
[INFO] [stdout]      |     - value is dropped here
[INFO] [stdout] 
[INFO] [stdout] 
[INFO] [stdout] For more information about this error, try `rustc --explain E0493`.
[INFO] [stdout] 
[INFO] [stderr]     Checking unit-prefix v0.5.2
[INFO] [stderr] error: could not compile `generic-array` (lib) due to 3 previous errors
[INFO] [stderr] warning: build failed, waiting for other jobs to finish...
[INFO] running `Command { std: "docker" "inspect" "44c74b5092d28d4c70043e2225cb19c85053277f2911a2a784f15522a61b0940", kill_on_drop: false }`
[INFO] running `Command { std: "docker" "rm" "-f" "44c74b5092d28d4c70043e2225cb19c85053277f2911a2a784f15522a61b0940", kill_on_drop: false }`
[INFO] [stdout] 44c74b5092d28d4c70043e2225cb19c85053277f2911a2a784f15522a61b0940
