[INFO] fetching crate rtrack-gui 0.2.0...
[INFO] checking rtrack-gui-0.2.0 against c79f6bc4fc2389852aeff667626cb3e58adfe71c for pr-164081
[INFO] extracting crate rtrack-gui 0.2.0 into /workspace/builds/worker-5-tc2/source
[INFO] started tweaking crates.io crate rtrack-gui 0.2.0
[INFO] finished tweaking crates.io crate rtrack-gui 0.2.0
[INFO] tweaked toml for crates.io crate rtrack-gui 0.2.0 written to /workspace/builds/worker-5-tc2/source/Cargo.toml
[INFO] validating manifest of crates.io crate rtrack-gui 0.2.0 on toolchain c79f6bc4fc2389852aeff667626cb3e58adfe71c
[INFO] running `Command { std: CARGO_HOME="/workspace/cargo-home" RUSTUP_HOME="/workspace/rustup-home" "/workspace/cargo-home/bin/cargo" "+c79f6bc4fc2389852aeff667626cb3e58adfe71c" "metadata" "--manifest-path" "Cargo.toml" "--no-deps", kill_on_drop: false }`
[INFO] crate crates.io crate rtrack-gui 0.2.0 already has a lockfile, it will not be regenerated
[INFO] running `Command { std: CARGO_HOME="/workspace/cargo-home" RUSTUP_HOME="/workspace/rustup-home" "/workspace/cargo-home/bin/cargo" "+c79f6bc4fc2389852aeff667626cb3e58adfe71c" "fetch" "--manifest-path" "Cargo.toml", kill_on_drop: false }`
[INFO] running `Command { std: "docker" "create" "-v" "/var/lib/crater-agent-workspace/builds/worker-5-tc2/source:/opt/rustwide/workdir:ro,Z" "-v" "/var/lib/crater-agent-workspace/builds/worker-5-tc2/target:/opt/rustwide/target:rw,Z" "-v" "/var/lib/crater-agent-workspace/cargo-home:/opt/rustwide/cargo-home:ro,Z" "-v" "/var/lib/crater-agent-workspace/rustup-home:/opt/rustwide/rustup-home:ro,Z" "-m" "1610612736" "--network" "none" "ghcr.io/rust-lang/crates-build-env/linux@sha256:77db811e55d90add9212f6832c23229e3de5f1c1f9905e8cb07319ea15df73ac" "sleep" "infinity", kill_on_drop: false }`
[INFO] [stdout] 235d8cd9b28b6d25a99f1f73283b2edc16d189ebdab74f1b03103ebf45cb1e2c
[INFO] running `Command { std: "docker" "start" "235d8cd9b28b6d25a99f1f73283b2edc16d189ebdab74f1b03103ebf45cb1e2c", kill_on_drop: false }`
[INFO] running `Command { std: "docker" "inspect" "235d8cd9b28b6d25a99f1f73283b2edc16d189ebdab74f1b03103ebf45cb1e2c", kill_on_drop: false }`
[INFO] running `Command { std: "docker" "exec" "-e" "SOURCE_DIR=/opt/rustwide/workdir" "-e" "CARGO_HOME=/opt/rustwide/cargo-home" "-e" "RUSTUP_HOME=/opt/rustwide/rustup-home" "-e" "CARGO_TARGET_DIR=/opt/rustwide/target" "-w" "/opt/rustwide/workdir" "--user" "0:0" "235d8cd9b28b6d25a99f1f73283b2edc16d189ebdab74f1b03103ebf45cb1e2c" "/opt/rustwide/cargo-home/bin/cargo" "+c79f6bc4fc2389852aeff667626cb3e58adfe71c" "metadata" "--no-deps" "--format-version=1", kill_on_drop: false }`
[INFO] running `Command { std: "docker" "inspect" "235d8cd9b28b6d25a99f1f73283b2edc16d189ebdab74f1b03103ebf45cb1e2c", kill_on_drop: false }`
[INFO] running `Command { std: "docker" "exec" "-e" "SOURCE_DIR=/opt/rustwide/workdir" "-e" "CARGO_HOME=/opt/rustwide/cargo-home" "-e" "RUSTUP_HOME=/opt/rustwide/rustup-home" "-e" "CARGO_TARGET_DIR=/opt/rustwide/target" "-e" "CARGO_INCREMENTAL=0" "-e" "RUST_BACKTRACE=full" "-e" "RUSTFLAGS=--cap-lints=forbid" "-e" "RUSTDOCFLAGS=--cap-lints=forbid" "-w" "/opt/rustwide/workdir" "--user" "0:0" "235d8cd9b28b6d25a99f1f73283b2edc16d189ebdab74f1b03103ebf45cb1e2c" "/opt/rustwide/cargo-home/bin/cargo" "+c79f6bc4fc2389852aeff667626cb3e58adfe71c" "check" "--frozen" "--all" "--all-targets" "--message-format=json", kill_on_drop: false }`
[INFO] [stderr]    Compiling proc-macro2 v1.0.107
[INFO] [stderr]    Compiling quote v1.0.47
[INFO] [stderr]     Checking rustix v1.1.4
[INFO] [stderr]    Compiling cc v1.4.4
[INFO] [stderr]    Compiling serde_core v1.0.229
[INFO] [stderr]    Compiling wayland-sys v0.31.11
[INFO] [stderr]     Checking concurrent-queue v2.5.0
[INFO] [stderr]     Checking event-listener-strategy v0.5.4
[INFO] [stderr]     Checking getrandom v0.3.4
[INFO] [stderr]    Compiling fastrand v2.5.0
[INFO] [stderr]     Checking winnow v1.0.4
[INFO] [stderr]     Checking async-channel v2.5.0
[INFO] [stderr]     Checking uuid v1.25.0
[INFO] [stderr]    Compiling log v0.4.34
[INFO] [stderr]     Checking syn v3.0.3
[INFO] [stderr]    Compiling syn v2.0.119
[INFO] [stderr]    Compiling wayland-scanner v0.31.11
[INFO] [stderr]    Compiling wayland-backend v0.3.17
[INFO] [stderr]     Checking blocking v1.7.0
[INFO] [stderr]     Checking async-lock v3.4.2
[INFO] [stderr]    Compiling bitflags v2.13.1
[INFO] [stderr]     Checking ahash v0.8.12
[INFO] [stderr]     Checking async-executor v1.14.0
[INFO] [stderr]     Checking async-broadcast v0.7.2
[INFO] [stderr]     Checking ordered-stream v0.2.0
[INFO] [stderr]     Checking hashbrown v0.17.1
[INFO] [stderr]     Checking xcursor v0.3.11
[INFO] [stderr]    Compiling xml-rs v0.8.29
[INFO] [stderr]     Checking rustix v0.38.44
[INFO] [stderr]     Checking polycool v0.4.0
[INFO] [stderr]    Compiling x11-dl v2.21.0
[INFO] [stderr]     Checking memmap2 v0.9.11
[INFO] [stderr]    Compiling glob v0.3.4
[INFO] [stderr]    Compiling phf_shared v0.13.1
[INFO] [stderr]    Compiling gl_generator v0.14.0
[INFO] [stderr]    Compiling clang-sys v1.9.1
[INFO] [stderr]     Checking polling v3.11.0
[INFO] [stderr]     Checking async-io v2.6.0
[INFO] [stderr]     Checking kurbo v0.13.1
[INFO] [stderr]     Checking async-signal v0.2.14
[INFO] [stderr]     Checking dasp_frame v0.11.0
[INFO] [stderr]     Checking async-process v2.5.0
[INFO] [stderr]    Compiling getrandom v0.4.3
[INFO] [stderr]     Checking wayland-client v0.31.15
[INFO] [stderr]     Checking wayland-csd-frame v0.3.0
[INFO] [stderr]     Checking accesskit v0.24.1
[INFO] [stderr]     Checking euclid v0.22.14
[INFO] [stderr]    Compiling prettyplease v0.2.37
[INFO] [stderr]    Compiling crc32fast v1.5.1
[INFO] [stderr]     Checking linebender_resource_handle v0.1.1
[INFO] [stderr]    Compiling tempfile v3.27.0
[INFO] [stderr]    Compiling synstructure v0.13.2
[INFO] [stderr]     Checking guillotiere v0.7.0
[INFO] [stderr]     Checking parking_lot_core v0.9.12
[INFO] [stderr]     Checking gethostname v1.1.0
[INFO] [stderr]    Compiling phf_generator v0.13.1
[INFO] [stderr]    Compiling num_cpus v1.17.0
[INFO] [stderr]     Checking num-integer v0.1.47
[INFO] [stderr]     Checking wayland-protocols v0.32.13
[INFO] [stderr]     Checking wayland-cursor v0.31.14
[INFO] [stderr]    Compiling regex-syntax v0.8.11
[INFO] [stderr]     Checking fearless_simd v0.4.1
[INFO] [stderr]    Compiling unicode-general-category v1.1.0
[INFO] [stderr]     Checking x11rb v0.13.2
[INFO] [stderr]    Compiling bytemuck_derive v1.12.0
[INFO] [stderr]    Compiling serde_derive v1.0.229
[INFO] [stderr]    Compiling zerofrom-derive v0.1.7
[INFO] [stderr]    Compiling yoke-derive v0.8.2
[INFO] [stderr]     Checking bytemuck v1.25.2
[INFO] [stderr]    Compiling zerovec-derive v0.11.6
[INFO] [stderr]    Compiling displaydoc v0.2.7
[INFO] [stderr]     Checking zerofrom v0.1.8
[INFO] [stderr]    Compiling enumflags2_derive v0.7.12
[INFO] [stderr]    Compiling tracing-attributes v0.1.31
[INFO] [stderr]     Checking symphonia-core v0.5.5
[INFO] [stderr]     Checking yoke v0.8.3
[INFO] [stderr]    Compiling thiserror-impl v2.0.20
[INFO] [stderr]     Checking zerotrie v0.2.5
[INFO] [stderr]     Checking zerovec v0.11.8
[INFO] [stderr]    Compiling async-recursion v1.1.1
[INFO] [stderr]     Checking tracing v0.1.44
[INFO] [stderr]    Compiling serde_repr v0.1.21
[INFO] [stderr]    Compiling async-trait v0.1.92
[INFO] [stderr]     Checking tinystr v0.8.4
[INFO] [stderr]     Checking potential_utf v0.1.6
[INFO] [stderr]     Checking symphonia-metadata v0.5.5
[INFO] [stderr]     Checking icu_collections v2.3.0
[INFO] [stderr]     Checking icu_locale_core v2.3.0
[INFO] [stderr]    Compiling thiserror-impl v1.0.69
[INFO] [stderr]     Checking thiserror v2.0.20
[INFO] [stderr]     Checking color v0.3.3
[INFO] [stderr]     Checking symphonia-utils-xiph v0.5.5
[INFO] [stderr]     Checking font-types v0.12.5
[INFO] [stderr]     Checking tiny-skia-path v0.11.4
[INFO] [stderr]     Checking serde v1.0.229
[INFO] [stderr]     Checking read-fonts v0.41.0
[INFO] [stderr]     Checking peniko v0.6.1
[INFO] [stderr]    Compiling futures-macro v0.3.34
[INFO] [stderr]     Checking vello_common v0.1.0
[INFO] [stderr]     Checking zvariant_utils v4.2.0
[INFO] [stderr]     Checking icu_provider v2.3.1
[INFO] [stderr]    Compiling zcheapstr v1.1.0
[INFO] [stderr]    Compiling enumflags2 v0.7.12
[INFO] [stderr]     Checking icu_normalizer v2.3.0
[INFO] [stderr]     Checking icu_properties v2.3.0
[INFO] [stderr]     Checking wayland-protocols-wlr v0.3.12
[INFO] [stderr]     Checking thiserror v1.0.69
[INFO] [stderr]     Checking futures-util v0.3.34
[INFO] [stderr]     Checking calloop v0.13.0
[INFO] [stderr]     Checking tiny-skia v0.11.4
[INFO] [stderr]     Checking emath v0.36.2
[INFO] [stderr]     Checking calloop-wayland-source v0.3.0
[INFO] [stderr]    Compiling regex-automata v0.4.18
[INFO] [stderr]    Compiling phf_macros v0.13.1
[INFO] [stderr]    Compiling zvariant_derive v5.15.0
[INFO] [stderr]     Checking smithay-client-toolkit v0.19.2
[INFO] [stderr]    Compiling zvariant v5.15.0
[INFO] [stderr]     Checking idna_adapter v1.2.2
[INFO] [stderr]     Checking idna v1.1.0
[INFO] [stderr]    Compiling rtsan-standalone-sys v0.3.0
[INFO] [stderr]    Compiling nom v7.1.3
[INFO] [stderr]     Checking url v2.5.8
[INFO] [stderr]     Checking parking_lot v0.12.5
[INFO] [stderr]    Compiling winit v0.30.13
[INFO] [stderr]    Compiling libloading v0.8.9
[INFO] [stderr]     Checking num-complex v0.4.6
[INFO] [stderr]    Compiling alsa-sys v0.3.1
[INFO] [stderr]    Compiling either v1.18.0
[INFO] [stderr]     Checking dasp_ring_buffer v0.11.0
[INFO] [stderr]     Checking strength_reduce v0.2.4
[INFO] [stderr]    Compiling bindgen v0.72.1
[INFO] [stderr]     Checking transpose v0.2.3
[INFO] [stderr]    Compiling regex v1.13.1
[INFO] [stderr]    Compiling itertools v0.13.0
[INFO] [stderr]     Checking sctk-adwaita v0.10.1
[INFO] [stderr]     Checking flate2 v1.1.9
[INFO] [stderr]     Checking phf v0.13.1
[INFO] [stderr]     Checking ecolor v0.36.2
[INFO] [stderr]     Checking vello_cpu v0.1.0
[INFO] [stderr]     Checking wayland-protocols-plasma v0.3.12
[INFO] [stderr]    Compiling zbus_names v4.3.4
[INFO] [stderr]    Compiling cexpr v0.6.0
[INFO] [stderr]     Checking calloop v0.14.4
[INFO] [stderr]    Compiling zbus_macros v5.19.0
[INFO] [stderr]    Compiling zbus_xml v5.2.1
[INFO] [stderr]     Checking primal-check v0.3.4
[INFO] [stderr]     Checking accesskit_consumer v0.36.0
[INFO] [stderr]     Checking zbus-lockstep v0.5.2
[INFO] [stderr]     Checking skrifa v0.44.0
[INFO] [stderr]     Checking harfrust v0.12.0
[INFO] [stderr]    Compiling zbus-lockstep-macros v0.5.2
[INFO] [stderr]    Compiling glutin_glx_sys v0.6.1
[INFO] [stderr]    Compiling glutin_egl_sys v0.7.1
[INFO] [stderr]     Checking xkbcommon-dl v0.4.2
[INFO] [stderr]    Compiling rtsan-standalone v0.3.0
[INFO] [stderr]     Checking epaint_default_fonts v0.36.2
[INFO] [stderr]     Checking self_cell v1.3.0
[INFO] [stderr]     Checking itertools v0.15.0
[INFO] [stderr]     Checking moxcms v0.8.1
[INFO] [stderr]     Checking png v0.18.1
[INFO] [stderr]     Checking zbus v5.19.0
[INFO] [stderr]     Checking rustfft v6.4.1
[INFO] [stderr]     Checking calloop-wayland-source v0.4.1
[INFO] [stderr]     Checking dasp_rms v0.11.0
[INFO] [stderr]     Checking wayland-protocols-misc v0.3.12
[INFO] [stderr]     Checking wayland-protocols-experimental v20250721.0.1
[INFO] [stderr]     Checking epaint v0.36.2
[INFO] [stderr]    Compiling pin-project-internal v1.1.13
[INFO] [stderr]    Compiling rtsan-standalone-macros v0.3.0
[INFO] [stderr]     Checking dasp_peak v0.11.0
[INFO] [stderr]    Compiling glutin v0.32.3
[INFO] [stderr]    Compiling cmake v0.1.58
[INFO] [stderr]     Checking rand_core v0.9.5
[INFO] [stderr]    Compiling heapless v0.8.0
[INFO] [stderr]     Checking byteorder v1.5.0
[INFO] [stderr]    Compiling built v0.7.7
[INFO] [stderr]     Checking pin-project v1.1.13
[INFO] [stderr]     Checking symphonia-format-riff v0.5.5
[INFO] [stderr]     Checking rand_chacha v0.9.0
[INFO] [stderr]     Checking hash32 v0.3.1
[INFO] [stderr]     Checking egui v0.36.2
[INFO] [stderr]     Checking image v0.25.10
[INFO] [stderr]     Checking dasp_envelope v0.11.0
[INFO] [stderr]    Compiling flacenc v0.5.1
[INFO] [stderr]     Checking smithay-client-toolkit v0.20.0
[INFO] [stderr]     Checking alsa v0.9.1
[INFO] [stderr]     Checking digest v0.10.7
[INFO] [stderr]     Checking generic-array v1.4.5
[INFO] [stdout] error[E0493]: destructor of `ArrayBuilder<T, N>` cannot be evaluated at compile-time
[INFO] [stdout]    --> /opt/rustwide/cargo-home/registry/src/index.crates.io-1949cf8c6b5b557f/generic-array-1.4.5/src/internal.rs:103:31
[INFO] [stdout]     |
[INFO] [stdout] 103 |     pub unsafe fn assume_init(self) -> GenericArray<T, N> {
[INFO] [stdout]     |                               ^^^^ the destructor for this type cannot be evaluated in constant functions
[INFO] [stdout] ...
[INFO] [stdout] 109 |     }
[INFO] [stdout]     |     - value is dropped here
[INFO] [stdout] 
[INFO] [stdout] 
[INFO] [stdout] error[E0493]: destructor of `GenericArray<core::mem::MaybeUninit<*const T>, N>` cannot be evaluated at compile-time
[INFO] [stdout]    --> /opt/rustwide/cargo-home/registry/src/index.crates.io-1949cf8c6b5b557f/generic-array-1.4.5/src/lib.rs:983:13
[INFO] [stdout]     |
[INFO] [stdout] 983 |         let mut out: GenericArray<MaybeUninit<*const T>, N> = GenericArray::uninit();
[INFO] [stdout]     |             ^^^^^^^ the destructor for this type cannot be evaluated in constant functions
[INFO] [stdout] ...
[INFO] [stdout] 998 |     }
[INFO] [stdout]     |     - value is dropped here
[INFO] [stdout] 
[INFO] [stdout] 
[INFO] [stdout] error[E0493]: destructor of `GenericArray<core::mem::MaybeUninit<*mut T>, N>` cannot be evaluated at compile-time
[INFO] [stdout]     --> /opt/rustwide/cargo-home/registry/src/index.crates.io-1949cf8c6b5b557f/generic-array-1.4.5/src/lib.rs:1018:13
[INFO] [stdout]      |
[INFO] [stdout] 1018 |         let mut out: GenericArray<MaybeUninit<*mut T>, N> = GenericArray::uninit();
[INFO] [stdout]      |             ^^^^^^^ the destructor for this type cannot be evaluated in constant functions
[INFO] [stdout] ...
[INFO] [stdout] 1033 |     }
[INFO] [stdout]      |     - value is dropped here
[INFO] [stdout] 
[INFO] [stdout] 
[INFO] [stdout] For more information about this error, try `rustc --explain E0493`.
[INFO] [stdout] 
[INFO] [stderr] error: could not compile `generic-array` (lib) due to 3 previous errors
[INFO] [stderr] warning: build failed, waiting for other jobs to finish...
[INFO] running `Command { std: "docker" "inspect" "235d8cd9b28b6d25a99f1f73283b2edc16d189ebdab74f1b03103ebf45cb1e2c", kill_on_drop: false }`
[INFO] running `Command { std: "docker" "rm" "-f" "235d8cd9b28b6d25a99f1f73283b2edc16d189ebdab74f1b03103ebf45cb1e2c", kill_on_drop: false }`
[INFO] [stdout] 235d8cd9b28b6d25a99f1f73283b2edc16d189ebdab74f1b03103ebf45cb1e2c
