[INFO] fetching crate robotemkin 0.3.0...
[INFO] checking robotemkin-0.3.0 against c79f6bc4fc2389852aeff667626cb3e58adfe71c for pr-164081
[INFO] extracting crate robotemkin 0.3.0 into /workspace/builds/worker-7-tc2/source
[INFO] started tweaking crates.io crate robotemkin 0.3.0
[INFO] finished tweaking crates.io crate robotemkin 0.3.0
[INFO] tweaked toml for crates.io crate robotemkin 0.3.0 written to /workspace/builds/worker-7-tc2/source/Cargo.toml
[INFO] validating manifest of crates.io crate robotemkin 0.3.0 on toolchain c79f6bc4fc2389852aeff667626cb3e58adfe71c
[INFO] running `Command { std: CARGO_HOME="/workspace/cargo-home" RUSTUP_HOME="/workspace/rustup-home" "/workspace/cargo-home/bin/cargo" "+c79f6bc4fc2389852aeff667626cb3e58adfe71c" "metadata" "--manifest-path" "Cargo.toml" "--no-deps", kill_on_drop: false }`
[INFO] crate crates.io crate robotemkin 0.3.0 already has a lockfile, it will not be regenerated
[INFO] running `Command { std: CARGO_HOME="/workspace/cargo-home" RUSTUP_HOME="/workspace/rustup-home" "/workspace/cargo-home/bin/cargo" "+c79f6bc4fc2389852aeff667626cb3e58adfe71c" "fetch" "--manifest-path" "Cargo.toml", kill_on_drop: false }`
[INFO] [stderr] warning: Cargo.toml: `lints.clippy.tabs-in-doc-comments` is deprecated in favor of `lints.clippy.tabs_in_doc_comments` and will not work in a future edition
[INFO] [stderr] warning: `robotemkin` (manifest) generated 1 warning
[INFO] running `Command { std: "docker" "create" "-v" "/var/lib/crater-agent-workspace/builds/worker-7-tc2/source:/opt/rustwide/workdir:ro,Z" "-v" "/var/lib/crater-agent-workspace/builds/worker-7-tc2/target:/opt/rustwide/target:rw,Z" "-v" "/var/lib/crater-agent-workspace/cargo-home:/opt/rustwide/cargo-home:ro,Z" "-v" "/var/lib/crater-agent-workspace/rustup-home:/opt/rustwide/rustup-home:ro,Z" "-m" "1610612736" "--network" "none" "ghcr.io/rust-lang/crates-build-env/linux@sha256:77db811e55d90add9212f6832c23229e3de5f1c1f9905e8cb07319ea15df73ac" "sleep" "infinity", kill_on_drop: false }`
[INFO] [stdout] dde00dda22193b95245ff9cac30bb71430a26a2d326554ce61c657e36538cd0a
[INFO] running `Command { std: "docker" "start" "dde00dda22193b95245ff9cac30bb71430a26a2d326554ce61c657e36538cd0a", kill_on_drop: false }`
[INFO] running `Command { std: "docker" "inspect" "dde00dda22193b95245ff9cac30bb71430a26a2d326554ce61c657e36538cd0a", kill_on_drop: false }`
[INFO] running `Command { std: "docker" "exec" "-e" "SOURCE_DIR=/opt/rustwide/workdir" "-e" "CARGO_HOME=/opt/rustwide/cargo-home" "-e" "RUSTUP_HOME=/opt/rustwide/rustup-home" "-e" "CARGO_TARGET_DIR=/opt/rustwide/target" "-w" "/opt/rustwide/workdir" "--user" "0:0" "dde00dda22193b95245ff9cac30bb71430a26a2d326554ce61c657e36538cd0a" "/opt/rustwide/cargo-home/bin/cargo" "+c79f6bc4fc2389852aeff667626cb3e58adfe71c" "metadata" "--no-deps" "--format-version=1", kill_on_drop: false }`
[INFO] running `Command { std: "docker" "inspect" "dde00dda22193b95245ff9cac30bb71430a26a2d326554ce61c657e36538cd0a", kill_on_drop: false }`
[INFO] running `Command { std: "docker" "exec" "-e" "SOURCE_DIR=/opt/rustwide/workdir" "-e" "CARGO_HOME=/opt/rustwide/cargo-home" "-e" "RUSTUP_HOME=/opt/rustwide/rustup-home" "-e" "CARGO_TARGET_DIR=/opt/rustwide/target" "-e" "CARGO_INCREMENTAL=0" "-e" "RUST_BACKTRACE=full" "-e" "RUSTFLAGS=--cap-lints=forbid" "-e" "RUSTDOCFLAGS=--cap-lints=forbid" "-w" "/opt/rustwide/workdir" "--user" "0:0" "dde00dda22193b95245ff9cac30bb71430a26a2d326554ce61c657e36538cd0a" "/opt/rustwide/cargo-home/bin/cargo" "+c79f6bc4fc2389852aeff667626cb3e58adfe71c" "check" "--frozen" "--all" "--all-targets" "--message-format=json", kill_on_drop: false }`
[INFO] [stderr] warning: Cargo.toml: `lints.clippy.tabs-in-doc-comments` is deprecated in favor of `lints.clippy.tabs_in_doc_comments` and will not work in a future edition
[INFO] [stderr] warning: `robotemkin` (manifest) generated 1 warning
[INFO] [stderr]    Compiling serde_core v1.0.229
[INFO] [stderr]    Compiling winnow v1.0.4
[INFO] [stderr]    Compiling getrandom v0.4.3
[INFO] [stderr]    Compiling fastrand v2.5.0
[INFO] [stderr]    Compiling phf_shared v0.13.1
[INFO] [stderr]     Checking futures-core v0.3.33
[INFO] [stderr]    Compiling zerovec-derive v0.11.3
[INFO] [stderr]     Checking tracing v0.1.44
[INFO] [stderr]    Compiling find-msvc-tools v0.1.10
[INFO] [stderr]     Checking tokio v1.53.1
[INFO] [stderr]     Checking chacha20 v0.10.1
[INFO] [stderr]     Checking futures-sink v0.3.33
[INFO] [stderr]     Checking zerotrie v0.2.4
[INFO] [stderr]    Compiling tinystr v0.8.3
[INFO] [stderr]     Checking precomputed-hash v0.1.1
[INFO] [stderr]    Compiling phf_generator v0.13.1
[INFO] [stderr]    Compiling darling_core v0.21.3
[INFO] [stderr]     Checking tendril v0.5.1
[INFO] [stderr]    Compiling js_int v0.2.2
[INFO] [stderr]     Checking typewit v1.15.2
[INFO] [stderr]    Compiling phf_codegen v0.13.1
[INFO] [stderr]    Compiling string_cache_codegen v0.6.1
[INFO] [stderr]    Compiling unic-langid-impl v0.9.6
[INFO] [stderr]     Checking phf v0.13.1
[INFO] [stderr]    Compiling cc v1.4.2
[INFO] [stderr]     Checking rand v0.10.2
[INFO] [stderr]     Checking uuid v1.24.0
[INFO] [stderr]     Checking string_cache v0.9.0
[INFO] [stderr]    Compiling ruma-identifiers-validation v0.12.1
[INFO] [stderr]    Compiling num-traits v0.2.19
[INFO] [stderr]     Checking futures-channel v0.3.33
[INFO] [stderr]    Compiling unic-langid-macros-impl v0.9.6
[INFO] [stderr]    Compiling as_variant v1.3.0
[INFO] [stderr]    Compiling ruma-common v0.19.0
[INFO] [stderr]     Checking wildmatch v2.6.1
[INFO] [stderr]    Compiling web_atoms v0.2.6
[INFO] [stderr]     Checking futures-task v0.3.33
[INFO] [stderr]     Checking const_panic v0.2.15
[INFO] [stderr]     Checking time v0.3.55
[INFO] [stderr]    Compiling either v1.17.0
[INFO] [stderr]     Checking date_header v1.0.5
[INFO] [stderr]    Compiling winnow v0.7.15
[INFO] [stderr]     Checking futures-util v0.3.33
[INFO] [stderr]    Compiling ruma-events v0.34.0
[INFO] [stderr]    Compiling diesel_derives v2.3.9
[INFO] [stderr]    Compiling diesel_table_macro_syntax v0.3.0
[INFO] [stderr]     Checking toml_parser v1.1.3+spec-1.1.0
[INFO] [stderr]    Compiling ruma-client-api v0.24.0
[INFO] [stderr]     Checking fallible-iterator v0.2.0
[INFO] [stderr]     Checking type-map v0.5.1
[INFO] [stderr]     Checking zerovec v0.11.6
[INFO] [stderr]     Checking postgres-protocol v0.6.12
[INFO] [stderr]     Checking downcast-rs v2.0.2
[INFO] [stderr]     Checking assign v1.1.1
[INFO] [stderr]     Checking maplit v1.0.2
[INFO] [stderr]     Checking http-body-util v0.1.4
[INFO] [stderr]     Checking konst v0.4.3
[INFO] [stderr]     Checking fluent-syntax v0.12.0
[INFO] [stderr]     Checking chrono v0.4.45
[INFO] [stderr]    Compiling async-stream-impl v0.3.6
[INFO] [stderr]     Checking markup5ever v0.39.0
[INFO] [stderr]     Checking postgres-types v0.2.14
[INFO] [stderr]     Checking num_cpus v1.17.0
[INFO] [stderr]     Checking html5ever v0.39.0
[INFO] [stderr]     Checking whoami v2.1.2
[INFO] [stderr]     Checking deadpool-runtime v0.3.1
[INFO] [stderr]    Compiling ruma-client v0.19.0
[INFO] [stderr]     Checking async-stream v0.3.6
[INFO] [stderr]    Compiling micronfig_macros v3.0.2
[INFO] [stderr]     Checking tracing-log v0.2.0
[INFO] [stderr]     Checking thread_local v1.1.10
[INFO] [stderr]     Checking tracing-subscriber v0.3.23
[INFO] [stderr]    Compiling openssl-sys v0.9.117
[INFO] [stdout] error[E0493]: destructor of `ArrayBuilder<T, N, D>` cannot be evaluated at compile-time
[INFO] [stdout]    --> /opt/rustwide/cargo-home/registry/src/index.crates.io-1949cf8c6b5b557f/konst-0.4.3/src/array/array_builder.rs:421:24
[INFO] [stdout]     |
[INFO] [stdout] 421 |     pub const fn build(self) -> [T; N] {
[INFO] [stdout]     |                        ^^^^ the destructor for this type cannot be evaluated in constant functions
[INFO] [stdout] ...
[INFO] [stdout] 437 |     }
[INFO] [stdout]     |     - value is dropped here
[INFO] [stdout] 
[INFO] [stdout] 
[INFO] [stdout] error[E0493]: destructor of `array_into_iter::IntoIter<T, N, D>` cannot be evaluated at compile-time
[INFO] [stdout]    --> /opt/rustwide/cargo-home/registry/src/index.crates.io-1949cf8c6b5b557f/konst-0.4.3/src/array/array_into_iter.rs:324:34
[INFO] [stdout]     |
[INFO] [stdout] 324 |     pub const fn assert_is_empty(self) {
[INFO] [stdout]     |                                  ^^^^ the destructor for this type cannot be evaluated in constant functions
[INFO] [stdout] ...
[INFO] [stdout] 327 |     }
[INFO] [stdout]     |     - value is dropped here
[INFO] [stdout] 
[INFO] [stdout] 
[INFO] [stdout] error[E0493]: destructor of `Option<(T, U)>` cannot be evaluated at compile-time
[INFO] [stdout]    --> /opt/rustwide/cargo-home/registry/src/index.crates.io-1949cf8c6b5b557f/konst-0.4.3/src/macros/control_flow.rs:83:42
[INFO] [stdout]     |
[INFO] [stdout]  81 |   macro_rules! if_let_Some {
[INFO] [stdout]  82 |       ($some:pat = $e:expr => $then:block $(else $else:block)?) => {
[INFO] [stdout]  83 |           match $crate::option::__opt($e) {opt =>
[INFO] [stdout]     |                                            ^^^ the destructor for this type cannot be evaluated in constant functions
[INFO] [stdout] ...
[INFO] [stdout]  90 |               }
[INFO] [stdout]     |               - value is dropped here
[INFO] [stdout]     |
[INFO] [stdout]    ::: /opt/rustwide/cargo-home/registry/src/index.crates.io-1949cf8c6b5b557f/konst-0.4.3/src/option.rs:635:5
[INFO] [stdout]     |
[INFO] [stdout] 635 | /     crate::if_let_Some! {tuple = opt => {
[INFO] [stdout] 636 | |         crate::destructure!{(l, r) = tuple}
[INFO] [stdout] 637 | |
[INFO] [stdout] 638 | |         (Some(l), Some(r))
[INFO] [stdout] 639 | |     } else {
[INFO] [stdout] 640 | |         (None, None)
[INFO] [stdout] 641 | |     }}
[INFO] [stdout]     | |______- in this macro invocation
[INFO] [stdout] 
[INFO] [stdout] 
[INFO] [stderr]     Checking micronfig v3.0.2
[INFO] [stderr]     Checking ruma-html v0.8.0
[INFO] [stderr]     Checking potential_utf v0.1.5
[INFO] [stderr]     Checking icu_collections v2.2.0
[INFO] [stderr]    Compiling openssl v0.10.81
[INFO] [stderr]    Compiling native-tls v0.2.18
[INFO] [stdout] For more information about this error, try `rustc --explain E0493`.
[INFO] [stdout] 
[INFO] [stderr] error: could not compile `konst` (lib) due to 3 previous errors
[INFO] [stderr] warning: build failed, waiting for other jobs to finish...
[INFO] running `Command { std: "docker" "inspect" "dde00dda22193b95245ff9cac30bb71430a26a2d326554ce61c657e36538cd0a", kill_on_drop: false }`
[INFO] running `Command { std: "docker" "rm" "-f" "dde00dda22193b95245ff9cac30bb71430a26a2d326554ce61c657e36538cd0a", kill_on_drop: false }`
[INFO] [stdout] dde00dda22193b95245ff9cac30bb71430a26a2d326554ce61c657e36538cd0a
