[INFO] fetching crate qtcloud-data-cli 0.3.1...
[INFO] checking qtcloud-data-cli-0.3.1 against c79f6bc4fc2389852aeff667626cb3e58adfe71c for pr-164081
[INFO] extracting crate qtcloud-data-cli 0.3.1 into /workspace/builds/worker-3-tc2/source
[INFO] started tweaking crates.io crate qtcloud-data-cli 0.3.1
[INFO] removed 0 missing tests
[INFO] finished tweaking crates.io crate qtcloud-data-cli 0.3.1
[INFO] tweaked toml for crates.io crate qtcloud-data-cli 0.3.1 written to /workspace/builds/worker-3-tc2/source/Cargo.toml
[INFO] validating manifest of crates.io crate qtcloud-data-cli 0.3.1 on toolchain c79f6bc4fc2389852aeff667626cb3e58adfe71c
[INFO] running `Command { std: CARGO_HOME="/workspace/cargo-home" RUSTUP_HOME="/workspace/rustup-home" "/workspace/cargo-home/bin/cargo" "+c79f6bc4fc2389852aeff667626cb3e58adfe71c" "metadata" "--manifest-path" "Cargo.toml" "--no-deps", kill_on_drop: false }`
[INFO] crate crates.io crate qtcloud-data-cli 0.3.1 already has a lockfile, it will not be regenerated
[INFO] running `Command { std: CARGO_HOME="/workspace/cargo-home" RUSTUP_HOME="/workspace/rustup-home" "/workspace/cargo-home/bin/cargo" "+c79f6bc4fc2389852aeff667626cb3e58adfe71c" "fetch" "--manifest-path" "Cargo.toml", kill_on_drop: false }`
[INFO] [stderr] warning: `package.homepage` is redundant with `package.repository`
[INFO] [stderr]   --> Cargo.toml:81:12
[INFO] [stderr]    |
[INFO] [stderr] 81 | homepage = "https://github.com/quanttide/qtcloud-data"
[INFO] [stderr]    |            ^^^^^^^^^^^^^^^^^^^^^^^^^^^^^^^^^^^^^^^^^^^
[INFO] [stderr] ...
[INFO] [stderr] 85 | repository = "https://github.com/quanttide/qtcloud-data"
[INFO] [stderr]    |              -------------------------------------------
[INFO] [stderr]    |
[INFO] [stderr]    = note: `cargo::redundant_homepage` is set to `warn` by default
[INFO] [stderr] help: consider removing `package.homepage`
[INFO] [stderr] warning: `qtcloud-data-cli` (manifest) generated 1 warning
[INFO] running `Command { std: "docker" "create" "-v" "/var/lib/crater-agent-workspace/builds/worker-3-tc2/source:/opt/rustwide/workdir:ro,Z" "-v" "/var/lib/crater-agent-workspace/builds/worker-3-tc2/target:/opt/rustwide/target:rw,Z" "-v" "/var/lib/crater-agent-workspace/cargo-home:/opt/rustwide/cargo-home:ro,Z" "-v" "/var/lib/crater-agent-workspace/rustup-home:/opt/rustwide/rustup-home:ro,Z" "-m" "1610612736" "--network" "none" "ghcr.io/rust-lang/crates-build-env/linux@sha256:77db811e55d90add9212f6832c23229e3de5f1c1f9905e8cb07319ea15df73ac" "sleep" "infinity", kill_on_drop: false }`
[INFO] [stdout] eef521df5125abab979c0a26e177d986b47bd4408bcf4ee7732822df4b9c6c60
[INFO] running `Command { std: "docker" "start" "eef521df5125abab979c0a26e177d986b47bd4408bcf4ee7732822df4b9c6c60", kill_on_drop: false }`
[INFO] running `Command { std: "docker" "inspect" "eef521df5125abab979c0a26e177d986b47bd4408bcf4ee7732822df4b9c6c60", kill_on_drop: false }`
[INFO] running `Command { std: "docker" "exec" "-e" "SOURCE_DIR=/opt/rustwide/workdir" "-e" "CARGO_HOME=/opt/rustwide/cargo-home" "-e" "RUSTUP_HOME=/opt/rustwide/rustup-home" "-e" "CARGO_TARGET_DIR=/opt/rustwide/target" "-w" "/opt/rustwide/workdir" "--user" "0:0" "eef521df5125abab979c0a26e177d986b47bd4408bcf4ee7732822df4b9c6c60" "/opt/rustwide/cargo-home/bin/cargo" "+c79f6bc4fc2389852aeff667626cb3e58adfe71c" "metadata" "--no-deps" "--format-version=1", kill_on_drop: false }`
[INFO] running `Command { std: "docker" "inspect" "eef521df5125abab979c0a26e177d986b47bd4408bcf4ee7732822df4b9c6c60", kill_on_drop: false }`
[INFO] running `Command { std: "docker" "exec" "-e" "SOURCE_DIR=/opt/rustwide/workdir" "-e" "CARGO_HOME=/opt/rustwide/cargo-home" "-e" "RUSTUP_HOME=/opt/rustwide/rustup-home" "-e" "CARGO_TARGET_DIR=/opt/rustwide/target" "-e" "CARGO_INCREMENTAL=0" "-e" "RUST_BACKTRACE=full" "-e" "RUSTFLAGS=--cap-lints=forbid" "-e" "RUSTDOCFLAGS=--cap-lints=forbid" "-w" "/opt/rustwide/workdir" "--user" "0:0" "eef521df5125abab979c0a26e177d986b47bd4408bcf4ee7732822df4b9c6c60" "/opt/rustwide/cargo-home/bin/cargo" "+c79f6bc4fc2389852aeff667626cb3e58adfe71c" "check" "--frozen" "--all" "--all-targets" "--message-format=json", kill_on_drop: false }`
[INFO] [stderr] warning: `package.homepage` is redundant with `package.repository`
[INFO] [stderr]   --> Cargo.toml:81:12
[INFO] [stderr]    |
[INFO] [stderr] 81 | homepage = "https://github.com/quanttide/qtcloud-data"
[INFO] [stderr]    |            ^^^^^^^^^^^^^^^^^^^^^^^^^^^^^^^^^^^^^^^^^^^
[INFO] [stderr] ...
[INFO] [stderr] 85 | repository = "https://github.com/quanttide/qtcloud-data"
[INFO] [stderr]    |              -------------------------------------------
[INFO] [stderr]    |
[INFO] [stderr]    = note: `cargo::redundant_homepage` is set to `warn` by default
[INFO] [stderr] help: consider removing `package.homepage`
[INFO] [stderr] warning: `qtcloud-data-cli` (manifest) generated 1 warning
[INFO] [stderr]    Compiling libc v0.2.189
[INFO] [stderr]    Compiling getrandom v0.4.3
[INFO] [stderr]     Checking ctutils v0.4.2
[INFO] [stderr]    Compiling syn v3.0.4
[INFO] [stderr]    Compiling find-msvc-tools v0.1.11
[INFO] [stderr]     Checking futures-channel v0.3.34
[INFO] [stderr]     Checking futures-io v0.3.34
[INFO] [stderr]     Checking tracing v0.1.44
[INFO] [stderr]     Checking num-integer v0.1.47
[INFO] [stderr]     Checking cpubits v0.1.1
[INFO] [stderr]     Checking base64ct v1.8.3
[INFO] [stderr]     Checking hybrid-array v0.4.14
[INFO] [stderr]    Compiling serde_core v1.0.229
[INFO] [stderr]    Compiling aws-smithy-runtime-api-macros v1.1.0
[INFO] [stderr]    Compiling aws-lc-rs v1.18.0
[INFO] [stderr]     Checking pem-rfc7468 v1.0.0
[INFO] [stderr]    Compiling crc32fast v1.5.1
[INFO] [stderr]     Checking indexmap v2.14.0
[INFO] [stderr]    Compiling rustls v0.23.43
[INFO] [stderr]     Checking der v0.8.1
[INFO] [stderr]     Checking webpki-roots v1.0.9
[INFO] [stderr]     Checking ipnet v2.12.1
[INFO] [stderr]    Compiling jobserver v0.1.35
[INFO] [stderr]     Checking sync_wrapper v1.0.2
[INFO] [stderr]    Compiling serde v1.0.229
[INFO] [stderr]     Checking ff v0.14.0
[INFO] [stderr]    Compiling aws-types v1.5.0
[INFO] [stderr]    Compiling serde_json v1.0.151
[INFO] [stderr]    Compiling cc v1.4.4
[INFO] [stderr]     Checking group v0.14.0
[INFO] [stderr]     Checking base16ct v1.0.0
[INFO] [stderr]     Checking uuid v1.25.0
[INFO] [stderr]     Checking simd-adler32 v0.3.10
[INFO] [stderr]     Checking miniz_oxide v0.8.9
[INFO] [stderr]    Compiling curve25519-dalek v5.0.0
[INFO] [stderr]     Checking block-buffer v0.12.1
[INFO] [stderr]     Checking block-padding v0.4.2
[INFO] [stderr]     Checking wnaf v0.14.0
[INFO] [stderr]     Checking inout v0.2.2
[INFO] [stderr]     Checking spki v0.8.0
[INFO] [stderr]     Checking sec1 v0.8.1
[INFO] [stderr]     Checking flate2 v1.1.9
[INFO] [stderr]     Checking parking_lot_core v0.9.12
[INFO] [stderr]     Checking errno v0.3.14
[INFO] [stderr]     Checking crypto-common v0.2.2
[INFO] [stderr]     Checking mio v1.2.2
[INFO] [stderr]     Checking signal-hook-registry v1.4.8
[INFO] [stderr]     Checking parking_lot v0.12.5
[INFO] [stderr]     Checking socket2 v0.6.5
[INFO] [stderr]     Checking getrandom v0.2.17
[INFO] [stderr]     Checking crypto-bigint v0.7.5
[INFO] [stderr]    Compiling cmake v0.1.58
[INFO] [stderr]     Checking spin v0.10.1
[INFO] [stderr]    Compiling unicase v2.9.0
[INFO] [stderr]     Checking crc-fast v1.10.0
[INFO] [stderr]    Compiling mime_guess v2.0.5
[INFO] [stderr]    Compiling nix v0.31.3
[INFO] [stderr]     Checking digest v0.11.3
[INFO] [stderr]     Checking cipher v0.5.2
[INFO] [stderr]     Checking hmac v0.13.0
[INFO] [stderr]     Checking sha2 v0.11.0
[INFO] [stderr]     Checking universal-hash v0.6.1
[INFO] [stderr]     Checking pbkdf2 v0.13.0
[INFO] [stderr]     Checking aes v0.9.2
[INFO] [stderr]     Checking polyval v0.7.3
[INFO] [stderr]     Checking ctr v0.10.1
[INFO] [stderr]    Compiling aws-lc-sys v0.44.0
[INFO] [stderr]    Compiling ring v0.17.14
[INFO] [stderr]     Checking ghash v0.6.0
[INFO] [stderr]     Checking aead v0.6.1
[INFO] [stderr]     Checking salsa20 v0.11.0
[INFO] [stderr]     Checking aes-gcm v0.11.1
[INFO] [stderr]     Checking cbc v0.2.1
[INFO] [stderr]     Checking signature v3.0.0
[INFO] [stderr]     Checking bitflags v2.13.1
[INFO] [stderr]     Checking hkdf v0.13.0
[INFO] [stderr]    Compiling libz-sys v1.1.29
[INFO] [stderr]     Checking scrypt v0.12.0
[INFO] [stderr]    Compiling openssl-sys v0.9.117
[INFO] [stderr]     Checking pkcs5 v0.8.1
[INFO] [stderr]     Checking sha1 v0.11.0
[INFO] [stderr]    Compiling libssh2-sys v0.3.2
[INFO] [stderr]     Checking chacha20 v0.10.1
[INFO] [stderr]     Checking pkcs8 v0.11.0
[INFO] [stderr]     Checking md-5 v0.11.0
[INFO] [stderr]     Checking webpki-roots v0.26.11
[INFO] [stderr]    Compiling curve25519-dalek-derive v0.1.1
[INFO] [stderr]     Checking keccak v0.2.2
[INFO] [stderr]     Checking blowfish v0.10.0
[INFO] [stderr]     Checking clap_builder v4.6.6
[INFO] [stderr]     Checking sha1 v0.10.7
[INFO] [stderr]     Checking ed25519 v3.0.0
[INFO] [stderr]     Checking poly1305 v0.9.1
[INFO] [stderr]     Checking blake2 v0.11.0-rc.6
[INFO] [stderr]    Compiling tokio-macros v2.7.2
[INFO] [stderr]    Compiling futures-macro v0.3.34
[INFO] [stderr]    Compiling zerovec-derive v0.11.6
[INFO] [stderr]     Checking tokio v1.53.1
[INFO] [stderr]    Compiling displaydoc v0.2.7
[INFO] [stderr]     Checking futures-util v0.3.34
[INFO] [stderr]     Checking zerotrie v0.2.5
[INFO] [stderr]    Compiling serde_derive v1.0.229
[INFO] [stderr]     Checking elliptic-curve v0.14.1
[INFO] [stderr]     Checking zerovec v0.11.8
[INFO] [stderr]     Checking primefield v0.14.0
[INFO] [stderr]     Checking rfc6979 v0.6.0
[INFO] [stderr]     Checking ecdsa v0.17.0
[INFO] [stderr]     Checking tinystr v0.8.4
[INFO] [stderr]     Checking icu_locale_core v2.3.0
[INFO] [stderr]     Checking potential_utf v0.1.6
[INFO] [stderr]     Checking icu_collections v2.3.0
[INFO] [stderr]     Checking primeorder v0.14.0
[INFO] [stderr]     Checking ssh-encoding v0.3.0
[INFO] [stderr]     Checking crypto-primes v0.7.2
[INFO] [stderr]    Compiling thiserror-impl v2.0.20
[INFO] [stderr]     Checking icu_provider v2.3.1
[INFO] [stderr]     Checking icu_normalizer v2.3.0
[INFO] [stderr]     Checking icu_properties v2.3.0
[INFO] [stderr]     Checking futures-executor v0.3.34
[INFO] [stderr]    Compiling clap_derive v4.6.4
[INFO] [stderr]     Checking pkcs1 v0.8.0-rc.4
[INFO] [stderr]     Checking rsa v0.10.0-rc.18
[INFO] [stderr]     Checking thiserror v2.0.20
[INFO] [stderr]     Checking futures v0.3.34
[INFO] [stderr]     Checking p384 v0.14.0
[INFO] [stderr]     Checking idna_adapter v1.2.2
[INFO] [stderr]     Checking idna v1.1.0
[INFO] [stderr]     Checking p256 v0.14.0
[INFO] [stderr]     Checking url v2.5.8
[INFO] [stderr]     Checking serde_yaml v0.9.34+deprecated
[INFO] [stderr]     Checking serde_urlencoded v0.7.1
[INFO] [stderr]     Checking tokio-util v0.7.19
[INFO] [stderr]     Checking aws-smithy-async v1.3.0
[INFO] [stderr]     Checking tower v0.5.3
[INFO] [stderr]     Checking ssh2 v0.9.6
[INFO] [stderr]     Checking clap v4.6.6
[INFO] [stderr]     Checking p521 v0.14.0
[INFO] [stderr]     Checking tower-http v0.6.11
[INFO] [stderr]     Checking ssh-cipher v0.3.0
[INFO] [stderr]     Checking ed25519-dalek v3.0.0
[INFO] [stderr]     Checking aws-smithy-types v1.6.2
[INFO] [stderr]     Checking h2 v0.4.19
[INFO] [stderr]     Checking quanttide-data v0.1.1
[INFO] [stderr]     Checking argon2 v0.6.0-rc.8
[INFO] [stderr]    Compiling async-trait v0.1.92
[INFO] [stderr]     Checking aws-smithy-runtime-api v1.15.0
[INFO] [stderr]     Checking aws-smithy-eventstream v0.61.2
[INFO] [stderr]     Checking bcrypt-pbkdf v0.11.0
[INFO] [stderr]     Checking sha3 v0.11.0
[INFO] [stderr]     Checking rand v0.10.2
[INFO] [stderr]     Checking kem v0.3.0
[INFO] [stderr]     Checking num_cpus v1.17.0
[INFO] [stderr]     Checking module-lattice v0.2.3
[INFO] [stderr]     Checking deadpool-runtime v0.1.4
[INFO] [stderr]     Checking whoami v1.6.1
[INFO] [stderr]     Checking sponge-cursor v0.1.0
[INFO] [stderr]     Checking sha3 v0.12.0
[INFO] [stderr]     Checking dashmap v6.2.1
[INFO] [stderr]     Checking internal-russh-num-bigint v0.5.0
[INFO] [stderr]     Checking deadpool v0.12.3
[INFO] [stderr]     Checking chrono v0.4.45
[INFO] [stderr]     Checking aws-smithy-schema v0.2.0
[INFO] [stderr]     Checking aws-smithy-http v0.64.0
[INFO] [stderr]     Checking aws-credential-types v1.3.0
[INFO] [stderr]     Checking aws-smithy-observability v0.3.0
[INFO] [stderr]     Checking aws-smithy-json v0.63.0
[INFO] [stderr]     Checking aws-smithy-xml v0.62.0
[INFO] [stderr]     Checking aws-sigv4 v1.5.1
[INFO] [stderr]     Checking aws-smithy-query v0.62.0
[INFO] [stderr]     Checking aws-smithy-checksums v0.65.0
[INFO] [stderr]    Compiling enum_dispatch v0.3.13
[INFO] [stderr]     Checking hyper v1.11.0
[INFO] [stderr]     Checking ml-kem v0.3.2
[INFO] [stderr]     Checking russh-cryptovec v0.62.0
[INFO] [stderr]     Checking russh-util v0.52.0
[INFO] [stderr]     Checking assert-json-diff v2.0.2
[INFO] [stderr]     Checking regex v1.13.1
[INFO] [stderr]     Checking serde_bytes v0.11.19
[INFO] [stderr]     Checking generic-array v1.4.5
[INFO] [stderr]     Checking num-bigint v0.4.8
[INFO] [stderr]    Compiling delegate v0.13.5
[INFO] [stderr]     Checking data-encoding v2.11.1
[INFO] [stdout] error[E0493]: destructor of `ArrayBuilder<T, N>` cannot be evaluated at compile-time
[INFO] [stdout]    --> /opt/rustwide/cargo-home/registry/src/index.crates.io-1949cf8c6b5b557f/generic-array-1.4.5/src/internal.rs:103:31
[INFO] [stdout]     |
[INFO] [stdout] 103 |     pub unsafe fn assume_init(self) -> GenericArray<T, N> {
[INFO] [stdout]     |                               ^^^^ the destructor for this type cannot be evaluated in constant functions
[INFO] [stdout] ...
[INFO] [stdout] 109 |     }
[INFO] [stdout]     |     - value is dropped here
[INFO] [stdout] 
[INFO] [stdout] 
[INFO] [stderr]     Checking hex-literal v1.1.0
[INFO] [stdout] error[E0493]: destructor of `GenericArray<core::mem::MaybeUninit<*const T>, N>` cannot be evaluated at compile-time
[INFO] [stdout]    --> /opt/rustwide/cargo-home/registry/src/index.crates.io-1949cf8c6b5b557f/generic-array-1.4.5/src/lib.rs:983:13
[INFO] [stdout]     |
[INFO] [stdout] 983 |         let mut out: GenericArray<MaybeUninit<*const T>, N> = GenericArray::uninit();
[INFO] [stdout]     |             ^^^^^^^ the destructor for this type cannot be evaluated in constant functions
[INFO] [stdout] ...
[INFO] [stdout] 998 |     }
[INFO] [stdout]     |     - value is dropped here
[INFO] [stdout] 
[INFO] [stdout] 
[INFO] [stdout] error[E0493]: destructor of `GenericArray<core::mem::MaybeUninit<*mut T>, N>` cannot be evaluated at compile-time
[INFO] [stdout]     --> /opt/rustwide/cargo-home/registry/src/index.crates.io-1949cf8c6b5b557f/generic-array-1.4.5/src/lib.rs:1018:13
[INFO] [stdout]      |
[INFO] [stdout] 1018 |         let mut out: GenericArray<MaybeUninit<*mut T>, N> = GenericArray::uninit();
[INFO] [stdout]      |             ^^^^^^^ the destructor for this type cannot be evaluated in constant functions
[INFO] [stdout] ...
[INFO] [stdout] 1033 |     }
[INFO] [stdout]      |     - value is dropped here
[INFO] [stdout] 
[INFO] [stdout] 
[INFO] [stdout] For more information about this error, try `rustc --explain E0493`.
[INFO] [stdout] 
[INFO] [stderr]     Checking md5 v0.8.1
[INFO] [stderr] error: could not compile `generic-array` (lib) due to 3 previous errors
[INFO] [stderr] warning: build failed, waiting for other jobs to finish...
[INFO] running `Command { std: "docker" "inspect" "eef521df5125abab979c0a26e177d986b47bd4408bcf4ee7732822df4b9c6c60", kill_on_drop: false }`
[INFO] running `Command { std: "docker" "rm" "-f" "eef521df5125abab979c0a26e177d986b47bd4408bcf4ee7732822df4b9c6c60", kill_on_drop: false }`
[INFO] [stdout] eef521df5125abab979c0a26e177d986b47bd4408bcf4ee7732822df4b9c6c60
