[INFO] fetching crate object-rainbow-store-opendal 0.0.0-a.8...
[INFO] checking object-rainbow-store-opendal-0.0.0-a.8 against c79f6bc4fc2389852aeff667626cb3e58adfe71c for pr-164081
[INFO] extracting crate object-rainbow-store-opendal 0.0.0-a.8 into /workspace/builds/worker-6-tc2/source
[INFO] started tweaking crates.io crate object-rainbow-store-opendal 0.0.0-a.8
[INFO] removed 0 missing examples
[INFO] finished tweaking crates.io crate object-rainbow-store-opendal 0.0.0-a.8
[INFO] tweaked toml for crates.io crate object-rainbow-store-opendal 0.0.0-a.8 written to /workspace/builds/worker-6-tc2/source/Cargo.toml
[INFO] validating manifest of crates.io crate object-rainbow-store-opendal 0.0.0-a.8 on toolchain c79f6bc4fc2389852aeff667626cb3e58adfe71c
[INFO] running `Command { std: CARGO_HOME="/workspace/cargo-home" RUSTUP_HOME="/workspace/rustup-home" "/workspace/cargo-home/bin/cargo" "+c79f6bc4fc2389852aeff667626cb3e58adfe71c" "metadata" "--manifest-path" "Cargo.toml" "--no-deps", kill_on_drop: false }`
[INFO] crate crates.io crate object-rainbow-store-opendal 0.0.0-a.8 already has a lockfile, it will not be regenerated
[INFO] running `Command { std: CARGO_HOME="/workspace/cargo-home" RUSTUP_HOME="/workspace/rustup-home" "/workspace/cargo-home/bin/cargo" "+c79f6bc4fc2389852aeff667626cb3e58adfe71c" "fetch" "--manifest-path" "Cargo.toml", kill_on_drop: false }`
[INFO] running `Command { std: "docker" "create" "-v" "/var/lib/crater-agent-workspace/builds/worker-6-tc2/source:/opt/rustwide/workdir:ro,Z" "-v" "/var/lib/crater-agent-workspace/builds/worker-6-tc2/target:/opt/rustwide/target:rw,Z" "-v" "/var/lib/crater-agent-workspace/cargo-home:/opt/rustwide/cargo-home:ro,Z" "-v" "/var/lib/crater-agent-workspace/rustup-home:/opt/rustwide/rustup-home:ro,Z" "-m" "1610612736" "--network" "none" "ghcr.io/rust-lang/crates-build-env/linux@sha256:77db811e55d90add9212f6832c23229e3de5f1c1f9905e8cb07319ea15df73ac" "sleep" "infinity", kill_on_drop: false }`
[INFO] [stdout] 3709e1dc613a000c46a6fdfe00e391353ebcffd5d5a00f7976df0a109a1c9fc0
[INFO] running `Command { std: "docker" "start" "3709e1dc613a000c46a6fdfe00e391353ebcffd5d5a00f7976df0a109a1c9fc0", kill_on_drop: false }`
[INFO] running `Command { std: "docker" "inspect" "3709e1dc613a000c46a6fdfe00e391353ebcffd5d5a00f7976df0a109a1c9fc0", kill_on_drop: false }`
[INFO] running `Command { std: "docker" "exec" "-e" "SOURCE_DIR=/opt/rustwide/workdir" "-e" "CARGO_HOME=/opt/rustwide/cargo-home" "-e" "RUSTUP_HOME=/opt/rustwide/rustup-home" "-e" "CARGO_TARGET_DIR=/opt/rustwide/target" "-w" "/opt/rustwide/workdir" "--user" "0:0" "3709e1dc613a000c46a6fdfe00e391353ebcffd5d5a00f7976df0a109a1c9fc0" "/opt/rustwide/cargo-home/bin/cargo" "+c79f6bc4fc2389852aeff667626cb3e58adfe71c" "metadata" "--no-deps" "--format-version=1", kill_on_drop: false }`
[INFO] running `Command { std: "docker" "inspect" "3709e1dc613a000c46a6fdfe00e391353ebcffd5d5a00f7976df0a109a1c9fc0", kill_on_drop: false }`
[INFO] running `Command { std: "docker" "exec" "-e" "SOURCE_DIR=/opt/rustwide/workdir" "-e" "CARGO_HOME=/opt/rustwide/cargo-home" "-e" "RUSTUP_HOME=/opt/rustwide/rustup-home" "-e" "CARGO_TARGET_DIR=/opt/rustwide/target" "-e" "CARGO_INCREMENTAL=0" "-e" "RUST_BACKTRACE=full" "-e" "RUSTFLAGS=--cap-lints=forbid" "-e" "RUSTDOCFLAGS=--cap-lints=forbid" "-w" "/opt/rustwide/workdir" "--user" "0:0" "3709e1dc613a000c46a6fdfe00e391353ebcffd5d5a00f7976df0a109a1c9fc0" "/opt/rustwide/cargo-home/bin/cargo" "+c79f6bc4fc2389852aeff667626cb3e58adfe71c" "check" "--frozen" "--all" "--all-targets" "--message-format=json", kill_on_drop: false }`
[INFO] [stderr]    Compiling proc-macro2 v1.0.106
[INFO] [stderr]    Compiling unicode-ident v1.0.24
[INFO] [stderr]    Compiling quote v1.0.45
[INFO] [stderr]    Compiling libc v0.2.186
[INFO] [stderr]     Checking futures-core v0.3.32
[INFO] [stderr]     Checking futures-io v0.3.32
[INFO] [stderr]     Checking typenum v1.20.0
[INFO] [stderr]     Checking cfg-if v1.0.4
[INFO] [stderr]     Checking stable_deref_trait v1.2.1
[INFO] [stderr]     Checking futures-sink v0.3.32
[INFO] [stderr]    Compiling find-msvc-tools v0.1.9
[INFO] [stderr]    Compiling shlex v1.3.0
[INFO] [stderr]     Checking bytes v1.11.1
[INFO] [stderr]     Checking memchr v2.8.0
[INFO] [stderr]    Compiling fs_extra v1.3.0
[INFO] [stderr]     Checking futures-task v0.3.32
[INFO] [stderr]    Compiling dunce v1.0.5
[INFO] [stderr]     Checking subtle v2.6.1
[INFO] [stderr]    Compiling generic-array v0.14.7
[INFO] [stderr]     Checking writeable v0.6.3
[INFO] [stderr]     Checking bitflags v2.11.1
[INFO] [stderr]     Checking zeroize v1.8.2
[INFO] [stderr]     Checking futures-channel v0.3.32
[INFO] [stderr]    Compiling aws-lc-rs v1.17.0
[INFO] [stderr]     Checking smallvec v1.15.1
[INFO] [stderr]     Checking atomic-waker v1.1.2
[INFO] [stderr]     Checking litemap v0.8.2
[INFO] [stderr]    Compiling icu_normalizer_data v2.2.0
[INFO] [stderr]    Compiling icu_properties_data v2.2.0
[INFO] [stderr]     Checking utf8_iter v1.0.4
[INFO] [stderr]    Compiling crossbeam-utils v0.8.21
[INFO] [stderr]    Compiling serde_core v1.0.228
[INFO] [stderr]     Checking rustls-pki-types v1.14.1
[INFO] [stderr]     Checking fastrand v2.4.1
[INFO] [stderr]     Checking parking v2.2.1
[INFO] [stderr]    Compiling rustls v0.23.40
[INFO] [stderr]    Compiling anyhow v1.0.102
[INFO] [stderr]     Checking const-oid v0.9.6
[INFO] [stderr]     Checking untrusted v0.9.0
[INFO] [stderr]     Checking want v0.3.1
[INFO] [stderr]     Checking form_urlencoded v1.2.2
[INFO] [stderr]     Checking base64 v0.22.1
[INFO] [stderr]     Checking tracing v0.1.44
[INFO] [stderr]     Checking sync_wrapper v1.0.2
[INFO] [stderr]    Compiling serde v1.0.228
[INFO] [stderr]     Checking log v0.4.29
[INFO] [stderr]    Compiling getrandom v0.4.2
[INFO] [stderr]    Compiling zmij v1.0.21
[INFO] [stderr]     Checking tower-layer v0.3.3
[INFO] [stderr]     Checking ipnet v2.12.0
[INFO] [stderr]    Compiling serde_json v1.0.150
[INFO] [stderr]     Checking futures-lite v2.6.1
[INFO] [stderr]    Compiling strsim v0.11.1
[INFO] [stderr]     Checking rustls-native-certs v0.8.3
[INFO] [stderr]    Compiling rustix v1.1.4
[INFO] [stderr]     Checking http v1.4.0
[INFO] [stderr]     Checking concurrent-queue v2.5.0
[INFO] [stderr]    Compiling ident_case v1.0.1
[INFO] [stderr]     Checking mea v0.6.3
[INFO] [stderr]    Compiling autocfg v1.5.0
[INFO] [stderr]    Compiling rustversion v1.0.22
[INFO] [stderr]     Checking event-listener v5.4.1
[INFO] [stderr]     Checking linux-raw-sys v0.12.1
[INFO] [stderr]    Compiling thiserror v2.0.18
[INFO] [stderr]     Checking const-oid v0.10.2
[INFO] [stderr]    Compiling async-io v2.6.0
[INFO] [stderr]     Checking async-task v4.7.1
[INFO] [stderr]     Checking cpufeatures v0.3.0
[INFO] [stderr]    Compiling syn v2.0.117
[INFO] [stderr]     Checking piper v0.2.5
[INFO] [stderr]    Compiling dtor-proc-macro v0.0.6
[INFO] [stderr]     Checking sha2-const v0.1.3
[INFO] [stderr]    Compiling ctor-proc-macro v0.0.7
[INFO] [stderr]     Checking event-listener-strategy v0.5.4
[INFO] [stderr]     Checking async-channel v2.5.0
[INFO] [stderr]     Checking async-lock v3.4.2
[INFO] [stderr]     Checking dtor v0.1.1
[INFO] [stderr]     Checking ctor v0.6.3
[INFO] [stderr]    Compiling jobserver v0.1.34
[INFO] [stderr]     Checking mio v1.2.0
[INFO] [stderr]     Checking socket2 v0.6.3
[INFO] [stderr]     Checking errno v0.3.14
[INFO] [stderr]     Checking signal-hook-registry v1.4.8
[INFO] [stderr]     Checking blocking v1.6.2
[INFO] [stderr]     Checking async-executor v1.14.0
[INFO] [stderr]    Compiling cc v1.2.62
[INFO] [stderr]     Checking http-body v1.0.1
[INFO] [stderr]     Checking hybrid-array v0.4.12
[INFO] [stderr]     Checking generic-array v1.4.1
[INFO] [stderr]     Checking http-body-util v0.1.3
[INFO] [stderr]     Checking async-fs v2.2.0
[INFO] [stdout] error[E0493]: destructor of `ArrayBuilder<T, N>` cannot be evaluated at compile-time
[INFO] [stdout]    --> /opt/rustwide/cargo-home/registry/src/index.crates.io-1949cf8c6b5b557f/generic-array-1.4.1/src/internal.rs:103:31
[INFO] [stdout]     |
[INFO] [stdout] 103 |     pub unsafe fn assume_init(self) -> GenericArray<T, N> {
[INFO] [stdout]     |                               ^^^^ the destructor for this type cannot be evaluated in constant functions
[INFO] [stdout] ...
[INFO] [stdout] 109 |     }
[INFO] [stdout]     |     - value is dropped here
[INFO] [stdout] 
[INFO] [stdout] 
[INFO] [stdout] error[E0493]: destructor of `GenericArray<core::mem::MaybeUninit<*const T>, N>` cannot be evaluated at compile-time
[INFO] [stdout]    --> /opt/rustwide/cargo-home/registry/src/index.crates.io-1949cf8c6b5b557f/generic-array-1.4.1/src/lib.rs:970:13
[INFO] [stdout]     |
[INFO] [stdout] 970 |         let mut out: GenericArray<MaybeUninit<*const T>, N> = GenericArray::uninit();
[INFO] [stdout]     |             ^^^^^^^ the destructor for this type cannot be evaluated in constant functions
[INFO] [stdout] ...
[INFO] [stdout] 985 |     }
[INFO] [stdout]     |     - value is dropped here
[INFO] [stdout] 
[INFO] [stdout] 
[INFO] [stdout] error[E0493]: destructor of `GenericArray<core::mem::MaybeUninit<*mut T>, N>` cannot be evaluated at compile-time
[INFO] [stdout]     --> /opt/rustwide/cargo-home/registry/src/index.crates.io-1949cf8c6b5b557f/generic-array-1.4.1/src/lib.rs:1005:13
[INFO] [stdout]      |
[INFO] [stdout] 1005 |         let mut out: GenericArray<MaybeUninit<*mut T>, N> = GenericArray::uninit();
[INFO] [stdout]      |             ^^^^^^^ the destructor for this type cannot be evaluated in constant functions
[INFO] [stdout] ...
[INFO] [stdout] 1020 |     }
[INFO] [stdout]      |     - value is dropped here
[INFO] [stdout] 
[INFO] [stdout] 
[INFO] [stdout] For more information about this error, try `rustc --explain E0493`.
[INFO] [stdout] 
[INFO] [stderr] error: could not compile `generic-array` (lib) due to 3 previous errors
[INFO] [stderr] warning: build failed, waiting for other jobs to finish...
[INFO] running `Command { std: "docker" "inspect" "3709e1dc613a000c46a6fdfe00e391353ebcffd5d5a00f7976df0a109a1c9fc0", kill_on_drop: false }`
[INFO] running `Command { std: "docker" "rm" "-f" "3709e1dc613a000c46a6fdfe00e391353ebcffd5d5a00f7976df0a109a1c9fc0", kill_on_drop: false }`
[INFO] [stdout] 3709e1dc613a000c46a6fdfe00e391353ebcffd5d5a00f7976df0a109a1c9fc0
