[INFO] fetching crate multiversx-sc-meta-lib 0.66.2...
[INFO] checking multiversx-sc-meta-lib-0.66.2 against c79f6bc4fc2389852aeff667626cb3e58adfe71c for pr-164081
[INFO] extracting crate multiversx-sc-meta-lib 0.66.2 into /workspace/builds/worker-0-tc2/source
[INFO] started tweaking crates.io crate multiversx-sc-meta-lib 0.66.2
[INFO] removed 0 missing tests
[INFO] finished tweaking crates.io crate multiversx-sc-meta-lib 0.66.2
[INFO] tweaked toml for crates.io crate multiversx-sc-meta-lib 0.66.2 written to /workspace/builds/worker-0-tc2/source/Cargo.toml
[INFO] validating manifest of crates.io crate multiversx-sc-meta-lib 0.66.2 on toolchain c79f6bc4fc2389852aeff667626cb3e58adfe71c
[INFO] running `Command { std: CARGO_HOME="/workspace/cargo-home" RUSTUP_HOME="/workspace/rustup-home" "/workspace/cargo-home/bin/cargo" "+c79f6bc4fc2389852aeff667626cb3e58adfe71c" "metadata" "--manifest-path" "Cargo.toml" "--no-deps", kill_on_drop: false }`
[INFO] crate crates.io crate multiversx-sc-meta-lib 0.66.2 already has a lockfile, it will not be regenerated
[INFO] running `Command { std: CARGO_HOME="/workspace/cargo-home" RUSTUP_HOME="/workspace/rustup-home" "/workspace/cargo-home/bin/cargo" "+c79f6bc4fc2389852aeff667626cb3e58adfe71c" "fetch" "--manifest-path" "Cargo.toml", kill_on_drop: false }`
[INFO] running `Command { std: "docker" "create" "-v" "/var/lib/crater-agent-workspace/builds/worker-0-tc2/source:/opt/rustwide/workdir:ro,Z" "-v" "/var/lib/crater-agent-workspace/builds/worker-0-tc2/target:/opt/rustwide/target:rw,Z" "-v" "/var/lib/crater-agent-workspace/cargo-home:/opt/rustwide/cargo-home:ro,Z" "-v" "/var/lib/crater-agent-workspace/rustup-home:/opt/rustwide/rustup-home:ro,Z" "-m" "1610612736" "--network" "none" "ghcr.io/rust-lang/crates-build-env/linux@sha256:77db811e55d90add9212f6832c23229e3de5f1c1f9905e8cb07319ea15df73ac" "sleep" "infinity", kill_on_drop: false }`
[INFO] [stdout] 215af9b4f275c942327f1e6c8125796483bc74feab4b13d83afa1e51d0e71941
[INFO] running `Command { std: "docker" "start" "215af9b4f275c942327f1e6c8125796483bc74feab4b13d83afa1e51d0e71941", kill_on_drop: false }`
[INFO] running `Command { std: "docker" "inspect" "215af9b4f275c942327f1e6c8125796483bc74feab4b13d83afa1e51d0e71941", kill_on_drop: false }`
[INFO] running `Command { std: "docker" "exec" "-e" "SOURCE_DIR=/opt/rustwide/workdir" "-e" "CARGO_HOME=/opt/rustwide/cargo-home" "-e" "RUSTUP_HOME=/opt/rustwide/rustup-home" "-e" "CARGO_TARGET_DIR=/opt/rustwide/target" "-w" "/opt/rustwide/workdir" "--user" "0:0" "215af9b4f275c942327f1e6c8125796483bc74feab4b13d83afa1e51d0e71941" "/opt/rustwide/cargo-home/bin/cargo" "+c79f6bc4fc2389852aeff667626cb3e58adfe71c" "metadata" "--no-deps" "--format-version=1", kill_on_drop: false }`
[INFO] running `Command { std: "docker" "inspect" "215af9b4f275c942327f1e6c8125796483bc74feab4b13d83afa1e51d0e71941", kill_on_drop: false }`
[INFO] running `Command { std: "docker" "exec" "-e" "SOURCE_DIR=/opt/rustwide/workdir" "-e" "CARGO_HOME=/opt/rustwide/cargo-home" "-e" "RUSTUP_HOME=/opt/rustwide/rustup-home" "-e" "CARGO_TARGET_DIR=/opt/rustwide/target" "-e" "CARGO_INCREMENTAL=0" "-e" "RUST_BACKTRACE=full" "-e" "RUSTFLAGS=--cap-lints=forbid" "-e" "RUSTDOCFLAGS=--cap-lints=forbid" "-w" "/opt/rustwide/workdir" "--user" "0:0" "215af9b4f275c942327f1e6c8125796483bc74feab4b13d83afa1e51d0e71941" "/opt/rustwide/cargo-home/bin/cargo" "+c79f6bc4fc2389852aeff667626cb3e58adfe71c" "check" "--frozen" "--all" "--all-targets" "--message-format=json", kill_on_drop: false }`
[INFO] [stderr]    Compiling hex v0.4.3
[INFO] [stderr]    Compiling syn v2.0.117
[INFO] [stderr]     Checking digest v0.11.3
[INFO] [stderr]     Checking bitflags v2.11.1
[INFO] [stderr]     Checking crypto-common v0.1.7
[INFO] [stderr]     Checking hashbrown v0.17.1
[INFO] [stderr]    Compiling smallvec v1.15.1
[INFO] [stderr]     Checking semver v1.0.28
[INFO] [stderr]     Checking digest v0.10.7
[INFO] [stderr]     Checking sha3 v0.12.0
[INFO] [stderr]    Compiling endian-type v0.2.0
[INFO] [stderr]     Checking bech32 v0.11.1
[INFO] [stderr]     Checking unwrap-infallible v1.0.0
[INFO] [stderr]    Compiling nibble_vec v0.1.0
[INFO] [stderr]    Compiling anyhow v1.0.102
[INFO] [stderr]     Checking wasm-encoder v0.251.0
[INFO] [stderr]     Checking blake2 v0.10.6
[INFO] [stderr]    Compiling radix_trie v0.3.0
[INFO] [stderr]     Checking sha2 v0.11.0
[INFO] [stderr]     Checking generic-array v1.4.3
[INFO] [stderr]     Checking toml_datetime v1.1.1+spec-1.1.0
[INFO] [stderr]     Checking unicode-segmentation v1.13.2
[INFO] [stderr]     Checking indexmap v2.14.0
[INFO] [stderr]     Checking rustc_version v0.4.1
[INFO] [stderr]     Checking colored v3.1.1
[INFO] [stdout] error[E0493]: destructor of `ArrayBuilder<T, N>` cannot be evaluated at compile-time
[INFO] [stdout]    --> /opt/rustwide/cargo-home/registry/src/index.crates.io-1949cf8c6b5b557f/generic-array-1.4.3/src/internal.rs:103:31
[INFO] [stdout]     |
[INFO] [stdout] 103 |     pub unsafe fn assume_init(self) -> GenericArray<T, N> {
[INFO] [stdout]     |                               ^^^^ the destructor for this type cannot be evaluated in constant functions
[INFO] [stdout] ...
[INFO] [stdout] 109 |     }
[INFO] [stdout]     |     - value is dropped here
[INFO] [stdout] 
[INFO] [stdout] 
[INFO] [stdout] error[E0493]: destructor of `GenericArray<core::mem::MaybeUninit<*const T>, N>` cannot be evaluated at compile-time
[INFO] [stdout]    --> /opt/rustwide/cargo-home/registry/src/index.crates.io-1949cf8c6b5b557f/generic-array-1.4.3/src/lib.rs:970:13
[INFO] [stdout]     |
[INFO] [stdout] 970 |         let mut out: GenericArray<MaybeUninit<*const T>, N> = GenericArray::uninit();
[INFO] [stdout]     |             ^^^^^^^ the destructor for this type cannot be evaluated in constant functions
[INFO] [stdout] ...
[INFO] [stdout] 985 |     }
[INFO] [stdout]     |     - value is dropped here
[INFO] [stdout] 
[INFO] [stdout] 
[INFO] [stdout] error[E0493]: destructor of `GenericArray<core::mem::MaybeUninit<*mut T>, N>` cannot be evaluated at compile-time
[INFO] [stdout]     --> /opt/rustwide/cargo-home/registry/src/index.crates.io-1949cf8c6b5b557f/generic-array-1.4.3/src/lib.rs:1005:13
[INFO] [stdout]      |
[INFO] [stdout] 1005 |         let mut out: GenericArray<MaybeUninit<*mut T>, N> = GenericArray::uninit();
[INFO] [stdout]      |             ^^^^^^^ the destructor for this type cannot be evaluated in constant functions
[INFO] [stdout] ...
[INFO] [stdout] 1020 |     }
[INFO] [stdout]      |     - value is dropped here
[INFO] [stdout] 
[INFO] [stdout] 
[INFO] [stderr]     Checking convert_case v0.11.0
[INFO] [stdout] For more information about this error, try `rustc --explain E0493`.
[INFO] [stdout] 
[INFO] [stderr] error: could not compile `generic-array` (lib) due to 3 previous errors
[INFO] [stderr] warning: build failed, waiting for other jobs to finish...
[INFO] running `Command { std: "docker" "inspect" "215af9b4f275c942327f1e6c8125796483bc74feab4b13d83afa1e51d0e71941", kill_on_drop: false }`
[INFO] running `Command { std: "docker" "rm" "-f" "215af9b4f275c942327f1e6c8125796483bc74feab4b13d83afa1e51d0e71941", kill_on_drop: false }`
[INFO] [stdout] 215af9b4f275c942327f1e6c8125796483bc74feab4b13d83afa1e51d0e71941
