[INFO] fetching crate mqtt-glide 0.2.0...
[INFO] checking mqtt-glide-0.2.0 against c79f6bc4fc2389852aeff667626cb3e58adfe71c for pr-164081
[INFO] extracting crate mqtt-glide 0.2.0 into /workspace/builds/worker-4-tc2/source
[INFO] started tweaking crates.io crate mqtt-glide 0.2.0
[INFO] removed 0 missing examples
[INFO] finished tweaking crates.io crate mqtt-glide 0.2.0
[INFO] tweaked toml for crates.io crate mqtt-glide 0.2.0 written to /workspace/builds/worker-4-tc2/source/Cargo.toml
[INFO] validating manifest of crates.io crate mqtt-glide 0.2.0 on toolchain c79f6bc4fc2389852aeff667626cb3e58adfe71c
[INFO] running `Command { std: CARGO_HOME="/workspace/cargo-home" RUSTUP_HOME="/workspace/rustup-home" "/workspace/cargo-home/bin/cargo" "+c79f6bc4fc2389852aeff667626cb3e58adfe71c" "metadata" "--manifest-path" "Cargo.toml" "--no-deps", kill_on_drop: false }`
[INFO] crate crates.io crate mqtt-glide 0.2.0 already has a lockfile, it will not be regenerated
[INFO] running `Command { std: CARGO_HOME="/workspace/cargo-home" RUSTUP_HOME="/workspace/rustup-home" "/workspace/cargo-home/bin/cargo" "+c79f6bc4fc2389852aeff667626cb3e58adfe71c" "fetch" "--manifest-path" "Cargo.toml", kill_on_drop: false }`
[INFO] [stderr] warning: `package.homepage` is redundant with `package.repository`
[INFO] [stderr]    --> Cargo.toml:152:12
[INFO] [stderr]     |
[INFO] [stderr] 152 | homepage = "https://github.com/justeff/mqtt-glide"
[INFO] [stderr]     |            ^^^^^^^^^^^^^^^^^^^^^^^^^^^^^^^^^^^^^^^
[INFO] [stderr] ...
[INFO] [stderr] 157 | repository = "https://github.com/justeff/mqtt-glide"
[INFO] [stderr]     |              ---------------------------------------
[INFO] [stderr]     |
[INFO] [stderr]     = note: `cargo::redundant_homepage` is set to `warn` by default
[INFO] [stderr] help: consider removing `package.homepage`
[INFO] [stderr] warning: `mqtt-glide` (manifest) generated 1 warning
[INFO] [stderr]     Blocking waiting for file lock on package cache
[INFO] running `Command { std: "docker" "create" "-v" "/var/lib/crater-agent-workspace/builds/worker-4-tc2/source:/opt/rustwide/workdir:ro,Z" "-v" "/var/lib/crater-agent-workspace/builds/worker-4-tc2/target:/opt/rustwide/target:rw,Z" "-v" "/var/lib/crater-agent-workspace/cargo-home:/opt/rustwide/cargo-home:ro,Z" "-v" "/var/lib/crater-agent-workspace/rustup-home:/opt/rustwide/rustup-home:ro,Z" "-m" "1610612736" "--network" "none" "ghcr.io/rust-lang/crates-build-env/linux@sha256:77db811e55d90add9212f6832c23229e3de5f1c1f9905e8cb07319ea15df73ac" "sleep" "infinity", kill_on_drop: false }`
[INFO] [stdout] a35c77a7d0724fd9cd1e6844be3411699333b21581624b0bd88918d933583a1c
[INFO] running `Command { std: "docker" "start" "a35c77a7d0724fd9cd1e6844be3411699333b21581624b0bd88918d933583a1c", kill_on_drop: false }`
[INFO] running `Command { std: "docker" "inspect" "a35c77a7d0724fd9cd1e6844be3411699333b21581624b0bd88918d933583a1c", kill_on_drop: false }`
[INFO] running `Command { std: "docker" "exec" "-e" "SOURCE_DIR=/opt/rustwide/workdir" "-e" "CARGO_HOME=/opt/rustwide/cargo-home" "-e" "RUSTUP_HOME=/opt/rustwide/rustup-home" "-e" "CARGO_TARGET_DIR=/opt/rustwide/target" "-w" "/opt/rustwide/workdir" "--user" "0:0" "a35c77a7d0724fd9cd1e6844be3411699333b21581624b0bd88918d933583a1c" "/opt/rustwide/cargo-home/bin/cargo" "+c79f6bc4fc2389852aeff667626cb3e58adfe71c" "metadata" "--no-deps" "--format-version=1", kill_on_drop: false }`
[INFO] running `Command { std: "docker" "inspect" "a35c77a7d0724fd9cd1e6844be3411699333b21581624b0bd88918d933583a1c", kill_on_drop: false }`
[INFO] running `Command { std: "docker" "exec" "-e" "SOURCE_DIR=/opt/rustwide/workdir" "-e" "CARGO_HOME=/opt/rustwide/cargo-home" "-e" "RUSTUP_HOME=/opt/rustwide/rustup-home" "-e" "CARGO_TARGET_DIR=/opt/rustwide/target" "-e" "CARGO_INCREMENTAL=0" "-e" "RUST_BACKTRACE=full" "-e" "RUSTFLAGS=--cap-lints=forbid" "-e" "RUSTDOCFLAGS=--cap-lints=forbid" "-w" "/opt/rustwide/workdir" "--user" "0:0" "a35c77a7d0724fd9cd1e6844be3411699333b21581624b0bd88918d933583a1c" "/opt/rustwide/cargo-home/bin/cargo" "+c79f6bc4fc2389852aeff667626cb3e58adfe71c" "check" "--frozen" "--all" "--all-targets" "--message-format=json", kill_on_drop: false }`
[INFO] [stderr] warning: `package.homepage` is redundant with `package.repository`
[INFO] [stderr]    --> Cargo.toml:152:12
[INFO] [stderr]     |
[INFO] [stderr] 152 | homepage = "https://github.com/justeff/mqtt-glide"
[INFO] [stderr]     |            ^^^^^^^^^^^^^^^^^^^^^^^^^^^^^^^^^^^^^^^
[INFO] [stderr] ...
[INFO] [stderr] 157 | repository = "https://github.com/justeff/mqtt-glide"
[INFO] [stderr]     |              ---------------------------------------
[INFO] [stderr]     |
[INFO] [stderr]     = note: `cargo::redundant_homepage` is set to `warn` by default
[INFO] [stderr] help: consider removing `package.homepage`
[INFO] [stderr] warning: `mqtt-glide` (manifest) generated 1 warning
[INFO] [stderr]    Compiling portable-atomic v1.14.0
[INFO] [stderr]     Checking futures-core v0.3.33
[INFO] [stderr]     Checking smallvec v1.15.2
[INFO] [stderr]    Compiling find-msvc-tools v0.1.9
[INFO] [stderr]     Checking futures-sink v0.3.33
[INFO] [stderr]    Compiling syn v2.0.119
[INFO] [stderr]    Compiling syn v3.0.3
[INFO] [stderr]     Checking futures-task v0.3.33
[INFO] [stderr]     Checking futures-io v0.3.33
[INFO] [stderr]    Compiling fs_extra v1.3.0
[INFO] [stderr]    Compiling pkg-config v0.3.33
[INFO] [stderr]    Compiling dunce v1.0.5
[INFO] [stderr]    Compiling serde_core v1.0.229
[INFO] [stderr]    Compiling libc v0.2.189
[INFO] [stderr]     Checking zeroize v1.9.0
[INFO] [stderr]     Checking equivalent v1.0.2
[INFO] [stderr]     Checking foldhash v0.2.0
[INFO] [stderr]     Checking allocator-api2 v0.2.21
[INFO] [stderr]    Compiling aws-lc-rs v1.17.3
[INFO] [stderr]     Checking futures-channel v0.3.33
[INFO] [stderr]     Checking getrandom v0.2.17
[INFO] [stderr]     Checking untrusted v0.9.0
[INFO] [stderr]     Checking rustls-pki-types v1.15.1
[INFO] [stderr]     Checking parking_lot_core v0.9.12
[INFO] [stderr]    Compiling rustls v0.23.43
[INFO] [stderr]     Checking log v0.4.33
[INFO] [stderr]     Checking tower-service v0.3.3
[INFO] [stderr]     Checking subtle v2.6.1
[INFO] [stderr]     Checking try-lock v0.2.5
[INFO] [stderr]    Compiling num-traits v0.2.19
[INFO] [stderr]     Checking parking_lot v0.12.5
[INFO] [stderr]    Compiling thiserror v2.0.19
[INFO] [stderr]    Compiling serde v1.0.229
[INFO] [stderr]     Checking getrandom v0.4.3
[INFO] [stderr]     Checking litemap v0.8.2
[INFO] [stderr]     Checking writeable v0.6.3
[INFO] [stderr]     Checking want v0.3.1
[INFO] [stderr]    Compiling anyhow v1.0.104
[INFO] [stderr]     Checking hashbrown v0.17.1
[INFO] [stderr]    Compiling either v1.17.0
[INFO] [stderr]    Compiling icu_normalizer_data v2.2.0
[INFO] [stderr]    Compiling icu_properties_data v2.2.0
[INFO] [stderr]     Checking sync_wrapper v1.0.2
[INFO] [stderr]     Checking tower-layer v0.3.3
[INFO] [stderr]    Compiling rustix v1.1.4
[INFO] [stderr]     Checking fastrand v2.5.0
[INFO] [stderr]    Compiling memchr v2.8.3
[INFO] [stderr]     Checking matchit v0.8.4
[INFO] [stderr]     Checking cpufeatures v0.3.0
[INFO] [stderr]    Compiling serde_json v1.0.151
[INFO] [stderr]    Compiling getrandom v0.3.4
[INFO] [stderr]    Compiling itertools v0.14.0
[INFO] [stderr]    Compiling regex-syntax v0.8.11
[INFO] [stderr]     Checking rustls-native-certs v0.8.4
[INFO] [stderr]     Checking webpki-roots v1.0.9
[INFO] [stderr]     Checking hybrid-array v0.4.14
[INFO] [stderr]     Checking bytes v1.12.1
[INFO] [stderr]     Checking chacha20 v0.10.1
[INFO] [stderr]     Checking spin v0.9.9
[INFO] [stderr]     Checking indexmap v2.14.0
[INFO] [stderr]    Compiling winnow v1.0.4
[INFO] [stderr]     Checking utf8-zero v0.8.1
[INFO] [stderr]    Compiling bollard-buildkit-proto v0.8.0
[INFO] [stderr]    Compiling semver v1.0.28
[INFO] [stderr]    Compiling zerocopy v0.8.56
[INFO] [stderr]    Compiling jobserver v0.1.35
[INFO] [stderr]    Compiling aho-corasick v1.1.5
[INFO] [stderr]     Checking http v1.5.0
[INFO] [stderr]     Checking num-integer v0.1.46
[INFO] [stderr]    Compiling rustc_version v0.4.1
[INFO] [stderr]     Checking rand_core v0.9.5
[INFO] [stderr]    Compiling cc v1.4.0
[INFO] [stderr]     Checking rand v0.10.2
[INFO] [stderr]     Checking flume v0.12.0
[INFO] [stderr]     Checking num-bigint v0.4.8
[INFO] [stderr]     Checking powerfmt v0.2.0
[INFO] [stderr]    Compiling portable-atomic-util v0.2.7
[INFO] [stderr]    Compiling toml_datetime v1.1.1+spec-1.1.0
[INFO] [stderr]     Checking hex v0.4.3
[INFO] [stderr]     Checking regex-automata v0.4.18
[INFO] [stderr]     Checking num-iter v0.1.46
[INFO] [stderr]    Compiling rstest_macros v0.26.1
[INFO] [stderr]     Checking crypto-common v0.2.2
[INFO] [stderr]     Checking http-body v1.1.0
[INFO] [stderr]     Checking ureq-proto v0.6.0
[INFO] [stderr]     Checking http-body-util v0.1.4
[INFO] [stderr]     Checking block-buffer v0.12.1
[INFO] [stderr]     Checking num-complex v0.4.6
[INFO] [stderr]    Compiling cmake v0.1.58
[INFO] [stderr]     Checking xattr v1.6.1
[INFO] [stderr]     Checking axum-core v0.5.6
[INFO] [stderr]     Checking tempfile v3.27.0
[INFO] [stderr]     Checking num-rational v0.4.2
[INFO] [stderr]    Compiling toml_parser v1.1.3+spec-1.1.0
[INFO] [stderr]     Checking digest v0.11.3
[INFO] [stderr]     Checking wait-timeout v0.2.1
[INFO] [stderr]    Compiling glob v0.3.4
[INFO] [stderr]     Checking bit-vec v0.8.0
[INFO] [stderr]     Checking humantime v2.4.0
[INFO] [stderr]     Checking quick-error v1.2.3
[INFO] [stderr]     Checking num v0.4.3
[INFO] [stderr]     Checking fixedbitset v0.5.7
[INFO] [stderr]    Compiling cfg-if v1.0.4
[INFO] [stderr]     Checking rustc-hash v2.1.3
[INFO] [stderr]     Checking home v0.5.12
[INFO] [stderr]    Compiling relative-path v1.9.3
[INFO] [stderr]     Checking bit-set v0.8.0
[INFO] [stderr]     Checking rusty-fork v0.3.1
[INFO] [stderr]     Checking sha2 v0.11.0
[INFO] [stderr]    Compiling toml_edit v0.25.13+spec-1.1.0
[INFO] [stderr]    Compiling aws-lc-sys v0.43.0
[INFO] [stderr]    Compiling ring v0.17.14
[INFO] [stderr]     Checking deranged v0.5.8
[INFO] [stderr]     Checking arc-swap v1.9.2
[INFO] [stderr]     Checking ferroid v2.0.0
[INFO] [stderr]     Checking rand v0.9.5
[INFO] [stderr]     Checking rand_xorshift v0.4.0
[INFO] [stderr]     Checking bytestring v1.5.1
[INFO] [stderr]     Checking uuid v1.24.0
[INFO] [stderr]     Checking secrecy v0.10.3
[INFO] [stderr]     Checking etcetera v0.11.0
[INFO] [stderr]     Checking futures-timer v3.0.4
[INFO] [stderr]     Checking unarray v0.1.4
[INFO] [stderr]     Checking nonzero_ext v0.3.0
[INFO] [stderr]    Compiling proc-macro-crate v3.5.0
[INFO] [stderr]    Compiling synstructure v0.13.2
[INFO] [stderr]    Compiling darling_core v0.23.0
[INFO] [stderr]     Checking regex v1.13.1
[INFO] [stderr]    Compiling tokio-macros v2.7.2
[INFO] [stderr]    Compiling displaydoc v0.2.7
[INFO] [stderr]    Compiling serde_derive v1.0.229
[INFO] [stderr]    Compiling thiserror-impl v2.0.19
[INFO] [stderr]    Compiling async-trait v0.1.91
[INFO] [stderr]    Compiling serde_repr v0.1.21
[INFO] [stderr]     Checking time v0.3.55
[INFO] [stderr]     Checking tokio v1.53.1
[INFO] [stderr]    Compiling futures-macro v0.3.33
[INFO] [stderr]    Compiling tracing-attributes v0.1.31
[INFO] [stderr]    Compiling zerofrom-derive v0.1.7
[INFO] [stderr]    Compiling yoke-derive v0.8.2
[INFO] [stderr]    Compiling zerovec-derive v0.11.3
[INFO] [stderr]    Compiling prost-derive v0.14.4
[INFO] [stderr]    Compiling pin-project-internal v1.1.13
[INFO] [stderr]    Compiling structmeta-derive v0.3.0
[INFO] [stderr]     Checking futures-util v0.3.33
[INFO] [stderr]     Checking tracing v0.1.44
[INFO] [stderr]     Checking pin-project v1.1.13
[INFO] [stderr]     Checking zerofrom v0.1.8
[INFO] [stderr]    Compiling async-stream-impl v0.3.6
[INFO] [stderr]    Compiling bebytes_derive v3.0.2
[INFO] [stderr]     Checking yoke v0.8.3
[INFO] [stderr]     Checking mqttbytes-core-next v0.33.3
[INFO] [stderr]    Compiling structmeta v0.3.0
[INFO] [stderr]     Checking zerovec v0.11.6
[INFO] [stderr]     Checking zerotrie v0.2.4
[INFO] [stderr]     Checking async-stream v0.3.6
[INFO] [stderr]    Compiling parse-display-derive v0.11.0
[INFO] [stderr]     Checking prost v0.14.4
[INFO] [stderr]    Compiling darling_macro v0.23.0
[INFO] [stderr]     Checking ppv-lite86 v0.2.21
[INFO] [stderr]    Compiling darling v0.23.0
[INFO] [stderr]     Checking prost-types v0.14.4
[INFO] [stderr]    Compiling serde_with_macros v3.21.0
[INFO] [stderr]     Checking tinystr v0.8.3
[INFO] [stderr]     Checking potential_utf v0.1.5
[INFO] [stderr]     Checking icu_collections v2.2.0
[INFO] [stderr]     Checking rand_chacha v0.9.0
[INFO] [stderr]     Checking icu_locale_core v2.2.0
[INFO] [stderr]     Checking proptest v1.11.0
[INFO] [stderr]     Checking serde_urlencoded v0.7.1
[INFO] [stderr]     Checking humantime-serde v1.1.1
[INFO] [stderr]     Checking docker_credential v1.4.0
[INFO] [stderr]     Checking parse-display v0.11.0
[INFO] [stderr]     Checking serde_with v3.21.0
[INFO] [stderr]     Checking bebytes v3.0.2
[INFO] [stderr]     Checking mqtt5-protocol v0.14.3
[INFO] [stderr]     Checking icu_provider v2.2.0
[INFO] [stderr]     Checking icu_properties v2.2.0
[INFO] [stderr]     Checking icu_normalizer v2.2.0
[INFO] [stderr]     Checking idna_adapter v1.2.2
[INFO] [stderr]     Checking idna v1.1.0
[INFO] [stderr]     Checking futures-executor v0.3.33
[INFO] [stderr]     Checking futures v0.3.33
[INFO] [stderr]     Checking rstest v0.26.1
[INFO] [stderr]     Checking url v2.5.8
[INFO] [stderr]     Checking tokio-util v0.7.19
[INFO] [stderr]     Checking tokio-stream v0.1.19
[INFO] [stderr]     Checking astral-tokio-tar v0.6.4
[INFO] [stderr]     Checking h2 v0.4.15
[INFO] [stderr]     Checking tower v0.5.3
[INFO] [stderr]     Checking axum v0.8.9
[INFO] [stderr]     Checking hyper v1.11.0
[INFO] [stderr]     Checking hyper-util v0.1.20
[INFO] [stderr]     Checking hyper-timeout v0.5.2
[INFO] [stderr]     Checking hyperlocal v0.9.1
[INFO] [stderr]     Checking tonic v0.14.6
[INFO] [stderr]     Checking rustls-webpki v0.103.13
[INFO] [stderr]     Checking tonic-prost v0.14.6
[INFO] [stderr]     Checking tokio-rustls v0.26.4
[INFO] [stderr]     Checking ureq v3.3.0
[INFO] [stderr]     Checking hyper-rustls v0.27.9
[INFO] [stderr]     Checking rumqttc-core-next v0.33.3
[INFO] [stderr]     Checking mqtt5 v0.37.2
[INFO] [stderr]     Checking mqtt-glide v0.2.0 (/opt/rustwide/workdir)
[INFO] [stderr]     Checking rumqttc-v5-next v0.33.3
[INFO] [stdout] error[E0493]: destructor of `MqttOptions` cannot be evaluated at compile-time
[INFO] [stdout]    --> /opt/rustwide/cargo-home/registry/src/index.crates.io-1949cf8c6b5b557f/rumqttc-v5-next-0.33.3/src/client.rs:255:22
[INFO] [stdout]     |
[INFO] [stdout] 255 |     pub const fn new(options: MqttOptions) -> Self {
[INFO] [stdout]     |                      ^^^^^^^ the destructor for this type cannot be evaluated in constant functions
[INFO] [stdout] ...
[INFO] [stdout] 258 |     }
[INFO] [stdout]     |     - value is dropped here
[INFO] [stdout] 
[INFO] [stdout] 
[INFO] [stdout] error[E0493]: destructor of `MqttOptions` cannot be evaluated at compile-time
[INFO] [stdout]    --> /opt/rustwide/cargo-home/registry/src/index.crates.io-1949cf8c6b5b557f/rumqttc-v5-next-0.33.3/src/client.rs:303:22
[INFO] [stdout]     |
[INFO] [stdout] 303 |     pub const fn new(options: MqttOptions) -> Self {
[INFO] [stdout]     |                      ^^^^^^^ the destructor for this type cannot be evaluated in constant functions
[INFO] [stdout] ...
[INFO] [stdout] 306 |     }
[INFO] [stdout]     |     - value is dropped here
[INFO] [stdout] 
[INFO] [stdout] 
[INFO] [stdout] error[E0493]: destructor of `MqttOptionsBuilder` cannot be evaluated at compile-time
[INFO] [stdout]     --> /opt/rustwide/cargo-home/registry/src/index.crates.io-1949cf8c6b5b557f/rumqttc-v5-next-0.33.3/src/lib.rs:1625:30
[INFO] [stdout]      |
[INFO] [stdout] 1625 |     pub const fn clean_start(mut self, clean_start: bool) -> Self {
[INFO] [stdout]      |                              ^^^^^^^^ the destructor for this type cannot be evaluated in constant functions
[INFO] [stdout] ...
[INFO] [stdout] 1628 |     }
[INFO] [stdout]      |     - value is dropped here
[INFO] [stdout] 
[INFO] [stdout] 
[INFO] [stdout] error[E0493]: destructor of `MqttOptionsBuilder` cannot be evaluated at compile-time
[INFO] [stdout]     --> /opt/rustwide/cargo-home/registry/src/index.crates.io-1949cf8c6b5b557f/rumqttc-v5-next-0.33.3/src/lib.rs:1671:43
[INFO] [stdout]      |
[INFO] [stdout] 1671 |     pub const fn request_channel_capacity(mut self, capacity: usize) -> Self {
[INFO] [stdout]      |                                           ^^^^^^^^ the destructor for this type cannot be evaluated in constant functions
[INFO] [stdout] ...
[INFO] [stdout] 1674 |     }
[INFO] [stdout]      |     - value is dropped here
[INFO] [stdout] 
[INFO] [stdout] 
[INFO] [stdout] error[E0493]: destructor of `MqttOptionsBuilder` cannot be evaluated at compile-time
[INFO] [stdout]     --> /opt/rustwide/cargo-home/registry/src/index.crates.io-1949cf8c6b5b557f/rumqttc-v5-next-0.33.3/src/lib.rs:1678:36
[INFO] [stdout]      |
[INFO] [stdout] 1678 |     pub const fn max_request_batch(mut self, max: usize) -> Self {
[INFO] [stdout]      |                                    ^^^^^^^^ the destructor for this type cannot be evaluated in constant functions
[INFO] [stdout] ...
[INFO] [stdout] 1681 |     }
[INFO] [stdout]      |     - value is dropped here
[INFO] [stdout] 
[INFO] [stdout] 
[INFO] [stdout] error[E0493]: destructor of `MqttOptionsBuilder` cannot be evaluated at compile-time
[INFO] [stdout]     --> /opt/rustwide/cargo-home/registry/src/index.crates.io-1949cf8c6b5b557f/rumqttc-v5-next-0.33.3/src/lib.rs:1685:34
[INFO] [stdout]      |
[INFO] [stdout] 1685 |     pub const fn read_batch_size(mut self, size: usize) -> Self {
[INFO] [stdout]      |                                  ^^^^^^^^ the destructor for this type cannot be evaluated in constant functions
[INFO] [stdout] ...
[INFO] [stdout] 1688 |     }
[INFO] [stdout]      |     - value is dropped here
[INFO] [stdout] 
[INFO] [stdout] 
[INFO] [stdout] error[E0493]: destructor of `MqttOptionsBuilder` cannot be evaluated at compile-time
[INFO] [stdout]     --> /opt/rustwide/cargo-home/registry/src/index.crates.io-1949cf8c6b5b557f/rumqttc-v5-next-0.33.3/src/lib.rs:1692:35
[INFO] [stdout]      |
[INFO] [stdout] 1692 |     pub const fn pending_throttle(mut self, duration: Duration) -> Self {
[INFO] [stdout]      |                                   ^^^^^^^^ the destructor for this type cannot be evaluated in constant functions
[INFO] [stdout] ...
[INFO] [stdout] 1695 |     }
[INFO] [stdout]      |     - value is dropped here
[INFO] [stdout] 
[INFO] [stdout] 
[INFO] [stdout] error[E0493]: destructor of `MqttOptionsBuilder` cannot be evaluated at compile-time
[INFO] [stdout]     --> /opt/rustwide/cargo-home/registry/src/index.crates.io-1949cf8c6b5b557f/rumqttc-v5-next-0.33.3/src/lib.rs:1699:34
[INFO] [stdout]      |
[INFO] [stdout] 1699 |     pub const fn connect_timeout(mut self, timeout: Duration) -> Self {
[INFO] [stdout]      |                                  ^^^^^^^^ the destructor for this type cannot be evaluated in constant functions
[INFO] [stdout] ...
[INFO] [stdout] 1702 |     }
[INFO] [stdout]      |     - value is dropped here
[INFO] [stdout] 
[INFO] [stdout] 
[INFO] [stdout] error[E0493]: destructor of `MqttOptionsBuilder` cannot be evaluated at compile-time
[INFO] [stdout]     --> /opt/rustwide/cargo-home/registry/src/index.crates.io-1949cf8c6b5b557f/rumqttc-v5-next-0.33.3/src/lib.rs:1755:37
[INFO] [stdout]      |
[INFO] [stdout] 1755 |     pub const fn auto_topic_aliases(mut self, auto_topic_aliases: bool) -> Self {
[INFO] [stdout]      |                                     ^^^^^^^^ the destructor for this type cannot be evaluated in constant functions
[INFO] [stdout] ...
[INFO] [stdout] 1758 |     }
[INFO] [stdout]      |     - value is dropped here
[INFO] [stdout] 
[INFO] [stdout] 
[INFO] [stdout] error[E0493]: destructor of `MqttOptionsBuilder` cannot be evaluated at compile-time
[INFO] [stdout]     --> /opt/rustwide/cargo-home/registry/src/index.crates.io-1949cf8c6b5b557f/rumqttc-v5-next-0.33.3/src/lib.rs:1762:37
[INFO] [stdout]      |
[INFO] [stdout] 1762 |     pub const fn topic_alias_policy(mut self, topic_alias_policy: TopicAliasPolicy) -> Self {
[INFO] [stdout]      |                                     ^^^^^^^^ the destructor for this type cannot be evaluated in constant functions
[INFO] [stdout] ...
[INFO] [stdout] 1765 |     }
[INFO] [stdout]      |     - value is dropped here
[INFO] [stdout] 
[INFO] [stdout] 
[INFO] [stdout] error[E0493]: destructor of `MqttOptionsBuilder` cannot be evaluated at compile-time
[INFO] [stdout]     --> /opt/rustwide/cargo-home/registry/src/index.crates.io-1949cf8c6b5b557f/rumqttc-v5-next-0.33.3/src/lib.rs:1806:30
[INFO] [stdout]      |
[INFO] [stdout] 1806 |     pub const fn manual_acks(mut self, manual_acks: bool) -> Self {
[INFO] [stdout]      |                              ^^^^^^^^ the destructor for this type cannot be evaluated in constant functions
[INFO] [stdout] ...
[INFO] [stdout] 1809 |     }
[INFO] [stdout]      |     - value is dropped here
[INFO] [stdout] 
[INFO] [stdout] 
[INFO] [stdout] error[E0493]: destructor of `MqttOptionsBuilder` cannot be evaluated at compile-time
[INFO] [stdout]     --> /opt/rustwide/cargo-home/registry/src/index.crates.io-1949cf8c6b5b557f/rumqttc-v5-next-0.33.3/src/lib.rs:1828:48
[INFO] [stdout]      |
[INFO] [stdout] 1828 |     pub const fn outgoing_inflight_upper_limit(mut self, limit: u16) -> Self {
[INFO] [stdout]      |                                                ^^^^^^^^ the destructor for this type cannot be evaluated in constant functions
[INFO] [stdout] ...
[INFO] [stdout] 1831 |     }
[INFO] [stdout]      |     - value is dropped here
[INFO] [stdout] 
[INFO] [stdout] 
[INFO] [stdout] For more information about this error, try `rustc --explain E0493`.
[INFO] [stdout] 
[INFO] [stderr] error: could not compile `rumqttc-v5-next` (lib) due to 12 previous errors
[INFO] [stderr] warning: build failed, waiting for other jobs to finish...
[INFO] running `Command { std: "docker" "inspect" "a35c77a7d0724fd9cd1e6844be3411699333b21581624b0bd88918d933583a1c", kill_on_drop: false }`
[INFO] running `Command { std: "docker" "rm" "-f" "a35c77a7d0724fd9cd1e6844be3411699333b21581624b0bd88918d933583a1c", kill_on_drop: false }`
[INFO] [stdout] a35c77a7d0724fd9cd1e6844be3411699333b21581624b0bd88918d933583a1c
