[INFO] fetching crate modgunn 0.0.7...
[INFO] checking modgunn-0.0.7 against c79f6bc4fc2389852aeff667626cb3e58adfe71c for pr-164081
[INFO] extracting crate modgunn 0.0.7 into /workspace/builds/worker-6-tc2/source
[INFO] started tweaking crates.io crate modgunn 0.0.7
[INFO] removed 0 missing tests
[INFO] finished tweaking crates.io crate modgunn 0.0.7
[INFO] tweaked toml for crates.io crate modgunn 0.0.7 written to /workspace/builds/worker-6-tc2/source/Cargo.toml
[INFO] validating manifest of crates.io crate modgunn 0.0.7 on toolchain c79f6bc4fc2389852aeff667626cb3e58adfe71c
[INFO] running `Command { std: CARGO_HOME="/workspace/cargo-home" RUSTUP_HOME="/workspace/rustup-home" "/workspace/cargo-home/bin/cargo" "+c79f6bc4fc2389852aeff667626cb3e58adfe71c" "metadata" "--manifest-path" "Cargo.toml" "--no-deps", kill_on_drop: false }`
[INFO] crate crates.io crate modgunn 0.0.7 already has a lockfile, it will not be regenerated
[INFO] running `Command { std: CARGO_HOME="/workspace/cargo-home" RUSTUP_HOME="/workspace/rustup-home" "/workspace/cargo-home/bin/cargo" "+c79f6bc4fc2389852aeff667626cb3e58adfe71c" "fetch" "--manifest-path" "Cargo.toml", kill_on_drop: false }`
[INFO] running `Command { std: "docker" "create" "-v" "/var/lib/crater-agent-workspace/builds/worker-6-tc2/source:/opt/rustwide/workdir:ro,Z" "-v" "/var/lib/crater-agent-workspace/builds/worker-6-tc2/target:/opt/rustwide/target:rw,Z" "-v" "/var/lib/crater-agent-workspace/cargo-home:/opt/rustwide/cargo-home:ro,Z" "-v" "/var/lib/crater-agent-workspace/rustup-home:/opt/rustwide/rustup-home:ro,Z" "-m" "1610612736" "--network" "none" "ghcr.io/rust-lang/crates-build-env/linux@sha256:77db811e55d90add9212f6832c23229e3de5f1c1f9905e8cb07319ea15df73ac" "sleep" "infinity", kill_on_drop: false }`
[INFO] [stdout] 5b6379d2c0434ed5386432998ecf04a5892f34d0c2f4b907fde711c1ee860f7d
[INFO] running `Command { std: "docker" "start" "5b6379d2c0434ed5386432998ecf04a5892f34d0c2f4b907fde711c1ee860f7d", kill_on_drop: false }`
[INFO] running `Command { std: "docker" "inspect" "5b6379d2c0434ed5386432998ecf04a5892f34d0c2f4b907fde711c1ee860f7d", kill_on_drop: false }`
[INFO] running `Command { std: "docker" "exec" "-e" "SOURCE_DIR=/opt/rustwide/workdir" "-e" "CARGO_HOME=/opt/rustwide/cargo-home" "-e" "RUSTUP_HOME=/opt/rustwide/rustup-home" "-e" "CARGO_TARGET_DIR=/opt/rustwide/target" "-w" "/opt/rustwide/workdir" "--user" "0:0" "5b6379d2c0434ed5386432998ecf04a5892f34d0c2f4b907fde711c1ee860f7d" "/opt/rustwide/cargo-home/bin/cargo" "+c79f6bc4fc2389852aeff667626cb3e58adfe71c" "metadata" "--no-deps" "--format-version=1", kill_on_drop: false }`
[INFO] running `Command { std: "docker" "inspect" "5b6379d2c0434ed5386432998ecf04a5892f34d0c2f4b907fde711c1ee860f7d", kill_on_drop: false }`
[INFO] running `Command { std: "docker" "exec" "-e" "SOURCE_DIR=/opt/rustwide/workdir" "-e" "CARGO_HOME=/opt/rustwide/cargo-home" "-e" "RUSTUP_HOME=/opt/rustwide/rustup-home" "-e" "CARGO_TARGET_DIR=/opt/rustwide/target" "-e" "CARGO_INCREMENTAL=0" "-e" "RUST_BACKTRACE=full" "-e" "RUSTFLAGS=--cap-lints=forbid" "-e" "RUSTDOCFLAGS=--cap-lints=forbid" "-w" "/opt/rustwide/workdir" "--user" "0:0" "5b6379d2c0434ed5386432998ecf04a5892f34d0c2f4b907fde711c1ee860f7d" "/opt/rustwide/cargo-home/bin/cargo" "+c79f6bc4fc2389852aeff667626cb3e58adfe71c" "check" "--frozen" "--all" "--all-targets" "--message-format=json", kill_on_drop: false }`
[INFO] [stderr]    Compiling libc v0.2.190
[INFO] [stderr]    Compiling getrandom v0.4.3
[INFO] [stderr]     Checking smallvec v1.16.2
[INFO] [stderr]     Checking hybrid-array v0.4.15
[INFO] [stderr]     Checking regex-automata v0.4.18
[INFO] [stderr]     Checking hashbrown v0.17.1
[INFO] [stderr]     Checking gix-trace v0.2.0
[INFO] [stderr]    Compiling num-traits v0.2.19
[INFO] [stderr]     Checking unicode-normalization v0.1.25
[INFO] [stderr]     Checking bytesize v2.7.0
[INFO] [stderr]    Compiling syn v2.0.119
[INFO] [stderr]     Checking human_format v1.2.1
[INFO] [stderr]    Compiling faster-hex v0.10.1
[INFO] [stderr]     Checking jiff-core v0.1.1
[INFO] [stderr]    Compiling signal-hook v0.4.4
[INFO] [stderr]     Checking sha1dc v0.1.5
[INFO] [stderr]     Checking generic-array v0.14.7
[INFO] [stderr]    Compiling cc v1.6.0
[INFO] [stderr]     Checking const-oid v0.9.6
[INFO] [stderr]    Compiling yoke-derive v0.8.4
[INFO] [stderr]     Checking nonempty v0.12.0
[INFO] [stderr]     Checking der v0.8.2
[INFO] [stderr]    Compiling futures-macro v0.3.34
[INFO] [stderr]     Checking pem-rfc7468 v0.7.0
[INFO] [stderr]     Checking flagset v0.4.7
[INFO] [stderr]    Compiling aws-lc-rs v1.18.1
[INFO] [stderr]     Checking block-buffer v0.10.4
[INFO] [stderr]    Compiling ahash v0.8.12
[INFO] [stderr]     Checking arrow-schema v59.3.0
[INFO] [stderr]    Compiling rustls v0.23.45
[INFO] [stderr]     Checking tracing v0.1.44
[INFO] [stderr]     Checking lexical-util v1.0.7
[INFO] [stderr]     Checking zlib-rs v0.6.8
[INFO] [stderr]     Checking num-integer v0.1.47
[INFO] [stderr]     Checking chrono v0.4.45
[INFO] [stderr]     Checking jiff v0.2.37
[INFO] [stderr]     Checking indexmap v2.14.2
[INFO] [stderr]    Compiling cmake v0.1.58
[INFO] [stderr]     Checking num-complex v0.4.6
[INFO] [stderr]    Compiling serde_json v1.0.151
[INFO] [stderr]     Checking arrayvec v0.7.8
[INFO] [stderr]     Checking futures-util v0.3.34
[INFO] [stderr]     Checking lexical-write-integer v1.0.6
[INFO] [stderr]     Checking block-buffer v0.12.1
[INFO] [stderr]     Checking block-padding v0.4.2
[INFO] [stderr]     Checking lexical-parse-integer v1.0.6
[INFO] [stderr]     Checking inout v0.2.2
[INFO] [stderr]    Compiling serde_derive v1.0.229
[INFO] [stderr]    Compiling nix v0.31.3
[INFO] [stderr]     Checking yoke v0.8.3
[INFO] [stderr]     Checking lexical-write-float v1.0.6
[INFO] [stderr]     Checking lexical-parse-float v1.0.6
[INFO] [stderr]     Checking block-padding v0.3.3
[INFO] [stderr]     Checking spki v0.8.0
[INFO] [stderr]     Checking sec1 v0.8.1
[INFO] [stderr]     Checking clru v0.6.3
[INFO] [stderr]     Checking inout v0.1.4
[INFO] [stderr]     Checking zerovec v0.11.8
[INFO] [stderr]     Checking zerotrie v0.2.5
[INFO] [stderr]     Checking pkcs1 v0.8.0-rc.4
[INFO] [stderr]     Checking uluru v3.1.0
[INFO] [stderr]    Compiling aws-lc-sys v0.45.0
[INFO] [stderr]     Checking atoi v2.0.0
[INFO] [stderr]    Compiling flatbuffers v25.12.19
[INFO] [stderr]    Compiling thiserror-impl v2.0.21
[INFO] [stderr]    Compiling num-bigint-dig v0.8.6
[INFO] [stderr]     Checking spin v0.9.9
[INFO] [stderr]     Checking lazy_static v1.5.1
[INFO] [stderr]     Checking module-lattice v0.2.3
[INFO] [stderr]     Checking num-iter v0.1.46
[INFO] [stderr]     Checking lexical-core v1.0.6
[INFO] [stderr]    Compiling curve25519-dalek v4.1.3
[INFO] [stderr]     Checking csv-core v0.1.13
[INFO] [stderr]     Checking sponge-cursor v0.1.0
[INFO] [stderr]    Compiling camino v1.2.6
[INFO] [stderr]     Checking flate2 v1.1.10
[INFO] [stderr]    Compiling blake3 v1.8.7
[INFO] [stderr]     Checking csv v1.4.0
[INFO] [stderr]    Compiling openzl-sys-rs v0.4.0+openzl.0.3.0
[INFO] [stderr]     Checking generic-array v1.4.5
[INFO] [stderr]    Compiling fst v0.4.7
[INFO] [stderr]     Checking md5 v0.8.1
[INFO] [stderr]     Checking tinystr v0.8.4
[INFO] [stderr]     Checking potential_utf v0.1.6
[INFO] [stderr]     Checking serde_spanned v1.1.1
[INFO] [stderr]     Checking bstr v1.13.1
[INFO] [stderr]     Checking regex v1.13.1
[INFO] [stderr]     Checking icu_collections v2.3.0
[INFO] [stderr]     Checking semver v1.0.28
[INFO] [stdout] error[E0493]: destructor of `ArrayBuilder<T, N>` cannot be evaluated at compile-time
[INFO] [stdout]    --> /opt/rustwide/cargo-home/registry/src/index.crates.io-1949cf8c6b5b557f/generic-array-1.4.5/src/internal.rs:103:31
[INFO] [stdout]     |
[INFO] [stdout] 103 |     pub unsafe fn assume_init(self) -> GenericArray<T, N> {
[INFO] [stdout]     |                               ^^^^ the destructor for this type cannot be evaluated in constant functions
[INFO] [stdout] ...
[INFO] [stdout] 109 |     }
[INFO] [stdout]     |     - value is dropped here
[INFO] [stdout] 
[INFO] [stdout] 
[INFO] [stderr]     Checking icu_locale_core v2.3.0
[INFO] [stdout] error[E0493]: destructor of `GenericArray<core::mem::MaybeUninit<*const T>, N>` cannot be evaluated at compile-time
[INFO] [stdout]    --> /opt/rustwide/cargo-home/registry/src/index.crates.io-1949cf8c6b5b557f/generic-array-1.4.5/src/lib.rs:983:13
[INFO] [stdout]     |
[INFO] [stdout] 983 |         let mut out: GenericArray<MaybeUninit<*const T>, N> = GenericArray::uninit();
[INFO] [stdout]     |             ^^^^^^^ the destructor for this type cannot be evaluated in constant functions
[INFO] [stdout] ...
[INFO] [stdout] 998 |     }
[INFO] [stdout]     |     - value is dropped here
[INFO] [stdout] 
[INFO] [stdout] 
[INFO] [stdout] error[E0493]: destructor of `GenericArray<core::mem::MaybeUninit<*mut T>, N>` cannot be evaluated at compile-time
[INFO] [stdout]     --> /opt/rustwide/cargo-home/registry/src/index.crates.io-1949cf8c6b5b557f/generic-array-1.4.5/src/lib.rs:1018:13
[INFO] [stdout]      |
[INFO] [stdout] 1018 |         let mut out: GenericArray<MaybeUninit<*mut T>, N> = GenericArray::uninit();
[INFO] [stdout]      |             ^^^^^^^ the destructor for this type cannot be evaluated in constant functions
[INFO] [stdout] ...
[INFO] [stdout] 1033 |     }
[INFO] [stdout]      |     - value is dropped here
[INFO] [stdout] 
[INFO] [stdout] 
[INFO] [stdout] For more information about this error, try `rustc --explain E0493`.
[INFO] [stdout] 
[INFO] [stderr] error: could not compile `generic-array` (lib) due to 3 previous errors
[INFO] [stderr] warning: build failed, waiting for other jobs to finish...
[INFO] running `Command { std: "docker" "inspect" "5b6379d2c0434ed5386432998ecf04a5892f34d0c2f4b907fde711c1ee860f7d", kill_on_drop: false }`
[INFO] running `Command { std: "docker" "rm" "-f" "5b6379d2c0434ed5386432998ecf04a5892f34d0c2f4b907fde711c1ee860f7d", kill_on_drop: false }`
[INFO] [stdout] 5b6379d2c0434ed5386432998ecf04a5892f34d0c2f4b907fde711c1ee860f7d
