[INFO] fetching crate mesh-llm-api-server 0.78.1...
[INFO] checking mesh-llm-api-server-0.78.1 against c79f6bc4fc2389852aeff667626cb3e58adfe71c for pr-164081
[INFO] extracting crate mesh-llm-api-server 0.78.1 into /workspace/builds/worker-5-tc2/source
[INFO] started tweaking crates.io crate mesh-llm-api-server 0.78.1
[INFO] removed 0 missing tests
[INFO] finished tweaking crates.io crate mesh-llm-api-server 0.78.1
[INFO] tweaked toml for crates.io crate mesh-llm-api-server 0.78.1 written to /workspace/builds/worker-5-tc2/source/Cargo.toml
[INFO] validating manifest of crates.io crate mesh-llm-api-server 0.78.1 on toolchain c79f6bc4fc2389852aeff667626cb3e58adfe71c
[INFO] running `Command { std: CARGO_HOME="/workspace/cargo-home" RUSTUP_HOME="/workspace/rustup-home" "/workspace/cargo-home/bin/cargo" "+c79f6bc4fc2389852aeff667626cb3e58adfe71c" "metadata" "--manifest-path" "Cargo.toml" "--no-deps", kill_on_drop: false }`
[INFO] crate crates.io crate mesh-llm-api-server 0.78.1 already has a lockfile, it will not be regenerated
[INFO] running `Command { std: CARGO_HOME="/workspace/cargo-home" RUSTUP_HOME="/workspace/rustup-home" "/workspace/cargo-home/bin/cargo" "+c79f6bc4fc2389852aeff667626cb3e58adfe71c" "fetch" "--manifest-path" "Cargo.toml", kill_on_drop: false }`
[INFO] [stderr] warning: `package.homepage` is redundant with `package.repository`
[INFO] [stderr]   --> Cargo.toml:35:12
[INFO] [stderr]    |
[INFO] [stderr] 35 | homepage = "https://github.com/Mesh-LLM/mesh-llm"
[INFO] [stderr]    |            ^^^^^^^^^^^^^^^^^^^^^^^^^^^^^^^^^^^^^^
[INFO] [stderr] ...
[INFO] [stderr] 40 | repository = "https://github.com/Mesh-LLM/mesh-llm"
[INFO] [stderr]    |              --------------------------------------
[INFO] [stderr]    |
[INFO] [stderr]    = note: `cargo::redundant_homepage` is set to `warn` by default
[INFO] [stderr] help: consider removing `package.homepage`
[INFO] [stderr] warning: `mesh-llm-api-server` (manifest) generated 1 warning
[INFO] running `Command { std: "docker" "create" "-v" "/var/lib/crater-agent-workspace/builds/worker-5-tc2/source:/opt/rustwide/workdir:ro,Z" "-v" "/var/lib/crater-agent-workspace/builds/worker-5-tc2/target:/opt/rustwide/target:rw,Z" "-v" "/var/lib/crater-agent-workspace/cargo-home:/opt/rustwide/cargo-home:ro,Z" "-v" "/var/lib/crater-agent-workspace/rustup-home:/opt/rustwide/rustup-home:ro,Z" "-m" "1610612736" "--network" "none" "ghcr.io/rust-lang/crates-build-env/linux@sha256:77db811e55d90add9212f6832c23229e3de5f1c1f9905e8cb07319ea15df73ac" "sleep" "infinity", kill_on_drop: false }`
[INFO] [stdout] 61e3008d5d44c5d518fae94d93471a75532740b1414ead86918602062b06a9a5
[INFO] running `Command { std: "docker" "start" "61e3008d5d44c5d518fae94d93471a75532740b1414ead86918602062b06a9a5", kill_on_drop: false }`
[INFO] running `Command { std: "docker" "inspect" "61e3008d5d44c5d518fae94d93471a75532740b1414ead86918602062b06a9a5", kill_on_drop: false }`
[INFO] running `Command { std: "docker" "exec" "-e" "SOURCE_DIR=/opt/rustwide/workdir" "-e" "CARGO_HOME=/opt/rustwide/cargo-home" "-e" "RUSTUP_HOME=/opt/rustwide/rustup-home" "-e" "CARGO_TARGET_DIR=/opt/rustwide/target" "-w" "/opt/rustwide/workdir" "--user" "0:0" "61e3008d5d44c5d518fae94d93471a75532740b1414ead86918602062b06a9a5" "/opt/rustwide/cargo-home/bin/cargo" "+c79f6bc4fc2389852aeff667626cb3e58adfe71c" "metadata" "--no-deps" "--format-version=1", kill_on_drop: false }`
[INFO] running `Command { std: "docker" "inspect" "61e3008d5d44c5d518fae94d93471a75532740b1414ead86918602062b06a9a5", kill_on_drop: false }`
[INFO] running `Command { std: "docker" "exec" "-e" "SOURCE_DIR=/opt/rustwide/workdir" "-e" "CARGO_HOME=/opt/rustwide/cargo-home" "-e" "RUSTUP_HOME=/opt/rustwide/rustup-home" "-e" "CARGO_TARGET_DIR=/opt/rustwide/target" "-e" "CARGO_INCREMENTAL=0" "-e" "RUST_BACKTRACE=full" "-e" "RUSTFLAGS=--cap-lints=forbid" "-e" "RUSTDOCFLAGS=--cap-lints=forbid" "-w" "/opt/rustwide/workdir" "--user" "0:0" "61e3008d5d44c5d518fae94d93471a75532740b1414ead86918602062b06a9a5" "/opt/rustwide/cargo-home/bin/cargo" "+c79f6bc4fc2389852aeff667626cb3e58adfe71c" "check" "--frozen" "--all" "--all-targets" "--message-format=json", kill_on_drop: false }`
[INFO] [stderr] warning: `package.homepage` is redundant with `package.repository`
[INFO] [stderr]   --> Cargo.toml:35:12
[INFO] [stderr]    |
[INFO] [stderr] 35 | homepage = "https://github.com/Mesh-LLM/mesh-llm"
[INFO] [stderr]    |            ^^^^^^^^^^^^^^^^^^^^^^^^^^^^^^^^^^^^^^
[INFO] [stderr] ...
[INFO] [stderr] 40 | repository = "https://github.com/Mesh-LLM/mesh-llm"
[INFO] [stderr]    |              --------------------------------------
[INFO] [stderr]    |
[INFO] [stderr]    = note: `cargo::redundant_homepage` is set to `warn` by default
[INFO] [stderr] help: consider removing `package.homepage`
[INFO] [stderr] warning: `mesh-llm-api-server` (manifest) generated 1 warning
[INFO] [stderr]    Compiling find-msvc-tools v0.1.11
[INFO] [stderr]     Checking hybrid-array v0.4.14
[INFO] [stderr]     Checking subtle v2.6.1
[INFO] [stderr]    Compiling syn v3.0.4
[INFO] [stderr]    Compiling zeroize_derive v1.5.0
[INFO] [stderr]    Compiling synstructure v0.13.2
[INFO] [stderr]    Compiling tracing-attributes v0.1.31
[INFO] [stderr]    Compiling rustls v0.23.43
[INFO] [stderr]     Checking rand_core v0.6.4
[INFO] [stderr]     Checking cmov v0.5.4
[INFO] [stderr]     Checking hashbrown v0.17.1
[INFO] [stderr]     Checking serde_json v1.0.151
[INFO] [stderr]     Checking ipnet v2.12.1
[INFO] [stderr]    Compiling pin-project-internal v1.1.13
[INFO] [stderr]     Checking encoding_rs v0.8.35
[INFO] [stderr]    Compiling zerocopy v0.8.56
[INFO] [stderr]    Compiling cc v1.4.4
[INFO] [stderr]    Compiling unicode-segmentation v1.13.3
[INFO] [stderr]    Compiling zerocopy-derive v0.8.56
[INFO] [stderr]     Checking time v0.3.55
[INFO] [stderr]     Checking getrandom v0.3.4
[INFO] [stderr]     Checking ctutils v0.4.2
[INFO] [stderr]     Checking pem-rfc7468 v1.0.0
[INFO] [stderr]    Compiling spez v0.1.2
[INFO] [stderr]    Compiling n0-error-macros v1.0.1
[INFO] [stderr]    Compiling n0-future v0.3.2
[INFO] [stderr]     Checking zeroize v1.9.0
[INFO] [stderr]    Compiling convert_case v0.10.0
[INFO] [stderr]    Compiling curve25519-dalek-derive v0.1.1
[INFO] [stderr]     Checking either v1.18.0
[INFO] [stderr]    Compiling zerofrom-derive v0.1.7
[INFO] [stderr]    Compiling yoke-derive v0.8.2
[INFO] [stderr]     Checking crypto-common v0.2.2
[INFO] [stderr]     Checking block-buffer v0.12.1
[INFO] [stderr]     Checking inout v0.2.2
[INFO] [stderr]     Checking rustls-pki-types v1.15.1
[INFO] [stderr]     Checking generic-array v0.14.7
[INFO] [stderr]     Checking pin-project v1.1.13
[INFO] [stderr]     Checking indexmap v2.14.1
[INFO] [stderr]    Compiling cmake v0.1.58
[INFO] [stderr]    Compiling derive_more-impl v2.1.1
[INFO] [stderr]     Checking rustls-native-certs v0.8.4
[INFO] [stderr]     Checking n0-error v1.0.1
[INFO] [stderr]     Checking der v0.8.1
[INFO] [stderr]     Checking diatomic-waker v0.2.3
[INFO] [stderr]     Checking data-encoding v2.11.1
[INFO] [stderr]     Checking cordyceps v0.3.5
[INFO] [stderr]     Checking tracing v0.1.44
[INFO] [stderr]     Checking spin v0.10.1
[INFO] [stderr]     Checking crypto-common v0.1.7
[INFO] [stderr]     Checking inout v0.1.4
[INFO] [stderr]     Checking universal-hash v0.5.1
[INFO] [stderr]     Checking cipher v0.4.4
[INFO] [stderr]     Checking aead v0.5.2
[INFO] [stderr]     Checking futures-buffered v0.2.13
[INFO] [stderr]     Checking futures-lite v2.6.1
[INFO] [stderr]     Checking webpki-roots v1.0.9
[INFO] [stderr]    Compiling curve25519-dalek v5.0.0
[INFO] [stderr]    Compiling winnow v1.0.4
[INFO] [stderr]     Checking base16ct v1.0.0
[INFO] [stderr]    Compiling crossbeam-utils v0.8.22
[INFO] [stderr]    Compiling syn v1.0.109
[INFO] [stderr]     Checking cipher v0.5.2
[INFO] [stderr]     Checking digest v0.11.3
[INFO] [stderr]    Compiling noq-udp v1.3.0
[INFO] [stderr]     Checking signature v3.0.0
[INFO] [stderr]    Compiling aws-lc-sys v0.45.0
[INFO] [stderr]    Compiling ring v0.17.14
[INFO] [stderr]     Checking sha2 v0.11.0
[INFO] [stderr]    Compiling blake3 v1.8.7
[INFO] [stderr]    Compiling portable-atomic v1.15.0
[INFO] [stderr]     Checking zerofrom v0.1.8
[INFO] [stderr]     Checking chacha20 v0.10.2
[INFO] [stderr]     Checking yoke v0.8.3
[INFO] [stderr]     Checking rand v0.10.2
[INFO] [stderr]    Compiling paste v1.0.15
[INFO] [stderr]     Checking polyval v0.6.2
[INFO] [stderr]    Compiling bitcoin-internals v0.6.0
[INFO] [stderr]     Checking rustc-hash v2.1.3
[INFO] [stderr]     Checking ghash v0.5.1
[INFO] [stderr]     Checking crossbeam-channel v0.5.16
[INFO] [stderr]    Compiling secp256k1-sys v0.10.1
[INFO] [stderr]     Checking ctr v0.9.2
[INFO] [stderr]    Compiling toml_parser v1.1.3+spec-1.1.0
[INFO] [stderr]     Checking netlink-packet-core v0.8.2
[INFO] [stderr]     Checking aes v0.8.4
[INFO] [stderr]     Checking lru v0.18.4
[INFO] [stderr]    Compiling git-version-macro v0.3.9
[INFO] [stderr]     Checking spki v0.8.0
[INFO] [stderr]     Checking uuid v1.26.0
[INFO] [stderr]     Checking netlink-packet-core v0.9.0
[INFO] [stderr]     Checking pkcs8 v0.11.0
[INFO] [stderr]    Compiling netdev v0.46.2
[INFO] [stderr]    Compiling heapless v0.8.0
[INFO] [stderr]    Compiling n0-dns-resolver v0.1.0
[INFO] [stderr]     Checking tinyvec v1.12.0
[INFO] [stderr]     Checking konst v0.4.3
[INFO] [stderr]     Checking hash32 v0.3.1
[INFO] [stderr]     Checking aes-gcm v0.10.3
[INFO] [stderr]    Compiling strum_macros v0.28.0
[INFO] [stderr]    Compiling iroh-metrics-derive v1.0.1
[INFO] [stderr]     Checking block-buffer v0.10.4
[INFO] [stderr]     Checking git-version v0.3.9
[INFO] [stderr]     Checking rand_core v0.9.5
[INFO] [stderr]     Checking simple-dns v0.12.0
[INFO] [stderr]    Compiling iroh-dns v1.3.0
[INFO] [stderr]    Compiling netwatch v0.19.3
[INFO] [stderr]    Compiling toml_edit v0.25.13+spec-1.1.0
[INFO] [stderr]    Compiling noq v1.3.0
[INFO] [stderr]    Compiling data-encoding-macro-internal v0.1.19
[INFO] [stderr]     Checking netlink-sys v0.9.0
[INFO] [stderr]     Checking rand_pcg v0.10.2
[INFO] [stdout] error[E0493]: destructor of `ArrayBuilder<T, N, D>` cannot be evaluated at compile-time
[INFO] [stdout]    --> /opt/rustwide/cargo-home/registry/src/index.crates.io-1949cf8c6b5b557f/konst-0.4.3/src/array/array_builder.rs:421:24
[INFO] [stdout]     |
[INFO] [stdout] 421 |     pub const fn build(self) -> [T; N] {
[INFO] [stdout]     |                        ^^^^ the destructor for this type cannot be evaluated in constant functions
[INFO] [stdout] ...
[INFO] [stdout] 437 |     }
[INFO] [stdout]     |     - value is dropped here
[INFO] [stdout] 
[INFO] [stdout] 
[INFO] [stdout] error[E0493]: destructor of `array_into_iter::IntoIter<T, N, D>` cannot be evaluated at compile-time
[INFO] [stdout]    --> /opt/rustwide/cargo-home/registry/src/index.crates.io-1949cf8c6b5b557f/konst-0.4.3/src/array/array_into_iter.rs:324:34
[INFO] [stdout]     |
[INFO] [stdout] 324 |     pub const fn assert_is_empty(self) {
[INFO] [stdout]     |                                  ^^^^ the destructor for this type cannot be evaluated in constant functions
[INFO] [stdout] ...
[INFO] [stdout] 327 |     }
[INFO] [stdout]     |     - value is dropped here
[INFO] [stdout] 
[INFO] [stdout] 
[INFO] [stderr]     Checking sorted-index-buffer v0.2.1
[INFO] [stderr]     Checking mac-addr v0.3.0
[INFO] [stderr]     Checking xml-rs v0.8.29
[INFO] [stderr]     Checking identity-hash v0.1.0
[INFO] [stderr]     Checking lru-slab v0.1.2
[INFO] [stderr]    Compiling crc32fast v1.5.1
[INFO] [stdout] error[E0493]: destructor of `Option<(T, U)>` cannot be evaluated at compile-time
[INFO] [stdout]    --> /opt/rustwide/cargo-home/registry/src/index.crates.io-1949cf8c6b5b557f/konst-0.4.3/src/macros/control_flow.rs:83:42
[INFO] [stdout]     |
[INFO] [stdout]  81 |   macro_rules! if_let_Some {
[INFO] [stdout]  82 |       ($some:pat = $e:expr => $then:block $(else $else:block)?) => {
[INFO] [stdout]  83 |           match $crate::option::__opt($e) {opt =>
[INFO] [stdout]     |                                            ^^^ the destructor for this type cannot be evaluated in constant functions
[INFO] [stdout] ...
[INFO] [stdout]  90 |               }
[INFO] [stdout]     |               - value is dropped here
[INFO] [stdout]     |
[INFO] [stdout]    ::: /opt/rustwide/cargo-home/registry/src/index.crates.io-1949cf8c6b5b557f/konst-0.4.3/src/option.rs:635:5
[INFO] [stdout]     |
[INFO] [stdout] 635 | /     crate::if_let_Some! {tuple = opt => {
[INFO] [stdout] 636 | |         crate::destructure!{(l, r) = tuple}
[INFO] [stdout] 637 | |
[INFO] [stdout] 638 | |         (Some(l), Some(r))
[INFO] [stdout] 639 | |     } else {
[INFO] [stdout] 640 | |         (None, None)
[INFO] [stdout] 641 | |     }}
[INFO] [stdout]     | |______- in this macro invocation
[INFO] [stdout] 
[INFO] [stdout] 
[INFO] [stderr]    Compiling darling_core v0.24.1
[INFO] [stderr]     Checking data-encoding-macro v0.1.21
[INFO] [stderr]     Checking rustix v1.1.4
[INFO] [stderr]     Checking digest v0.10.7
[INFO] [stderr]     Checking bitcoin-consensus-encoding v1.2.0
[INFO] [stderr]     Checking netlink-packet-route v0.31.0
[INFO] [stdout] For more information about this error, try `rustc --explain E0493`.
[INFO] [stdout] 
[INFO] [stderr] error: could not compile `konst` (lib) due to 3 previous errors
[INFO] [stderr] warning: build failed, waiting for other jobs to finish...
[INFO] running `Command { std: "docker" "inspect" "61e3008d5d44c5d518fae94d93471a75532740b1414ead86918602062b06a9a5", kill_on_drop: false }`
[INFO] running `Command { std: "docker" "rm" "-f" "61e3008d5d44c5d518fae94d93471a75532740b1414ead86918602062b06a9a5", kill_on_drop: false }`
[INFO] [stdout] 61e3008d5d44c5d518fae94d93471a75532740b1414ead86918602062b06a9a5
