[INFO] fetching crate inapt 0.3.5...
[INFO] checking inapt-0.3.5 against c79f6bc4fc2389852aeff667626cb3e58adfe71c for pr-164081
[INFO] extracting crate inapt 0.3.5 into /workspace/builds/worker-6-tc2/source
[INFO] started tweaking crates.io crate inapt 0.3.5
[INFO] removed 0 missing tests
[INFO] finished tweaking crates.io crate inapt 0.3.5
[INFO] tweaked toml for crates.io crate inapt 0.3.5 written to /workspace/builds/worker-6-tc2/source/Cargo.toml
[INFO] validating manifest of crates.io crate inapt 0.3.5 on toolchain c79f6bc4fc2389852aeff667626cb3e58adfe71c
[INFO] running `Command { std: CARGO_HOME="/workspace/cargo-home" RUSTUP_HOME="/workspace/rustup-home" "/workspace/cargo-home/bin/cargo" "+c79f6bc4fc2389852aeff667626cb3e58adfe71c" "metadata" "--manifest-path" "Cargo.toml" "--no-deps", kill_on_drop: false }`
[INFO] crate crates.io crate inapt 0.3.5 already has a lockfile, it will not be regenerated
[INFO] running `Command { std: CARGO_HOME="/workspace/cargo-home" RUSTUP_HOME="/workspace/rustup-home" "/workspace/cargo-home/bin/cargo" "+c79f6bc4fc2389852aeff667626cb3e58adfe71c" "fetch" "--manifest-path" "Cargo.toml", kill_on_drop: false }`
[INFO] running `Command { std: "docker" "create" "-v" "/var/lib/crater-agent-workspace/builds/worker-6-tc2/source:/opt/rustwide/workdir:ro,Z" "-v" "/var/lib/crater-agent-workspace/builds/worker-6-tc2/target:/opt/rustwide/target:rw,Z" "-v" "/var/lib/crater-agent-workspace/cargo-home:/opt/rustwide/cargo-home:ro,Z" "-v" "/var/lib/crater-agent-workspace/rustup-home:/opt/rustwide/rustup-home:ro,Z" "-m" "1610612736" "--network" "none" "ghcr.io/rust-lang/crates-build-env/linux@sha256:77db811e55d90add9212f6832c23229e3de5f1c1f9905e8cb07319ea15df73ac" "sleep" "infinity", kill_on_drop: false }`
[INFO] [stdout] 4ab5cc1d5e053ade2317715cf166c76e674f2adda429bc31bf133e0739af2e24
[INFO] running `Command { std: "docker" "start" "4ab5cc1d5e053ade2317715cf166c76e674f2adda429bc31bf133e0739af2e24", kill_on_drop: false }`
[INFO] running `Command { std: "docker" "inspect" "4ab5cc1d5e053ade2317715cf166c76e674f2adda429bc31bf133e0739af2e24", kill_on_drop: false }`
[INFO] running `Command { std: "docker" "exec" "-e" "SOURCE_DIR=/opt/rustwide/workdir" "-e" "CARGO_HOME=/opt/rustwide/cargo-home" "-e" "RUSTUP_HOME=/opt/rustwide/rustup-home" "-e" "CARGO_TARGET_DIR=/opt/rustwide/target" "-w" "/opt/rustwide/workdir" "--user" "0:0" "4ab5cc1d5e053ade2317715cf166c76e674f2adda429bc31bf133e0739af2e24" "/opt/rustwide/cargo-home/bin/cargo" "+c79f6bc4fc2389852aeff667626cb3e58adfe71c" "metadata" "--no-deps" "--format-version=1", kill_on_drop: false }`
[INFO] running `Command { std: "docker" "inspect" "4ab5cc1d5e053ade2317715cf166c76e674f2adda429bc31bf133e0739af2e24", kill_on_drop: false }`
[INFO] running `Command { std: "docker" "exec" "-e" "SOURCE_DIR=/opt/rustwide/workdir" "-e" "CARGO_HOME=/opt/rustwide/cargo-home" "-e" "RUSTUP_HOME=/opt/rustwide/rustup-home" "-e" "CARGO_TARGET_DIR=/opt/rustwide/target" "-e" "CARGO_INCREMENTAL=0" "-e" "RUST_BACKTRACE=full" "-e" "RUSTFLAGS=--cap-lints=forbid" "-e" "RUSTDOCFLAGS=--cap-lints=forbid" "-w" "/opt/rustwide/workdir" "--user" "0:0" "4ab5cc1d5e053ade2317715cf166c76e674f2adda429bc31bf133e0739af2e24" "/opt/rustwide/cargo-home/bin/cargo" "+c79f6bc4fc2389852aeff667626cb3e58adfe71c" "check" "--frozen" "--all" "--all-targets" "--message-format=json", kill_on_drop: false }`
[INFO] [stderr]     Checking const-oid v0.9.6
[INFO] [stderr]    Compiling serde_core v1.0.228
[INFO] [stderr]    Compiling syn v2.0.118
[INFO] [stderr]    Compiling jobserver v0.1.35
[INFO] [stderr]     Checking socket2 v0.6.4
[INFO] [stderr]     Checking mio v1.2.1
[INFO] [stderr]    Compiling serde_json v1.0.150
[INFO] [stderr]     Checking http-body v1.0.1
[INFO] [stderr]     Checking base64ct v1.8.3
[INFO] [stderr]    Compiling aws-lc-rs v1.17.1
[INFO] [stderr]    Compiling smallvec v1.15.2
[INFO] [stderr]    Compiling crossbeam-utils v0.8.22
[INFO] [stderr]    Compiling num-traits v0.2.19
[INFO] [stderr]    Compiling rustls v0.23.41
[INFO] [stderr]    Compiling typenum v1.20.1
[INFO] [stderr]    Compiling zerocopy v0.8.53
[INFO] [stderr]     Checking http-body-util v0.1.3
[INFO] [stderr]    Compiling anyhow v1.0.103
[INFO] [stderr]     Checking spin v0.9.8
[INFO] [stderr]    Compiling foldhash v0.1.5
[INFO] [stderr]     Checking pem-rfc7468 v0.7.0
[INFO] [stderr]    Compiling parking_lot_core v0.9.12
[INFO] [stderr]    Compiling cc v1.2.66
[INFO] [stderr]    Compiling hashbrown v0.15.5
[INFO] [stderr]     Checking funty v2.0.0
[INFO] [stderr]     Checking lazy_static v1.5.0
[INFO] [stderr]     Checking aho-corasick v1.1.4
[INFO] [stderr]     Checking getrandom v0.3.4
[INFO] [stderr]    Compiling parking_lot v0.12.5
[INFO] [stderr]     Checking bitvec v1.1.1
[INFO] [stderr]     Checking rand_core v0.9.5
[INFO] [stderr]    Compiling regex-syntax v0.8.11
[INFO] [stderr]    Compiling lalrpop-util v0.23.1
[INFO] [stderr]    Compiling phf_shared v0.13.1
[INFO] [stderr]    Compiling concurrent-queue v2.5.0
[INFO] [stderr]    Compiling tokio v1.52.3
[INFO] [stderr]    Compiling crossbeam-queue v0.3.13
[INFO] [stderr]    Compiling event-listener v5.4.1
[INFO] [stderr]    Compiling curve25519-dalek v4.1.3
[INFO] [stderr]     Checking num-integer v0.1.46
[INFO] [stderr]    Compiling generic-array v0.14.7
[INFO] [stderr]    Compiling hashlink v0.10.0
[INFO] [stderr]    Compiling futures-intrusive v0.5.0
[INFO] [stderr]    Compiling crypto-common v0.1.7
[INFO] [stderr]    Compiling cmake v0.1.58
[INFO] [stderr]    Compiling block-buffer v0.10.4
[INFO] [stderr]     Checking regex-automata v0.4.14
[INFO] [stderr]    Compiling digest v0.10.7
[INFO] [stderr]     Checking keccak v0.2.0
[INFO] [stderr]    Compiling term v1.2.1
[INFO] [stderr]    Compiling base64 v0.22.1
[INFO] [stderr]    Compiling sha2 v0.10.9
[INFO] [stderr]    Compiling new_debug_unreachable v1.0.6
[INFO] [stderr]    Compiling fixedbitset v0.5.7
[INFO] [stderr]    Compiling ryu v1.0.23
[INFO] [stderr]    Compiling keccak v0.1.6
[INFO] [stderr]    Compiling bit-vec v0.9.1
[INFO] [stderr]    Compiling num-bigint-dig v0.8.6
[INFO] [stderr]    Compiling precomputed-hash v0.1.1
[INFO] [stderr]    Compiling same-file v1.0.6
[INFO] [stderr]    Compiling sha3 v0.10.9
[INFO] [stderr]    Compiling walkdir v2.5.0
[INFO] [stderr]    Compiling string_cache v0.9.0
[INFO] [stderr]    Compiling bit-set v0.9.1
[INFO] [stderr]    Compiling atoi v2.0.0
[INFO] [stderr]    Compiling aws-lc-sys v0.42.0
[INFO] [stderr]    Compiling ring v0.17.14
[INFO] [stderr]    Compiling libsqlite3-sys v0.30.1
[INFO] [stderr]    Compiling zstd-sys v2.0.16+zstd.1.5.7
[INFO] [stderr]    Compiling ascii-canvas v4.0.0
[INFO] [stderr]    Compiling petgraph v0.8.3
[INFO] [stderr]    Compiling flume v0.11.1
[INFO] [stderr]     Checking num-iter v0.1.46
[INFO] [stderr]     Checking ff v0.13.1
[INFO] [stderr]    Compiling futures-executor v0.3.32
[INFO] [stderr]     Checking group v0.13.0
[INFO] [stderr]    Compiling ena v0.14.4
[INFO] [stderr]    Compiling unicode-xid v0.2.6
[INFO] [stderr]    Compiling lzma-sys v0.1.20
[INFO] [stderr]     Checking sharded-slab v0.1.7
[INFO] [stderr]    Compiling sha1collisiondetection v0.3.4
[INFO] [stderr]     Checking sponge-cursor v0.1.0
[INFO] [stderr]     Checking generic-array v1.4.3
[INFO] [stderr]     Checking rand v0.10.2
[INFO] [stderr]     Checking password-hash v0.5.0
[INFO] [stderr]     Checking hybrid-array v0.3.1
[INFO] [stdout] error[E0493]: destructor of `ArrayBuilder<T, N>` cannot be evaluated at compile-time
[INFO] [stdout]    --> /opt/rustwide/cargo-home/registry/src/index.crates.io-1949cf8c6b5b557f/generic-array-1.4.3/src/internal.rs:103:31
[INFO] [stdout]     |
[INFO] [stdout] 103 |     pub unsafe fn assume_init(self) -> GenericArray<T, N> {
[INFO] [stdout]     |                               ^^^^ the destructor for this type cannot be evaluated in constant functions
[INFO] [stdout] ...
[INFO] [stdout] 109 |     }
[INFO] [stdout]     |     - value is dropped here
[INFO] [stdout] 
[INFO] [stdout] 
[INFO] [stdout] error[E0493]: destructor of `GenericArray<core::mem::MaybeUninit<*const T>, N>` cannot be evaluated at compile-time
[INFO] [stdout]    --> /opt/rustwide/cargo-home/registry/src/index.crates.io-1949cf8c6b5b557f/generic-array-1.4.3/src/lib.rs:970:13
[INFO] [stdout]     |
[INFO] [stdout] 970 |         let mut out: GenericArray<MaybeUninit<*const T>, N> = GenericArray::uninit();
[INFO] [stdout]     |             ^^^^^^^ the destructor for this type cannot be evaluated in constant functions
[INFO] [stdout] ...
[INFO] [stdout] 985 |     }
[INFO] [stdout]     |     - value is dropped here
[INFO] [stdout] 
[INFO] [stdout] 
[INFO] [stdout] error[E0493]: destructor of `GenericArray<core::mem::MaybeUninit<*mut T>, N>` cannot be evaluated at compile-time
[INFO] [stdout]     --> /opt/rustwide/cargo-home/registry/src/index.crates.io-1949cf8c6b5b557f/generic-array-1.4.3/src/lib.rs:1005:13
[INFO] [stdout]      |
[INFO] [stdout] 1005 |         let mut out: GenericArray<MaybeUninit<*mut T>, N> = GenericArray::uninit();
[INFO] [stdout]      |             ^^^^^^^ the destructor for this type cannot be evaluated in constant functions
[INFO] [stdout] ...
[INFO] [stdout] 1020 |     }
[INFO] [stdout]      |     - value is dropped here
[INFO] [stdout] 
[INFO] [stdout] 
[INFO] [stdout] For more information about this error, try `rustc --explain E0493`.
[INFO] [stdout] 
[INFO] [stderr] error: could not compile `generic-array` (lib) due to 3 previous errors
[INFO] [stderr] warning: build failed, waiting for other jobs to finish...
[INFO] running `Command { std: "docker" "inspect" "4ab5cc1d5e053ade2317715cf166c76e674f2adda429bc31bf133e0739af2e24", kill_on_drop: false }`
[INFO] running `Command { std: "docker" "rm" "-f" "4ab5cc1d5e053ade2317715cf166c76e674f2adda429bc31bf133e0739af2e24", kill_on_drop: false }`
[INFO] [stdout] 4ab5cc1d5e053ade2317715cf166c76e674f2adda429bc31bf133e0739af2e24
