[INFO] fetching crate facett-deploykey 0.2.0...
[INFO] checking facett-deploykey-0.2.0 against c79f6bc4fc2389852aeff667626cb3e58adfe71c for pr-164081
[INFO] extracting crate facett-deploykey 0.2.0 into /workspace/builds/worker-0-tc2/source
[INFO] started tweaking crates.io crate facett-deploykey 0.2.0
[INFO] finished tweaking crates.io crate facett-deploykey 0.2.0
[INFO] tweaked toml for crates.io crate facett-deploykey 0.2.0 written to /workspace/builds/worker-0-tc2/source/Cargo.toml
[INFO] validating manifest of crates.io crate facett-deploykey 0.2.0 on toolchain c79f6bc4fc2389852aeff667626cb3e58adfe71c
[INFO] running `Command { std: CARGO_HOME="/workspace/cargo-home" RUSTUP_HOME="/workspace/rustup-home" "/workspace/cargo-home/bin/cargo" "+c79f6bc4fc2389852aeff667626cb3e58adfe71c" "metadata" "--manifest-path" "Cargo.toml" "--no-deps", kill_on_drop: false }`
[INFO] crate crates.io crate facett-deploykey 0.2.0 already has a lockfile, it will not be regenerated
[INFO] running `Command { std: CARGO_HOME="/workspace/cargo-home" RUSTUP_HOME="/workspace/rustup-home" "/workspace/cargo-home/bin/cargo" "+c79f6bc4fc2389852aeff667626cb3e58adfe71c" "fetch" "--manifest-path" "Cargo.toml", kill_on_drop: false }`
[INFO] [stderr]     Blocking waiting for file lock on package cache
[INFO] [stderr]     Blocking waiting for file lock on package cache
[INFO] running `Command { std: "docker" "create" "-v" "/var/lib/crater-agent-workspace/builds/worker-0-tc2/source:/opt/rustwide/workdir:ro,Z" "-v" "/var/lib/crater-agent-workspace/builds/worker-0-tc2/target:/opt/rustwide/target:rw,Z" "-v" "/var/lib/crater-agent-workspace/cargo-home:/opt/rustwide/cargo-home:ro,Z" "-v" "/var/lib/crater-agent-workspace/rustup-home:/opt/rustwide/rustup-home:ro,Z" "-m" "1610612736" "--network" "none" "ghcr.io/rust-lang/crates-build-env/linux@sha256:77db811e55d90add9212f6832c23229e3de5f1c1f9905e8cb07319ea15df73ac" "sleep" "infinity", kill_on_drop: false }`
[INFO] [stdout] d87d5e40e39936749bb4b6935fbb0aab8bb21fc239c6aa2a9b4feb5e7819eb9d
[INFO] running `Command { std: "docker" "start" "d87d5e40e39936749bb4b6935fbb0aab8bb21fc239c6aa2a9b4feb5e7819eb9d", kill_on_drop: false }`
[INFO] running `Command { std: "docker" "inspect" "d87d5e40e39936749bb4b6935fbb0aab8bb21fc239c6aa2a9b4feb5e7819eb9d", kill_on_drop: false }`
[INFO] running `Command { std: "docker" "exec" "-e" "SOURCE_DIR=/opt/rustwide/workdir" "-e" "CARGO_HOME=/opt/rustwide/cargo-home" "-e" "RUSTUP_HOME=/opt/rustwide/rustup-home" "-e" "CARGO_TARGET_DIR=/opt/rustwide/target" "-w" "/opt/rustwide/workdir" "--user" "0:0" "d87d5e40e39936749bb4b6935fbb0aab8bb21fc239c6aa2a9b4feb5e7819eb9d" "/opt/rustwide/cargo-home/bin/cargo" "+c79f6bc4fc2389852aeff667626cb3e58adfe71c" "metadata" "--no-deps" "--format-version=1", kill_on_drop: false }`
[INFO] running `Command { std: "docker" "inspect" "d87d5e40e39936749bb4b6935fbb0aab8bb21fc239c6aa2a9b4feb5e7819eb9d", kill_on_drop: false }`
[INFO] running `Command { std: "docker" "exec" "-e" "SOURCE_DIR=/opt/rustwide/workdir" "-e" "CARGO_HOME=/opt/rustwide/cargo-home" "-e" "RUSTUP_HOME=/opt/rustwide/rustup-home" "-e" "CARGO_TARGET_DIR=/opt/rustwide/target" "-e" "CARGO_INCREMENTAL=0" "-e" "RUST_BACKTRACE=full" "-e" "RUSTFLAGS=--cap-lints=forbid" "-e" "RUSTDOCFLAGS=--cap-lints=forbid" "-w" "/opt/rustwide/workdir" "--user" "0:0" "d87d5e40e39936749bb4b6935fbb0aab8bb21fc239c6aa2a9b4feb5e7819eb9d" "/opt/rustwide/cargo-home/bin/cargo" "+c79f6bc4fc2389852aeff667626cb3e58adfe71c" "check" "--frozen" "--all" "--all-targets" "--message-format=json", kill_on_drop: false }`
[INFO] [stderr]    Compiling libc v0.2.190
[INFO] [stderr]    Compiling unicode-ident v1.0.26
[INFO] [stderr]     Checking rand_core v0.10.1
[INFO] [stderr]    Compiling getrandom v0.4.3
[INFO] [stderr]     Checking subtle v2.6.1
[INFO] [stderr]     Checking typenum v1.20.1
[INFO] [stderr]     Checking cmov v0.5.4
[INFO] [stderr]     Checking const-oid v0.10.2
[INFO] [stderr]     Checking cpufeatures v0.3.1
[INFO] [stderr]     Checking regex-syntax v0.8.11
[INFO] [stderr]     Checking bitflags v2.13.2
[INFO] [stderr]    Compiling crc32fast v1.5.2
[INFO] [stderr]    Compiling crossbeam-utils v0.8.23
[INFO] [stderr]    Compiling proc-macro2 v1.0.107
[INFO] [stderr]     Checking foldhash v0.2.0
[INFO] [stderr]     Checking fastrand v2.5.0
[INFO] [stderr]     Checking tinyvec v1.13.3
[INFO] [stderr]     Checking gix-trace v0.2.0
[INFO] [stderr]    Compiling libm v0.2.16
[INFO] [stderr]    Compiling num-traits v0.2.19
[INFO] [stderr]     Checking bytesize v2.7.0
[INFO] [stderr]     Checking human_format v1.2.1
[INFO] [stderr]     Checking hashbrown v0.17.1
[INFO] [stderr]     Checking same-file v1.0.6
[INFO] [stderr]    Compiling rustix v1.1.5
[INFO] [stderr]    Compiling heapless v0.8.0
[INFO] [stderr]     Checking walkdir v2.5.0
[INFO] [stderr]     Checking ctutils v0.4.2
[INFO] [stderr]     Checking hash32 v0.3.1
[INFO] [stderr]    Compiling faster-hex v0.10.1
[INFO] [stderr]     Checking linux-raw-sys v0.12.1
[INFO] [stderr]     Checking jiff-core v0.1.1
[INFO] [stderr]     Checking sha1dc v0.1.5
[INFO] [stderr]    Compiling signal-hook v0.4.4
[INFO] [stderr]     Checking hashbrown v0.14.5
[INFO] [stderr]     Checking cpubits v0.1.1
[INFO] [stderr]     Checking base64ct v1.8.3
[INFO] [stderr]    Compiling rustversion v1.0.23
[INFO] [stderr]     Checking crossbeam-channel v0.5.17
[INFO] [stderr]     Checking unicode-normalization v0.1.25
[INFO] [stderr]    Compiling quote v1.0.47
[INFO] [stderr]     Checking pem-rfc7468 v1.0.0
[INFO] [stderr]    Compiling syn v3.0.6
[INFO] [stderr]    Compiling syn v2.0.119
[INFO] [stderr]     Checking futures-sink v0.3.34
[INFO] [stderr]     Checking nonempty v0.12.0
[INFO] [stderr]    Compiling find-msvc-tools v0.1.14
[INFO] [stderr]     Checking slab v0.4.12
[INFO] [stderr]     Checking futures-channel v0.3.34
[INFO] [stderr]     Checking der v0.8.2
[INFO] [stderr]     Checking unicode-bom v2.0.3
[INFO] [stderr]    Compiling dunce v1.0.5
[INFO] [stderr]     Checking fnv v1.0.7
[INFO] [stderr]    Compiling pkg-config v0.3.34
[INFO] [stderr]    Compiling fs_extra v1.3.0
[INFO] [stderr]     Checking log v0.4.34
[INFO] [stderr]     Checking futures-io v0.3.34
[INFO] [stderr]     Checking arrayvec v0.7.8
[INFO] [stderr]    Compiling encoding_rs v0.8.42
[INFO] [stderr]     Checking regex-automata v0.4.18
[INFO] [stderr]     Checking simd-adler32 v0.3.10
[INFO] [stderr]     Checking hybrid-array v0.4.15
[INFO] [stderr]     Checking simdutf8 v0.1.5
[INFO] [stderr]    Compiling aws-lc-rs v1.18.1
[INFO] [stderr]     Checking core_detect v1.0.0
[INFO] [stderr]    Compiling multiversion_no_op v1.0.0
[INFO] [stderr]     Checking adler2 v2.0.1
[INFO] [stderr]     Checking jiff v0.2.37
[INFO] [stderr]     Checking ff v0.14.0
[INFO] [stderr]     Checking http v1.5.0
[INFO] [stderr]     Checking untrusted v0.7.1
[INFO] [stderr]     Checking miniz_oxide v0.9.1
[INFO] [stderr]     Checking hashbrown v0.16.1
[INFO] [stderr]    Compiling crossbeam-epoch v0.9.21
[INFO] [stderr]    Compiling zerocopy v0.8.59
[INFO] [stderr]     Checking group v0.14.0
[INFO] [stderr]     Checking polycool v0.4.0
[INFO] [stderr]    Compiling crossbeam-deque v0.8.8
[INFO] [stderr]    Compiling rustls v0.23.45
[INFO] [stderr]     Checking base16ct v1.0.0
[INFO] [stderr]    Compiling thiserror v2.0.21
[INFO] [stderr]     Checking flate2 v1.1.10
[INFO] [stderr]     Checking tracing v0.1.44
[INFO] [stderr]    Compiling jobserver v0.1.35
[INFO] [stderr]     Checking indexmap v2.14.2
[INFO] [stderr]     Checking try-lock v0.2.5
[INFO] [stderr]     Checking linebender_resource_handle v0.1.1
[INFO] [stderr]     Checking want v0.3.1
[INFO] [stderr]     Checking miniz_oxide v0.8.9
[INFO] [stderr]     Checking spki v0.8.0
[INFO] [stderr]     Checking fdeflate v0.3.7
[INFO] [stderr]    Compiling semver v1.0.28
[INFO] [stderr]    Compiling cc v1.6.0
[INFO] [stderr]     Checking http-body v1.1.0
[INFO] [stderr]    Compiling getrandom v0.3.4
[INFO] [stderr]     Checking euclid v0.22.14
[INFO] [stderr]     Checking num-integer v0.1.47
[INFO] [stderr]     Checking form_urlencoded v1.2.2
[INFO] [stderr]    Compiling ahash v0.8.12
[INFO] [stderr]     Checking errno v0.3.14
[INFO] [stderr]     Checking memmap2 v0.9.11
[INFO] [stderr]     Checking mio v1.2.3
[INFO] [stderr]     Checking signal-hook-registry v1.4.8
[INFO] [stderr]     Checking socket2 v0.6.5
[INFO] [stderr]     Checking tempfile v3.27.0
[INFO] [stderr]     Checking filetime v0.2.29
[INFO] [stderr]     Checking gix-sec v0.15.0
[INFO] [stderr]    Compiling rustc_version v0.4.1
[INFO] [stderr]     Checking sync_wrapper v1.0.2
[INFO] [stderr]     Checking openssl-probe v0.2.1
[INFO] [stderr]     Checking ipnet v2.12.2
[INFO] [stderr]     Checking base64 v0.23.1
[INFO] [stderr]     Checking rustls-native-certs v0.8.4
[INFO] [stderr]     Checking uuid v1.27.0
[INFO] [stderr]     Checking crypto-common v0.2.2
[INFO] [stderr]     Checking block-buffer v0.12.1
[INFO] [stderr]     Checking block-padding v0.4.2
[INFO] [stderr]     Checking crypto-bigint v0.7.5
[INFO] [stderr]     Checking sec1 v0.8.1
[INFO] [stderr]    Compiling curve25519-dalek v5.0.0
[INFO] [stderr]     Checking inout v0.2.2
[INFO] [stderr]    Compiling unicode-general-category v1.1.0
[INFO] [stderr]     Checking fearless_simd v0.4.1
[INFO] [stderr]     Checking either v1.18.0
[INFO] [stderr]    Compiling cfg_aliases v0.2.2
[INFO] [stderr]     Checking http-body-util v0.1.5
[INFO] [stderr]    Compiling generic-array v0.14.7
[INFO] [stderr]     Checking keccak v0.2.2
[INFO] [stderr]     Checking zlib-rs v0.6.8
[INFO] [stderr]    Compiling nix v0.31.3
[INFO] [stderr]     Checking pkcs1 v0.8.0-rc.4
[INFO] [stderr]     Checking clru v0.6.3
[INFO] [stderr]     Checking guillotiere v0.7.0
[INFO] [stderr]     Checking uluru v3.1.0
[INFO] [stderr]    Compiling rayon-core v1.13.0
[INFO] [stderr]     Checking self_cell v1.3.0
[INFO] [stderr]     Checking profiling v1.0.18
[INFO] [stderr]     Checking unicode-segmentation v1.13.3
[INFO] [stderr]     Checking nohash-hasher v0.2.0
[INFO] [stderr]     Checking epaint_default_fonts v0.36.2
[INFO] [stderr]     Checking bstr v1.13.1
[INFO] [stderr]     Checking png v0.17.16
[INFO] [stderr]     Checking itertools v0.15.0
[INFO] [stderr]     Checking module-lattice v0.2.3
[INFO] [stderr]     Checking digest v0.11.3
[INFO] [stderr]     Checking cipher v0.5.2
[INFO] [stderr]     Checking universal-hash v0.6.1
[INFO] [stderr]     Checking aead v0.6.1
[INFO] [stderr]     Checking sha2 v0.11.0
[INFO] [stderr]     Checking hmac v0.13.0
[INFO] [stderr]     Checking polyval v0.7.3
[INFO] [stderr]    Compiling cmake v0.1.58
[INFO] [stderr]     Checking signature v3.0.0
[INFO] [stderr]     Checking aes v0.9.3
[INFO] [stderr]     Checking ghash v0.6.0
[INFO] [stderr]     Checking pbkdf2 v0.13.0
[INFO] [stderr]     Checking ctr v0.10.1
[INFO] [stderr]     Checking salsa20 v0.11.0
[INFO] [stderr]     Checking cbc v0.2.1
[INFO] [stderr]     Checking chacha20 v0.10.2
[INFO] [stderr]     Checking gix-error v0.4.0
[INFO] [stderr]     Checking gix-utils v0.4.0
[INFO] [stderr]     Checking hkdf v0.13.0
[INFO] [stderr]     Checking gix-imara-diff v0.3.0
[INFO] [stderr]     Checking blowfish v0.10.0
[INFO] [stderr]     Checking poly1305 v0.9.1
[INFO] [stderr]     Checking blake2 v0.11.0
[INFO] [stderr]     Checking sha3 v0.11.0
[INFO] [stderr]     Checking rand v0.10.3
[INFO] [stderr]     Checking gix-validate v0.12.0
[INFO] [stderr]     Checking gix-quote v0.9.0
[INFO] [stderr]     Checking gix-path v0.13.0
[INFO] [stderr]     Checking gix-date v0.17.0
[INFO] [stderr]     Checking gix-chunk v0.9.0
[INFO] [stderr]     Checking scrypt v0.12.0
[INFO] [stderr]     Checking aes-gcm v0.11.1
[INFO] [stderr]     Checking gix-packetline v0.23.0
[INFO] [stderr]     Checking gix-bitmap v0.5.0
[INFO] [stderr]     Checking gix-actor v0.43.0
[INFO] [stderr]     Checking gix-zlib v0.2.0
[INFO] [stderr]     Checking bcrypt-pbkdf v0.11.0
[INFO] [stderr]     Checking argon2 v0.6.0
[INFO] [stderr]     Checking gix-command v0.11.0
[INFO] [stderr]     Checking gix-config-value v0.20.0
[INFO] [stderr]     Checking pkcs5 v0.8.1
[INFO] [stderr]     Checking num-bigint v0.5.1
[INFO] [stderr]    Compiling aws-lc-sys v0.45.0
[INFO] [stderr]     Checking gix-url v0.39.0
[INFO] [stderr]     Checking sha1 v0.11.0
[INFO] [stderr]     Checking kem v0.3.0
[INFO] [stderr]     Checking io-close v0.3.7
[INFO] [stderr]     Checking arc-swap v1.9.2
[INFO] [stderr]     Checking sponge-cursor v0.1.0
[INFO] [stderr]     Checking pxfm v0.1.30
[INFO] [stderr]    Compiling serde_json v1.0.151
[INFO] [stderr]     Checking arrow-schema v59.3.0
[INFO] [stderr]     Checking chrono v0.4.45
[INFO] [stderr]     Checking pkcs8 v0.11.0
[INFO] [stderr]     Checking ml-kem v0.3.2
[INFO] [stderr]     Checking sha3 v0.12.0
[INFO] [stderr]     Checking gix-mailmap v0.35.0
[INFO] [stderr]     Checking generic-array v1.4.5
[INFO] [stderr]     Checking ed25519 v3.0.0
[INFO] [stderr]     Checking regex v1.13.1
[INFO] [stderr]     Checking png v0.18.1
[INFO] [stderr]     Checking num-complex v0.4.6
[INFO] [stderr]     Checking is-docker v0.2.0
[INFO] [stderr]     Checking unicode-width v0.2.2
[INFO] [stderr]     Checking hex-literal v1.1.0
[INFO] [stderr]     Checking md5 v0.8.1
[INFO] [stderr]     Checking winnow v1.0.4
[INFO] [stderr]     Checking lazy_static v1.5.1
[INFO] [stdout] error[E0493]: destructor of `ArrayBuilder<T, N>` cannot be evaluated at compile-time
[INFO] [stdout]    --> /opt/rustwide/cargo-home/registry/src/index.crates.io-1949cf8c6b5b557f/generic-array-1.4.5/src/internal.rs:103:31
[INFO] [stdout]     |
[INFO] [stdout] 103 |     pub unsafe fn assume_init(self) -> GenericArray<T, N> {
[INFO] [stdout]     |                               ^^^^ the destructor for this type cannot be evaluated in constant functions
[INFO] [stdout] ...
[INFO] [stdout] 109 |     }
[INFO] [stdout]     |     - value is dropped here
[INFO] [stdout] 
[INFO] [stdout] 
[INFO] [stderr]     Checking byteorder-lite v0.1.0
[INFO] [stdout] error[E0493]: destructor of `GenericArray<core::mem::MaybeUninit<*const T>, N>` cannot be evaluated at compile-time
[INFO] [stdout]    --> /opt/rustwide/cargo-home/registry/src/index.crates.io-1949cf8c6b5b557f/generic-array-1.4.5/src/lib.rs:983:13
[INFO] [stdout]     |
[INFO] [stdout] 983 |         let mut out: GenericArray<MaybeUninit<*const T>, N> = GenericArray::uninit();
[INFO] [stdout]     |             ^^^^^^^ the destructor for this type cannot be evaluated in constant functions
[INFO] [stdout] ...
[INFO] [stdout] 998 |     }
[INFO] [stdout]     |     - value is dropped here
[INFO] [stdout] 
[INFO] [stdout] 
[INFO] [stdout] error[E0493]: destructor of `GenericArray<core::mem::MaybeUninit<*mut T>, N>` cannot be evaluated at compile-time
[INFO] [stdout]     --> /opt/rustwide/cargo-home/registry/src/index.crates.io-1949cf8c6b5b557f/generic-array-1.4.5/src/lib.rs:1018:13
[INFO] [stdout]      |
[INFO] [stdout] 1018 |         let mut out: GenericArray<MaybeUninit<*mut T>, N> = GenericArray::uninit();
[INFO] [stdout]      |             ^^^^^^^ the destructor for this type cannot be evaluated in constant functions
[INFO] [stdout] ...
[INFO] [stdout] 1033 |     }
[INFO] [stdout]      |     - value is dropped here
[INFO] [stdout] 
[INFO] [stdout] 
[INFO] [stdout] For more information about this error, try `rustc --explain E0493`.
[INFO] [stdout] 
[INFO] [stderr] error: could not compile `generic-array` (lib) due to 3 previous errors
[INFO] [stderr] warning: build failed, waiting for other jobs to finish...
[INFO] running `Command { std: "docker" "inspect" "d87d5e40e39936749bb4b6935fbb0aab8bb21fc239c6aa2a9b4feb5e7819eb9d", kill_on_drop: false }`
[INFO] running `Command { std: "docker" "rm" "-f" "d87d5e40e39936749bb4b6935fbb0aab8bb21fc239c6aa2a9b4feb5e7819eb9d", kill_on_drop: false }`
[INFO] [stdout] d87d5e40e39936749bb4b6935fbb0aab8bb21fc239c6aa2a9b4feb5e7819eb9d
