[INFO] fetching crate execkit-mcp 0.10.1...
[INFO] checking execkit-mcp-0.10.1 against c79f6bc4fc2389852aeff667626cb3e58adfe71c for pr-164081
[INFO] extracting crate execkit-mcp 0.10.1 into /workspace/builds/worker-3-tc2/source
[INFO] started tweaking crates.io crate execkit-mcp 0.10.1
[INFO] removed 0 missing tests
[INFO] finished tweaking crates.io crate execkit-mcp 0.10.1
[INFO] tweaked toml for crates.io crate execkit-mcp 0.10.1 written to /workspace/builds/worker-3-tc2/source/Cargo.toml
[INFO] validating manifest of crates.io crate execkit-mcp 0.10.1 on toolchain c79f6bc4fc2389852aeff667626cb3e58adfe71c
[INFO] running `Command { std: CARGO_HOME="/workspace/cargo-home" RUSTUP_HOME="/workspace/rustup-home" "/workspace/cargo-home/bin/cargo" "+c79f6bc4fc2389852aeff667626cb3e58adfe71c" "metadata" "--manifest-path" "Cargo.toml" "--no-deps", kill_on_drop: false }`
[INFO] crate crates.io crate execkit-mcp 0.10.1 already has a lockfile, it will not be regenerated
[INFO] running `Command { std: CARGO_HOME="/workspace/cargo-home" RUSTUP_HOME="/workspace/rustup-home" "/workspace/cargo-home/bin/cargo" "+c79f6bc4fc2389852aeff667626cb3e58adfe71c" "fetch" "--manifest-path" "Cargo.toml", kill_on_drop: false }`
[INFO] [stderr] warning: `package.homepage` is redundant with `package.repository`
[INFO] [stderr]   --> Cargo.toml:63:12
[INFO] [stderr]    |
[INFO] [stderr] 63 | homepage = "https://github.com/blinkingbit-oss/execkit"
[INFO] [stderr]    |            ^^^^^^^^^^^^^^^^^^^^^^^^^^^^^^^^^^^^^^^^^^^^
[INFO] [stderr] ...
[INFO] [stderr] 68 | repository = "https://github.com/blinkingbit-oss/execkit"
[INFO] [stderr]    |              --------------------------------------------
[INFO] [stderr]    |
[INFO] [stderr]    = note: `cargo::redundant_homepage` is set to `warn` by default
[INFO] [stderr] help: consider removing `package.homepage`
[INFO] [stderr] warning: `execkit-mcp` (manifest) generated 1 warning
[INFO] running `Command { std: "docker" "create" "-v" "/var/lib/crater-agent-workspace/builds/worker-3-tc2/source:/opt/rustwide/workdir:ro,Z" "-v" "/var/lib/crater-agent-workspace/builds/worker-3-tc2/target:/opt/rustwide/target:rw,Z" "-v" "/var/lib/crater-agent-workspace/cargo-home:/opt/rustwide/cargo-home:ro,Z" "-v" "/var/lib/crater-agent-workspace/rustup-home:/opt/rustwide/rustup-home:ro,Z" "-m" "1610612736" "--network" "none" "ghcr.io/rust-lang/crates-build-env/linux@sha256:77db811e55d90add9212f6832c23229e3de5f1c1f9905e8cb07319ea15df73ac" "sleep" "infinity", kill_on_drop: false }`
[INFO] [stdout] 1d653d59ecfbce2b5c8673b08dbdce79e8a38048d620da484f90350e62665198
[INFO] running `Command { std: "docker" "start" "1d653d59ecfbce2b5c8673b08dbdce79e8a38048d620da484f90350e62665198", kill_on_drop: false }`
[INFO] running `Command { std: "docker" "inspect" "1d653d59ecfbce2b5c8673b08dbdce79e8a38048d620da484f90350e62665198", kill_on_drop: false }`
[INFO] running `Command { std: "docker" "exec" "-e" "SOURCE_DIR=/opt/rustwide/workdir" "-e" "CARGO_HOME=/opt/rustwide/cargo-home" "-e" "RUSTUP_HOME=/opt/rustwide/rustup-home" "-e" "CARGO_TARGET_DIR=/opt/rustwide/target" "-w" "/opt/rustwide/workdir" "--user" "0:0" "1d653d59ecfbce2b5c8673b08dbdce79e8a38048d620da484f90350e62665198" "/opt/rustwide/cargo-home/bin/cargo" "+c79f6bc4fc2389852aeff667626cb3e58adfe71c" "metadata" "--no-deps" "--format-version=1", kill_on_drop: false }`
[INFO] running `Command { std: "docker" "inspect" "1d653d59ecfbce2b5c8673b08dbdce79e8a38048d620da484f90350e62665198", kill_on_drop: false }`
[INFO] running `Command { std: "docker" "exec" "-e" "SOURCE_DIR=/opt/rustwide/workdir" "-e" "CARGO_HOME=/opt/rustwide/cargo-home" "-e" "RUSTUP_HOME=/opt/rustwide/rustup-home" "-e" "CARGO_TARGET_DIR=/opt/rustwide/target" "-e" "CARGO_INCREMENTAL=0" "-e" "RUST_BACKTRACE=full" "-e" "RUSTFLAGS=--cap-lints=forbid" "-e" "RUSTDOCFLAGS=--cap-lints=forbid" "-w" "/opt/rustwide/workdir" "--user" "0:0" "1d653d59ecfbce2b5c8673b08dbdce79e8a38048d620da484f90350e62665198" "/opt/rustwide/cargo-home/bin/cargo" "+c79f6bc4fc2389852aeff667626cb3e58adfe71c" "check" "--frozen" "--all" "--all-targets" "--message-format=json", kill_on_drop: false }`
[INFO] [stderr] warning: `package.homepage` is redundant with `package.repository`
[INFO] [stderr]   --> Cargo.toml:63:12
[INFO] [stderr]    |
[INFO] [stderr] 63 | homepage = "https://github.com/blinkingbit-oss/execkit"
[INFO] [stderr]    |            ^^^^^^^^^^^^^^^^^^^^^^^^^^^^^^^^^^^^^^^^^^^^
[INFO] [stderr] ...
[INFO] [stderr] 68 | repository = "https://github.com/blinkingbit-oss/execkit"
[INFO] [stderr]    |              --------------------------------------------
[INFO] [stderr]    |
[INFO] [stderr]    = note: `cargo::redundant_homepage` is set to `warn` by default
[INFO] [stderr] help: consider removing `package.homepage`
[INFO] [stderr] warning: `execkit-mcp` (manifest) generated 1 warning
[INFO] [stderr]    Compiling libc v0.2.186
[INFO] [stderr]     Checking subtle v2.6.1
[INFO] [stderr]     Checking zeroize v1.8.2
[INFO] [stderr]     Checking typenum v1.20.1
[INFO] [stderr]     Checking cmov v0.5.4
[INFO] [stderr]     Checking rand_core v0.10.1
[INFO] [stderr]    Compiling getrandom v0.4.2
[INFO] [stderr]     Checking const-oid v0.10.2
[INFO] [stderr]     Checking cpufeatures v0.3.0
[INFO] [stderr]     Checking cpubits v0.1.1
[INFO] [stderr]     Checking base64ct v1.8.3
[INFO] [stderr]     Checking log v0.4.32
[INFO] [stderr]    Compiling num-traits v0.2.19
[INFO] [stderr]     Checking memchr v2.8.1
[INFO] [stderr]    Compiling rustversion v1.0.22
[INFO] [stderr]    Compiling syn v2.0.117
[INFO] [stderr]     Checking base16ct v1.0.0
[INFO] [stderr]     Checking bitflags v2.12.1
[INFO] [stderr]    Compiling serde_core v1.0.228
[INFO] [stderr]    Compiling libm v0.2.16
[INFO] [stderr]    Compiling curve25519-dalek v5.0.0-rc.0
[INFO] [stderr]     Checking futures-channel v0.3.32
[INFO] [stderr]     Checking futures-task v0.3.32
[INFO] [stderr]     Checking pem-rfc7468 v1.0.0
[INFO] [stderr]    Compiling serde v1.0.228
[INFO] [stderr]     Checking futures-io v0.3.32
[INFO] [stderr]     Checking slab v0.4.12
[INFO] [stderr]     Checking ctutils v0.4.2
[INFO] [stderr]    Compiling shlex v2.0.1
[INFO] [stderr]     Checking ff v0.14.0
[INFO] [stderr]    Compiling cfg_aliases v0.2.1
[INFO] [stderr]    Compiling generic-array v0.14.9
[INFO] [stderr]    Compiling nix v0.31.3
[INFO] [stderr]    Compiling cc v1.2.63
[INFO] [stderr]     Checking der v0.8.0
[INFO] [stderr]    Compiling signal-hook v0.3.18
[INFO] [stderr]    Compiling serde_json v1.0.150
[INFO] [stderr]     Checking group v0.14.0
[INFO] [stderr]    Compiling cfg_aliases v0.1.1
[INFO] [stderr]    Compiling crc32fast v1.5.0
[INFO] [stderr]    Compiling nix v0.28.0
[INFO] [stderr]     Checking keccak v0.2.0
[INFO] [stderr]    Compiling ref-cast v1.0.25
[INFO] [stderr]     Checking fiat-crypto v0.3.0
[INFO] [stderr]     Checking smallvec v1.15.2
[INFO] [stderr]    Compiling rustix v0.38.44
[INFO] [stderr]    Compiling anyhow v1.0.102
[INFO] [stderr]     Checking adler2 v2.0.1
[INFO] [stderr]     Checking simd-adler32 v0.3.9
[INFO] [stderr]     Checking aho-corasick v1.1.4
[INFO] [stderr]     Checking num-integer v0.1.46
[INFO] [stderr]    Compiling zmij v1.0.21
[INFO] [stderr]     Checking hex v0.4.3
[INFO] [stderr]     Checking foldhash v0.1.5
[INFO] [stderr]     Checking miniz_oxide v0.8.9
[INFO] [stderr]     Checking either v1.16.0
[INFO] [stderr]    Compiling instability v0.3.12
[INFO] [stderr]     Checking regex-syntax v0.8.11
[INFO] [stderr]    Compiling itoa v1.0.18
[INFO] [stderr]    Compiling once_cell v1.21.4
[INFO] [stderr]     Checking linux-raw-sys v0.4.15
[INFO] [stderr]    Compiling paste v1.0.15
[INFO] [stderr]     Checking allocator-api2 v0.2.21
[INFO] [stderr]     Checking itertools v0.13.0
[INFO] [stderr]     Checking flate2 v1.1.9
[INFO] [stderr]     Checking num-bigint v0.4.6
[INFO] [stderr]     Checking hashbrown v0.15.5
[INFO] [stderr]     Checking castaway v0.2.4
[INFO] [stderr]     Checking downcast-rs v1.2.1
[INFO] [stderr]     Checking static_assertions v1.1.0
[INFO] [stderr]    Compiling rmcp v1.7.0
[INFO] [stderr]     Checking unicode-width v0.1.14
[INFO] [stderr]     Checking unicode-segmentation v1.13.3
[INFO] [stderr]    Compiling indoc v2.0.7
[INFO] [stderr]    Compiling ring v0.17.14
[INFO] [stderr]     Checking spki v0.8.0
[INFO] [stderr]     Checking shell-words v1.1.1
[INFO] [stderr]     Checking hex-literal v1.1.0
[INFO] [stderr]     Checking dyn-clone v1.0.20
[INFO] [stderr]     Checking md5 v0.8.0
[INFO] [stderr]     Checking pkcs1 v0.8.0-rc.4
[INFO] [stderr]     Checking data-encoding v2.11.0
[INFO] [stderr]     Checking lru v0.12.5
[INFO] [stderr]     Checking compact_str v0.8.2
[INFO] [stderr]     Checking unicode-width v0.2.0
[INFO] [stderr]    Compiling pastey v0.2.3
[INFO] [stderr]     Checking cassowary v0.3.0
[INFO] [stderr]     Checking home v0.5.12
[INFO] [stderr]     Checking hybrid-array v0.4.12
[INFO] [stderr]     Checking generic-array v1.4.3
[INFO] [stderr]     Checking unicode-truncate v1.1.0
[INFO] [stderr]     Checking mio v1.2.1
[INFO] [stderr]     Checking socket2 v0.6.4
[INFO] [stderr]     Checking errno v0.3.14
[INFO] [stderr]     Checking parking_lot_core v0.9.12
[INFO] [stderr]     Checking getrandom v0.2.17
[INFO] [stderr]     Checking signal-hook-registry v1.4.8
[INFO] [stderr]     Checking serial2 v0.2.37
[INFO] [stderr]     Checking parking_lot v0.12.5
[INFO] [stdout] error[E0493]: destructor of `ArrayBuilder<T, N>` cannot be evaluated at compile-time
[INFO] [stdout]    --> /opt/rustwide/cargo-home/registry/src/index.crates.io-1949cf8c6b5b557f/generic-array-1.4.3/src/internal.rs:103:31
[INFO] [stdout]     |
[INFO] [stdout] 103 |     pub unsafe fn assume_init(self) -> GenericArray<T, N> {
[INFO] [stdout]     |                               ^^^^ the destructor for this type cannot be evaluated in constant functions
[INFO] [stdout] ...
[INFO] [stdout] 109 |     }
[INFO] [stdout]     |     - value is dropped here
[INFO] [stdout] 
[INFO] [stdout] 
[INFO] [stderr]     Checking signal-hook-mio v0.2.5
[INFO] [stderr]     Checking crossterm v0.28.1
[INFO] [stdout] error[E0493]: destructor of `GenericArray<core::mem::MaybeUninit<*const T>, N>` cannot be evaluated at compile-time
[INFO] [stdout]    --> /opt/rustwide/cargo-home/registry/src/index.crates.io-1949cf8c6b5b557f/generic-array-1.4.3/src/lib.rs:970:13
[INFO] [stdout]     |
[INFO] [stdout] 970 |         let mut out: GenericArray<MaybeUninit<*const T>, N> = GenericArray::uninit();
[INFO] [stdout]     |             ^^^^^^^ the destructor for this type cannot be evaluated in constant functions
[INFO] [stdout] ...
[INFO] [stdout] 985 |     }
[INFO] [stdout]     |     - value is dropped here
[INFO] [stdout] 
[INFO] [stdout] 
[INFO] [stdout] error[E0493]: destructor of `GenericArray<core::mem::MaybeUninit<*mut T>, N>` cannot be evaluated at compile-time
[INFO] [stdout]     --> /opt/rustwide/cargo-home/registry/src/index.crates.io-1949cf8c6b5b557f/generic-array-1.4.3/src/lib.rs:1005:13
[INFO] [stdout]      |
[INFO] [stdout] 1005 |         let mut out: GenericArray<MaybeUninit<*mut T>, N> = GenericArray::uninit();
[INFO] [stdout]      |             ^^^^^^^ the destructor for this type cannot be evaluated in constant functions
[INFO] [stdout] ...
[INFO] [stdout] 1020 |     }
[INFO] [stdout]      |     - value is dropped here
[INFO] [stdout] 
[INFO] [stdout] 
[INFO] [stdout] For more information about this error, try `rustc --explain E0493`.
[INFO] [stdout] 
[INFO] [stderr] error: could not compile `generic-array` (lib) due to 3 previous errors
[INFO] [stderr] warning: build failed, waiting for other jobs to finish...
[INFO] running `Command { std: "docker" "inspect" "1d653d59ecfbce2b5c8673b08dbdce79e8a38048d620da484f90350e62665198", kill_on_drop: false }`
[INFO] running `Command { std: "docker" "rm" "-f" "1d653d59ecfbce2b5c8673b08dbdce79e8a38048d620da484f90350e62665198", kill_on_drop: false }`
[INFO] [stdout] 1d653d59ecfbce2b5c8673b08dbdce79e8a38048d620da484f90350e62665198
