[INFO] fetching crate embroider 0.3.3...
[INFO] checking embroider-0.3.3 against c79f6bc4fc2389852aeff667626cb3e58adfe71c for pr-164081
[INFO] extracting crate embroider 0.3.3 into /workspace/builds/worker-2-tc2/source
[INFO] started tweaking crates.io crate embroider 0.3.3
[INFO] removed 0 missing tests
[INFO] finished tweaking crates.io crate embroider 0.3.3
[INFO] tweaked toml for crates.io crate embroider 0.3.3 written to /workspace/builds/worker-2-tc2/source/Cargo.toml
[INFO] validating manifest of crates.io crate embroider 0.3.3 on toolchain c79f6bc4fc2389852aeff667626cb3e58adfe71c
[INFO] running `Command { std: CARGO_HOME="/workspace/cargo-home" RUSTUP_HOME="/workspace/rustup-home" "/workspace/cargo-home/bin/cargo" "+c79f6bc4fc2389852aeff667626cb3e58adfe71c" "metadata" "--manifest-path" "Cargo.toml" "--no-deps", kill_on_drop: false }`
[INFO] crate crates.io crate embroider 0.3.3 already has a lockfile, it will not be regenerated
[INFO] running `Command { std: CARGO_HOME="/workspace/cargo-home" RUSTUP_HOME="/workspace/rustup-home" "/workspace/cargo-home/bin/cargo" "+c79f6bc4fc2389852aeff667626cb3e58adfe71c" "fetch" "--manifest-path" "Cargo.toml", kill_on_drop: false }`
[INFO] running `Command { std: "docker" "create" "-v" "/var/lib/crater-agent-workspace/builds/worker-2-tc2/source:/opt/rustwide/workdir:ro,Z" "-v" "/var/lib/crater-agent-workspace/builds/worker-2-tc2/target:/opt/rustwide/target:rw,Z" "-v" "/var/lib/crater-agent-workspace/cargo-home:/opt/rustwide/cargo-home:ro,Z" "-v" "/var/lib/crater-agent-workspace/rustup-home:/opt/rustwide/rustup-home:ro,Z" "-m" "1610612736" "--network" "none" "ghcr.io/rust-lang/crates-build-env/linux@sha256:77db811e55d90add9212f6832c23229e3de5f1c1f9905e8cb07319ea15df73ac" "sleep" "infinity", kill_on_drop: false }`
[INFO] [stdout] 27f927117f3acf221a9408dc2347dd121c03b971f142d31fa97b30293cc86e1b
[INFO] running `Command { std: "docker" "start" "27f927117f3acf221a9408dc2347dd121c03b971f142d31fa97b30293cc86e1b", kill_on_drop: false }`
[INFO] running `Command { std: "docker" "inspect" "27f927117f3acf221a9408dc2347dd121c03b971f142d31fa97b30293cc86e1b", kill_on_drop: false }`
[INFO] running `Command { std: "docker" "exec" "-e" "SOURCE_DIR=/opt/rustwide/workdir" "-e" "CARGO_HOME=/opt/rustwide/cargo-home" "-e" "RUSTUP_HOME=/opt/rustwide/rustup-home" "-e" "CARGO_TARGET_DIR=/opt/rustwide/target" "-w" "/opt/rustwide/workdir" "--user" "0:0" "27f927117f3acf221a9408dc2347dd121c03b971f142d31fa97b30293cc86e1b" "/opt/rustwide/cargo-home/bin/cargo" "+c79f6bc4fc2389852aeff667626cb3e58adfe71c" "metadata" "--no-deps" "--format-version=1", kill_on_drop: false }`
[INFO] running `Command { std: "docker" "inspect" "27f927117f3acf221a9408dc2347dd121c03b971f142d31fa97b30293cc86e1b", kill_on_drop: false }`
[INFO] running `Command { std: "docker" "exec" "-e" "SOURCE_DIR=/opt/rustwide/workdir" "-e" "CARGO_HOME=/opt/rustwide/cargo-home" "-e" "RUSTUP_HOME=/opt/rustwide/rustup-home" "-e" "CARGO_TARGET_DIR=/opt/rustwide/target" "-e" "CARGO_INCREMENTAL=0" "-e" "RUST_BACKTRACE=full" "-e" "RUSTFLAGS=--cap-lints=forbid" "-e" "RUSTDOCFLAGS=--cap-lints=forbid" "-w" "/opt/rustwide/workdir" "--user" "0:0" "27f927117f3acf221a9408dc2347dd121c03b971f142d31fa97b30293cc86e1b" "/opt/rustwide/cargo-home/bin/cargo" "+c79f6bc4fc2389852aeff667626cb3e58adfe71c" "check" "--frozen" "--all" "--all-targets" "--message-format=json", kill_on_drop: false }`
[INFO] [stderr]     Checking smallvec v1.16.1
[INFO] [stderr]    Compiling syn v3.0.5
[INFO] [stderr]     Checking tracing v0.1.44
[INFO] [stderr]     Checking aho-corasick v1.1.5
[INFO] [stderr]    Compiling rustls v0.23.44
[INFO] [stderr]     Checking serde_json v1.0.151
[INFO] [stderr]    Compiling unicase v2.9.0
[INFO] [stderr]    Compiling openssl-sys v0.9.117
[INFO] [stderr]    Compiling encoding_rs v0.8.41
[INFO] [stderr]     Checking ipnet v2.12.2
[INFO] [stderr]    Compiling multiversion_no_op v1.0.0
[INFO] [stderr]    Compiling zerocopy v0.8.57
[INFO] [stderr]     Checking simdutf8 v0.1.5
[INFO] [stderr]     Checking core_detect v1.0.0
[INFO] [stderr]    Compiling anyhow v1.0.104
[INFO] [stderr]     Checking dirs-sys v0.5.0
[INFO] [stderr]     Checking chacha20 v0.10.2
[INFO] [stderr]    Compiling zerocopy-derive v0.8.57
[INFO] [stderr]    Compiling zeroize v1.9.0
[INFO] [stderr]    Compiling foreign-types-shared v0.1.1
[INFO] [stderr]     Checking typewit v1.15.2
[INFO] [stderr]     Checking time v0.3.55
[INFO] [stderr]    Compiling foreign-types v0.3.2
[INFO] [stderr]    Compiling httparse v1.10.1
[INFO] [stderr]     Checking hybrid-array v0.4.15
[INFO] [stderr]    Compiling mime_guess v2.0.5
[INFO] [stderr]     Checking dirs v6.0.0
[INFO] [stderr]     Checking crc32fast v1.5.2
[INFO] [stderr]    Compiling blake3 v1.8.7
[INFO] [stderr]    Compiling git-version-macro v0.3.9
[INFO] [stderr]    Compiling openssl-macros v0.1.1
[INFO] [stderr]    Compiling pin-project-internal v1.1.13
[INFO] [stderr]     Checking os_str_bytes v6.6.1
[INFO] [stderr]     Checking rand v0.10.2
[INFO] [stderr]    Compiling openssl v0.10.81
[INFO] [stderr]    Compiling native-tls v0.2.18
[INFO] [stderr]    Compiling base64ct v1.8.3
[INFO] [stderr]    Compiling konst_proc_macros v0.4.1
[INFO] [stderr]    Compiling bitflags v2.13.2
[INFO] [stderr]     Checking const_panic v0.2.17
[INFO] [stderr]     Checking symlink v0.1.0
[INFO] [stderr]    Compiling crossbeam-epoch v0.9.21
[INFO] [stderr]    Compiling darling_core v0.20.11
[INFO] [stderr]    Compiling pem-rfc7468 v1.0.0
[INFO] [stderr]     Checking chrono v0.4.45
[INFO] [stderr]    Compiling http v1.5.0
[INFO] [stderr]     Checking git-version v0.3.9
[INFO] [stderr]    Compiling rustls-pki-types v1.15.1
[INFO] [stderr]     Checking whoami v2.1.3
[INFO] [stderr]     Checking regex-automata v0.4.18
[INFO] [stderr]     Checking sysinfo v0.38.4
[INFO] [stderr]     Checking colored v3.1.1
[INFO] [stderr]    Compiling base64 v0.23.1
[INFO] [stderr]     Checking konst v0.4.3
[INFO] [stderr]    Compiling openssl-probe v0.2.1
[INFO] [stderr]     Checking bytemuck v1.25.2
[INFO] [stderr]    Compiling byteorder v1.5.0
[INFO] [stderr]     Checking pin-project v1.1.13
[INFO] [stderr]     Checking const-str v1.1.0
[INFO] [stderr]     Checking constant_time_eq v0.4.2
[INFO] [stderr]    Compiling redb v3.1.3
[INFO] [stderr]    Compiling crossbeam-deque v0.8.8
[INFO] [stderr]     Checking oneshot v0.1.13
[INFO] [stderr]     Checking twox-hash v2.1.4
[INFO] [stderr]    Compiling socks v0.3.4
[INFO] [stderr]    Compiling ureq-proto v0.6.2
[INFO] [stderr]     Checking lz4_flex v0.13.1
[INFO] [stderr]     Checking rustix v1.1.4
[INFO] [stderr]    Compiling webpki-root-certs v1.0.9
[INFO] [stderr]     Checking crypto-common v0.2.2
[INFO] [stderr]     Checking block-buffer v0.12.1
[INFO] [stderr]    Compiling der v0.8.2
[INFO] [stderr]     Checking uuid v1.26.1
[INFO] [stderr]     Checking approx v0.5.1
[INFO] [stdout] error[E0493]: destructor of `ArrayBuilder<T, N, D>` cannot be evaluated at compile-time
[INFO] [stdout]    --> /opt/rustwide/cargo-home/registry/src/index.crates.io-1949cf8c6b5b557f/konst-0.4.3/src/array/array_builder.rs:421:24
[INFO] [stdout]     |
[INFO] [stdout] 421 |     pub const fn build(self) -> [T; N] {
[INFO] [stdout]     |                        ^^^^ the destructor for this type cannot be evaluated in constant functions
[INFO] [stdout] ...
[INFO] [stdout] 437 |     }
[INFO] [stdout]     |     - value is dropped here
[INFO] [stdout] 
[INFO] [stdout] 
[INFO] [stdout] error[E0493]: destructor of `array_into_iter::IntoIter<T, N, D>` cannot be evaluated at compile-time
[INFO] [stdout]    --> /opt/rustwide/cargo-home/registry/src/index.crates.io-1949cf8c6b5b557f/konst-0.4.3/src/array/array_into_iter.rs:324:34
[INFO] [stdout]     |
[INFO] [stdout] 324 |     pub const fn assert_is_empty(self) {
[INFO] [stdout]     |                                  ^^^^ the destructor for this type cannot be evaluated in constant functions
[INFO] [stdout] ...
[INFO] [stdout] 327 |     }
[INFO] [stdout]     |     - value is dropped here
[INFO] [stdout] 
[INFO] [stdout] 
[INFO] [stderr]     Checking countio v0.3.0
[INFO] [stdout] error[E0493]: destructor of `Option<(T, U)>` cannot be evaluated at compile-time
[INFO] [stdout]    --> /opt/rustwide/cargo-home/registry/src/index.crates.io-1949cf8c6b5b557f/konst-0.4.3/src/macros/control_flow.rs:83:42
[INFO] [stdout]     |
[INFO] [stdout]  81 |   macro_rules! if_let_Some {
[INFO] [stdout]  82 |       ($some:pat = $e:expr => $then:block $(else $else:block)?) => {
[INFO] [stdout]  83 |           match $crate::option::__opt($e) {opt =>
[INFO] [stdout]     |                                            ^^^ the destructor for this type cannot be evaluated in constant functions
[INFO] [stdout] ...
[INFO] [stdout]  90 |               }
[INFO] [stdout]     |               - value is dropped here
[INFO] [stdout]     |
[INFO] [stdout]    ::: /opt/rustwide/cargo-home/registry/src/index.crates.io-1949cf8c6b5b557f/konst-0.4.3/src/option.rs:635:5
[INFO] [stdout]     |
[INFO] [stdout] 635 | /     crate::if_let_Some! {tuple = opt => {
[INFO] [stdout] 636 | |         crate::destructure!{(l, r) = tuple}
[INFO] [stdout] 637 | |
[INFO] [stdout] 638 | |         (Some(l), Some(r))
[INFO] [stdout] 639 | |     } else {
[INFO] [stdout] 640 | |         (None, None)
[INFO] [stdout] 641 | |     }}
[INFO] [stdout]     | |______- in this macro invocation
[INFO] [stdout] 
[INFO] [stdout] 
[INFO] [stderr]    Compiling prettyplease v0.3.0
[INFO] [stderr]     Checking heapify v0.2.0
[INFO] [stderr]     Checking safe-transmute v0.11.3
[INFO] [stderr]    Compiling utf8-zero v0.8.1
[INFO] [stderr]     Checking simd-adler32 v0.3.10
[INFO] [stderr]     Checking statrs v0.18.0
[INFO] [stderr]    Compiling onig_sys v69.9.3
[INFO] [stderr]    Compiling matrixmultiply v0.3.11
[INFO] [stderr]    Compiling lzma-rust2 v0.15.8
[INFO] [stderr]    Compiling hmac-sha256 v1.1.14
[INFO] [stderr]     Checking urlencoding v2.1.3
[INFO] [stdout] For more information about this error, try `rustc --explain E0493`.
[INFO] [stdout] 
[INFO] [stderr] error: could not compile `konst` (lib) due to 3 previous errors
[INFO] [stderr] warning: build failed, waiting for other jobs to finish...
[INFO] running `Command { std: "docker" "inspect" "27f927117f3acf221a9408dc2347dd121c03b971f142d31fa97b30293cc86e1b", kill_on_drop: false }`
[INFO] running `Command { std: "docker" "rm" "-f" "27f927117f3acf221a9408dc2347dd121c03b971f142d31fa97b30293cc86e1b", kill_on_drop: false }`
[INFO] [stdout] 27f927117f3acf221a9408dc2347dd121c03b971f142d31fa97b30293cc86e1b
