[INFO] fetching crate embed_anything 0.7.1...
[INFO] checking embed_anything-0.7.1 against c79f6bc4fc2389852aeff667626cb3e58adfe71c for pr-164081
[INFO] extracting crate embed_anything 0.7.1 into /workspace/builds/worker-2-tc2/source
[INFO] started tweaking crates.io crate embed_anything 0.7.1
[INFO] removed 0 missing examples
[INFO] finished tweaking crates.io crate embed_anything 0.7.1
[INFO] tweaked toml for crates.io crate embed_anything 0.7.1 written to /workspace/builds/worker-2-tc2/source/Cargo.toml
[INFO] validating manifest of crates.io crate embed_anything 0.7.1 on toolchain c79f6bc4fc2389852aeff667626cb3e58adfe71c
[INFO] running `Command { std: CARGO_HOME="/workspace/cargo-home" RUSTUP_HOME="/workspace/rustup-home" "/workspace/cargo-home/bin/cargo" "+c79f6bc4fc2389852aeff667626cb3e58adfe71c" "metadata" "--manifest-path" "Cargo.toml" "--no-deps", kill_on_drop: false }`
[INFO] crate crates.io crate embed_anything 0.7.1 already has a lockfile, it will not be regenerated
[INFO] running `Command { std: CARGO_HOME="/workspace/cargo-home" RUSTUP_HOME="/workspace/rustup-home" "/workspace/cargo-home/bin/cargo" "+c79f6bc4fc2389852aeff667626cb3e58adfe71c" "fetch" "--manifest-path" "Cargo.toml", kill_on_drop: false }`
[INFO] running `Command { std: "docker" "create" "-v" "/var/lib/crater-agent-workspace/builds/worker-2-tc2/source:/opt/rustwide/workdir:ro,Z" "-v" "/var/lib/crater-agent-workspace/builds/worker-2-tc2/target:/opt/rustwide/target:rw,Z" "-v" "/var/lib/crater-agent-workspace/cargo-home:/opt/rustwide/cargo-home:ro,Z" "-v" "/var/lib/crater-agent-workspace/rustup-home:/opt/rustwide/rustup-home:ro,Z" "-m" "1610612736" "--network" "none" "ghcr.io/rust-lang/crates-build-env/linux@sha256:77db811e55d90add9212f6832c23229e3de5f1c1f9905e8cb07319ea15df73ac" "sleep" "infinity", kill_on_drop: false }`
[INFO] [stdout] 03567cb97be5f4f51e2be3e58887a39cd8dea6293b5b1c9e9ed6326867c56bff
[INFO] running `Command { std: "docker" "start" "03567cb97be5f4f51e2be3e58887a39cd8dea6293b5b1c9e9ed6326867c56bff", kill_on_drop: false }`
[INFO] running `Command { std: "docker" "inspect" "03567cb97be5f4f51e2be3e58887a39cd8dea6293b5b1c9e9ed6326867c56bff", kill_on_drop: false }`
[INFO] running `Command { std: "docker" "exec" "-e" "SOURCE_DIR=/opt/rustwide/workdir" "-e" "CARGO_HOME=/opt/rustwide/cargo-home" "-e" "RUSTUP_HOME=/opt/rustwide/rustup-home" "-e" "CARGO_TARGET_DIR=/opt/rustwide/target" "-w" "/opt/rustwide/workdir" "--user" "0:0" "03567cb97be5f4f51e2be3e58887a39cd8dea6293b5b1c9e9ed6326867c56bff" "/opt/rustwide/cargo-home/bin/cargo" "+c79f6bc4fc2389852aeff667626cb3e58adfe71c" "metadata" "--no-deps" "--format-version=1", kill_on_drop: false }`
[INFO] running `Command { std: "docker" "inspect" "03567cb97be5f4f51e2be3e58887a39cd8dea6293b5b1c9e9ed6326867c56bff", kill_on_drop: false }`
[INFO] running `Command { std: "docker" "exec" "-e" "SOURCE_DIR=/opt/rustwide/workdir" "-e" "CARGO_HOME=/opt/rustwide/cargo-home" "-e" "RUSTUP_HOME=/opt/rustwide/rustup-home" "-e" "CARGO_TARGET_DIR=/opt/rustwide/target" "-e" "CARGO_INCREMENTAL=0" "-e" "RUST_BACKTRACE=full" "-e" "RUSTFLAGS=--cap-lints=forbid" "-e" "RUSTDOCFLAGS=--cap-lints=forbid" "-w" "/opt/rustwide/workdir" "--user" "0:0" "03567cb97be5f4f51e2be3e58887a39cd8dea6293b5b1c9e9ed6326867c56bff" "/opt/rustwide/cargo-home/bin/cargo" "+c79f6bc4fc2389852aeff667626cb3e58adfe71c" "check" "--frozen" "--all" "--all-targets" "--message-format=json", kill_on_drop: false }`
[INFO] [stderr]    Compiling proc-macro2 v1.0.95
[INFO] [stderr]    Compiling unicode-ident v1.0.18
[INFO] [stderr]    Compiling libc v0.2.186
[INFO] [stderr]     Checking cfg-if v1.0.1
[INFO] [stderr]    Compiling autocfg v1.4.0
[INFO] [stderr]     Checking memchr v2.8.0
[INFO] [stderr]    Compiling serde_core v1.0.228
[INFO] [stderr]     Checking log v0.4.27
[INFO] [stderr]     Checking stable_deref_trait v1.2.0
[INFO] [stderr]    Compiling zerocopy v0.8.25
[INFO] [stderr]     Checking bitflags v2.9.1
[INFO] [stderr]    Compiling getrandom v0.3.3
[INFO] [stderr]    Compiling crc32fast v1.5.0
[INFO] [stderr]     Checking zeroize v1.8.1
[INFO] [stderr]    Compiling num-traits v0.2.19
[INFO] [stderr]     Checking writeable v0.6.1
[INFO] [stderr]     Checking litemap v0.8.0
[INFO] [stderr]     Checking crossbeam-epoch v0.9.18
[INFO] [stderr]    Compiling rayon-core v1.12.1
[INFO] [stderr]    Compiling serde_json v1.0.140
[INFO] [stderr]     Checking rustls-pki-types v1.12.0
[INFO] [stderr]     Checking simd-adler32 v0.3.7
[INFO] [stderr]    Compiling quote v1.0.40
[INFO] [stderr]     Checking crossbeam-deque v0.8.6
[INFO] [stderr]    Compiling aws-lc-rs v1.15.1
[INFO] [stderr]    Compiling icu_normalizer_data v2.0.0
[INFO] [stderr]    Compiling icu_properties_data v2.0.1
[INFO] [stderr]     Checking http v1.3.1
[INFO] [stderr]    Compiling syn v2.0.117
[INFO] [stderr]     Checking aho-corasick v1.1.3
[INFO] [stderr]     Checking getrandom v0.2.16
[INFO] [stderr]    Compiling paste v1.0.15
[INFO] [stderr]     Checking rand_core v0.9.3
[INFO] [stderr]     Checking regex-syntax v0.8.5
[INFO] [stderr]     Checking adler2 v2.0.1
[INFO] [stderr]     Checking percent-encoding v2.3.1
[INFO] [stderr]    Compiling jobserver v0.1.33
[INFO] [stderr]     Checking hashbrown v0.15.4
[INFO] [stderr]     Checking miniz_oxide v0.8.9
[INFO] [stderr]     Checking rayon v1.10.0
[INFO] [stderr]    Compiling cc v1.2.26
[INFO] [stderr]    Compiling rustls v0.23.35
[INFO] [stderr]     Checking subtle v2.6.1
[INFO] [stderr]     Checking indexmap v2.9.0
[INFO] [stderr]     Checking flate2 v1.1.2
[INFO] [stderr]     Checking form_urlencoded v1.2.1
[INFO] [stderr]     Checking mio v1.2.1
[INFO] [stderr]     Checking socket2 v0.6.4
[INFO] [stderr]    Compiling slab v0.4.9
[INFO] [stderr]     Checking webpki-roots v1.0.0
[INFO] [stderr]     Checking tracing-core v0.1.34
[INFO] [stderr]    Compiling strsim v0.11.1
[INFO] [stderr]    Compiling ident_case v1.0.1
[INFO] [stderr]     Checking option-ext v0.2.0
[INFO] [stderr]     Checking regex-automata v0.4.15
[INFO] [stderr]     Checking rand_core v0.6.4
[INFO] [stderr]    Compiling cmake v0.1.54
[INFO] [stderr]    Compiling anyhow v1.0.98
[INFO] [stderr]     Checking lazy_static v1.5.0
[INFO] [stderr]    Compiling rustversion v1.0.21
[INFO] [stderr]     Checking minimal-lexical v0.2.1
[INFO] [stderr]     Checking http-body v1.0.1
[INFO] [stderr]    Compiling getrandom v0.4.1
[INFO] [stderr]     Checking rand_core v0.10.0
[INFO] [stderr]     Checking nom v7.1.3
[INFO] [stderr]     Checking unicode-width v0.2.1
[INFO] [stderr]    Compiling aws-lc-sys v0.34.0
[INFO] [stderr]    Compiling ring v0.17.14
[INFO] [stderr]     Checking crypto-common v0.1.6
[INFO] [stderr]     Checking itertools v0.14.0
[INFO] [stderr]     Checking new_debug_unreachable v1.0.6
[INFO] [stderr]     Checking arrayvec v0.7.6
[INFO] [stderr]    Compiling onig_sys v69.9.1
[INFO] [stderr]    Compiling pulp v0.22.2
[INFO] [stderr]    Compiling siphasher v1.0.1
[INFO] [stderr]    Compiling rustix v1.1.4
[INFO] [stderr]    Compiling phf_shared v0.11.3
[INFO] [stderr]    Compiling rand v0.8.5
[INFO] [stderr]    Compiling synstructure v0.13.2
[INFO] [stderr]    Compiling darling_core v0.20.11
[INFO] [stderr]    Compiling esaxx-rs v0.1.10
[INFO] [stderr]     Checking console v0.15.11
[INFO] [stderr]     Checking num-integer v0.1.46
[INFO] [stderr]     Checking regex v1.12.2
[INFO] [stderr]     Checking raw-cpuid v11.5.0
[INFO] [stderr]     Checking encoding_rs v0.8.35
[INFO] [stderr]     Checking static_assertions v1.1.0
[INFO] [stderr]     Checking pulp-wasm-simd-flag v0.1.0
[INFO] [stderr]     Checking number_prefix v0.4.0
[INFO] [stderr]     Checking reborrow v0.5.5
[INFO] [stderr]     Checking linux-raw-sys v0.12.1
[INFO] [stderr]    Compiling serde_derive v1.0.228
[INFO] [stderr]    Compiling zerofrom-derive v0.1.6
[INFO] [stderr]    Compiling displaydoc v0.2.5
[INFO] [stderr]    Compiling zerocopy-derive v0.8.25
[INFO] [stderr]     Checking zerofrom v0.1.6
[INFO] [stderr]    Compiling yoke-derive v0.8.0
[INFO] [stderr]    Compiling zerovec-derive v0.11.1
[INFO] [stderr]    Compiling bytemuck_derive v1.9.3
[INFO] [stderr]    Compiling thiserror-impl v2.0.17
[INFO] [stderr]     Checking yoke v0.8.1
[INFO] [stderr]     Checking zerotrie v0.2.2
[INFO] [stderr]     Checking bytemuck v1.23.1
[INFO] [stderr]    Compiling tokio-macros v2.7.0
[INFO] [stderr]     Checking zerovec v0.11.2
[INFO] [stderr]    Compiling tracing-attributes v0.1.29
[INFO] [stderr]     Checking thiserror v2.0.17
[INFO] [stderr]    Compiling darling_macro v0.20.11
[INFO] [stderr]    Compiling futures-macro v0.3.31
[INFO] [stderr]     Checking tokio v1.52.3
[INFO] [stderr]    Compiling darling v0.20.11
[INFO] [stderr]     Checking num-complex v0.4.6
[INFO] [stderr]     Checking serde v1.0.228
[INFO] [stderr]     Checking futures-util v0.3.31
[INFO] [stderr]    Compiling derive_builder_core v0.20.2
[INFO] [stderr]     Checking tinystr v0.8.1
[INFO] [stderr]     Checking potential_utf v0.1.2
[INFO] [stderr]     Checking icu_locale_core v2.0.0
[INFO] [stderr]     Checking icu_collections v2.0.0
[INFO] [stderr]     Checking tracing v0.1.41
[INFO] [stderr]     Checking ppv-lite86 v0.2.21
[INFO] [stderr]     Checking serde_urlencoded v0.7.1
[INFO] [stderr]     Checking icu_provider v2.0.0
[INFO] [stderr]     Checking rand_chacha v0.9.0
[INFO] [stderr]     Checking rand_chacha v0.3.1
[INFO] [stderr]     Checking icu_normalizer v2.0.0
[INFO] [stderr]     Checking icu_properties v2.0.1
[INFO] [stderr]     Checking rand v0.9.1
[INFO] [stderr]    Compiling derive_builder_macro v0.20.2
[INFO] [stderr]     Checking derive_builder v0.20.2
[INFO] [stderr]     Checking dyn-stack v0.13.0
[INFO] [stderr]     Checking rand_distr v0.5.1
[INFO] [stderr]    Compiling monostate-impl v0.1.14
[INFO] [stderr]     Checking indicatif v0.17.11
[INFO] [stderr]    Compiling mime_guess v2.0.5
[INFO] [stderr]     Checking idna_adapter v1.2.1
[INFO] [stderr]    Compiling phf_generator v0.11.3
[INFO] [stderr]     Checking half v2.6.0
[INFO] [stderr]     Checking idna v1.0.3
[INFO] [stderr]     Checking http-body-util v0.1.3
[INFO] [stderr]    Compiling lock_api v0.4.13
[INFO] [stderr]     Checking url v2.5.4
[INFO] [stderr]     Checking base64 v0.13.1
[INFO] [stderr]     Checking cpufeatures v0.3.0
[INFO] [stderr]     Checking unicode-segmentation v1.12.0
[INFO] [stderr]    Compiling macro_rules_attribute-proc_macro v0.2.2
[INFO] [stderr]    Compiling parking_lot_core v0.9.11
[INFO] [stderr]    Compiling seq-macro v0.3.6
[INFO] [stderr]     Checking rustls-native-certs v0.8.2
[INFO] [stderr]     Checking tempfile v3.27.0
[INFO] [stderr]     Checking macro_rules_attribute v0.2.2
[INFO] [stderr]     Checking spm_precompiled v0.1.4
[INFO] [stderr]     Checking monostate v0.1.14
[INFO] [stderr]     Checking onig v6.5.1
[INFO] [stderr]    Compiling equator-macro v0.4.2
[INFO] [stderr]    Compiling thiserror-impl v1.0.69
[INFO] [stderr]    Compiling sha2-asm v0.6.4
[INFO] [stderr]    Compiling ahash v0.8.12
[INFO] [stderr]     Checking unicode-normalization-alignments v0.1.12
[INFO] [stderr]     Checking tokio-util v0.7.15
[INFO] [stderr]     Checking tower v0.5.2
[INFO] [stderr]     Checking unicode_categories v0.1.1
[INFO] [stderr]    Compiling heck v0.5.0
[INFO] [stderr]     Checking socks v0.3.4
[INFO] [stderr]     Checking h2 v0.4.15
[INFO] [stderr]     Checking tower-http v0.6.11
[INFO] [stderr]     Checking deranged v0.5.4
[INFO] [stderr]     Checking equator v0.4.2
[INFO] [stderr]     Checking thiserror v1.0.69
[INFO] [stderr]     Checking digest v0.10.7
[INFO] [stderr]    Compiling phf_codegen v0.11.3
[INFO] [stderr]    Compiling string_cache_codegen v0.5.4
[INFO] [stderr]     Checking tracing-serde v0.2.0
[INFO] [stderr]    Compiling pin-project-internal v1.1.13
[INFO] [stderr]     Checking matchers v0.2.0
[INFO] [stderr]     Checking bstr v1.12.3
[INFO] [stderr]     Checking gemm-common v0.19.0
[INFO] [stderr]     Checking tracing-log v0.2.0
[INFO] [stderr]     Checking sharded-slab v0.1.7
[INFO] [stderr]     Checking dirs-sys v0.4.1
[INFO] [stderr]     Checking dirs-sys v0.5.0
[INFO] [stderr]     Checking block-padding v0.3.3
[INFO] [stderr]     Checking webpki-roots v0.26.11
[INFO] [stderr]     Checking thread_local v1.1.9
[INFO] [stderr]    Compiling toml_datetime v0.6.11
[INFO] [stderr]     Checking typewit v1.15.2
[INFO] [stderr]     Checking mac v0.1.1
[INFO] [stderr]    Compiling winnow v0.7.11
[INFO] [stderr]     Checking futf v0.1.5
[INFO] [stderr]     Checking inout v0.1.4
[INFO] [stderr]     Checking time v0.3.44
[INFO] [stderr]     Checking dirs v6.0.0
[INFO] [stderr]     Checking dirs v5.0.1
[INFO] [stderr]     Checking tracing-subscriber v0.3.20
[INFO] [stderr]    Compiling markup5ever v0.12.1
[INFO] [stderr]     Checking const_panic v0.2.15
[INFO] [stderr]     Checking pin-project v1.1.13
[INFO] [stderr]     Checking parking_lot v0.12.4
[INFO] [stderr]     Checking aligned-vec v0.6.4
[INFO] [stderr]     Checking futures-executor v0.3.31
[INFO] [stderr]     Checking chacha20 v0.10.0
[INFO] [stderr]    Compiling async-trait v0.1.89
[INFO] [stderr]    Compiling yoke-derive v0.7.5
[INFO] [stderr]    Compiling git-version-macro v0.3.9
[INFO] [stderr]     Checking hyper v1.10.1
[INFO] [stderr]     Checking num-bigint v0.4.6
[INFO] [stderr]    Compiling blake3 v1.8.5
[INFO] [stderr]     Checking os_str_bytes v6.6.1
[INFO] [stderr]     Checking crossbeam-channel v0.5.16
[INFO] [stderr]     Checking symlink v0.1.0
[INFO] [stderr]     Checking weezl v0.1.10
[INFO] [stderr]    Compiling konst_proc_macros v0.4.1
[INFO] [stderr]     Checking precomputed-hash v0.1.1
[INFO] [stderr]     Checking utf8parse v0.2.2
[INFO] [stderr]     Checking iana-time-zone v0.1.63
[INFO] [stderr]     Checking alloc-no-stdlib v2.0.4
[INFO] [stderr]    Compiling built v0.7.7
[INFO] [stderr]    Compiling syn v1.0.109
[INFO] [stderr]    Compiling linktime-proc-macro v0.2.0
[INFO] [stderr]     Checking link-section v0.19.0
[INFO] [stderr]    Compiling toml_edit v0.22.27
[INFO] [stderr]     Checking hyper-util v0.1.17
[INFO] [stderr]     Checking konst v0.4.3
[INFO] [stderr]     Checking tracing-appender v0.2.5
[INFO] [stderr]    Compiling rav1e v0.7.1
[INFO] [stderr]     Checking alloc-stdlib v0.2.2
[INFO] [stderr]     Checking chrono v0.4.41
[INFO] [stderr]     Checking anstyle-parse v0.2.7
[INFO] [stderr]     Checking string_cache v0.8.9
[INFO] [stderr]     Checking ctor v1.0.8
[INFO] [stderr]     Checking num-rational v0.4.2
[INFO] [stderr]     Checking shellexpand v3.1.2
[INFO] [stderr]     Checking tendril v0.4.3
[INFO] [stderr]     Checking yoke v0.7.5
[INFO] [stderr]     Checking git-version v0.3.9
[INFO] [stderr]     Checking rand v0.10.0
[INFO] [stderr]     Checking futures v0.3.31
[INFO] [stdout] error[E0493]: destructor of `ArrayBuilder<T, N, D>` cannot be evaluated at compile-time
[INFO] [stdout]    --> /opt/rustwide/cargo-home/registry/src/index.crates.io-1949cf8c6b5b557f/konst-0.4.3/src/array/array_builder.rs:421:24
[INFO] [stdout]     |
[INFO] [stdout] 421 |     pub const fn build(self) -> [T; N] {
[INFO] [stdout]     |                        ^^^^ the destructor for this type cannot be evaluated in constant functions
[INFO] [stdout] ...
[INFO] [stdout] 437 |     }
[INFO] [stdout]     |     - value is dropped here
[INFO] [stdout] 
[INFO] [stdout] 
[INFO] [stdout] error[E0493]: destructor of `array_into_iter::IntoIter<T, N, D>` cannot be evaluated at compile-time
[INFO] [stdout]    --> /opt/rustwide/cargo-home/registry/src/index.crates.io-1949cf8c6b5b557f/konst-0.4.3/src/array/array_into_iter.rs:324:34
[INFO] [stdout]     |
[INFO] [stdout] 324 |     pub const fn assert_is_empty(self) {
[INFO] [stdout]     |                                  ^^^^ the destructor for this type cannot be evaluated in constant functions
[INFO] [stdout] ...
[INFO] [stdout] 327 |     }
[INFO] [stdout]     |     - value is dropped here
[INFO] [stdout] 
[INFO] [stdout] 
[INFO] [stderr]     Checking v_frame v0.3.9
[INFO] [stdout] error[E0493]: destructor of `Option<(T, U)>` cannot be evaluated at compile-time
[INFO] [stdout]    --> /opt/rustwide/cargo-home/registry/src/index.crates.io-1949cf8c6b5b557f/konst-0.4.3/src/macros/control_flow.rs:83:42
[INFO] [stdout]     |
[INFO] [stdout]  81 |   macro_rules! if_let_Some {
[INFO] [stdout]  82 |       ($some:pat = $e:expr => $then:block $(else $else:block)?) => {
[INFO] [stdout]  83 |           match $crate::option::__opt($e) {opt =>
[INFO] [stdout]     |                                            ^^^ the destructor for this type cannot be evaluated in constant functions
[INFO] [stdout] ...
[INFO] [stdout]  90 |               }
[INFO] [stdout]     |               - value is dropped here
[INFO] [stdout]     |
[INFO] [stdout]    ::: /opt/rustwide/cargo-home/registry/src/index.crates.io-1949cf8c6b5b557f/konst-0.4.3/src/option.rs:635:5
[INFO] [stdout]     |
[INFO] [stdout] 635 | /     crate::if_let_Some! {tuple = opt => {
[INFO] [stdout] 636 | |         crate::destructure!{(l, r) = tuple}
[INFO] [stdout] 637 | |
[INFO] [stdout] 638 | |         (Some(l), Some(r))
[INFO] [stdout] 639 | |     } else {
[INFO] [stdout] 640 | |         (None, None)
[INFO] [stdout] 641 | |     }}
[INFO] [stdout]     | |______- in this macro invocation
[INFO] [stdout] 
[INFO] [stdout] 
[INFO] [stderr]     Checking sha2 v0.10.9
[INFO] [stderr]     Checking cipher v0.4.4
[INFO] [stdout] For more information about this error, try `rustc --explain E0493`.
[INFO] [stdout] 
[INFO] [stderr] error: could not compile `konst` (lib) due to 3 previous errors
[INFO] [stderr] warning: build failed, waiting for other jobs to finish...
[INFO] running `Command { std: "docker" "inspect" "03567cb97be5f4f51e2be3e58887a39cd8dea6293b5b1c9e9ed6326867c56bff", kill_on_drop: false }`
[INFO] running `Command { std: "docker" "rm" "-f" "03567cb97be5f4f51e2be3e58887a39cd8dea6293b5b1c9e9ed6326867c56bff", kill_on_drop: false }`
[INFO] [stdout] 03567cb97be5f4f51e2be3e58887a39cd8dea6293b5b1c9e9ed6326867c56bff
