[INFO] fetching crate dress-up 0.1.1...
[INFO] checking dress-up-0.1.1 against c79f6bc4fc2389852aeff667626cb3e58adfe71c for pr-164081
[INFO] extracting crate dress-up 0.1.1 into /workspace/builds/worker-0-tc2/source
[INFO] started tweaking crates.io crate dress-up 0.1.1
[INFO] finished tweaking crates.io crate dress-up 0.1.1
[INFO] tweaked toml for crates.io crate dress-up 0.1.1 written to /workspace/builds/worker-0-tc2/source/Cargo.toml
[INFO] validating manifest of crates.io crate dress-up 0.1.1 on toolchain c79f6bc4fc2389852aeff667626cb3e58adfe71c
[INFO] running `Command { std: CARGO_HOME="/workspace/cargo-home" RUSTUP_HOME="/workspace/rustup-home" "/workspace/cargo-home/bin/cargo" "+c79f6bc4fc2389852aeff667626cb3e58adfe71c" "metadata" "--manifest-path" "Cargo.toml" "--no-deps", kill_on_drop: false }`
[INFO] crate crates.io crate dress-up 0.1.1 already has a lockfile, it will not be regenerated
[INFO] running `Command { std: CARGO_HOME="/workspace/cargo-home" RUSTUP_HOME="/workspace/rustup-home" "/workspace/cargo-home/bin/cargo" "+c79f6bc4fc2389852aeff667626cb3e58adfe71c" "fetch" "--manifest-path" "Cargo.toml", kill_on_drop: false }`
[INFO] [stderr] warning: `package.homepage` is redundant with `package.repository`
[INFO] [stderr]   --> Cargo.toml:80:12
[INFO] [stderr]    |
[INFO] [stderr] 80 | homepage = "https://github.com/ariel-os/dress-up/"
[INFO] [stderr]    |            ^^^^^^^^^^^^^^^^^^^^^^^^^^^^^^^^^^^^^^^
[INFO] [stderr] ...
[INFO] [stderr] 85 | repository = "https://github.com/ariel-os/dress-up/"
[INFO] [stderr]    |              ---------------------------------------
[INFO] [stderr]    |
[INFO] [stderr]    = note: `cargo::redundant_homepage` is set to `warn` by default
[INFO] [stderr] help: consider removing `package.homepage`
[INFO] [stderr] warning: `dress-up` (manifest) generated 1 warning
[INFO] running `Command { std: "docker" "create" "-v" "/var/lib/crater-agent-workspace/builds/worker-0-tc2/source:/opt/rustwide/workdir:ro,Z" "-v" "/var/lib/crater-agent-workspace/builds/worker-0-tc2/target:/opt/rustwide/target:rw,Z" "-v" "/var/lib/crater-agent-workspace/cargo-home:/opt/rustwide/cargo-home:ro,Z" "-v" "/var/lib/crater-agent-workspace/rustup-home:/opt/rustwide/rustup-home:ro,Z" "-m" "1610612736" "--network" "none" "ghcr.io/rust-lang/crates-build-env/linux@sha256:77db811e55d90add9212f6832c23229e3de5f1c1f9905e8cb07319ea15df73ac" "sleep" "infinity", kill_on_drop: false }`
[INFO] [stdout] fcb6fad7f643d951f7fd32e7a5f0afc32a8960976a8c11c5e8dafd2921ca9422
[INFO] running `Command { std: "docker" "start" "fcb6fad7f643d951f7fd32e7a5f0afc32a8960976a8c11c5e8dafd2921ca9422", kill_on_drop: false }`
[INFO] running `Command { std: "docker" "inspect" "fcb6fad7f643d951f7fd32e7a5f0afc32a8960976a8c11c5e8dafd2921ca9422", kill_on_drop: false }`
[INFO] running `Command { std: "docker" "exec" "-e" "SOURCE_DIR=/opt/rustwide/workdir" "-e" "CARGO_HOME=/opt/rustwide/cargo-home" "-e" "RUSTUP_HOME=/opt/rustwide/rustup-home" "-e" "CARGO_TARGET_DIR=/opt/rustwide/target" "-w" "/opt/rustwide/workdir" "--user" "0:0" "fcb6fad7f643d951f7fd32e7a5f0afc32a8960976a8c11c5e8dafd2921ca9422" "/opt/rustwide/cargo-home/bin/cargo" "+c79f6bc4fc2389852aeff667626cb3e58adfe71c" "metadata" "--no-deps" "--format-version=1", kill_on_drop: false }`
[INFO] running `Command { std: "docker" "inspect" "fcb6fad7f643d951f7fd32e7a5f0afc32a8960976a8c11c5e8dafd2921ca9422", kill_on_drop: false }`
[INFO] running `Command { std: "docker" "exec" "-e" "SOURCE_DIR=/opt/rustwide/workdir" "-e" "CARGO_HOME=/opt/rustwide/cargo-home" "-e" "RUSTUP_HOME=/opt/rustwide/rustup-home" "-e" "CARGO_TARGET_DIR=/opt/rustwide/target" "-e" "CARGO_INCREMENTAL=0" "-e" "RUST_BACKTRACE=full" "-e" "RUSTFLAGS=--cap-lints=forbid" "-e" "RUSTDOCFLAGS=--cap-lints=forbid" "-w" "/opt/rustwide/workdir" "--user" "0:0" "fcb6fad7f643d951f7fd32e7a5f0afc32a8960976a8c11c5e8dafd2921ca9422" "/opt/rustwide/cargo-home/bin/cargo" "+c79f6bc4fc2389852aeff667626cb3e58adfe71c" "check" "--frozen" "--all" "--all-targets" "--message-format=json", kill_on_drop: false }`
[INFO] [stderr] warning: `package.homepage` is redundant with `package.repository`
[INFO] [stderr]   --> Cargo.toml:80:12
[INFO] [stderr]    |
[INFO] [stderr] 80 | homepage = "https://github.com/ariel-os/dress-up/"
[INFO] [stderr]    |            ^^^^^^^^^^^^^^^^^^^^^^^^^^^^^^^^^^^^^^^
[INFO] [stderr] ...
[INFO] [stderr] 85 | repository = "https://github.com/ariel-os/dress-up/"
[INFO] [stderr]    |              ---------------------------------------
[INFO] [stderr]    |
[INFO] [stderr]    = note: `cargo::redundant_homepage` is set to `warn` by default
[INFO] [stderr] help: consider removing `package.homepage`
[INFO] [stderr] warning: `dress-up` (manifest) generated 1 warning
[INFO] [stderr]    Compiling zerocopy v0.8.52
[INFO] [stderr]    Compiling vcpkg v0.2.15
[INFO] [stderr]    Compiling pkg-config v0.3.33
[INFO] [stderr]    Compiling rustversion v1.0.22
[INFO] [stderr]    Compiling heapless v0.9.3
[INFO] [stderr]    Compiling data-encoding v2.11.0
[INFO] [stderr]     Checking bitflags v2.13.0
[INFO] [stderr]    Compiling syn v2.0.118
[INFO] [stderr]    Compiling cc v1.2.64
[INFO] [stderr]    Compiling num-traits v0.2.19
[INFO] [stderr]    Compiling openssl v0.10.81
[INFO] [stderr]    Compiling peg-runtime v0.8.6
[INFO] [stderr]     Checking foreign-types-shared v0.1.1
[INFO] [stderr]     Checking hash32 v0.3.1
[INFO] [stderr]     Checking getrandom v0.2.17
[INFO] [stderr]     Checking crypto-common v0.1.7
[INFO] [stderr]     Checking block-buffer v0.10.4
[INFO] [stderr]     Checking foreign-types v0.3.2
[INFO] [stderr]     Checking digest v0.10.7
[INFO] [stderr]     Checking keccak v0.1.6
[INFO] [stderr]     Checking const-default v1.0.0
[INFO] [stderr]     Checking iana-time-zone v0.1.65
[INFO] [stderr]     Checking either v1.16.0
[INFO] [stderr]     Checking rand_core v0.6.4
[INFO] [stderr]     Checking cbor-codec v0.7.1
[INFO] [stderr]    Compiling peg-macros v0.8.6
[INFO] [stderr]     Checking encoding_rs v0.8.35
[INFO] [stderr]     Checking sha2 v0.10.9
[INFO] [stderr]     Checking sha3 v0.10.9
[INFO] [stderr]     Checking uuid v1.23.3
[INFO] [stderr]     Checking itertools v0.14.0
[INFO] [stderr]     Checking hexfloat2 v0.1.3
[INFO] [stderr]     Checking generic-array v1.4.3
[INFO] [stderr]     Checking num-integer v0.1.46
[INFO] [stderr]     Checking chrono v0.4.45
[INFO] [stdout] error[E0493]: destructor of `ArrayBuilder<T, N>` cannot be evaluated at compile-time
[INFO] [stdout]    --> /opt/rustwide/cargo-home/registry/src/index.crates.io-1949cf8c6b5b557f/generic-array-1.4.3/src/internal.rs:103:31
[INFO] [stdout]     |
[INFO] [stdout] 103 |     pub unsafe fn assume_init(self) -> GenericArray<T, N> {
[INFO] [stdout]     |                               ^^^^ the destructor for this type cannot be evaluated in constant functions
[INFO] [stdout] ...
[INFO] [stdout] 109 |     }
[INFO] [stdout]     |     - value is dropped here
[INFO] [stdout] 
[INFO] [stdout] 
[INFO] [stderr]     Checking num-bigint v0.4.6
[INFO] [stdout] error[E0493]: destructor of `GenericArray<core::mem::MaybeUninit<*const T>, N>` cannot be evaluated at compile-time
[INFO] [stdout]    --> /opt/rustwide/cargo-home/registry/src/index.crates.io-1949cf8c6b5b557f/generic-array-1.4.3/src/lib.rs:970:13
[INFO] [stdout]     |
[INFO] [stdout] 970 |         let mut out: GenericArray<MaybeUninit<*const T>, N> = GenericArray::uninit();
[INFO] [stdout]     |             ^^^^^^^ the destructor for this type cannot be evaluated in constant functions
[INFO] [stdout] ...
[INFO] [stdout] 985 |     }
[INFO] [stdout]     |     - value is dropped here
[INFO] [stdout] 
[INFO] [stdout] 
[INFO] [stdout] error[E0493]: destructor of `GenericArray<core::mem::MaybeUninit<*mut T>, N>` cannot be evaluated at compile-time
[INFO] [stdout]     --> /opt/rustwide/cargo-home/registry/src/index.crates.io-1949cf8c6b5b557f/generic-array-1.4.3/src/lib.rs:1005:13
[INFO] [stdout]      |
[INFO] [stdout] 1005 |         let mut out: GenericArray<MaybeUninit<*mut T>, N> = GenericArray::uninit();
[INFO] [stdout]      |             ^^^^^^^ the destructor for this type cannot be evaluated in constant functions
[INFO] [stdout] ...
[INFO] [stdout] 1020 |     }
[INFO] [stdout]      |     - value is dropped here
[INFO] [stdout] 
[INFO] [stdout] 
[INFO] [stdout] For more information about this error, try `rustc --explain E0493`.
[INFO] [stdout] 
[INFO] [stderr] error: could not compile `generic-array` (lib) due to 3 previous errors
[INFO] [stderr] warning: build failed, waiting for other jobs to finish...
[INFO] running `Command { std: "docker" "inspect" "fcb6fad7f643d951f7fd32e7a5f0afc32a8960976a8c11c5e8dafd2921ca9422", kill_on_drop: false }`
[INFO] running `Command { std: "docker" "rm" "-f" "fcb6fad7f643d951f7fd32e7a5f0afc32a8960976a8c11c5e8dafd2921ca9422", kill_on_drop: false }`
[INFO] [stdout] fcb6fad7f643d951f7fd32e7a5f0afc32a8960976a8c11c5e8dafd2921ca9422
