[INFO] fetching crate cryl 0.4.1...
[INFO] checking cryl-0.4.1 against c79f6bc4fc2389852aeff667626cb3e58adfe71c for pr-164081
[INFO] extracting crate cryl 0.4.1 into /workspace/builds/worker-3-tc2/source
[INFO] started tweaking crates.io crate cryl 0.4.1
[INFO] removed 0 missing tests
[INFO] finished tweaking crates.io crate cryl 0.4.1
[INFO] tweaked toml for crates.io crate cryl 0.4.1 written to /workspace/builds/worker-3-tc2/source/Cargo.toml
[INFO] validating manifest of crates.io crate cryl 0.4.1 on toolchain c79f6bc4fc2389852aeff667626cb3e58adfe71c
[INFO] running `Command { std: CARGO_HOME="/workspace/cargo-home" RUSTUP_HOME="/workspace/rustup-home" "/workspace/cargo-home/bin/cargo" "+c79f6bc4fc2389852aeff667626cb3e58adfe71c" "metadata" "--manifest-path" "Cargo.toml" "--no-deps", kill_on_drop: false }`
[INFO] crate crates.io crate cryl 0.4.1 already has a lockfile, it will not be regenerated
[INFO] running `Command { std: CARGO_HOME="/workspace/cargo-home" RUSTUP_HOME="/workspace/rustup-home" "/workspace/cargo-home/bin/cargo" "+c79f6bc4fc2389852aeff667626cb3e58adfe71c" "fetch" "--manifest-path" "Cargo.toml", kill_on_drop: false }`
[INFO] running `Command { std: "docker" "create" "-v" "/var/lib/crater-agent-workspace/builds/worker-3-tc2/source:/opt/rustwide/workdir:ro,Z" "-v" "/var/lib/crater-agent-workspace/builds/worker-3-tc2/target:/opt/rustwide/target:rw,Z" "-v" "/var/lib/crater-agent-workspace/cargo-home:/opt/rustwide/cargo-home:ro,Z" "-v" "/var/lib/crater-agent-workspace/rustup-home:/opt/rustwide/rustup-home:ro,Z" "-m" "1610612736" "--network" "none" "ghcr.io/rust-lang/crates-build-env/linux@sha256:77db811e55d90add9212f6832c23229e3de5f1c1f9905e8cb07319ea15df73ac" "sleep" "infinity", kill_on_drop: false }`
[INFO] [stdout] 8756c35903fcb82f530666ddc30fb6cc74fd33ac4dc3f8e856422ef8cec0fdf6
[INFO] running `Command { std: "docker" "start" "8756c35903fcb82f530666ddc30fb6cc74fd33ac4dc3f8e856422ef8cec0fdf6", kill_on_drop: false }`
[INFO] running `Command { std: "docker" "inspect" "8756c35903fcb82f530666ddc30fb6cc74fd33ac4dc3f8e856422ef8cec0fdf6", kill_on_drop: false }`
[INFO] running `Command { std: "docker" "exec" "-e" "SOURCE_DIR=/opt/rustwide/workdir" "-e" "CARGO_HOME=/opt/rustwide/cargo-home" "-e" "RUSTUP_HOME=/opt/rustwide/rustup-home" "-e" "CARGO_TARGET_DIR=/opt/rustwide/target" "-w" "/opt/rustwide/workdir" "--user" "0:0" "8756c35903fcb82f530666ddc30fb6cc74fd33ac4dc3f8e856422ef8cec0fdf6" "/opt/rustwide/cargo-home/bin/cargo" "+c79f6bc4fc2389852aeff667626cb3e58adfe71c" "metadata" "--no-deps" "--format-version=1", kill_on_drop: false }`
[INFO] running `Command { std: "docker" "inspect" "8756c35903fcb82f530666ddc30fb6cc74fd33ac4dc3f8e856422ef8cec0fdf6", kill_on_drop: false }`
[INFO] running `Command { std: "docker" "exec" "-e" "SOURCE_DIR=/opt/rustwide/workdir" "-e" "CARGO_HOME=/opt/rustwide/cargo-home" "-e" "RUSTUP_HOME=/opt/rustwide/rustup-home" "-e" "CARGO_TARGET_DIR=/opt/rustwide/target" "-e" "CARGO_INCREMENTAL=0" "-e" "RUST_BACKTRACE=full" "-e" "RUSTFLAGS=--cap-lints=forbid" "-e" "RUSTDOCFLAGS=--cap-lints=forbid" "-w" "/opt/rustwide/workdir" "--user" "0:0" "8756c35903fcb82f530666ddc30fb6cc74fd33ac4dc3f8e856422ef8cec0fdf6" "/opt/rustwide/cargo-home/bin/cargo" "+c79f6bc4fc2389852aeff667626cb3e58adfe71c" "check" "--frozen" "--all" "--all-targets" "--message-format=json", kill_on_drop: false }`
[INFO] [stderr]     Checking subtle v2.6.1
[INFO] [stderr]     Checking getrandom v0.4.2
[INFO] [stderr]    Compiling serde_core v1.0.228
[INFO] [stderr]     Checking crypto-common v0.1.7
[INFO] [stderr]    Compiling libc v0.2.186
[INFO] [stderr]     Checking socket2 v0.6.4
[INFO] [stderr]     Checking mio v1.2.1
[INFO] [stderr]     Checking cpubits v0.1.1
[INFO] [stderr]     Checking futures-util v0.3.32
[INFO] [stderr]     Checking tracing v0.1.44
[INFO] [stderr]     Checking ctutils v0.4.2
[INFO] [stderr]     Checking pem-rfc7468 v1.0.0
[INFO] [stderr]     Checking digest v0.10.7
[INFO] [stderr]     Checking der v0.8.0
[INFO] [stderr]    Compiling aws-lc-rs v1.17.0
[INFO] [stderr]     Checking tokio v1.52.3
[INFO] [stderr]     Checking block-padding v0.3.3
[INFO] [stderr]     Checking hybrid-array v0.4.12
[INFO] [stderr]     Checking getrandom v0.2.17
[INFO] [stderr]     Checking inout v0.1.4
[INFO] [stderr]     Checking rustcrypto-ff v0.14.0-rc.1
[INFO] [stderr]    Compiling rustls v0.23.40
[INFO] [stderr]     Checking cipher v0.4.4
[INFO] [stderr]     Checking base16ct v1.0.0
[INFO] [stderr]     Checking rustcrypto-group v0.14.0-rc.1
[INFO] [stderr]     Checking sha2 v0.10.9
[INFO] [stderr]    Compiling either v1.16.0
[INFO] [stderr]    Compiling itertools v0.14.0
[INFO] [stderr]     Checking universal-hash v0.5.1
[INFO] [stderr]     Checking spki v0.8.0-rc.4
[INFO] [stderr]     Checking axum-core v0.5.6
[INFO] [stderr]    Compiling jobserver v0.1.34
[INFO] [stderr]     Checking regex-automata v0.4.14
[INFO] [stderr]    Compiling cc v1.2.63
[INFO] [stderr]     Checking crypto-common v0.2.2
[INFO] [stderr]     Checking block-buffer v0.12.0
[INFO] [stderr]     Checking digest v0.11.3
[INFO] [stderr]     Checking block-padding v0.4.2
[INFO] [stderr]     Checking inout v0.2.2
[INFO] [stderr]     Checking cipher v0.5.2
[INFO] [stderr]     Checking serde v1.0.228
[INFO] [stderr]    Compiling cmake v0.1.58
[INFO] [stderr]     Checking hmac v0.13.0
[INFO] [stderr]     Checking universal-hash v0.6.1
[INFO] [stderr]     Checking polyval v0.7.1
[INFO] [stderr]     Checking pbkdf2 v0.13.0
[INFO] [stderr]     Checking aes v0.9.1
[INFO] [stderr]    Compiling ring v0.17.14
[INFO] [stderr]     Checking ghash v0.6.0
[INFO] [stderr]     Checking salsa20 v0.11.0
[INFO] [stderr]    Compiling aws-lc-sys v0.41.0
[INFO] [stderr]     Checking ctr v0.10.1
[INFO] [stderr]     Checking aead v0.6.0-rc.10
[INFO] [stderr]     Checking sha2 v0.11.0
[INFO] [stderr]     Checking cbc v0.2.1
[INFO] [stderr]     Checking crypto-bigint v0.7.0-rc.28
[INFO] [stderr]     Checking hkdf v0.13.0
[INFO] [stderr]     Checking signature v3.0.0
[INFO] [stderr]     Checking sec1 v0.8.1
[INFO] [stderr]     Checking rfc6979 v0.5.0
[INFO] [stderr]     Checking aes-gcm v0.11.0-rc.3
[INFO] [stderr]    Compiling prost-derive v0.14.4
[INFO] [stderr]     Checking serde_json v1.0.150
[INFO] [stderr]    Compiling curve25519-dalek v5.0.0-pre.6
[INFO] [stderr]     Checking polyval v0.6.2
[INFO] [stderr]    Compiling memchr v2.8.1
[INFO] [stderr]     Checking scrypt v0.12.0
[INFO] [stderr]     Checking pkcs5 v0.8.0-rc.13
[INFO] [stderr]     Checking pkcs8 v0.11.0-rc.11
[INFO] [stderr]    Compiling nix v0.31.3
[INFO] [stderr]    Compiling aho-corasick v1.1.4
[INFO] [stderr]     Checking ssh-encoding v0.2.0
[INFO] [stderr]     Checking ghash v0.5.1
[INFO] [stderr]     Checking aes v0.8.4
[INFO] [stderr]     Checking ctr v0.9.2
[INFO] [stderr]     Checking hmac v0.12.1
[INFO] [stderr]     Checking ureq-proto v0.6.0
[INFO] [stderr]     Checking tokio-util v0.7.18
[INFO] [stderr]     Checking tokio-stream v0.1.18
[INFO] [stderr]     Checking prost v0.14.4
[INFO] [stderr]     Checking aead v0.5.2
[INFO] [stderr]     Checking chacha20 v0.10.0
[INFO] [stderr]     Checking rand_core v0.6.4
[INFO] [stderr]     Checking h2 v0.4.14
[INFO] [stderr]     Checking tower v0.5.3
[INFO] [stderr]     Checking utf8-zero v0.8.1
[INFO] [stderr]    Compiling bollard-buildkit-proto v0.7.0
[INFO] [stderr]     Checking password-hash v0.5.0
[INFO] [stderr]     Checking rustls-native-certs v0.8.4
[INFO] [stderr]     Checking deranged v0.5.8
[INFO] [stderr]     Checking rand v0.10.1
[INFO] [stderr]     Checking axum v0.8.9
[INFO] [stderr]     Checking elliptic-curve v0.14.0-rc.28
[INFO] [stderr]     Checking primefield v0.14.0-rc.7
[INFO] [stderr]     Checking blowfish v0.9.1
[INFO] [stderr]     Checking prost-types v0.14.4
[INFO] [stderr]     Checking primeorder v0.14.0-rc.7
[INFO] [stderr]     Checking ecdsa v0.17.0-rc.16
[INFO] [stderr]     Checking hyper v1.10.1
[INFO] [stderr]     Checking aes-gcm v0.10.3
[INFO] [stderr]     Checking pbkdf2 v0.12.2
[INFO] [stderr]     Checking url v2.5.8
[INFO] [stderr]     Checking ed25519 v3.0.0-rc.4
[INFO] [stderr]     Checking regex v1.12.4
[INFO] [stderr]     Checking toml_datetime v0.6.11
[INFO] [stderr]     Checking serde_spanned v0.6.9
[INFO] [stderr]     Checking futures-executor v0.3.32
[INFO] [stderr]     Checking poly1305 v0.8.0
[INFO] [stderr]     Checking cbc v0.1.2
[INFO] [stderr]     Checking chacha20 v0.9.1
[INFO] [stderr]     Checking blake2 v0.10.6
[INFO] [stderr]    Compiling serde_derive_internals v0.29.1
[INFO] [stderr]    Compiling structmeta-derive v0.3.0
[INFO] [stderr]    Compiling ref-cast-impl v1.0.25
[INFO] [stderr]     Checking keccak v0.2.0
[INFO] [stderr]     Checking fiat-crypto v0.3.0
[INFO] [stderr]     Checking toml_edit v0.22.27
[INFO] [stderr]     Checking hyper-util v0.1.20
[INFO] [stderr]     Checking time v0.3.47
[INFO] [stderr]    Compiling schemars_derive v1.2.1
[INFO] [stderr]    Compiling structmeta v0.3.0
[INFO] [stderr]     Checking rustix v0.38.44
[INFO] [stderr]     Checking ref-cast v1.0.25
[INFO] [stderr]     Checking sha3 v0.11.0
[INFO] [stderr]     Checking hyper-timeout v0.5.2
[INFO] [stderr]     Checking argon2 v0.5.3
[INFO] [stderr]     Checking ssh-cipher v0.2.0
[INFO] [stderr]     Checking ed25519-dalek v3.0.0-pre.6
[INFO] [stderr]     Checking p521 v0.14.0-rc.7
[INFO] [stderr]     Checking p256 v0.14.0-rc.7
[INFO] [stderr]     Checking tonic v0.14.6
[INFO] [stderr]     Checking bcrypt-pbkdf v0.10.0
[INFO] [stderr]     Checking rand_chacha v0.9.0
[INFO] [stderr]     Checking num-rational v0.4.2
[INFO] [stderr]     Checking sha1 v0.11.0
[INFO] [stderr]     Checking kem v0.3.0
[INFO] [stderr]     Checking module-lattice v0.2.3
[INFO] [stderr]     Checking log v0.3.9
[INFO] [stderr]    Compiling async-stream-impl v0.3.6
[INFO] [stderr]     Checking predicates-core v1.0.10
[INFO] [stderr]    Compiling enum_dispatch v0.3.13
[INFO] [stderr]     Checking async-stream v0.3.6
[INFO] [stderr]     Checking chrono v0.4.45
[INFO] [stderr]     Checking schemars v1.2.1
[INFO] [stderr]     Checking tonic-prost v0.14.6
[INFO] [stderr]     Checking tempfile v3.27.0
[INFO] [stderr]     Checking serde_yaml v0.9.34+deprecated
[INFO] [stderr]     Checking ml-kem v0.3.0-rc.1
[INFO] [stderr]     Checking num v0.4.3
[INFO] [stderr]     Checking mustache v0.9.0
[INFO] [stderr]     Checking russh-cryptovec v0.60.3
[INFO] [stderr]    Compiling parse-display-derive v0.9.1
[INFO] [stderr]     Checking generic-array v1.4.3
[INFO] [stderr]     Checking rand v0.9.4
[INFO] [stderr]     Checking which v6.0.3
[INFO] [stderr]    Compiling serde_with_macros v3.21.0
[INFO] [stderr]     Checking hyperlocal v0.9.1
[INFO] [stdout] error[E0493]: destructor of `ArrayBuilder<T, N>` cannot be evaluated at compile-time
[INFO] [stdout]    --> /opt/rustwide/cargo-home/registry/src/index.crates.io-1949cf8c6b5b557f/generic-array-1.4.3/src/internal.rs:103:31
[INFO] [stdout]     |
[INFO] [stdout] 103 |     pub unsafe fn assume_init(self) -> GenericArray<T, N> {
[INFO] [stdout]     |                               ^^^^ the destructor for this type cannot be evaluated in constant functions
[INFO] [stdout] ...
[INFO] [stdout] 109 |     }
[INFO] [stdout]     |     - value is dropped here
[INFO] [stdout] 
[INFO] [stdout] 
[INFO] [stdout] error[E0493]: destructor of `GenericArray<core::mem::MaybeUninit<*const T>, N>` cannot be evaluated at compile-time
[INFO] [stdout]    --> /opt/rustwide/cargo-home/registry/src/index.crates.io-1949cf8c6b5b557f/generic-array-1.4.3/src/lib.rs:970:13
[INFO] [stdout]     |
[INFO] [stdout] 970 |         let mut out: GenericArray<MaybeUninit<*const T>, N> = GenericArray::uninit();
[INFO] [stdout]     |             ^^^^^^^ the destructor for this type cannot be evaluated in constant functions
[INFO] [stdout] ...
[INFO] [stdout] 985 |     }
[INFO] [stdout]     |     - value is dropped here
[INFO] [stdout] 
[INFO] [stdout] 
[INFO] [stdout] error[E0493]: destructor of `GenericArray<core::mem::MaybeUninit<*mut T>, N>` cannot be evaluated at compile-time
[INFO] [stdout]     --> /opt/rustwide/cargo-home/registry/src/index.crates.io-1949cf8c6b5b557f/generic-array-1.4.3/src/lib.rs:1005:13
[INFO] [stdout]      |
[INFO] [stdout] 1005 |         let mut out: GenericArray<MaybeUninit<*mut T>, N> = GenericArray::uninit();
[INFO] [stdout]      |             ^^^^^^^ the destructor for this type cannot be evaluated in constant functions
[INFO] [stdout] ...
[INFO] [stdout] 1020 |     }
[INFO] [stdout]      |     - value is dropped here
[INFO] [stdout] 
[INFO] [stdout] 
[INFO] [stdout] For more information about this error, try `rustc --explain E0493`.
[INFO] [stdout] 
[INFO] [stderr] error: could not compile `generic-array` (lib) due to 3 previous errors
[INFO] [stderr] warning: build failed, waiting for other jobs to finish...
[INFO] running `Command { std: "docker" "inspect" "8756c35903fcb82f530666ddc30fb6cc74fd33ac4dc3f8e856422ef8cec0fdf6", kill_on_drop: false }`
[INFO] running `Command { std: "docker" "rm" "-f" "8756c35903fcb82f530666ddc30fb6cc74fd33ac4dc3f8e856422ef8cec0fdf6", kill_on_drop: false }`
[INFO] [stdout] 8756c35903fcb82f530666ddc30fb6cc74fd33ac4dc3f8e856422ef8cec0fdf6
