[INFO] fetching crate corvid_ui 0.1.2...
[INFO] checking corvid_ui-0.1.2 against c79f6bc4fc2389852aeff667626cb3e58adfe71c for pr-164081
[INFO] extracting crate corvid_ui 0.1.2 into /workspace/builds/worker-2-tc2/source
[INFO] started tweaking crates.io crate corvid_ui 0.1.2
[INFO] removed 0 missing tests
[INFO] finished tweaking crates.io crate corvid_ui 0.1.2
[INFO] tweaked toml for crates.io crate corvid_ui 0.1.2 written to /workspace/builds/worker-2-tc2/source/Cargo.toml
[INFO] validating manifest of crates.io crate corvid_ui 0.1.2 on toolchain c79f6bc4fc2389852aeff667626cb3e58adfe71c
[INFO] running `Command { std: CARGO_HOME="/workspace/cargo-home" RUSTUP_HOME="/workspace/rustup-home" "/workspace/cargo-home/bin/cargo" "+c79f6bc4fc2389852aeff667626cb3e58adfe71c" "metadata" "--manifest-path" "Cargo.toml" "--no-deps", kill_on_drop: false }`
[INFO] crate crates.io crate corvid_ui 0.1.2 already has a lockfile, it will not be regenerated
[INFO] running `Command { std: CARGO_HOME="/workspace/cargo-home" RUSTUP_HOME="/workspace/rustup-home" "/workspace/cargo-home/bin/cargo" "+c79f6bc4fc2389852aeff667626cb3e58adfe71c" "fetch" "--manifest-path" "Cargo.toml", kill_on_drop: false }`
[INFO] running `Command { std: "docker" "create" "-v" "/var/lib/crater-agent-workspace/builds/worker-2-tc2/source:/opt/rustwide/workdir:ro,Z" "-v" "/var/lib/crater-agent-workspace/builds/worker-2-tc2/target:/opt/rustwide/target:rw,Z" "-v" "/var/lib/crater-agent-workspace/cargo-home:/opt/rustwide/cargo-home:ro,Z" "-v" "/var/lib/crater-agent-workspace/rustup-home:/opt/rustwide/rustup-home:ro,Z" "-m" "1610612736" "--network" "none" "ghcr.io/rust-lang/crates-build-env/linux@sha256:77db811e55d90add9212f6832c23229e3de5f1c1f9905e8cb07319ea15df73ac" "sleep" "infinity", kill_on_drop: false }`
[INFO] [stdout] 7c7b9c667c25b246e40bba9c97caf5e6af037f98252235812fde08cb9b53d230
[INFO] running `Command { std: "docker" "start" "7c7b9c667c25b246e40bba9c97caf5e6af037f98252235812fde08cb9b53d230", kill_on_drop: false }`
[INFO] running `Command { std: "docker" "inspect" "7c7b9c667c25b246e40bba9c97caf5e6af037f98252235812fde08cb9b53d230", kill_on_drop: false }`
[INFO] running `Command { std: "docker" "exec" "-e" "SOURCE_DIR=/opt/rustwide/workdir" "-e" "CARGO_HOME=/opt/rustwide/cargo-home" "-e" "RUSTUP_HOME=/opt/rustwide/rustup-home" "-e" "CARGO_TARGET_DIR=/opt/rustwide/target" "-w" "/opt/rustwide/workdir" "--user" "0:0" "7c7b9c667c25b246e40bba9c97caf5e6af037f98252235812fde08cb9b53d230" "/opt/rustwide/cargo-home/bin/cargo" "+c79f6bc4fc2389852aeff667626cb3e58adfe71c" "metadata" "--no-deps" "--format-version=1", kill_on_drop: false }`
[INFO] running `Command { std: "docker" "inspect" "7c7b9c667c25b246e40bba9c97caf5e6af037f98252235812fde08cb9b53d230", kill_on_drop: false }`
[INFO] running `Command { std: "docker" "exec" "-e" "SOURCE_DIR=/opt/rustwide/workdir" "-e" "CARGO_HOME=/opt/rustwide/cargo-home" "-e" "RUSTUP_HOME=/opt/rustwide/rustup-home" "-e" "CARGO_TARGET_DIR=/opt/rustwide/target" "-e" "CARGO_INCREMENTAL=0" "-e" "RUST_BACKTRACE=full" "-e" "RUSTFLAGS=--cap-lints=forbid" "-e" "RUSTDOCFLAGS=--cap-lints=forbid" "-w" "/opt/rustwide/workdir" "--user" "0:0" "7c7b9c667c25b246e40bba9c97caf5e6af037f98252235812fde08cb9b53d230" "/opt/rustwide/cargo-home/bin/cargo" "+c79f6bc4fc2389852aeff667626cb3e58adfe71c" "check" "--frozen" "--all" "--all-targets" "--message-format=json", kill_on_drop: false }`
[INFO] [stderr]     Checking corvid_fixed v0.1.2
[INFO] [stderr]    Compiling thiserror v2.0.20
[INFO] [stderr]     Checking corvid_hash v0.1.2
[INFO] [stderr]     Checking corvid_bits v0.1.2
[INFO] [stderr]     Checking corvid_vector v0.1.2
[INFO] [stderr]     Checking corvid_color v0.1.2
[INFO] [stderr]     Checking corvid_rotation v0.1.2
[INFO] [stderr]     Checking corvid_shape v0.1.2
[INFO] [stderr]     Checking corvid_transform v0.1.2
[INFO] [stderr]     Checking corvid_ui v0.1.2 (/opt/rustwide/workdir)
[INFO] [stdout] error[E0493]: destructor of `element::Element<I>` cannot be evaluated at compile-time
[INFO] [stdout]    --> src/widget.rs:163:23
[INFO] [stdout]     |
[INFO] [stdout] 163 |     pub const fn step(mut self, step: Factor16) -> Self {
[INFO] [stdout]     |                       ^^^^^^^^ the destructor for this type cannot be evaluated in constant functions
[INFO] [stdout] ...
[INFO] [stdout] 168 |     }
[INFO] [stdout]     |     - value is dropped here
[INFO] [stdout] 
[INFO] [stdout] 
[INFO] [stdout] error[E0493]: destructor of `element::Element<I>` cannot be evaluated at compile-time
[INFO] [stdout]    --> src/widget.rs:174:23
[INFO] [stdout]     |
[INFO] [stdout] 174 |     pub const fn wrap(mut self, wrap: bool) -> Self {
[INFO] [stdout]     |                       ^^^^^^^^ the destructor for this type cannot be evaluated in constant functions
[INFO] [stdout] ...
[INFO] [stdout] 179 |     }
[INFO] [stdout]     |     - value is dropped here
[INFO] [stdout] 
[INFO] [stdout] 
[INFO] [stdout] For more information about this error, try `rustc --explain E0493`.
[INFO] [stdout] 
[INFO] [stdout] error[E0493]: destructor of `element::Element<I>` cannot be evaluated at compile-time
[INFO] [stdout]    --> src/widget.rs:163:23
[INFO] [stdout]     |
[INFO] [stdout] 163 |     pub const fn step(mut self, step: Factor16) -> Self {
[INFO] [stdout]     |                       ^^^^^^^^ the destructor for this type cannot be evaluated in constant functions
[INFO] [stdout] ...
[INFO] [stdout] 168 |     }
[INFO] [stdout]     |     - value is dropped here
[INFO] [stdout] 
[INFO] [stdout] 
[INFO] [stdout] error[E0493]: destructor of `element::Element<I>` cannot be evaluated at compile-time
[INFO] [stdout]    --> src/widget.rs:174:23
[INFO] [stdout]     |
[INFO] [stdout] 174 |     pub const fn wrap(mut self, wrap: bool) -> Self {
[INFO] [stdout]     |                       ^^^^^^^^ the destructor for this type cannot be evaluated in constant functions
[INFO] [stdout] ...
[INFO] [stdout] 179 |     }
[INFO] [stdout]     |     - value is dropped here
[INFO] [stdout] 
[INFO] [stdout] 
[INFO] [stdout] For more information about this error, try `rustc --explain E0493`.
[INFO] [stdout] 
[INFO] [stderr] error: could not compile `corvid_ui` (lib test) due to 2 previous errors
[INFO] [stderr] warning: build failed, waiting for other jobs to finish...
[INFO] [stderr] error: could not compile `corvid_ui` (lib) due to 2 previous errors
[INFO] running `Command { std: "docker" "inspect" "7c7b9c667c25b246e40bba9c97caf5e6af037f98252235812fde08cb9b53d230", kill_on_drop: false }`
[INFO] running `Command { std: "docker" "rm" "-f" "7c7b9c667c25b246e40bba9c97caf5e6af037f98252235812fde08cb9b53d230", kill_on_drop: false }`
[INFO] [stdout] 7c7b9c667c25b246e40bba9c97caf5e6af037f98252235812fde08cb9b53d230
