[INFO] fetching crate cliban-server 0.16.0...
[INFO] checking cliban-server-0.16.0 against c79f6bc4fc2389852aeff667626cb3e58adfe71c for pr-164081
[INFO] extracting crate cliban-server 0.16.0 into /workspace/builds/worker-7-tc2/source
[INFO] started tweaking crates.io crate cliban-server 0.16.0
[INFO] removed 0 missing tests
[INFO] finished tweaking crates.io crate cliban-server 0.16.0
[INFO] tweaked toml for crates.io crate cliban-server 0.16.0 written to /workspace/builds/worker-7-tc2/source/Cargo.toml
[INFO] validating manifest of crates.io crate cliban-server 0.16.0 on toolchain c79f6bc4fc2389852aeff667626cb3e58adfe71c
[INFO] running `Command { std: CARGO_HOME="/workspace/cargo-home" RUSTUP_HOME="/workspace/rustup-home" "/workspace/cargo-home/bin/cargo" "+c79f6bc4fc2389852aeff667626cb3e58adfe71c" "metadata" "--manifest-path" "Cargo.toml" "--no-deps", kill_on_drop: false }`
[INFO] crate crates.io crate cliban-server 0.16.0 already has a lockfile, it will not be regenerated
[INFO] running `Command { std: CARGO_HOME="/workspace/cargo-home" RUSTUP_HOME="/workspace/rustup-home" "/workspace/cargo-home/bin/cargo" "+c79f6bc4fc2389852aeff667626cb3e58adfe71c" "fetch" "--manifest-path" "Cargo.toml", kill_on_drop: false }`
[INFO] [stderr] warning: `package.homepage` is redundant with `package.repository`
[INFO] [stderr]   --> Cargo.toml:63:12
[INFO] [stderr]    |
[INFO] [stderr] 63 | homepage = "https://github.com/LioraLabs/cliban"
[INFO] [stderr]    |            ^^^^^^^^^^^^^^^^^^^^^^^^^^^^^^^^^^^^^
[INFO] [stderr] ...
[INFO] [stderr] 68 | repository = "https://github.com/LioraLabs/cliban"
[INFO] [stderr]    |              -------------------------------------
[INFO] [stderr]    |
[INFO] [stderr]    = note: `cargo::redundant_homepage` is set to `warn` by default
[INFO] [stderr] help: consider removing `package.homepage`
[INFO] [stderr] warning: `cliban-server` (manifest) generated 1 warning
[INFO] running `Command { std: "docker" "create" "-v" "/var/lib/crater-agent-workspace/builds/worker-7-tc2/source:/opt/rustwide/workdir:ro,Z" "-v" "/var/lib/crater-agent-workspace/builds/worker-7-tc2/target:/opt/rustwide/target:rw,Z" "-v" "/var/lib/crater-agent-workspace/cargo-home:/opt/rustwide/cargo-home:ro,Z" "-v" "/var/lib/crater-agent-workspace/rustup-home:/opt/rustwide/rustup-home:ro,Z" "-m" "1610612736" "--network" "none" "ghcr.io/rust-lang/crates-build-env/linux@sha256:77db811e55d90add9212f6832c23229e3de5f1c1f9905e8cb07319ea15df73ac" "sleep" "infinity", kill_on_drop: false }`
[INFO] [stdout] 3a83c5c09d212dd87ab28e42c1ab6df5195baa243743cd9db73a242f696ee099
[INFO] running `Command { std: "docker" "start" "3a83c5c09d212dd87ab28e42c1ab6df5195baa243743cd9db73a242f696ee099", kill_on_drop: false }`
[INFO] running `Command { std: "docker" "inspect" "3a83c5c09d212dd87ab28e42c1ab6df5195baa243743cd9db73a242f696ee099", kill_on_drop: false }`
[INFO] running `Command { std: "docker" "exec" "-e" "SOURCE_DIR=/opt/rustwide/workdir" "-e" "CARGO_HOME=/opt/rustwide/cargo-home" "-e" "RUSTUP_HOME=/opt/rustwide/rustup-home" "-e" "CARGO_TARGET_DIR=/opt/rustwide/target" "-w" "/opt/rustwide/workdir" "--user" "0:0" "3a83c5c09d212dd87ab28e42c1ab6df5195baa243743cd9db73a242f696ee099" "/opt/rustwide/cargo-home/bin/cargo" "+c79f6bc4fc2389852aeff667626cb3e58adfe71c" "metadata" "--no-deps" "--format-version=1", kill_on_drop: false }`
[INFO] running `Command { std: "docker" "inspect" "3a83c5c09d212dd87ab28e42c1ab6df5195baa243743cd9db73a242f696ee099", kill_on_drop: false }`
[INFO] running `Command { std: "docker" "exec" "-e" "SOURCE_DIR=/opt/rustwide/workdir" "-e" "CARGO_HOME=/opt/rustwide/cargo-home" "-e" "RUSTUP_HOME=/opt/rustwide/rustup-home" "-e" "CARGO_TARGET_DIR=/opt/rustwide/target" "-e" "CARGO_INCREMENTAL=0" "-e" "RUST_BACKTRACE=full" "-e" "RUSTFLAGS=--cap-lints=forbid" "-e" "RUSTDOCFLAGS=--cap-lints=forbid" "-w" "/opt/rustwide/workdir" "--user" "0:0" "3a83c5c09d212dd87ab28e42c1ab6df5195baa243743cd9db73a242f696ee099" "/opt/rustwide/cargo-home/bin/cargo" "+c79f6bc4fc2389852aeff667626cb3e58adfe71c" "check" "--frozen" "--all" "--all-targets" "--message-format=json", kill_on_drop: false }`
[INFO] [stderr] warning: `package.homepage` is redundant with `package.repository`
[INFO] [stderr]   --> Cargo.toml:63:12
[INFO] [stderr]    |
[INFO] [stderr] 63 | homepage = "https://github.com/LioraLabs/cliban"
[INFO] [stderr]    |            ^^^^^^^^^^^^^^^^^^^^^^^^^^^^^^^^^^^^^
[INFO] [stderr] ...
[INFO] [stderr] 68 | repository = "https://github.com/LioraLabs/cliban"
[INFO] [stderr]    |              -------------------------------------
[INFO] [stderr]    |
[INFO] [stderr]    = note: `cargo::redundant_homepage` is set to `warn` by default
[INFO] [stderr] help: consider removing `package.homepage`
[INFO] [stderr] warning: `cliban-server` (manifest) generated 1 warning
[INFO] [stderr]     Checking zeroize v1.9.0
[INFO] [stderr]    Compiling getrandom v0.4.3
[INFO] [stderr]     Checking cpubits v0.1.1
[INFO] [stderr]     Checking ctutils v0.4.2
[INFO] [stderr]     Checking pem-rfc7468 v1.0.0
[INFO] [stderr]     Checking ff v0.14.0
[INFO] [stderr]     Checking log v0.4.32
[INFO] [stderr]     Checking bitflags v2.13.0
[INFO] [stderr]    Compiling zerocopy v0.8.52
[INFO] [stderr]     Checking base16ct v1.0.0
[INFO] [stderr]    Compiling syn v2.0.118
[INFO] [stderr]    Compiling jobserver v0.1.35
[INFO] [stderr]     Checking smallvec v1.15.2
[INFO] [stderr]     Checking socket2 v0.6.4
[INFO] [stderr]    Compiling curve25519-dalek v5.0.0-rc.1
[INFO] [stderr]    Compiling serde_json v1.0.150
[INFO] [stderr]    Compiling pulldown-cmark v0.13.4
[INFO] [stderr]    Compiling nix v0.31.3
[INFO] [stderr]     Checking signal-hook v0.3.18
[INFO] [stderr]     Checking der v0.8.0
[INFO] [stderr]     Checking group v0.14.0
[INFO] [stderr]     Checking either v1.16.0
[INFO] [stderr]     Checking mio v1.2.1
[INFO] [stderr]     Checking hybrid-array v0.4.13
[INFO] [stderr]     Checking rustix v0.38.44
[INFO] [stderr]    Compiling generic-array v0.14.7
[INFO] [stderr]     Checking simd-adler32 v0.3.9
[INFO] [stderr]     Checking parking_lot_core v0.9.12
[INFO] [stderr]    Compiling cc v1.2.64
[INFO] [stderr]    Compiling aws-lc-rs v1.17.1
[INFO] [stderr]     Checking itertools v0.13.0
[INFO] [stderr]     Checking compact_str v0.8.2
[INFO] [stderr]     Checking miniz_oxide v0.8.9
[INFO] [stderr]     Checking winnow v1.0.3
[INFO] [stderr]     Checking parking_lot v0.12.5
[INFO] [stderr]     Checking signal-hook-mio v0.2.5
[INFO] [stderr]     Checking hex v0.4.3
[INFO] [stderr]     Checking num-bigint v0.4.8
[INFO] [stderr]     Checking generic-array v1.4.3
[INFO] [stderr]     Checking serde_spanned v1.1.1
[INFO] [stderr]     Checking toml_parser v1.1.2+spec-1.1.0
[INFO] [stderr]     Checking toml_datetime v1.1.1+spec-1.1.0
[INFO] [stderr]     Checking md5 v0.8.0
[INFO] [stderr]     Checking flate2 v1.1.9
[INFO] [stderr]    Compiling cmake v0.1.58
[INFO] [stderr]     Checking toml_writer v1.1.1+spec-1.1.0
[INFO] [stderr]     Checking crossterm v0.28.1
[INFO] [stderr]     Checking toml v1.1.2+spec-1.1.0
[INFO] [stdout] error[E0493]: destructor of `ArrayBuilder<T, N>` cannot be evaluated at compile-time
[INFO] [stdout]    --> /opt/rustwide/cargo-home/registry/src/index.crates.io-1949cf8c6b5b557f/generic-array-1.4.3/src/internal.rs:103:31
[INFO] [stdout]     |
[INFO] [stdout] 103 |     pub unsafe fn assume_init(self) -> GenericArray<T, N> {
[INFO] [stdout]     |                               ^^^^ the destructor for this type cannot be evaluated in constant functions
[INFO] [stdout] ...
[INFO] [stdout] 109 |     }
[INFO] [stdout]     |     - value is dropped here
[INFO] [stdout] 
[INFO] [stdout] 
[INFO] [stderr]    Compiling libsqlite3-sys v0.30.1
[INFO] [stdout] error[E0493]: destructor of `GenericArray<core::mem::MaybeUninit<*const T>, N>` cannot be evaluated at compile-time
[INFO] [stdout]    --> /opt/rustwide/cargo-home/registry/src/index.crates.io-1949cf8c6b5b557f/generic-array-1.4.3/src/lib.rs:970:13
[INFO] [stdout]     |
[INFO] [stdout] 970 |         let mut out: GenericArray<MaybeUninit<*const T>, N> = GenericArray::uninit();
[INFO] [stdout]     |             ^^^^^^^ the destructor for this type cannot be evaluated in constant functions
[INFO] [stdout] ...
[INFO] [stdout] 985 |     }
[INFO] [stdout]     |     - value is dropped here
[INFO] [stdout] 
[INFO] [stdout] 
[INFO] [stdout] error[E0493]: destructor of `GenericArray<core::mem::MaybeUninit<*mut T>, N>` cannot be evaluated at compile-time
[INFO] [stdout]     --> /opt/rustwide/cargo-home/registry/src/index.crates.io-1949cf8c6b5b557f/generic-array-1.4.3/src/lib.rs:1005:13
[INFO] [stdout]      |
[INFO] [stdout] 1005 |         let mut out: GenericArray<MaybeUninit<*mut T>, N> = GenericArray::uninit();
[INFO] [stdout]      |             ^^^^^^^ the destructor for this type cannot be evaluated in constant functions
[INFO] [stdout] ...
[INFO] [stdout] 1020 |     }
[INFO] [stdout]      |     - value is dropped here
[INFO] [stdout] 
[INFO] [stdout] 
[INFO] [stdout] For more information about this error, try `rustc --explain E0493`.
[INFO] [stdout] 
[INFO] [stderr] error: could not compile `generic-array` (lib) due to 3 previous errors
[INFO] [stderr] warning: build failed, waiting for other jobs to finish...
[INFO] running `Command { std: "docker" "inspect" "3a83c5c09d212dd87ab28e42c1ab6df5195baa243743cd9db73a242f696ee099", kill_on_drop: false }`
[INFO] running `Command { std: "docker" "rm" "-f" "3a83c5c09d212dd87ab28e42c1ab6df5195baa243743cd9db73a242f696ee099", kill_on_drop: false }`
[INFO] [stdout] 3a83c5c09d212dd87ab28e42c1ab6df5195baa243743cd9db73a242f696ee099
