[INFO] fetching crate ceal 0.1.1...
[INFO] checking ceal-0.1.1 against c79f6bc4fc2389852aeff667626cb3e58adfe71c for pr-164081
[INFO] extracting crate ceal 0.1.1 into /workspace/builds/worker-5-tc2/source
[INFO] started tweaking crates.io crate ceal 0.1.1
[INFO] removed 0 missing tests
[INFO] finished tweaking crates.io crate ceal 0.1.1
[INFO] tweaked toml for crates.io crate ceal 0.1.1 written to /workspace/builds/worker-5-tc2/source/Cargo.toml
[INFO] validating manifest of crates.io crate ceal 0.1.1 on toolchain c79f6bc4fc2389852aeff667626cb3e58adfe71c
[INFO] running `Command { std: CARGO_HOME="/workspace/cargo-home" RUSTUP_HOME="/workspace/rustup-home" "/workspace/cargo-home/bin/cargo" "+c79f6bc4fc2389852aeff667626cb3e58adfe71c" "metadata" "--manifest-path" "Cargo.toml" "--no-deps", kill_on_drop: false }`
[INFO] crate crates.io crate ceal 0.1.1 already has a lockfile, it will not be regenerated
[INFO] running `Command { std: CARGO_HOME="/workspace/cargo-home" RUSTUP_HOME="/workspace/rustup-home" "/workspace/cargo-home/bin/cargo" "+c79f6bc4fc2389852aeff667626cb3e58adfe71c" "fetch" "--manifest-path" "Cargo.toml", kill_on_drop: false }`
[INFO] running `Command { std: "docker" "create" "-v" "/var/lib/crater-agent-workspace/builds/worker-5-tc2/source:/opt/rustwide/workdir:ro,Z" "-v" "/var/lib/crater-agent-workspace/builds/worker-5-tc2/target:/opt/rustwide/target:rw,Z" "-v" "/var/lib/crater-agent-workspace/cargo-home:/opt/rustwide/cargo-home:ro,Z" "-v" "/var/lib/crater-agent-workspace/rustup-home:/opt/rustwide/rustup-home:ro,Z" "-m" "1610612736" "--network" "none" "ghcr.io/rust-lang/crates-build-env/linux@sha256:77db811e55d90add9212f6832c23229e3de5f1c1f9905e8cb07319ea15df73ac" "sleep" "infinity", kill_on_drop: false }`
[INFO] [stdout] 7250cae9f1a0808c497b09a2b0511433ce0b5d19f9faa00feb257dc702a72e7a
[INFO] running `Command { std: "docker" "start" "7250cae9f1a0808c497b09a2b0511433ce0b5d19f9faa00feb257dc702a72e7a", kill_on_drop: false }`
[INFO] running `Command { std: "docker" "inspect" "7250cae9f1a0808c497b09a2b0511433ce0b5d19f9faa00feb257dc702a72e7a", kill_on_drop: false }`
[INFO] running `Command { std: "docker" "exec" "-e" "SOURCE_DIR=/opt/rustwide/workdir" "-e" "CARGO_HOME=/opt/rustwide/cargo-home" "-e" "RUSTUP_HOME=/opt/rustwide/rustup-home" "-e" "CARGO_TARGET_DIR=/opt/rustwide/target" "-w" "/opt/rustwide/workdir" "--user" "0:0" "7250cae9f1a0808c497b09a2b0511433ce0b5d19f9faa00feb257dc702a72e7a" "/opt/rustwide/cargo-home/bin/cargo" "+c79f6bc4fc2389852aeff667626cb3e58adfe71c" "metadata" "--no-deps" "--format-version=1", kill_on_drop: false }`
[INFO] running `Command { std: "docker" "inspect" "7250cae9f1a0808c497b09a2b0511433ce0b5d19f9faa00feb257dc702a72e7a", kill_on_drop: false }`
[INFO] running `Command { std: "docker" "exec" "-e" "SOURCE_DIR=/opt/rustwide/workdir" "-e" "CARGO_HOME=/opt/rustwide/cargo-home" "-e" "RUSTUP_HOME=/opt/rustwide/rustup-home" "-e" "CARGO_TARGET_DIR=/opt/rustwide/target" "-e" "CARGO_INCREMENTAL=0" "-e" "RUST_BACKTRACE=full" "-e" "RUSTFLAGS=--cap-lints=forbid" "-e" "RUSTDOCFLAGS=--cap-lints=forbid" "-w" "/opt/rustwide/workdir" "--user" "0:0" "7250cae9f1a0808c497b09a2b0511433ce0b5d19f9faa00feb257dc702a72e7a" "/opt/rustwide/cargo-home/bin/cargo" "+c79f6bc4fc2389852aeff667626cb3e58adfe71c" "check" "--frozen" "--all" "--all-targets" "--message-format=json", kill_on_drop: false }`
[INFO] [stderr]    Compiling either v1.16.0
[INFO] [stderr]    Compiling regex-syntax v0.8.11
[INFO] [stderr]    Compiling prettyplease v0.2.37
[INFO] [stderr]    Compiling bindgen v0.72.1
[INFO] [stderr]    Compiling unicode-width v0.2.2
[INFO] [stderr]    Compiling anstyle v1.0.14
[INFO] [stderr]    Compiling bitflags v2.13.0
[INFO] [stderr]    Compiling quote v1.0.46
[INFO] [stderr]    Compiling nom v7.1.3
[INFO] [stderr]    Compiling jobserver v0.1.35
[INFO] [stderr]    Compiling clang-sys v1.8.1
[INFO] [stderr]     Checking smallvec v1.15.2
[INFO] [stderr]    Compiling portable-atomic v1.13.1
[INFO] [stderr]    Compiling serde_core v1.0.228
[INFO] [stderr]    Compiling serde v1.0.228
[INFO] [stderr]    Compiling parking_lot_core v0.9.12
[INFO] [stderr]     Checking getrandom v0.4.3
[INFO] [stderr]    Compiling crypto-common v0.1.7
[INFO] [stderr]     Checking generic-array v0.14.7
[INFO] [stderr]    Compiling annotate-snippets v0.11.5
[INFO] [stderr]    Compiling itertools v0.13.0
[INFO] [stderr]    Compiling siphasher v1.0.3
[INFO] [stderr]    Compiling lalrpop-util v0.23.1
[INFO] [stderr]    Compiling syn v2.0.118
[INFO] [stderr]    Compiling hashbrown v0.15.5
[INFO] [stderr]    Compiling parking_lot v0.12.5
[INFO] [stderr]    Compiling cc v1.2.67
[INFO] [stderr]    Compiling digest v0.10.7
[INFO] [stderr]     Checking mio v1.2.1
[INFO] [stderr]     Checking socket2 v0.6.4
[INFO] [stderr]    Compiling phf_shared v0.13.1
[INFO] [stderr]    Compiling fixedbitset v0.5.7
[INFO] [stderr]    Compiling term v1.2.1
[INFO] [stderr]    Compiling bit-vec v0.9.1
[INFO] [stderr]     Checking once_cell v1.21.4
[INFO] [stderr]    Compiling precomputed-hash v0.1.1
[INFO] [stderr]    Compiling new_debug_unreachable v1.0.6
[INFO] [stderr]    Compiling aws-lc-rs v1.17.1
[INFO] [stderr]    Compiling keccak v0.1.6
[INFO] [stderr]     Checking futures-core v0.3.32
[INFO] [stderr]    Compiling string_cache v0.9.0
[INFO] [stderr]     Checking block-buffer v0.10.4
[INFO] [stderr]     Checking tracing-core v0.1.36
[INFO] [stderr]    Compiling bit-set v0.9.1
[INFO] [stderr]    Compiling sha3 v0.10.9
[INFO] [stderr]    Compiling petgraph v0.8.3
[INFO] [stderr]    Compiling itertools v0.14.0
[INFO] [stderr]    Compiling ascii-canvas v4.0.0
[INFO] [stderr]    Compiling ena v0.14.4
[INFO] [stderr]    Compiling unicode-xid v0.2.6
[INFO] [stderr]     Checking untrusted v0.7.1
[INFO] [stderr]     Checking simd-adler32 v0.3.9
[INFO] [stderr]    Compiling crossbeam-epoch v0.9.20
[INFO] [stderr]     Checking time v0.3.53
[INFO] [stderr]     Checking regex-automata v0.4.15
[INFO] [stderr]     Checking miniz_oxide v0.8.9
[INFO] [stderr]     Checking tracing v0.1.44
[INFO] [stderr]     Checking rand v0.10.2
[INFO] [stderr]     Checking rustls-pki-types v1.15.0
[INFO] [stderr]     Checking rand_core v0.6.4
[INFO] [stderr]    Compiling sha1collisiondetection v0.3.4
[INFO] [stderr]     Checking log v0.4.33
[INFO] [stderr]     Checking data-encoding v2.11.0
[INFO] [stderr]    Compiling cmake v0.1.58
[INFO] [stderr]     Checking libbz2-rs-sys v0.2.5
[INFO] [stderr]    Compiling anyhow v1.0.103
[INFO] [stderr]     Checking flate2 v1.1.9
[INFO] [stderr]     Checking password-hash v0.5.0
[INFO] [stderr]     Checking lru-cache v0.1.2
[INFO] [stderr]     Checking blake2 v0.10.6
[INFO] [stderr]     Checking generic-array v1.4.3
[INFO] [stderr]    Compiling cexpr v0.6.0
[INFO] [stderr]     Checking futures-channel v0.3.32
[INFO] [stderr]     Checking uuid v1.23.4
[INFO] [stderr]     Checking bzip2 v0.6.1
[INFO] [stderr]     Checking link-section v0.19.0
[INFO] [stderr]    Compiling linktime-proc-macro v0.2.0
[INFO] [stderr]     Checking tagptr v0.2.0
[INFO] [stderr]     Checking argon2 v0.5.3
[INFO] [stderr]     Checking buffered-reader v1.4.1
[INFO] [stderr]     Checking memsec v0.7.0
[INFO] [stderr]     Checking moka v0.12.15
[INFO] [stderr]     Checking email_address v0.2.9
[INFO] [stderr]    Compiling aws-lc-sys v0.42.0
[INFO] [stderr]     Checking xxhash-rust v0.8.16
[INFO] [stdout] error[E0493]: destructor of `ArrayBuilder<T, N>` cannot be evaluated at compile-time
[INFO] [stdout]    --> /opt/rustwide/cargo-home/registry/src/index.crates.io-1949cf8c6b5b557f/generic-array-1.4.3/src/internal.rs:103:31
[INFO] [stdout]     |
[INFO] [stdout] 103 |     pub unsafe fn assume_init(self) -> GenericArray<T, N> {
[INFO] [stdout]     |                               ^^^^ the destructor for this type cannot be evaluated in constant functions
[INFO] [stdout] ...
[INFO] [stdout] 109 |     }
[INFO] [stdout]     |     - value is dropped here
[INFO] [stdout] 
[INFO] [stdout] 
[INFO] [stdout] error[E0493]: destructor of `GenericArray<core::mem::MaybeUninit<*const T>, N>` cannot be evaluated at compile-time
[INFO] [stdout]    --> /opt/rustwide/cargo-home/registry/src/index.crates.io-1949cf8c6b5b557f/generic-array-1.4.3/src/lib.rs:970:13
[INFO] [stdout]     |
[INFO] [stdout] 970 |         let mut out: GenericArray<MaybeUninit<*const T>, N> = GenericArray::uninit();
[INFO] [stdout]     |             ^^^^^^^ the destructor for this type cannot be evaluated in constant functions
[INFO] [stdout] ...
[INFO] [stdout] 985 |     }
[INFO] [stdout]     |     - value is dropped here
[INFO] [stdout] 
[INFO] [stdout] 
[INFO] [stdout] error[E0493]: destructor of `GenericArray<core::mem::MaybeUninit<*mut T>, N>` cannot be evaluated at compile-time
[INFO] [stdout]     --> /opt/rustwide/cargo-home/registry/src/index.crates.io-1949cf8c6b5b557f/generic-array-1.4.3/src/lib.rs:1005:13
[INFO] [stdout]      |
[INFO] [stdout] 1005 |         let mut out: GenericArray<MaybeUninit<*mut T>, N> = GenericArray::uninit();
[INFO] [stdout]      |             ^^^^^^^ the destructor for this type cannot be evaluated in constant functions
[INFO] [stdout] ...
[INFO] [stdout] 1020 |     }
[INFO] [stdout]      |     - value is dropped here
[INFO] [stdout] 
[INFO] [stdout] 
[INFO] [stdout] For more information about this error, try `rustc --explain E0493`.
[INFO] [stdout] 
[INFO] [stderr] error: could not compile `generic-array` (lib) due to 3 previous errors
[INFO] [stderr] warning: build failed, waiting for other jobs to finish...
[INFO] running `Command { std: "docker" "inspect" "7250cae9f1a0808c497b09a2b0511433ce0b5d19f9faa00feb257dc702a72e7a", kill_on_drop: false }`
[INFO] running `Command { std: "docker" "rm" "-f" "7250cae9f1a0808c497b09a2b0511433ce0b5d19f9faa00feb257dc702a72e7a", kill_on_drop: false }`
[INFO] [stdout] 7250cae9f1a0808c497b09a2b0511433ce0b5d19f9faa00feb257dc702a72e7a
