[INFO] fetching crate card-backend-scdc 0.5.0...
[INFO] checking card-backend-scdc-0.5.0 against c79f6bc4fc2389852aeff667626cb3e58adfe71c for pr-164081
[INFO] extracting crate card-backend-scdc 0.5.0 into /workspace/builds/worker-0-tc2/source
[INFO] started tweaking crates.io crate card-backend-scdc 0.5.0
[INFO] finished tweaking crates.io crate card-backend-scdc 0.5.0
[INFO] tweaked toml for crates.io crate card-backend-scdc 0.5.0 written to /workspace/builds/worker-0-tc2/source/Cargo.toml
[INFO] validating manifest of crates.io crate card-backend-scdc 0.5.0 on toolchain c79f6bc4fc2389852aeff667626cb3e58adfe71c
[INFO] running `Command { std: CARGO_HOME="/workspace/cargo-home" RUSTUP_HOME="/workspace/rustup-home" "/workspace/cargo-home/bin/cargo" "+c79f6bc4fc2389852aeff667626cb3e58adfe71c" "metadata" "--manifest-path" "Cargo.toml" "--no-deps", kill_on_drop: false }`
[INFO] running `Command { std: CARGO_HOME="/workspace/cargo-home" RUSTUP_HOME="/workspace/rustup-home" "/workspace/cargo-home/bin/cargo" "+c79f6bc4fc2389852aeff667626cb3e58adfe71c" "generate-lockfile" "--manifest-path" "Cargo.toml", kill_on_drop: false }`
[INFO] [stderr]     Blocking waiting for file lock on package cache
[INFO] [stderr]     Updating crates.io index
[INFO] [stderr]      Locking 208 packages to highest compatible versions
[INFO] [stderr]       Adding generic-array v0.14.7 (available: v0.14.9)
[INFO] [stderr]       Adding sequoia-ipc v0.29.0 (available: v0.36.1)
[INFO] running `Command { std: CARGO_HOME="/workspace/cargo-home" RUSTUP_HOME="/workspace/rustup-home" "/workspace/cargo-home/bin/cargo" "+c79f6bc4fc2389852aeff667626cb3e58adfe71c" "fetch" "--manifest-path" "Cargo.toml", kill_on_drop: false }`
[INFO] running `Command { std: "docker" "create" "-v" "/var/lib/crater-agent-workspace/builds/worker-0-tc2/source:/opt/rustwide/workdir:ro,Z" "-v" "/var/lib/crater-agent-workspace/builds/worker-0-tc2/target:/opt/rustwide/target:rw,Z" "-v" "/var/lib/crater-agent-workspace/cargo-home:/opt/rustwide/cargo-home:ro,Z" "-v" "/var/lib/crater-agent-workspace/rustup-home:/opt/rustwide/rustup-home:ro,Z" "-m" "1610612736" "--network" "none" "ghcr.io/rust-lang/crates-build-env/linux@sha256:77db811e55d90add9212f6832c23229e3de5f1c1f9905e8cb07319ea15df73ac" "sleep" "infinity", kill_on_drop: false }`
[INFO] [stdout] 6ed45a8ba4df14f36c3711121c1cb94e7e67c7e4d9f2c51daf8bedd376d9c001
[INFO] running `Command { std: "docker" "start" "6ed45a8ba4df14f36c3711121c1cb94e7e67c7e4d9f2c51daf8bedd376d9c001", kill_on_drop: false }`
[INFO] running `Command { std: "docker" "inspect" "6ed45a8ba4df14f36c3711121c1cb94e7e67c7e4d9f2c51daf8bedd376d9c001", kill_on_drop: false }`
[INFO] running `Command { std: "docker" "exec" "-e" "SOURCE_DIR=/opt/rustwide/workdir" "-e" "CARGO_HOME=/opt/rustwide/cargo-home" "-e" "RUSTUP_HOME=/opt/rustwide/rustup-home" "-e" "CARGO_TARGET_DIR=/opt/rustwide/target" "-w" "/opt/rustwide/workdir" "--user" "0:0" "6ed45a8ba4df14f36c3711121c1cb94e7e67c7e4d9f2c51daf8bedd376d9c001" "/opt/rustwide/cargo-home/bin/cargo" "+c79f6bc4fc2389852aeff667626cb3e58adfe71c" "metadata" "--no-deps" "--format-version=1", kill_on_drop: false }`
[INFO] running `Command { std: "docker" "inspect" "6ed45a8ba4df14f36c3711121c1cb94e7e67c7e4d9f2c51daf8bedd376d9c001", kill_on_drop: false }`
[INFO] running `Command { std: "docker" "exec" "-e" "SOURCE_DIR=/opt/rustwide/workdir" "-e" "CARGO_HOME=/opt/rustwide/cargo-home" "-e" "RUSTUP_HOME=/opt/rustwide/rustup-home" "-e" "CARGO_TARGET_DIR=/opt/rustwide/target" "-e" "CARGO_INCREMENTAL=0" "-e" "RUST_BACKTRACE=full" "-e" "RUSTFLAGS=--cap-lints=forbid" "-e" "RUSTDOCFLAGS=--cap-lints=forbid" "-w" "/opt/rustwide/workdir" "--user" "0:0" "6ed45a8ba4df14f36c3711121c1cb94e7e67c7e4d9f2c51daf8bedd376d9c001" "/opt/rustwide/cargo-home/bin/cargo" "+c79f6bc4fc2389852aeff667626cb3e58adfe71c" "check" "--frozen" "--all" "--all-targets" "--message-format=json", kill_on_drop: false }`
[INFO] [stderr]    Compiling either v1.19.0
[INFO] [stderr]    Compiling smallvec v1.16.3
[INFO] [stderr]    Compiling siphasher v1.0.4
[INFO] [stderr]    Compiling libc v0.2.191
[INFO] [stderr]    Compiling aho-corasick v1.1.5
[INFO] [stderr]    Compiling parking_lot_core v0.9.12
[INFO] [stderr]    Compiling glob v0.3.4
[INFO] [stderr]    Compiling precomputed-hash v0.1.1
[INFO] [stderr]    Compiling new_debug_unreachable v1.0.6
[INFO] [stderr]    Compiling ena v0.14.4
[INFO] [stderr]    Compiling libloading v0.8.9
[INFO] [stderr]    Compiling nom v7.1.3
[INFO] [stderr]    Compiling unicode-xid v0.2.6
[INFO] [stderr]    Compiling typenum v1.20.1
[INFO] [stderr]    Compiling bindgen v0.72.1
[INFO] [stderr]    Compiling rustix v1.1.5
[INFO] [stderr]    Compiling rustc-hash v2.1.3
[INFO] [stderr]    Compiling fastrand v2.5.0
[INFO] [stderr]    Compiling tiny-keccak v2.0.2
[INFO] [stderr]    Compiling lalrpop-util v0.23.2
[INFO] [stderr]    Compiling bit-vec v0.6.3
[INFO] [stderr]    Compiling fixedbitset v0.4.2
[INFO] [stderr]     Checking futures-util v0.3.34
[INFO] [stderr]    Compiling hashbrown v0.15.5
[INFO] [stderr]    Compiling bit-set v0.5.3
[INFO] [stderr]    Compiling bzip2-sys v0.1.13+1.0.8
[INFO] [stderr]    Compiling phf_shared v0.11.3
[INFO] [stderr]    Compiling petgraph v0.6.5
[INFO] [stderr]    Compiling phf_shared v0.14.0
[INFO] [stderr]    Compiling clang-sys v1.9.1
[INFO] [stderr]    Compiling itertools v0.13.0
[INFO] [stderr]    Compiling itertools v0.11.0
[INFO] [stderr]    Compiling keccak v0.2.2
[INFO] [stderr]    Compiling bit-vec v0.10.1
[INFO] [stderr]    Compiling fixedbitset v0.5.7
[INFO] [stderr]    Compiling lalrpop-util v0.20.2
[INFO] [stderr]    Compiling sponge-cursor v0.1.0
[INFO] [stderr]    Compiling term v1.2.1
[INFO] [stderr]     Checking regex-automata v0.4.18
[INFO] [stderr]    Compiling bit-set v0.11.1
[INFO] [stderr]    Compiling itertools v0.15.0
[INFO] [stderr]    Compiling thiserror-impl v2.0.21
[INFO] [stderr]    Compiling thiserror-impl v1.0.69
[INFO] [stderr]     Checking getrandom v0.4.3
[INFO] [stderr]     Checking getrandom v0.2.17
[INFO] [stderr]    Compiling ascii-canvas v4.0.0
[INFO] [stderr]    Compiling dirs-sys-next v0.1.2
[INFO] [stderr]    Compiling parking_lot v0.12.5
[INFO] [stderr]    Compiling dirs-next v2.0.0
[INFO] [stderr]    Compiling term v0.7.0
[INFO] [stderr]    Compiling petgraph v0.8.3
[INFO] [stderr]    Compiling sha1collisiondetection v0.3.4
[INFO] [stderr]    Compiling string_cache v0.8.9
[INFO] [stderr]    Compiling ascii-canvas v3.0.0
[INFO] [stderr]    Compiling string_cache v0.11.0
[INFO] [stderr]    Compiling tempfile v3.27.0
[INFO] [stderr]     Checking libbz2-rs-sys v0.2.5
[INFO] [stderr]    Compiling hybrid-array v0.4.15
[INFO] [stderr]     Checking thiserror v1.0.69
[INFO] [stderr]     Checking thiserror v2.0.21
[INFO] [stderr]     Checking rand_core v0.6.4
[INFO] [stderr]     Checking generic-array v1.4.5
[INFO] [stderr]    Compiling cexpr v0.6.0
[INFO] [stderr]     Checking capnp v0.14.11
[INFO] [stderr]     Checking tokio v1.54.0
[INFO] [stderr]     Checking bzip2 v0.5.2
[INFO] [stderr]     Checking rand_chacha v0.3.1
[INFO] [stderr]     Checking idna v1.1.0
[INFO] [stderr]     Checking dirs-sys v0.3.7
[INFO] [stderr]     Checking memsec v0.7.0
[INFO] [stderr]     Checking xxhash-rust v0.8.19
[INFO] [stderr]     Checking dirs v4.0.0
[INFO] [stderr]     Checking bzip2 v0.6.1
[INFO] [stderr]     Checking rand v0.8.8
[INFO] [stdout] error[E0493]: destructor of `ArrayBuilder<T, N>` cannot be evaluated at compile-time
[INFO] [stdout]    --> /opt/rustwide/cargo-home/registry/src/index.crates.io-1949cf8c6b5b557f/generic-array-1.4.5/src/internal.rs:103:31
[INFO] [stdout]     |
[INFO] [stdout] 103 |     pub unsafe fn assume_init(self) -> GenericArray<T, N> {
[INFO] [stdout]     |                               ^^^^ the destructor for this type cannot be evaluated in constant functions
[INFO] [stdout] ...
[INFO] [stdout] 109 |     }
[INFO] [stdout]     |     - value is dropped here
[INFO] [stdout] 
[INFO] [stdout] 
[INFO] [stderr]     Checking fs2 v0.4.3
[INFO] [stderr]     Checking socket2 v0.4.10
[INFO] [stderr]     Checking buffered-reader v1.4.1
[INFO] [stdout] error[E0493]: destructor of `GenericArray<core::mem::MaybeUninit<*const T>, N>` cannot be evaluated at compile-time
[INFO] [stdout]    --> /opt/rustwide/cargo-home/registry/src/index.crates.io-1949cf8c6b5b557f/generic-array-1.4.5/src/lib.rs:983:13
[INFO] [stdout]     |
[INFO] [stdout] 983 |         let mut out: GenericArray<MaybeUninit<*const T>, N> = GenericArray::uninit();
[INFO] [stdout]     |             ^^^^^^^ the destructor for this type cannot be evaluated in constant functions
[INFO] [stdout] ...
[INFO] [stdout] 998 |     }
[INFO] [stdout]     |     - value is dropped here
[INFO] [stdout] 
[INFO] [stdout] 
[INFO] [stdout] error[E0493]: destructor of `GenericArray<core::mem::MaybeUninit<*mut T>, N>` cannot be evaluated at compile-time
[INFO] [stdout]     --> /opt/rustwide/cargo-home/registry/src/index.crates.io-1949cf8c6b5b557f/generic-array-1.4.5/src/lib.rs:1018:13
[INFO] [stdout]      |
[INFO] [stdout] 1018 |         let mut out: GenericArray<MaybeUninit<*mut T>, N> = GenericArray::uninit();
[INFO] [stdout]      |             ^^^^^^^ the destructor for this type cannot be evaluated in constant functions
[INFO] [stdout] ...
[INFO] [stdout] 1033 |     }
[INFO] [stdout]      |     - value is dropped here
[INFO] [stdout] 
[INFO] [stdout] 
[INFO] [stderr]     Checking card-backend v0.2.0
[INFO] [stdout] For more information about this error, try `rustc --explain E0493`.
[INFO] [stdout] 
[INFO] [stderr] error: could not compile `generic-array` (lib) due to 3 previous errors
[INFO] [stderr] warning: build failed, waiting for other jobs to finish...
[INFO] running `Command { std: "docker" "inspect" "6ed45a8ba4df14f36c3711121c1cb94e7e67c7e4d9f2c51daf8bedd376d9c001", kill_on_drop: false }`
[INFO] running `Command { std: "docker" "rm" "-f" "6ed45a8ba4df14f36c3711121c1cb94e7e67c7e4d9f2c51daf8bedd376d9c001", kill_on_drop: false }`
[INFO] [stdout] 6ed45a8ba4df14f36c3711121c1cb94e7e67c7e4d9f2c51daf8bedd376d9c001
