[INFO] fetching crate brix_config_loader 0.1.3...
[INFO] checking brix_config_loader-0.1.3 against c79f6bc4fc2389852aeff667626cb3e58adfe71c for pr-164081
[INFO] extracting crate brix_config_loader 0.1.3 into /workspace/builds/worker-1-tc2/source
[INFO] started tweaking crates.io crate brix_config_loader 0.1.3
[INFO] finished tweaking crates.io crate brix_config_loader 0.1.3
[INFO] tweaked toml for crates.io crate brix_config_loader 0.1.3 written to /workspace/builds/worker-1-tc2/source/Cargo.toml
[INFO] validating manifest of crates.io crate brix_config_loader 0.1.3 on toolchain c79f6bc4fc2389852aeff667626cb3e58adfe71c
[INFO] running `Command { std: CARGO_HOME="/workspace/cargo-home" RUSTUP_HOME="/workspace/rustup-home" "/workspace/cargo-home/bin/cargo" "+c79f6bc4fc2389852aeff667626cb3e58adfe71c" "metadata" "--manifest-path" "Cargo.toml" "--no-deps", kill_on_drop: false }`
[INFO] running `Command { std: CARGO_HOME="/workspace/cargo-home" RUSTUP_HOME="/workspace/rustup-home" "/workspace/cargo-home/bin/cargo" "+c79f6bc4fc2389852aeff667626cb3e58adfe71c" "generate-lockfile" "--manifest-path" "Cargo.toml", kill_on_drop: false }`
[INFO] [stderr]     Updating crates.io index
[INFO] [stderr]      Locking 144 packages to highest compatible versions
[INFO] [stderr]       Adding psm v0.1.24 (available: v0.1.32)
[INFO] [stderr]       Adding serde_yaml v0.8.26 (available: v0.9.34+deprecated)
[INFO] running `Command { std: CARGO_HOME="/workspace/cargo-home" RUSTUP_HOME="/workspace/rustup-home" "/workspace/cargo-home/bin/cargo" "+c79f6bc4fc2389852aeff667626cb3e58adfe71c" "fetch" "--manifest-path" "Cargo.toml", kill_on_drop: false }`
[INFO] running `Command { std: "docker" "create" "-v" "/var/lib/crater-agent-workspace/builds/worker-1-tc2/source:/opt/rustwide/workdir:ro,Z" "-v" "/var/lib/crater-agent-workspace/builds/worker-1-tc2/target:/opt/rustwide/target:rw,Z" "-v" "/var/lib/crater-agent-workspace/cargo-home:/opt/rustwide/cargo-home:ro,Z" "-v" "/var/lib/crater-agent-workspace/rustup-home:/opt/rustwide/rustup-home:ro,Z" "-m" "1610612736" "--network" "none" "ghcr.io/rust-lang/crates-build-env/linux@sha256:77db811e55d90add9212f6832c23229e3de5f1c1f9905e8cb07319ea15df73ac" "sleep" "infinity", kill_on_drop: false }`
[INFO] [stdout] c48702e07bbbd90036e4509c78f3f73dbacb0544e7d187a8f197f2aa1d41cec3
[INFO] running `Command { std: "docker" "start" "c48702e07bbbd90036e4509c78f3f73dbacb0544e7d187a8f197f2aa1d41cec3", kill_on_drop: false }`
[INFO] running `Command { std: "docker" "inspect" "c48702e07bbbd90036e4509c78f3f73dbacb0544e7d187a8f197f2aa1d41cec3", kill_on_drop: false }`
[INFO] running `Command { std: "docker" "exec" "-e" "SOURCE_DIR=/opt/rustwide/workdir" "-e" "CARGO_HOME=/opt/rustwide/cargo-home" "-e" "RUSTUP_HOME=/opt/rustwide/rustup-home" "-e" "CARGO_TARGET_DIR=/opt/rustwide/target" "-w" "/opt/rustwide/workdir" "--user" "0:0" "c48702e07bbbd90036e4509c78f3f73dbacb0544e7d187a8f197f2aa1d41cec3" "/opt/rustwide/cargo-home/bin/cargo" "+c79f6bc4fc2389852aeff667626cb3e58adfe71c" "metadata" "--no-deps" "--format-version=1", kill_on_drop: false }`
[INFO] running `Command { std: "docker" "inspect" "c48702e07bbbd90036e4509c78f3f73dbacb0544e7d187a8f197f2aa1d41cec3", kill_on_drop: false }`
[INFO] running `Command { std: "docker" "exec" "-e" "SOURCE_DIR=/opt/rustwide/workdir" "-e" "CARGO_HOME=/opt/rustwide/cargo-home" "-e" "RUSTUP_HOME=/opt/rustwide/rustup-home" "-e" "CARGO_TARGET_DIR=/opt/rustwide/target" "-e" "CARGO_INCREMENTAL=0" "-e" "RUST_BACKTRACE=full" "-e" "RUSTFLAGS=--cap-lints=forbid" "-e" "RUSTDOCFLAGS=--cap-lints=forbid" "-w" "/opt/rustwide/workdir" "--user" "0:0" "c48702e07bbbd90036e4509c78f3f73dbacb0544e7d187a8f197f2aa1d41cec3" "/opt/rustwide/cargo-home/bin/cargo" "+c79f6bc4fc2389852aeff667626cb3e58adfe71c" "check" "--frozen" "--all" "--all-targets" "--message-format=json", kill_on_drop: false }`
[INFO] [stderr]    Compiling proc-macro2 v1.0.107
[INFO] [stderr]    Compiling unicode-ident v1.0.27
[INFO] [stderr]    Compiling libc v0.2.191
[INFO] [stderr]    Compiling find-msvc-tools v0.1.15
[INFO] [stderr]     Checking stable_deref_trait v1.2.1
[INFO] [stderr]     Checking litemap v0.8.3
[INFO] [stderr]    Compiling syn v1.0.109
[INFO] [stderr]     Checking writeable v0.6.4
[INFO] [stderr]    Compiling version_check v0.9.5
[INFO] [stderr]     Checking cfg-if v1.0.5
[INFO] [stderr]    Compiling icu_properties_data v2.3.0
[INFO] [stderr]    Compiling quote v1.0.47
[INFO] [stderr]    Compiling icu_normalizer_data v2.3.0
[INFO] [stderr]     Checking utf8_iter v1.0.4
[INFO] [stderr]     Checking aho-corasick v1.1.5
[INFO] [stderr]     Checking regex-syntax v0.8.11
[INFO] [stderr]    Compiling ucd-trie v0.1.7
[INFO] [stderr]     Checking smallvec v1.16.3
[INFO] [stderr]    Compiling cc v1.9.0
[INFO] [stderr]    Compiling serde_json v1.0.154
[INFO] [stderr]    Compiling autocfg v1.5.1
[INFO] [stderr]     Checking percent-encoding v2.3.2
[INFO] [stderr]     Checking lazy_static v1.5.1
[INFO] [stderr]     Checking tinyvec v1.13.3
[INFO] [stderr]    Compiling thiserror v1.0.69
[INFO] [stderr]    Compiling getrandom v0.4.3
[INFO] [stderr]    Compiling rustix v1.1.5
[INFO] [stderr]     Checking form_urlencoded v1.2.2
[INFO] [stderr]    Compiling if_chain v1.0.3
[INFO] [stderr]    Compiling proc-macro-error-attr v1.0.4
[INFO] [stderr]    Compiling proc-macro-error v1.0.4
[INFO] [stderr]    Compiling indexmap v1.9.3
[INFO] [stderr]     Checking linked-hash-map v0.5.6
[INFO] [stderr]     Checking unicode-width v0.1.14
[INFO] [stderr]     Checking hashbrown v0.12.3
[INFO] [stderr]     Checking linux-raw-sys v0.12.1
[INFO] [stderr]     Checking once_cell v1.21.4
[INFO] [stderr]     Checking unicode-normalization v0.1.26
[INFO] [stderr]     Checking matches v0.1.10
[INFO] [stderr]     Checking bit-vec v0.6.3
[INFO] [stderr]     Checking unicode-bidi v0.3.18
[INFO] [stderr]     Checking bit-set v0.5.3
[INFO] [stderr]     Checking textwrap v0.11.0
[INFO] [stderr]    Compiling syn v3.0.9
[INFO] [stderr]    Compiling syn v2.0.119
[INFO] [stderr]     Checking idna v0.2.3
[INFO] [stderr]     Checking yaml-rust v0.4.5
[INFO] [stderr]     Checking ansi_term v0.12.1
[INFO] [stderr]     Checking ryu v1.0.23
[INFO] [stderr]     Checking strsim v0.8.0
[INFO] [stderr]     Checking fastrand v2.5.0
[INFO] [stderr]     Checking bitflags v1.3.2
[INFO] [stderr]     Checking vec_map v0.8.2
[INFO] [stderr]     Checking zeroize v1.9.1
[INFO] [stderr]    Compiling rustversion v1.0.23
[INFO] [stderr]     Checking fs_extra v1.3.0
[INFO] [stderr]     Checking joinery v2.1.0
[INFO] [stderr]     Checking regex-automata v0.4.18
[INFO] [stderr]     Checking unicode-segmentation v1.13.3
[INFO] [stderr]    Compiling execute-command-tokens v0.1.9
[INFO] [stderr]     Checking colored v2.2.0
[INFO] [stderr]     Checking typenum v1.20.1
[INFO] [stderr]     Checking difflib v0.4.0
[INFO] [stderr]     Checking atty v0.2.14
[INFO] [stderr]     Checking clap v2.34.0
[INFO] [stderr]     Checking console v0.15.11
[INFO] [stderr]     Checking console v0.16.6
[INFO] [stderr]     Checking convert_case v0.6.0
[INFO] [stderr]    Compiling psm v0.1.24
[INFO] [stderr]    Compiling stacker v0.1.25
[INFO] [stderr]    Compiling pest v2.9.4
[INFO] [stderr]     Checking tempfile v3.27.0
[INFO] [stderr]     Checking validator_types v0.14.0
[INFO] [stderr]     Checking dialoguer v0.10.4
[INFO] [stderr]     Checking dialoguer v0.12.0
[INFO] [stdout] error[E0493]: destructor of `[(Op<R>, bool); N]` cannot be evaluated at compile-time
[INFO] [stdout]    --> /opt/rustwide/cargo-home/registry/src/index.crates.io-1949cf8c6b5b557f/pest-2.9.4/src/pratt_parser.rs:328:28
[INFO] [stdout]     |
[INFO] [stdout] 328 |     pub const fn new_const(ops: [(Op<R>, bool); N]) -> Self {
[INFO] [stdout]     |                            ^^^ the destructor for this type cannot be evaluated in constant functions
[INFO] [stdout] ...
[INFO] [stdout] 355 |     }
[INFO] [stdout]     |     - value is dropped here
[INFO] [stdout] 
[INFO] [stdout] 
[INFO] [stderr]     Checking generic-array v1.4.5
[INFO] [stdout] For more information about this error, try `rustc --explain E0493`.
[INFO] [stdout] 
[INFO] [stderr] error: could not compile `pest` (lib) due to 1 previous error
[INFO] [stderr] warning: build failed, waiting for other jobs to finish...
[INFO] [stdout] error[E0493]: destructor of `[(Op<R>, bool); N]` cannot be evaluated at compile-time
[INFO] [stdout]    --> /opt/rustwide/cargo-home/registry/src/index.crates.io-1949cf8c6b5b557f/pest-2.9.4/src/pratt_parser.rs:328:28
[INFO] [stdout]     |
[INFO] [stdout] 328 |     pub const fn new_const(ops: [(Op<R>, bool); N]) -> Self {
[INFO] [stdout]     |                            ^^^ the destructor for this type cannot be evaluated in constant functions
[INFO] [stdout] ...
[INFO] [stdout] 355 |     }
[INFO] [stdout]     |     - value is dropped here
[INFO] [stdout] 
[INFO] [stdout] 
[INFO] [stdout] For more information about this error, try `rustc --explain E0493`.
[INFO] [stdout] 
[INFO] [stderr] error: could not compile `pest` (lib) due to 1 previous error
[INFO] [stdout] error[E0493]: destructor of `ArrayBuilder<T, N>` cannot be evaluated at compile-time
[INFO] [stdout]    --> /opt/rustwide/cargo-home/registry/src/index.crates.io-1949cf8c6b5b557f/generic-array-1.4.5/src/internal.rs:103:31
[INFO] [stdout]     |
[INFO] [stdout] 103 |     pub unsafe fn assume_init(self) -> GenericArray<T, N> {
[INFO] [stdout]     |                               ^^^^ the destructor for this type cannot be evaluated in constant functions
[INFO] [stdout] ...
[INFO] [stdout] 109 |     }
[INFO] [stdout]     |     - value is dropped here
[INFO] [stdout] 
[INFO] [stdout] 
[INFO] [stdout] error[E0493]: destructor of `GenericArray<core::mem::MaybeUninit<*const T>, N>` cannot be evaluated at compile-time
[INFO] [stdout]    --> /opt/rustwide/cargo-home/registry/src/index.crates.io-1949cf8c6b5b557f/generic-array-1.4.5/src/lib.rs:983:13
[INFO] [stdout]     |
[INFO] [stdout] 983 |         let mut out: GenericArray<MaybeUninit<*const T>, N> = GenericArray::uninit();
[INFO] [stdout]     |             ^^^^^^^ the destructor for this type cannot be evaluated in constant functions
[INFO] [stdout] ...
[INFO] [stdout] 998 |     }
[INFO] [stdout]     |     - value is dropped here
[INFO] [stdout] 
[INFO] [stdout] 
[INFO] [stdout] error[E0493]: destructor of `GenericArray<core::mem::MaybeUninit<*mut T>, N>` cannot be evaluated at compile-time
[INFO] [stdout]     --> /opt/rustwide/cargo-home/registry/src/index.crates.io-1949cf8c6b5b557f/generic-array-1.4.5/src/lib.rs:1018:13
[INFO] [stdout]      |
[INFO] [stdout] 1018 |         let mut out: GenericArray<MaybeUninit<*mut T>, N> = GenericArray::uninit();
[INFO] [stdout]      |             ^^^^^^^ the destructor for this type cannot be evaluated in constant functions
[INFO] [stdout] ...
[INFO] [stdout] 1033 |     }
[INFO] [stdout]      |     - value is dropped here
[INFO] [stdout] 
[INFO] [stdout] 
[INFO] [stdout] For more information about this error, try `rustc --explain E0493`.
[INFO] [stdout] 
[INFO] [stderr] error: could not compile `generic-array` (lib) due to 3 previous errors
[INFO] running `Command { std: "docker" "inspect" "c48702e07bbbd90036e4509c78f3f73dbacb0544e7d187a8f197f2aa1d41cec3", kill_on_drop: false }`
[INFO] running `Command { std: "docker" "rm" "-f" "c48702e07bbbd90036e4509c78f3f73dbacb0544e7d187a8f197f2aa1d41cec3", kill_on_drop: false }`
[INFO] [stdout] c48702e07bbbd90036e4509c78f3f73dbacb0544e7d187a8f197f2aa1d41cec3
