[INFO] fetching crate bamboo-broker 2026.10.12...
[INFO] checking bamboo-broker-2026.10.12 against c79f6bc4fc2389852aeff667626cb3e58adfe71c for pr-164081
[INFO] extracting crate bamboo-broker 2026.10.12 into /workspace/builds/worker-1-tc2/source
[INFO] started tweaking crates.io crate bamboo-broker 2026.10.12
[INFO] removed 0 missing tests
[INFO] finished tweaking crates.io crate bamboo-broker 2026.10.12
[INFO] tweaked toml for crates.io crate bamboo-broker 2026.10.12 written to /workspace/builds/worker-1-tc2/source/Cargo.toml
[INFO] validating manifest of crates.io crate bamboo-broker 2026.10.12 on toolchain c79f6bc4fc2389852aeff667626cb3e58adfe71c
[INFO] running `Command { std: CARGO_HOME="/workspace/cargo-home" RUSTUP_HOME="/workspace/rustup-home" "/workspace/cargo-home/bin/cargo" "+c79f6bc4fc2389852aeff667626cb3e58adfe71c" "metadata" "--manifest-path" "Cargo.toml" "--no-deps", kill_on_drop: false }`
[INFO] crate crates.io crate bamboo-broker 2026.10.12 already has a lockfile, it will not be regenerated
[INFO] running `Command { std: CARGO_HOME="/workspace/cargo-home" RUSTUP_HOME="/workspace/rustup-home" "/workspace/cargo-home/bin/cargo" "+c79f6bc4fc2389852aeff667626cb3e58adfe71c" "fetch" "--manifest-path" "Cargo.toml", kill_on_drop: false }`
[INFO] running `Command { std: "docker" "create" "-v" "/var/lib/crater-agent-workspace/builds/worker-1-tc2/source:/opt/rustwide/workdir:ro,Z" "-v" "/var/lib/crater-agent-workspace/builds/worker-1-tc2/target:/opt/rustwide/target:rw,Z" "-v" "/var/lib/crater-agent-workspace/cargo-home:/opt/rustwide/cargo-home:ro,Z" "-v" "/var/lib/crater-agent-workspace/rustup-home:/opt/rustwide/rustup-home:ro,Z" "-m" "1610612736" "--network" "none" "ghcr.io/rust-lang/crates-build-env/linux@sha256:77db811e55d90add9212f6832c23229e3de5f1c1f9905e8cb07319ea15df73ac" "sleep" "infinity", kill_on_drop: false }`
[INFO] [stdout] 30b4dfa8168ed38c47093d579451e0fd1032b9e9f21d44a61ba38ef7e84bee7e
[INFO] running `Command { std: "docker" "start" "30b4dfa8168ed38c47093d579451e0fd1032b9e9f21d44a61ba38ef7e84bee7e", kill_on_drop: false }`
[INFO] running `Command { std: "docker" "inspect" "30b4dfa8168ed38c47093d579451e0fd1032b9e9f21d44a61ba38ef7e84bee7e", kill_on_drop: false }`
[INFO] running `Command { std: "docker" "exec" "-e" "SOURCE_DIR=/opt/rustwide/workdir" "-e" "CARGO_HOME=/opt/rustwide/cargo-home" "-e" "RUSTUP_HOME=/opt/rustwide/rustup-home" "-e" "CARGO_TARGET_DIR=/opt/rustwide/target" "-w" "/opt/rustwide/workdir" "--user" "0:0" "30b4dfa8168ed38c47093d579451e0fd1032b9e9f21d44a61ba38ef7e84bee7e" "/opt/rustwide/cargo-home/bin/cargo" "+c79f6bc4fc2389852aeff667626cb3e58adfe71c" "metadata" "--no-deps" "--format-version=1", kill_on_drop: false }`
[INFO] running `Command { std: "docker" "inspect" "30b4dfa8168ed38c47093d579451e0fd1032b9e9f21d44a61ba38ef7e84bee7e", kill_on_drop: false }`
[INFO] running `Command { std: "docker" "exec" "-e" "SOURCE_DIR=/opt/rustwide/workdir" "-e" "CARGO_HOME=/opt/rustwide/cargo-home" "-e" "RUSTUP_HOME=/opt/rustwide/rustup-home" "-e" "CARGO_TARGET_DIR=/opt/rustwide/target" "-e" "CARGO_INCREMENTAL=0" "-e" "RUST_BACKTRACE=full" "-e" "RUSTFLAGS=--cap-lints=forbid" "-e" "RUSTDOCFLAGS=--cap-lints=forbid" "-w" "/opt/rustwide/workdir" "--user" "0:0" "30b4dfa8168ed38c47093d579451e0fd1032b9e9f21d44a61ba38ef7e84bee7e" "/opt/rustwide/cargo-home/bin/cargo" "+c79f6bc4fc2389852aeff667626cb3e58adfe71c" "check" "--frozen" "--all" "--all-targets" "--message-format=json", kill_on_drop: false }`
[INFO] [stderr]    Compiling libc v0.2.190
[INFO] [stderr]     Checking zeroize v1.9.0
[INFO] [stderr]     Checking subtle v2.6.1
[INFO] [stderr]     Checking rand_core v0.10.1
[INFO] [stderr]    Compiling getrandom v0.4.3
[INFO] [stderr]    Compiling quote v1.0.46
[INFO] [stderr]     Checking cpufeatures v0.3.0
[INFO] [stderr]     Checking cpubits v0.1.1
[INFO] [stderr]     Checking base64ct v1.8.3
[INFO] [stderr]    Compiling serde_core v1.0.229
[INFO] [stderr]    Compiling proc-macro2 v1.0.106
[INFO] [stderr]    Compiling generic-array v0.14.7
[INFO] [stderr]     Checking memchr v2.8.2
[INFO] [stderr]    Compiling find-msvc-tools v0.1.9
[INFO] [stderr]     Checking smallvec v1.15.2
[INFO] [stderr]    Compiling zerocopy v0.8.53
[INFO] [stderr]     Checking futures-channel v0.3.34
[INFO] [stderr]     Checking slab v0.4.12
[INFO] [stderr]     Checking rustls-pki-types v1.15.0
[INFO] [stderr]     Checking futures-task v0.3.34
[INFO] [stderr]     Checking futures-io v0.3.34
[INFO] [stderr]     Checking log v0.4.33
[INFO] [stderr]    Compiling thiserror v2.0.21
[INFO] [stderr]     Checking ctutils v0.4.2
[INFO] [stderr]     Checking ff v0.14.0
[INFO] [stderr]     Checking pem-rfc7468 v1.0.0
[INFO] [stderr]    Compiling cc v1.2.66
[INFO] [stderr]     Checking base16ct v1.0.0
[INFO] [stderr]    Compiling getrandom v0.3.4
[INFO] [stderr]    Compiling rustls v0.23.46
[INFO] [stderr]    Compiling serde v1.0.229
[INFO] [stderr]     Checking group v0.14.0
[INFO] [stderr]    Compiling crossbeam-utils v0.8.22
[INFO] [stderr]     Checking der v0.8.2
[INFO] [stderr]     Checking data-encoding v2.11.0
[INFO] [stderr]    Compiling curve25519-dalek v5.0.0
[INFO] [stderr]    Compiling serde_json v1.0.151
[INFO] [stderr]     Checking iana-time-zone v0.1.65
[INFO] [stderr]     Checking aho-corasick v1.1.4
[INFO] [stderr]    Compiling cfg_aliases v0.2.1
[INFO] [stderr]     Checking indexmap v2.14.0
[INFO] [stderr]    Compiling nix v0.31.3
[INFO] [stderr]     Checking hybrid-array v0.4.13
[INFO] [stderr]     Checking keccak v0.2.0
[INFO] [stderr]    Compiling rustversion v1.0.22
[INFO] [stderr]     Checking unsafe-libyaml-norway v0.2.15
[INFO] [stderr]    Compiling crc32fast v1.5.0
[INFO] [stderr]     Checking hashbrown v0.14.5
[INFO] [stderr]     Checking webpki-roots v1.0.8
[INFO] [stderr]    Compiling syn v2.0.118
[INFO] [stderr]    Compiling syn v3.0.3
[INFO] [stderr]     Checking simd-adler32 v0.3.9
[INFO] [stderr]     Checking block-buffer v0.10.4
[INFO] [stderr]     Checking crypto-common v0.1.7
[INFO] [stderr]    Compiling portable-atomic v1.13.1
[INFO] [stderr]     Checking utf-8 v0.7.6
[INFO] [stderr]     Checking miniz_oxide v0.9.1
[INFO] [stderr]     Checking digest v0.10.7
[INFO] [stderr]     Checking webpki-roots v0.26.11
[INFO] [stderr]     Checking sha1 v0.10.6
[INFO] [stderr]     Checking sha2 v0.10.9
[INFO] [stderr]     Checking num-integer v0.1.46
[INFO] [stderr]     Checking getrandom v0.2.17
[INFO] [stderr]     Checking parking_lot_core v0.9.12
[INFO] [stderr]     Checking errno v0.3.14
[INFO] [stderr]     Checking socket2 v0.6.5
[INFO] [stderr]     Checking mio v1.2.1
[INFO] [stderr]     Checking signal-hook-registry v1.4.8
[INFO] [stderr]     Checking rand_core v0.6.4
[INFO] [stderr]     Checking regex-automata v0.4.18
[INFO] [stderr]    Compiling once_cell v1.21.4
[INFO] [stderr]     Checking parking_lot v0.12.5
[INFO] [stderr]     Checking dashmap v6.2.1
[INFO] [stderr]     Checking sponge-cursor v0.1.0
[INFO] [stderr]     Checking foldhash v0.2.0
[INFO] [stderr]     Checking flate2 v1.1.10
[INFO] [stderr]     Checking rand_core v0.9.5
[INFO] [stderr]     Checking hashbrown v0.16.1
[INFO] [stderr]     Checking rustls-native-certs v0.8.4
[INFO] [stderr]     Checking generic-array v1.4.3
[INFO] [stderr]     Checking anyhow v1.0.104
[INFO] [stderr]     Checking spinning_top v0.3.0
[INFO] [stderr]     Checking crypto-common v0.2.2
[INFO] [stderr]     Checking block-buffer v0.12.1
[INFO] [stderr]     Checking block-padding v0.4.2
[INFO] [stderr]     Checking crypto-bigint v0.7.5
[INFO] [stderr]     Checking spki v0.8.0
[INFO] [stderr]     Checking sec1 v0.8.1
[INFO] [stderr]     Checking inout v0.2.2
[INFO] [stderr]     Checking pkcs1 v0.8.0-rc.4
[INFO] [stderr]     Checking module-lattice v0.2.3
[INFO] [stderr]     Checking md5 v0.8.0
[INFO] [stderr]     Checking futures-timer v3.0.4
[INFO] [stderr]     Checking hex-literal v1.1.0
[INFO] [stderr]     Checking nonzero_ext v0.3.0
[INFO] [stderr]     Checking fastrand v2.4.1
[INFO] [stderr]    Compiling ring v0.17.14
[INFO] [stderr]     Checking digest v0.11.3
[INFO] [stderr]     Checking cipher v0.5.2
[INFO] [stderr]     Checking universal-hash v0.6.1
[INFO] [stderr]     Checking aead v0.6.1
[INFO] [stderr]     Checking kem v0.3.0
[INFO] [stdout] error[E0493]: destructor of `ArrayBuilder<T, N>` cannot be evaluated at compile-time
[INFO] [stdout]    --> /opt/rustwide/cargo-home/registry/src/index.crates.io-1949cf8c6b5b557f/generic-array-1.4.3/src/internal.rs:103:31
[INFO] [stdout]     |
[INFO] [stdout] 103 |     pub unsafe fn assume_init(self) -> GenericArray<T, N> {
[INFO] [stdout]     |                               ^^^^ the destructor for this type cannot be evaluated in constant functions
[INFO] [stdout] ...
[INFO] [stdout] 109 |     }
[INFO] [stdout]     |     - value is dropped here
[INFO] [stdout] 
[INFO] [stdout] 
[INFO] [stderr]     Checking hmac v0.13.0
[INFO] [stderr]     Checking sha2 v0.11.0
[INFO] [stderr]     Checking signature v3.0.0
[INFO] [stderr]     Checking blake2 v0.11.0-rc.6
[INFO] [stderr]     Checking polyval v0.7.1
[INFO] [stderr]     Checking poly1305 v0.9.0
[INFO] [stderr]     Checking pbkdf2 v0.13.0
[INFO] [stderr]     Checking hkdf v0.13.0
[INFO] [stdout] error[E0493]: destructor of `GenericArray<core::mem::MaybeUninit<*const T>, N>` cannot be evaluated at compile-time
[INFO] [stdout]    --> /opt/rustwide/cargo-home/registry/src/index.crates.io-1949cf8c6b5b557f/generic-array-1.4.3/src/lib.rs:970:13
[INFO] [stdout]     |
[INFO] [stdout] 970 |         let mut out: GenericArray<MaybeUninit<*const T>, N> = GenericArray::uninit();
[INFO] [stdout]     |             ^^^^^^^ the destructor for this type cannot be evaluated in constant functions
[INFO] [stdout] ...
[INFO] [stdout] 985 |     }
[INFO] [stdout]     |     - value is dropped here
[INFO] [stdout] 
[INFO] [stdout] 
[INFO] [stderr]     Checking sha3 v0.11.0
[INFO] [stdout] error[E0493]: destructor of `GenericArray<core::mem::MaybeUninit<*mut T>, N>` cannot be evaluated at compile-time
[INFO] [stdout]     --> /opt/rustwide/cargo-home/registry/src/index.crates.io-1949cf8c6b5b557f/generic-array-1.4.3/src/lib.rs:1005:13
[INFO] [stdout]      |
[INFO] [stdout] 1005 |         let mut out: GenericArray<MaybeUninit<*mut T>, N> = GenericArray::uninit();
[INFO] [stdout]      |             ^^^^^^^ the destructor for this type cannot be evaluated in constant functions
[INFO] [stdout] ...
[INFO] [stdout] 1020 |     }
[INFO] [stdout]      |     - value is dropped here
[INFO] [stdout] 
[INFO] [stdout] 
[INFO] [stdout] For more information about this error, try `rustc --explain E0493`.
[INFO] [stdout] 
[INFO] [stderr]     Checking argon2 v0.6.0-rc.8
[INFO] [stderr]     Checking sha1 v0.11.0
[INFO] [stderr] error: could not compile `generic-array` (lib) due to 3 previous errors
[INFO] [stderr] warning: build failed, waiting for other jobs to finish...
[INFO] running `Command { std: "docker" "inspect" "30b4dfa8168ed38c47093d579451e0fd1032b9e9f21d44a61ba38ef7e84bee7e", kill_on_drop: false }`
[INFO] running `Command { std: "docker" "rm" "-f" "30b4dfa8168ed38c47093d579451e0fd1032b9e9f21d44a61ba38ef7e84bee7e", kill_on_drop: false }`
[INFO] [stdout] 30b4dfa8168ed38c47093d579451e0fd1032b9e9f21d44a61ba38ef7e84bee7e
